66.249.70.142 - - [13/Jul/2025:15:34:27 -0300] "GET /zhHant/product/surugaya/nejikuru-000201010040025000?campaign_uid=f64d716db5e979ed2f947dbaf4296895b951ae7f HTTP/1.1" 404 - "-" "Mozilla/5.0 (Linux; Android 6.0.1; Nexus 5X Build/MMB29P) AppleWebKit/537.36 (KHTML, like Gecko) Chrome/137.0.7151.103 Mobile Safari/537.36 (compatible; Googlebot/2.1; +http://www.google.com/bot.html)"
113.16.16.221 - - [13/Jul/2025:15:34:47 -0300] "POST /wp-comments-post.php HTTP/1.1" 404 - "-" "Mozilla/5.0 (Windows NT 10.0; Win64; x64) AppleWebKit/537.36 (KHTML, like Gecko) Chrome/108.0.0.0 Safari/537.36 Edg/108.0.1462.46"
104.210.140.129 - - [13/Jul/2025:15:36:28 -0300] "GET /robots.txt HTTP/1.1" 404 - "-" "Mozilla/5.0 (Macintosh; Intel Mac OS X 10_15_7) AppleWebKit/537.36 (KHTML, like Gecko) Chrome/131.0.0.0 Safari/537.36; compatible; OAI-SearchBot/1.0; +https://openai.com/searchbot"
104.210.140.129 - - [13/Jul/2025:15:36:28 -0300] "GET /robots.txt HTTP/1.1" 404 - "-" "Mozilla/5.0 (Macintosh; Intel Mac OS X 10_15_7) AppleWebKit/537.36 (KHTML, like Gecko) Chrome/131.0.0.0 Safari/537.36; compatible; OAI-SearchBot/1.0; +https://openai.com/searchbot"
5.133.192.108 - - [13/Jul/2025:15:37:11 -0300] "GET / HTTP/1.1" 200 488 "-" "Mozilla/5.0 (Windows NT 10.0; Win64; x64) AppleWebKit/537.36 (KHTML, like Gecko) Chrome/105.0.0.0 Safari/537.36"
5.133.192.108 - - [13/Jul/2025:15:37:13 -0300] "GET /ico.ico HTTP/1.1" 200 100526 "-" "Mozilla/5.0 (Windows NT 10.0; Win64; x64) AppleWebKit/537.36 (KHTML, like Gecko) Chrome/105.0.0.0 Safari/537.36"
57.141.2.20 - - [13/Jul/2025:15:37:35 -0300] "GET /2017/03/03/vacinas-terapeuticas-contra-o-hiv-se-mostram-promissoras/ HTTP/1.1" 404 - "-" "meta-externalagent/1.1 (+https://developers.facebook.com/docs/sharing/webmasters/crawler)"
66.249.70.141 - - [13/Jul/2025:15:38:53 -0300] "GET / HTTP/1.1" 200 488 "-" "Mozilla/5.0 (Linux; Android 6.0.1; Nexus 5X Build/MMB29P) AppleWebKit/537.36 (KHTML, like Gecko) Chrome/137.0.7151.103 Mobile Safari/537.36 (compatible; Googlebot/2.1; +http://www.google.com/bot.html)"
49.13.167.123 - - [13/Jul/2025:15:39:20 -0300] "HEAD / HTTP/1.1" 200 - "https://vacivitta.com.br/" "Mozilla/5.0+(compatible; UptimeRobot/2.0; http://www.uptimerobot.com/)"
66.249.70.142 - - [13/Jul/2025:15:39:53 -0300] "GET /items/mncwk157/49371?key=tale HTTP/1.1" 404 - "-" "Mozilla/5.0 (Linux; Android 6.0.1; Nexus 5X Build/MMB29P) AppleWebKit/537.36 (KHTML, like Gecko) Chrome/137.0.7151.103 Mobile Safari/537.36 (compatible; Googlebot/2.1; +http://www.google.com/bot.html)"
57.141.2.10 - - [13/Jul/2025:15:42:22 -0300] "GET /2022/06/09/09-de-junho-dia-nacional-da-imunizacao-se-inspire-na-data-vacine-se-deixe-a-sua-carteirinha-de-vacinacao-em-dia/ HTTP/1.1" 404 - "-" "meta-externalagent/1.1 (+https://developers.facebook.com/docs/sharing/webmasters/crawler)"
128.140.41.193 - - [13/Jul/2025:15:44:23 -0300] "HEAD / HTTP/1.1" 200 - "https://vacivitta.com.br/" "Mozilla/5.0+(compatible; UptimeRobot/2.0; http://www.uptimerobot.com/)"
69.197.135.226 - - [13/Jul/2025:15:44:29 -0300] "GET /wp-content/edit.php HTTP/1.1" 404 - "https://vacivitta.com.br/wp-content/edit.php" "Mozilla/5.0 (Windows NT 10.0; Win64; x64) AppleWebKit/537.36 (KHTML, like Gecko) Chrome/58.0.3029.110 Safari/537.3"
57.141.2.29 - - [13/Jul/2025:15:47:23 -0300] "GET /2017/08/08/as-diferencas-entre-as-vacinas-da-rede-publica-e-privada/ HTTP/1.1" 404 - "-" "meta-externalagent/1.1 (+https://developers.facebook.com/docs/sharing/webmasters/crawler)"
66.249.70.141 - - [13/Jul/2025:15:47:55 -0300] "GET /items/ikdyk61/1199?key=class HTTP/1.1" 404 - "-" "Mozilla/5.0 (Linux; Android 6.0.1; Nexus 5X Build/MMB29P) AppleWebKit/537.36 (KHTML, like Gecko) Chrome/137.0.7151.103 Mobile Safari/537.36 (compatible; Googlebot/2.1; +http://www.google.com/bot.html)"
181.115.67.29 - - [13/Jul/2025:15:48:02 -0300] "GET / HTTP/1.1" 200 488 "-" "Google"
157.90.155.240 - - [13/Jul/2025:15:49:28 -0300] "HEAD / HTTP/1.1" 200 - "https://vacivitta.com.br/" "Mozilla/5.0+(compatible; UptimeRobot/2.0; http://www.uptimerobot.com/)"
157.90.155.240 - - [13/Jul/2025:15:54:31 -0300] "HEAD / HTTP/1.1" 200 - "https://vacivitta.com.br/" "Mozilla/5.0+(compatible; UptimeRobot/2.0; http://www.uptimerobot.com/)"
57.141.2.26 - - [13/Jul/2025:15:55:02 -0300] "GET /2023/10/25/a-importancia-do-leite-materno/ HTTP/1.1" 404 - "-" "meta-externalagent/1.1 (+https://developers.facebook.com/docs/sharing/webmasters/crawler)"
57.141.2.14 - - [13/Jul/2025:15:58:42 -0300] "GET /2022/02/14/importancia-da-vacinacao-durante-a-gestacao/ HTTP/1.1" 404 - "-" "meta-externalagent/1.1 (+https://developers.facebook.com/docs/sharing/webmasters/crawler)"
157.90.155.240 - - [13/Jul/2025:15:59:34 -0300] "HEAD / HTTP/1.1" 200 - "https://vacivitta.com.br/" "Mozilla/5.0+(compatible; UptimeRobot/2.0; http://www.uptimerobot.com/)"
66.249.70.142 - - [13/Jul/2025:16:02:57 -0300] "GET /pcmypage?callback=product/review/best-importer-bbab0c5z-dblld-wch HTTP/1.1" 404 - "-" "Mozilla/5.0 (Linux; Android 6.0.1; Nexus 5X Build/MMB29P) AppleWebKit/537.36 (KHTML, like Gecko) Chrome/137.0.7151.103 Mobile Safari/537.36 (compatible; Googlebot/2.1; +http://www.google.com/bot.html)"
57.141.2.24 - - [13/Jul/2025:16:03:32 -0300] "GET /2023/10/19/chupeta-em-criancas/ HTTP/1.1" 404 - "-" "meta-externalagent/1.1 (+https://developers.facebook.com/docs/sharing/webmasters/crawler)"
49.13.134.145 - - [13/Jul/2025:16:04:38 -0300] "HEAD / HTTP/1.1" 200 - "https://vacivitta.com.br/" "Mozilla/5.0+(compatible; UptimeRobot/2.0; http://www.uptimerobot.com/)"
34.135.17.180 - - [13/Jul/2025:16:05:26 -0300] "GET / HTTP/1.1" 200 488 "http://vacivitta.com.br" "Mozilla/5.0 (compatible; CMS-Checker/1.0; +https://example.com)"
66.249.70.141 - - [13/Jul/2025:16:05:58 -0300] "GET /pcmypage?callback=/product%2Fdetail%2Cocottepot-s0037353 HTTP/1.1" 404 - "-" "Mozilla/5.0 (Linux; Android 6.0.1; Nexus 5X Build/MMB29P) AppleWebKit/537.36 (KHTML, like Gecko) Chrome/137.0.7151.103 Mobile Safari/537.36 (compatible; Googlebot/2.1; +http://www.google.com/bot.html)"
66.249.70.140 - - [13/Jul/2025:16:08:38 -0300] "GET /items/ruhje62/28168?key=error HTTP/1.1" 404 - "-" "Mozilla/5.0 (Linux; Android 6.0.1; Nexus 5X Build/MMB29P) AppleWebKit/537.36 (KHTML, like Gecko) Chrome/137.0.7151.103 Mobile Safari/537.36 (compatible; Googlebot/2.1; +http://www.google.com/bot.html)"
66.249.70.141 - - [13/Jul/2025:16:08:39 -0300] "GET /items/uzack151/7017?key=artifact HTTP/1.1" 404 - "-" "Mozilla/5.0 (Linux; Android 6.0.1; Nexus 5X Build/MMB29P) AppleWebKit/537.36 (KHTML, like Gecko) Chrome/137.0.7151.103 Mobile Safari/537.36 (compatible; Googlebot/2.1; +http://www.google.com/bot.html)"
66.249.70.141 - - [13/Jul/2025:16:08:39 -0300] "GET /items/nlece102/11750?key=thousand HTTP/1.1" 404 - "-" "Mozilla/5.0 (Linux; Android 6.0.1; Nexus 5X Build/MMB29P) AppleWebKit/537.36 (KHTML, like Gecko) Chrome/137.0.7151.103 Mobile Safari/537.36 (compatible; Googlebot/2.1; +http://www.google.com/bot.html)"
128.140.106.114 - - [13/Jul/2025:16:09:42 -0300] "HEAD / HTTP/1.1" 200 - "https://vacivitta.com.br/" "Mozilla/5.0+(compatible; UptimeRobot/2.0; http://www.uptimerobot.com/)"
208.110.64.178 - - [13/Jul/2025:16:09:49 -0300] "GET /wp-content/edit.php HTTP/1.1" 404 - "https://vacivitta.com.br/wp-content/edit.php" "Mozilla/5.0 (Windows NT 10.0; Win64; x64) AppleWebKit/537.36 (KHTML, like Gecko) Chrome/58.0.3029.110 Safari/537.3"
104.28.202.179 - - [13/Jul/2025:16:14:01 -0300] "GET / HTTP/1.1" 200 488 "-" "Mozilla/5.0 (compatible; bingbot/2.0; +http://www.bing.com/bingbot.htm)"
57.141.2.12 - - [13/Jul/2025:16:14:23 -0300] "GET /2023/12/07/como-conservar-congelar-e-descongelar-leite-materno/ HTTP/1.1" 404 - "-" "meta-externalagent/1.1 (+https://developers.facebook.com/docs/sharing/webmasters/crawler)"
157.90.156.63 - - [13/Jul/2025:16:14:46 -0300] "HEAD / HTTP/1.1" 200 - "https://vacivitta.com.br/" "Mozilla/5.0+(compatible; UptimeRobot/2.0; http://www.uptimerobot.com/)"
5.255.231.78 - - [13/Jul/2025:16:17:19 -0300] "GET /robots.txt HTTP/1.1" 404 - "-" "Mozilla/5.0 (compatible; YandexBot/3.0; +http://yandex.com/bots)"
95.108.213.174 - - [13/Jul/2025:16:17:20 -0300] "GET /blog-amamentacao/ HTTP/1.1" 404 - "-" "Mozilla/5.0 (compatible; YandexBot/3.0; +http://yandex.com/bots)"
157.245.148.165 - - [13/Jul/2025:16:17:55 -0300] "GET /wp-login.php HTTP/1.1" 404 - "-" "Mozilla/5.0"
157.90.155.240 - - [13/Jul/2025:16:19:49 -0300] "HEAD / HTTP/1.1" 200 - "https://vacivitta.com.br/" "Mozilla/5.0+(compatible; UptimeRobot/2.0; http://www.uptimerobot.com/)"
208.110.64.178 - - [13/Jul/2025:16:20:08 -0300] "GET /wp-content/edit.php HTTP/1.1" 404 - "https://vacivitta.com.br/wp-content/edit.php" "Mozilla/5.0 (Windows NT 10.0; Win64; x64) AppleWebKit/537.36 (KHTML, like Gecko) Chrome/58.0.3029.110 Safari/537.3"
66.249.70.142 - - [13/Jul/2025:16:20:39 -0300] "GET /pcmypage?callback=product%2Fdetail%2Ftreasure-one-company-ex-e07-1665-1145-20555wm02k HTTP/1.1" 404 - "-" "Mozilla/5.0 (Linux; Android 6.0.1; Nexus 5X Build/MMB29P) AppleWebKit/537.36 (KHTML, like Gecko) Chrome/137.0.7151.103 Mobile Safari/537.36 (compatible; Googlebot/2.1; +http://www.google.com/bot.html)"
66.249.70.142 - - [13/Jul/2025:16:23:40 -0300] "GET /pcmypage?callback=/product%2Fdetail%2Clover8888-inax-20160404-16-f HTTP/1.1" 404 - "-" "Mozilla/5.0 (Linux; Android 6.0.1; Nexus 5X Build/MMB29P) AppleWebKit/537.36 (KHTML, like Gecko) Chrome/137.0.7151.103 Mobile Safari/537.36 (compatible; Googlebot/2.1; +http://www.google.com/bot.html)"
167.235.143.113 - - [13/Jul/2025:16:24:52 -0300] "HEAD / HTTP/1.1" 200 - "https://vacivitta.com.br/" "Mozilla/5.0+(compatible; UptimeRobot/2.0; http://www.uptimerobot.com/)"
157.245.148.165 - - [13/Jul/2025:16:28:36 -0300] "POST /xmlrpc.php HTTP/1.1" 404 - "-" "Python-xmlrpc/3.13"
94.16.113.252 - - [13/Jul/2025:16:29:41 -0300] "GET /wp-login.php HTTP/1.1" 404 - "-" "Mozilla/5.0"
88.99.80.227 - - [13/Jul/2025:16:29:56 -0300] "HEAD / HTTP/1.1" 200 - "https://vacivitta.com.br/" "Mozilla/5.0+(compatible; UptimeRobot/2.0; http://www.uptimerobot.com/)"
66.249.70.142 - - [13/Jul/2025:16:30:40 -0300] "GET /items/wqdov79/873?key=actual HTTP/1.1" 404 - "-" "Mozilla/5.0 (Linux; Android 6.0.1; Nexus 5X Build/MMB29P) AppleWebKit/537.36 (KHTML, like Gecko) Chrome/137.0.7151.103 Mobile Safari/537.36 (compatible; Googlebot/2.1; +http://www.google.com/bot.html)"
66.249.70.141 - - [13/Jul/2025:16:30:41 -0300] "GET /items/drlvy153/15525?key=stable HTTP/1.1" 404 - "-" "Mozilla/5.0 (Linux; Android 6.0.1; Nexus 5X Build/MMB29P) AppleWebKit/537.36 (KHTML, like Gecko) Chrome/137.0.7151.103 Mobile Safari/537.36 (compatible; Googlebot/2.1; +http://www.google.com/bot.html)"
66.249.70.140 - - [13/Jul/2025:16:31:41 -0300] "GET /pcmypage?callback=product/review/oldgear-2257516mudmto HTTP/1.1" 404 - "-" "Mozilla/5.0 (Linux; Android 6.0.1; Nexus 5X Build/MMB29P) AppleWebKit/537.36 (KHTML, like Gecko) Chrome/137.0.7151.103 Mobile Safari/537.36 (compatible; Googlebot/2.1; +http://www.google.com/bot.html)"
185.177.72.205 - - [13/Jul/2025:16:33:10 -0300] "GET /.env HTTP/1.1" 404 - "-" "Mozilla/5.0 (Windows NT 10.0; Win64; x64) AppleWebKit/537.36 (KHTML, like Gecko) Chrome/91.0.4472.124 Safari/537.36"
185.177.72.205 - - [13/Jul/2025:16:33:10 -0300] "GET /phpinfo HTTP/1.1" 404 - "-" "Mozilla/5.0 (Windows NT 10.0; Win64; x64) AppleWebKit/537.36 (KHTML, like Gecko) Chrome/91.0.4472.124 Safari/537.36"
185.177.72.205 - - [13/Jul/2025:16:33:10 -0300] "GET /_profiler/phpinfo HTTP/1.1" 404 - "-" "Mozilla/5.0 (Windows NT 10.0; Win64; x64) AppleWebKit/537.36 (KHTML, like Gecko) Chrome/91.0.4472.124 Safari/537.36"
185.177.72.205 - - [13/Jul/2025:16:33:10 -0300] "GET /info.php HTTP/1.1" 404 - "-" "Mozilla/5.0 (Windows NT 10.0; Win64; x64) AppleWebKit/537.36 (KHTML, like Gecko) Chrome/91.0.4472.124 Safari/537.36"
185.177.72.205 - - [13/Jul/2025:16:33:10 -0300] "GET /index.html HTTP/1.1" 200 488 "-" "Mozilla/5.0 (Windows NT 10.0; Win64; x64) AppleWebKit/537.36 (KHTML, like Gecko) Chrome/91.0.4472.124 Safari/537.36"
185.177.72.205 - - [13/Jul/2025:16:33:10 -0300] "GET /backend/.env HTTP/1.1" 404 - "-" "Mozilla/5.0 (Windows NT 10.0; Win64; x64) AppleWebKit/537.36 (KHTML, like Gecko) Chrome/91.0.4472.124 Safari/537.36"
185.177.72.205 - - [13/Jul/2025:16:33:10 -0300] "GET /api/.env HTTP/1.1" 404 - "-" "Mozilla/5.0 (Windows NT 10.0; Win64; x64) AppleWebKit/537.36 (KHTML, like Gecko) Chrome/91.0.4472.124 Safari/537.36"
185.177.72.205 - - [13/Jul/2025:16:33:11 -0300] "GET /env.backup HTTP/1.1" 404 - "-" "Mozilla/5.0 (Windows NT 10.0; Win64; x64) AppleWebKit/537.36 (KHTML, like Gecko) Chrome/91.0.4472.124 Safari/537.36"
185.177.72.205 - - [13/Jul/2025:16:33:11 -0300] "GET /phpinfo.php HTTP/1.1" 404 - "-" "Mozilla/5.0 (Windows NT 10.0; Win64; x64) AppleWebKit/537.36 (KHTML, like Gecko) Chrome/91.0.4472.124 Safari/537.36"
185.177.72.205 - - [13/Jul/2025:16:33:11 -0300] "GET /main/.env HTTP/1.1" 404 - "-" "Mozilla/5.0 (Windows NT 10.0; Win64; x64) AppleWebKit/537.36 (KHTML, like Gecko) Chrome/91.0.4472.124 Safari/537.36"
185.177.72.205 - - [13/Jul/2025:16:33:11 -0300] "GET /.env.old HTTP/1.1" 404 - "-" "Mozilla/5.0 (Windows NT 10.0; Win64; x64) AppleWebKit/537.36 (KHTML, like Gecko) Chrome/91.0.4472.124 Safari/537.36"
185.177.72.205 - - [13/Jul/2025:16:33:11 -0300] "GET /api/config.env HTTP/1.1" 404 - "-" "Mozilla/5.0 (Windows NT 10.0; Win64; x64) AppleWebKit/537.36 (KHTML, like Gecko) Chrome/91.0.4472.124 Safari/537.36"
185.177.72.205 - - [13/Jul/2025:16:33:11 -0300] "GET /.aws/credentials HTTP/1.1" 404 - "-" "Mozilla/5.0 (Windows NT 10.0; Win64; x64) AppleWebKit/537.36 (KHTML, like Gecko) Chrome/91.0.4472.124 Safari/537.36"
185.177.72.205 - - [13/Jul/2025:16:33:12 -0300] "GET /lara/phpinfo.php HTTP/1.1" 404 - "-" "Mozilla/5.0 (Windows NT 10.0; Win64; x64) AppleWebKit/537.36 (KHTML, like Gecko) Chrome/91.0.4472.124 Safari/537.36"
185.177.72.205 - - [13/Jul/2025:16:33:12 -0300] "GET /core/.env HTTP/1.1" 404 - "-" "Mozilla/5.0 (Windows NT 10.0; Win64; x64) AppleWebKit/537.36 (KHTML, like Gecko) Chrome/91.0.4472.124 Safari/537.36"
185.177.72.205 - - [13/Jul/2025:16:33:12 -0300] "GET /application.properties HTTP/1.1" 404 - "-" "Mozilla/5.0 (Windows NT 10.0; Win64; x64) AppleWebKit/537.36 (KHTML, like Gecko) Chrome/91.0.4472.124 Safari/537.36"
185.177.72.205 - - [13/Jul/2025:16:33:12 -0300] "GET /prod/.env HTTP/1.1" 404 - "-" "Mozilla/5.0 (Windows NT 10.0; Win64; x64) AppleWebKit/537.36 (KHTML, like Gecko) Chrome/91.0.4472.124 Safari/537.36"
185.177.72.205 - - [13/Jul/2025:16:33:12 -0300] "GET /kyc/.env HTTP/1.1" 404 - "-" "Mozilla/5.0 (Windows NT 10.0; Win64; x64) AppleWebKit/537.36 (KHTML, like Gecko) Chrome/91.0.4472.124 Safari/537.36"
185.177.72.205 - - [13/Jul/2025:16:33:12 -0300] "GET /aws/credentials HTTP/1.1" 404 - "-" "Mozilla/5.0 (Windows NT 10.0; Win64; x64) AppleWebKit/537.36 (KHTML, like Gecko) Chrome/91.0.4472.124 Safari/537.36"
185.177.72.205 - - [13/Jul/2025:16:33:12 -0300] "GET /laravael/core/.env HTTP/1.1" 404 - "-" "Mozilla/5.0 (Windows NT 10.0; Win64; x64) AppleWebKit/537.36 (KHTML, like Gecko) Chrome/91.0.4472.124 Safari/537.36"
185.177.72.205 - - [13/Jul/2025:16:33:13 -0300] "GET /server-info.php HTTP/1.1" 404 - "-" "Mozilla/5.0 (Windows NT 10.0; Win64; x64) AppleWebKit/537.36 (KHTML, like Gecko) Chrome/91.0.4472.124 Safari/537.36"
185.177.72.205 - - [13/Jul/2025:16:33:13 -0300] "GET /.aws/config HTTP/1.1" 404 - "-" "Mozilla/5.0 (Windows NT 10.0; Win64; x64) AppleWebKit/537.36 (KHTML, like Gecko) Chrome/91.0.4472.124 Safari/537.36"
185.177.72.205 - - [13/Jul/2025:16:33:13 -0300] "GET /docker/app/.env HTTP/1.1" 404 - "-" "Mozilla/5.0 (Windows NT 10.0; Win64; x64) AppleWebKit/537.36 (KHTML, like Gecko) Chrome/91.0.4472.124 Safari/537.36"
185.177.72.205 - - [13/Jul/2025:16:33:13 -0300] "GET /lara/info.php HTTP/1.1" 404 - "-" "Mozilla/5.0 (Windows NT 10.0; Win64; x64) AppleWebKit/537.36 (KHTML, like Gecko) Chrome/91.0.4472.124 Safari/537.36"
185.177.72.205 - - [13/Jul/2025:16:33:13 -0300] "GET /.env.prod HTTP/1.1" 404 - "-" "Mozilla/5.0 (Windows NT 10.0; Win64; x64) AppleWebKit/537.36 (KHTML, like Gecko) Chrome/91.0.4472.124 Safari/537.36"
185.177.72.205 - - [13/Jul/2025:16:33:13 -0300] "GET /config/local.yml HTTP/1.1" 404 - "-" "Mozilla/5.0 (Windows NT 10.0; Win64; x64) AppleWebKit/537.36 (KHTML, like Gecko) Chrome/91.0.4472.124 Safari/537.36"
185.177.72.205 - - [13/Jul/2025:16:33:14 -0300] "GET /secrets/aws_ses.env HTTP/1.1" 404 - "-" "Mozilla/5.0 (Windows NT 10.0; Win64; x64) AppleWebKit/537.36 (KHTML, like Gecko) Chrome/91.0.4472.124 Safari/537.36"
185.177.72.205 - - [13/Jul/2025:16:33:14 -0300] "GET /awsstats/.env HTTP/1.1" 404 - "-" "Mozilla/5.0 (Windows NT 10.0; Win64; x64) AppleWebKit/537.36 (KHTML, like Gecko) Chrome/91.0.4472.124 Safari/537.36"
185.177.72.205 - - [13/Jul/2025:16:33:14 -0300] "GET /wp-config.php.bak HTTP/1.1" 404 - "-" "Mozilla/5.0 (Windows NT 10.0; Win64; x64) AppleWebKit/537.36 (KHTML, like Gecko) Chrome/91.0.4472.124 Safari/537.36"
185.177.72.205 - - [13/Jul/2025:16:33:14 -0300] "GET /admin/.env HTTP/1.1" 404 - "-" "Mozilla/5.0 (Windows NT 10.0; Win64; x64) AppleWebKit/537.36 (KHTML, like Gecko) Chrome/91.0.4472.124 Safari/537.36"
185.177.72.205 - - [13/Jul/2025:16:33:14 -0300] "GET /config/storage.yml HTTP/1.1" 404 - "-" "Mozilla/5.0 (Windows NT 10.0; Win64; x64) AppleWebKit/537.36 (KHTML, like Gecko) Chrome/91.0.4472.124 Safari/537.36"
185.177.72.205 - - [13/Jul/2025:16:33:14 -0300] "GET /settings.py HTTP/1.1" 404 - "-" "Mozilla/5.0 (Windows NT 10.0; Win64; x64) AppleWebKit/537.36 (KHTML, like Gecko) Chrome/91.0.4472.124 Safari/537.36"
185.177.72.205 - - [13/Jul/2025:16:33:14 -0300] "GET /apps/.env HTTP/1.1" 404 - "-" "Mozilla/5.0 (Windows NT 10.0; Win64; x64) AppleWebKit/537.36 (KHTML, like Gecko) Chrome/91.0.4472.124 Safari/537.36"
185.177.72.205 - - [13/Jul/2025:16:33:15 -0300] "GET /opt/aws/ses.env HTTP/1.1" 404 - "-" "Mozilla/5.0 (Windows NT 10.0; Win64; x64) AppleWebKit/537.36 (KHTML, like Gecko) Chrome/91.0.4472.124 Safari/537.36"
185.177.72.205 - - [13/Jul/2025:16:33:15 -0300] "GET /logs/aws/ses.log HTTP/1.1" 404 - "-" "Mozilla/5.0 (Windows NT 10.0; Win64; x64) AppleWebKit/537.36 (KHTML, like Gecko) Chrome/91.0.4472.124 Safari/537.36"
185.177.72.205 - - [13/Jul/2025:16:33:15 -0300] "GET /private/.env HTTP/1.1" 404 - "-" "Mozilla/5.0 (Windows NT 10.0; Win64; x64) AppleWebKit/537.36 (KHTML, like Gecko) Chrome/91.0.4472.124 Safari/537.36"
185.177.72.205 - - [13/Jul/2025:16:33:15 -0300] "GET /docker-compose.yml HTTP/1.1" 404 - "-" "Mozilla/5.0 (Windows NT 10.0; Win64; x64) AppleWebKit/537.36 (KHTML, like Gecko) Chrome/91.0.4472.124 Safari/537.36"
185.177.72.205 - - [13/Jul/2025:16:33:15 -0300] "GET /.git/config HTTP/1.1" 404 - "-" "Mozilla/5.0 (Windows NT 10.0; Win64; x64) AppleWebKit/537.36 (KHTML, like Gecko) Chrome/91.0.4472.124 Safari/537.36"
185.177.72.205 - - [13/Jul/2025:16:33:15 -0300] "GET /assets/index-BZLUkikW.js HTTP/1.1" 200 923512 "-" "Mozilla/5.0 (Windows NT 10.0; Win64; x64) AppleWebKit/537.36 (KHTML, like Gecko) Chrome/91.0.4472.124 Safari/537.36"
157.245.148.165 - - [13/Jul/2025:16:33:29 -0300] "GET /wp-content/plugins/quadmenu/readme.txt HTTP/1.1" 404 - "-" "Mozilla/5.0 (Windows NT 10.0; Win64; x64) AppleWebKit/537.36 (KHTML, like Gecko) Chrome/123.0.0.0 Safari/537.36"
191.96.78.200 - - [13/Jul/2025:16:33:49 -0300] "GET / HTTP/1.1" 200 488 "-" "Mozilla/5.0 (Windows NT 10.0; Win64; x64) AppleWebKit/537.36 (KHTML, like Gecko) Chrome/116.0.5845.96 Safari/537.36 Googlebot/2.1"
57.141.2.12 - - [13/Jul/2025:16:33:50 -0300] "GET /2023/10/18/leite-materno-compisicao/ HTTP/1.1" 404 - "-" "meta-externalagent/1.1 (+https://developers.facebook.com/docs/sharing/webmasters/crawler)"
168.119.123.75 - - [13/Jul/2025:16:34:59 -0300] "HEAD / HTTP/1.1" 200 - "https://vacivitta.com.br/" "Mozilla/5.0+(compatible; UptimeRobot/2.0; http://www.uptimerobot.com/)"
45.157.54.24 - - [13/Jul/2025:16:35:48 -0300] "POST /xmlrpc.php HTTP/1.1" 404 - "-" "Mozilla/5.0 (Windows NT 10.0; Win64; x64) AppleWebKit/537.36 (KHTML, like Gecko) Chrome/127.0.0.0 Safari/537.36"
45.157.54.24 - - [13/Jul/2025:16:35:48 -0300] "POST /xmlrpc.php HTTP/1.1" 404 - "-" "Mozilla/5.0 (Windows NT 10.0; Win64; x64) AppleWebKit/537.36 (KHTML, like Gecko) Chrome/127.0.0.0 Safari/537.36"
69.197.182.50 - - [13/Jul/2025:16:38:02 -0300] "GET /wp-content/edit.php HTTP/1.1" 404 - "https://vacivitta.com.br/wp-content/edit.php" "Mozilla/5.0 (Windows NT 10.0; Win64; x64) AppleWebKit/537.36 (KHTML, like Gecko) Chrome/58.0.3029.110 Safari/537.3"
66.249.70.140 - - [13/Jul/2025:16:38:41 -0300] "GET /safe_search/config?return_url=%2Fproduct%2Fdetail%2Fhowars-acre-sf-set-1499 HTTP/1.1" 404 - "-" "Mozilla/5.0 (Linux; Android 6.0.1; Nexus 5X Build/MMB29P) AppleWebKit/537.36 (KHTML, like Gecko) Chrome/137.0.7151.103 Mobile Safari/537.36 (compatible; Googlebot/2.1; +http://www.google.com/bot.html)"
66.249.70.141 - - [13/Jul/2025:16:38:42 -0300] "GET /pcmypage?callback=product%2Fdetail%2Ft-four2010-et-1515-qq-e-f2-51308t HTTP/1.1" 404 - "-" "Mozilla/5.0 (Linux; Android 6.0.1; Nexus 5X Build/MMB29P) AppleWebKit/537.36 (KHTML, like Gecko) Chrome/137.0.7151.103 Mobile Safari/537.36 (compatible; Googlebot/2.1; +http://www.google.com/bot.html)"
78.47.98.55 - - [13/Jul/2025:16:40:04 -0300] "HEAD / HTTP/1.1" 200 - "https://vacivitta.com.br/" "Mozilla/5.0+(compatible; UptimeRobot/2.0; http://www.uptimerobot.com/)"
57.141.2.20 - - [13/Jul/2025:16:40:23 -0300] "GET /2022/04/01/por-que-tomar-a-vacina-da-gripe-e-pneumococica/ HTTP/1.1" 404 - "-" "meta-externalagent/1.1 (+https://developers.facebook.com/docs/sharing/webmasters/crawler)"
177.184.50.221 - - [13/Jul/2025:16:43:50 -0300] "GET /wp-login.php HTTP/1.1" 404 - "https://vacivitta.com.br" "Mozilla/5.0 (iPhone; CPU iPhone OS 17_0_2 like Mac OS X) AppleWebKit/605.1.15 (KHTML, like Gecko) Version/17.0 Mobile/15E148 Safari/604.1 Ddg/17.0"
177.184.50.221 - - [13/Jul/2025:16:43:50 -0300] "GET /wp-login.php HTTP/1.1" 404 - "https://vacivitta.com.br" "Mozilla/5.0 (Linux; Android 10; K) AppleWebKit/537.36 (KHTML, like Gecko) Chrome/122.0.0.0 Mobile Safari/537.36"
177.184.50.221 - - [13/Jul/2025:16:43:51 -0300] "GET /wp-login.php HTTP/1.1" 404 - "https://vacivitta.com.br" "Mozilla/5.0 (Linux; Android 10; K) AppleWebKit/537.36 (KHTML, like Gecko) Chrome/122.0.0.0 Mobile Safari/537.36"
177.184.50.221 - - [13/Jul/2025:16:43:52 -0300] "GET /wp-login.php HTTP/1.1" 404 - "https://vacivitta.com.br" "Mozilla/5.0 (iPhone; CPU iPhone OS 17_0_2 like Mac OS X) AppleWebKit/605.1.15 (KHTML, like Gecko) Version/17.0 Mobile/15E148 Safari/604.1 Ddg/17.0"
177.184.50.221 - - [13/Jul/2025:16:43:52 -0300] "GET /wp-login.php HTTP/1.1" 404 - "https://vacivitta.com.br" "Mozilla/5.0 (Linux; Android 10; K) AppleWebKit/537.36 (KHTML, like Gecko) Chrome/122.0.0.0 Mobile Safari/537.36"
177.184.50.221 - - [13/Jul/2025:16:43:53 -0300] "GET /wp-login.php HTTP/1.1" 404 - "https://vacivitta.com.br" "Mozilla/5.0 (Linux; Android 10; K) AppleWebKit/537.36 (KHTML, like Gecko) Chrome/121.0.0.0 Mobile Safari/537.36 EdgA/121.0.0.0"
66.249.70.141 - - [13/Jul/2025:16:44:52 -0300] "GET /items/paxct39/403?key=loan HTTP/1.1" 404 - "-" "Mozilla/5.0 (Linux; Android 6.0.1; Nexus 5X Build/MMB29P) AppleWebKit/537.36 (KHTML, like Gecko) Chrome/137.0.7151.103 Mobile Safari/537.36 (compatible; Googlebot/2.1; +http://www.google.com/bot.html)"
78.46.190.63 - - [13/Jul/2025:16:45:07 -0300] "HEAD / HTTP/1.1" 200 - "https://vacivitta.com.br/" "Mozilla/5.0+(compatible; UptimeRobot/2.0; http://www.uptimerobot.com/)"
137.184.59.213 - - [13/Jul/2025:16:47:37 -0300] "GET / HTTP/1.1" 200 488 "-" "Mozilla/5.0 (X11; Linux x86_64) AppleWebKit/537.36 (KHTML, like Gecko) Chrome/137.0.0.0 Safari/537.36"
137.184.59.213 - - [13/Jul/2025:16:47:39 -0300] "GET /ico.ico HTTP/1.1" 200 100526 "https://vacivitta.com.br/" "Mozilla/5.0 (X11; Linux x86_64) AppleWebKit/537.36 (KHTML, like Gecko) Chrome/137.0.0.0 Safari/537.36"
66.249.70.142 - - [13/Jul/2025:16:47:54 -0300] "GET /pcmypage?callback=product%2Fdetail%2Fgolfpartner-2100363136618 HTTP/1.1" 404 - "-" "Mozilla/5.0 (Linux; Android 6.0.1; Nexus 5X Build/MMB29P) AppleWebKit/537.36 (KHTML, like Gecko) Chrome/137.0.7151.103 Mobile Safari/537.36 (compatible; Googlebot/2.1; +http://www.google.com/bot.html)"
167.235.143.113 - - [13/Jul/2025:16:50:11 -0300] "HEAD / HTTP/1.1" 200 - "https://vacivitta.com.br/" "Mozilla/5.0+(compatible; UptimeRobot/2.0; http://www.uptimerobot.com/)"
192.36.136.8 - - [13/Jul/2025:16:51:12 -0300] "GET /robots.txt HTTP/1.1" 404 - "http://vacivitta.com.br/robots.txt" "Mozilla/5.0 (Linux; U; Android 13; sk-sk; Xiaomi 11T Pro Build/TKQ1.220829.002) AppleWebKit/537.36 (KHTML, like Gecko) Version/4.0 Chrome/112.0.5615.136 Mobile Safari/537.36 XiaoMi/MiuiBrowser/14.4.0-g"
192.36.173.21 - - [13/Jul/2025:16:51:13 -0300] "GET / HTTP/1.1" 200 488 "http://vacivitta.com.br/" "Mozilla/5.0 (Linux; U; Android 13; sk-sk; Xiaomi 11T Pro Build/TKQ1.220829.002) AppleWebKit/537.36 (KHTML, like Gecko) Version/4.0 Chrome/112.0.5615.136 Mobile Safari/537.36 XiaoMi/MiuiBrowser/14.4.0-g"
3.236.157.71 - - [13/Jul/2025:16:52:25 -0300] "GET / HTTP/1.1" 200 488 "https://vacivitta.com.br" "Mozilla/5.0 (X11; Linux x86_64) AppleWebKit/537.36 (KHTML, like Gecko) Chrome/94.0.4606.81 Safari/537.36"
57.141.2.7 - - [13/Jul/2025:16:53:56 -0300] "GET /2021/10/26/vacina-contra-pneumonia-por-que-adultos-tambem-precisam/ HTTP/1.1" 404 - "-" "meta-externalagent/1.1 (+https://developers.facebook.com/docs/sharing/webmasters/crawler)"
69.197.182.50 - - [13/Jul/2025:16:54:09 -0300] "GET /wp-content/edit.php HTTP/1.1" 404 - "https://vacivitta.com.br/wp-content/edit.php" "Mozilla/5.0 (Windows NT 10.0; Win64; x64) AppleWebKit/537.36 (KHTML, like Gecko) Chrome/58.0.3029.110 Safari/537.3"
128.140.41.193 - - [13/Jul/2025:16:55:14 -0300] "HEAD / HTTP/1.1" 200 - "https://vacivitta.com.br/" "Mozilla/5.0+(compatible; UptimeRobot/2.0; http://www.uptimerobot.com/)"
57.141.2.11 - - [13/Jul/2025:16:57:05 -0300] "GET /2022/06/21/infeccao-pelo-virus-varicela-zoster-pode-causar-diferentes-manifestacoes-no-organismo/ HTTP/1.1" 404 - "-" "meta-externalagent/1.1 (+https://developers.facebook.com/docs/sharing/webmasters/crawler)"
57.141.2.20 - - [13/Jul/2025:16:57:52 -0300] "GET /2022/02/22/vacina-da-gripe-na-rede-publica-x-rede-privada/ HTTP/1.1" 404 - "-" "meta-externalagent/1.1 (+https://developers.facebook.com/docs/sharing/webmasters/crawler)"
57.141.2.1 - - [13/Jul/2025:16:58:26 -0300] "GET /2017/03/03/ministerio-da-saude-amplia-publico-alvo-de-6-vacinas-veja-lista-das-mudancas/ HTTP/1.1" 404 - "-" "meta-externalagent/1.1 (+https://developers.facebook.com/docs/sharing/webmasters/crawler)"
142.132.180.39 - - [13/Jul/2025:17:00:19 -0300] "HEAD / HTTP/1.1" 200 - "https://vacivitta.com.br/" "Mozilla/5.0+(compatible; UptimeRobot/2.0; http://www.uptimerobot.com/)"
208.110.64.178 - - [13/Jul/2025:17:03:29 -0300] "GET /wp-content/edit.php HTTP/1.1" 404 - "https://vacivitta.com.br/wp-content/edit.php" "Mozilla/5.0 (Windows NT 10.0; Win64; x64) AppleWebKit/537.36 (KHTML, like Gecko) Chrome/58.0.3029.110 Safari/537.3"
66.249.70.140 - - [13/Jul/2025:17:03:56 -0300] "GET /product/edit/kirakira-cyura-shop3-20240122065019-01375 HTTP/1.1" 404 - "-" "Mozilla/5.0 (Linux; Android 6.0.1; Nexus 5X Build/MMB29P) AppleWebKit/537.36 (KHTML, like Gecko) Chrome/137.0.7151.103 Mobile Safari/537.36 (compatible; Googlebot/2.1; +http://www.google.com/bot.html)"
66.249.70.140 - - [13/Jul/2025:17:03:57 -0300] "GET /pcmypage?callback=/product%2Fdetail%2Egaos-ckei6539 HTTP/1.1" 404 - "-" "Mozilla/5.0 (Linux; Android 6.0.1; Nexus 5X Build/MMB29P) AppleWebKit/537.36 (KHTML, like Gecko) Chrome/137.0.7151.103 Mobile Safari/537.36 (compatible; Googlebot/2.1; +http://www.google.com/bot.html)"
78.46.190.63 - - [13/Jul/2025:17:05:23 -0300] "HEAD / HTTP/1.1" 200 - "https://vacivitta.com.br/" "Mozilla/5.0+(compatible; UptimeRobot/2.0; http://www.uptimerobot.com/)"
66.249.70.140 - - [13/Jul/2025:17:06:57 -0300] "GET /items/pouzj45/679?key=ironically HTTP/1.1" 404 - "-" "Mozilla/5.0 (Linux; Android 6.0.1; Nexus 5X Build/MMB29P) AppleWebKit/537.36 (KHTML, like Gecko) Chrome/137.0.7151.103 Mobile Safari/537.36 (compatible; Googlebot/2.1; +http://www.google.com/bot.html)"
157.245.148.165 - - [13/Jul/2025:17:08:00 -0300] "GET /wp-content/plugins/gutenkit-blocks-addon/readme.txt HTTP/1.1" 404 - "-" "Mozilla/5.0 (Windows NT 10.0; Win64; x64) AppleWebKit/537.36 (KHTML, like Gecko) Chrome/124.0.0.0 Safari/537.36"
66.249.70.142 - - [13/Jul/2025:17:08:57 -0300] "GET /items/anssa20/18618?key=finding HTTP/1.1" 404 - "-" "Mozilla/5.0 (Linux; Android 6.0.1; Nexus 5X Build/MMB29P) AppleWebKit/537.36 (KHTML, like Gecko) Chrome/137.0.7151.103 Mobile Safari/537.36 (compatible; Googlebot/2.1; +http://www.google.com/bot.html)"
66.249.70.140 - - [13/Jul/2025:17:08:58 -0300] "GET /safe_search/config?return_url=%2Fproduct%2Fdetail%2Fwebike-23243493 HTTP/1.1" 404 - "-" "Mozilla/5.0 (Linux; Android 6.0.1; Nexus 5X Build/MMB29P) AppleWebKit/537.36 (KHTML, like Gecko) Chrome/137.0.7151.103 Mobile Safari/537.36 (compatible; Googlebot/2.1; +http://www.google.com/bot.html)"
194.145.227.125 - - [13/Jul/2025:17:09:44 -0300] "GET /components/com_jnews/includes/openflashchart/php-ofc-library/ofc_upload_imaged.php HTTP/1.1" 404 - "-" "ALittle Client"
49.13.24.81 - - [13/Jul/2025:17:10:26 -0300] "HEAD / HTTP/1.1" 200 - "https://vacivitta.com.br/" "Mozilla/5.0+(compatible; UptimeRobot/2.0; http://www.uptimerobot.com/)"
69.197.182.50 - - [13/Jul/2025:17:10:46 -0300] "GET /wp-content/edit.php HTTP/1.1" 404 - "https://vacivitta.com.br/wp-content/edit.php" "Mozilla/5.0 (Windows NT 10.0; Win64; x64) AppleWebKit/537.36 (KHTML, like Gecko) Chrome/58.0.3029.110 Safari/537.3"
69.197.135.226 - - [13/Jul/2025:17:12:43 -0300] "GET /wp-content/edit.php HTTP/1.1" 404 - "https://vacivitta.com.br/wp-content/edit.php" "Mozilla/5.0 (Windows NT 10.0; Win64; x64) AppleWebKit/537.36 (KHTML, like Gecko) Chrome/58.0.3029.110 Safari/537.3"
57.141.2.27 - - [13/Jul/2025:17:12:56 -0300] "GET /2023/10/09/dicas-amamentacao/ HTTP/1.1" 404 - "-" "meta-externalagent/1.1 (+https://developers.facebook.com/docs/sharing/webmasters/crawler)"
49.13.24.81 - - [13/Jul/2025:17:15:31 -0300] "HEAD / HTTP/1.1" 200 - "https://vacivitta.com.br/" "Mozilla/5.0+(compatible; UptimeRobot/2.0; http://www.uptimerobot.com/)"
66.249.70.142 - - [13/Jul/2025:17:16:00 -0300] "GET /pcmypage?callback=/product%2Fdetail%2E-unica-601021 HTTP/1.1" 404 - "-" "Mozilla/5.0 (Linux; Android 6.0.1; Nexus 5X Build/MMB29P) AppleWebKit/537.36 (KHTML, like Gecko) Chrome/137.0.7151.103 Mobile Safari/537.36 (compatible; Googlebot/2.1; +http://www.google.com/bot.html)"
69.197.182.50 - - [13/Jul/2025:17:16:06 -0300] "GET /wp-content/edit.php HTTP/1.1" 404 - "https://vacivitta.com.br/wp-content/edit.php" "Mozilla/5.0 (Windows NT 10.0; Win64; x64) AppleWebKit/537.36 (KHTML, like Gecko) Chrome/58.0.3029.110 Safari/537.3"
74.7.35.51 - - [13/Jul/2025:17:17:17 -0300] "GET / HTTP/1.1" 200 488 "-" "Mozilla/5.0 AppleWebKit/537.36 (KHTML, like Gecko); compatible; ChatGPT-User/1.0; +https://openai.com/bot"
57.141.2.27 - - [13/Jul/2025:17:18:06 -0300] "GET /2023/10/18/colostro/ HTTP/1.1" 404 - "-" "meta-externalagent/1.1 (+https://developers.facebook.com/docs/sharing/webmasters/crawler)"
40.77.167.7 - - [13/Jul/2025:17:19:11 -0300] "GET /vilamariana/ HTTP/1.1" 404 - "-" "Mozilla/5.0 AppleWebKit/537.36 (KHTML, like Gecko; compatible; bingbot/2.0; +http://www.bing.com/bingbot.htm) Chrome/116.0.1938.76 Safari/537.36"
49.13.130.29 - - [13/Jul/2025:17:20:34 -0300] "HEAD / HTTP/1.1" 200 - "https://vacivitta.com.br/" "Mozilla/5.0+(compatible; UptimeRobot/2.0; http://www.uptimerobot.com/)"
57.141.2.3 - - [13/Jul/2025:17:21:17 -0300] "GET /2017/10/24/o-que-e-preciso-saber-sobre-vacinas-para-diabeticos/ HTTP/1.1" 404 - "-" "meta-externalagent/1.1 (+https://developers.facebook.com/docs/sharing/webmasters/crawler)"
57.141.2.25 - - [13/Jul/2025:17:21:29 -0300] "GET /2023/10/09/amamentar-tecnica/ HTTP/1.1" 404 - "-" "meta-externalagent/1.1 (+https://developers.facebook.com/docs/sharing/webmasters/crawler)"
208.110.64.178 - - [13/Jul/2025:17:21:55 -0300] "GET /wp-content/edit.php HTTP/1.1" 404 - "https://vacivitta.com.br/wp-content/edit.php" "Mozilla/5.0 (Windows NT 10.0; Win64; x64) AppleWebKit/537.36 (KHTML, like Gecko) Chrome/58.0.3029.110 Safari/537.3"
204.12.252.98 - - [13/Jul/2025:17:23:07 -0300] "GET /wp-content/edit.php HTTP/1.1" 404 - "https://vacivitta.com.br/wp-content/edit.php" "Mozilla/5.0 (Windows NT 10.0; Win64; x64) AppleWebKit/537.36 (KHTML, like Gecko) Chrome/58.0.3029.110 Safari/537.3"
142.132.180.39 - - [13/Jul/2025:17:25:37 -0300] "HEAD / HTTP/1.1" 200 - "https://vacivitta.com.br/" "Mozilla/5.0+(compatible; UptimeRobot/2.0; http://www.uptimerobot.com/)"
69.197.135.226 - - [13/Jul/2025:17:29:16 -0300] "GET /wp-content/edit.php HTTP/1.1" 404 - "https://vacivitta.com.br/wp-content/edit.php" "Mozilla/5.0 (Windows NT 10.0; Win64; x64) AppleWebKit/537.36 (KHTML, like Gecko) Chrome/58.0.3029.110 Safari/537.3"
49.13.167.123 - - [13/Jul/2025:17:30:41 -0300] "HEAD / HTTP/1.1" 200 - "https://vacivitta.com.br/" "Mozilla/5.0+(compatible; UptimeRobot/2.0; http://www.uptimerobot.com/)"
208.110.64.178 - - [13/Jul/2025:17:32:42 -0300] "GET /wp-content/edit.php HTTP/1.1" 404 - "https://vacivitta.com.br/wp-content/edit.php" "Mozilla/5.0 (Windows NT 10.0; Win64; x64) AppleWebKit/537.36 (KHTML, like Gecko) Chrome/58.0.3029.110 Safari/537.3"
49.13.134.145 - - [13/Jul/2025:17:35:45 -0300] "HEAD / HTTP/1.1" 200 - "https://vacivitta.com.br/" "Mozilla/5.0+(compatible; UptimeRobot/2.0; http://www.uptimerobot.com/)"
208.110.64.178 - - [13/Jul/2025:17:37:39 -0300] "GET /wp-content/edit.php HTTP/1.1" 404 - "https://vacivitta.com.br/wp-content/edit.php" "Mozilla/5.0 (Windows NT 10.0; Win64; x64) AppleWebKit/537.36 (KHTML, like Gecko) Chrome/58.0.3029.110 Safari/537.3"
34.217.60.213 - - [13/Jul/2025:17:37:54 -0300] "GET / HTTP/1.1" 200 488 "-" "Mozilla/5.0 (Mobile; Windows Phone 8.1; Android 4.0; ARM; Trident/7.0; Touch; rv:11.0; IEMobile/11.0; NOKIA; Lumia 929) like iPhone OS 7_0_3 Mac OS X AppleWebKit/537 (KHTML, like Gecko) Mobile Safari/537"
114.119.140.64 - - [13/Jul/2025:17:38:15 -0300] "GET /barradatijuca/ HTTP/1.1" 404 - "https://vacivitta.com.br/tag/meningite-acwy/" "Mozilla/5.0 (Linux; Android 7.0;) AppleWebKit/537.36 (KHTML, like Gecko) Mobile Safari/537.36 (compatible; PetalBot;+https://webmaster.petalsearch.com/site/petalbot)"
204.12.252.98 - - [13/Jul/2025:17:39:49 -0300] "GET /wp-content/edit.php HTTP/1.1" 404 - "https://vacivitta.com.br/wp-content/edit.php" "Mozilla/5.0 (Windows NT 10.0; Win64; x64) AppleWebKit/537.36 (KHTML, like Gecko) Chrome/58.0.3029.110 Safari/537.3"
66.249.70.141 - - [13/Jul/2025:17:39:54 -0300] "GET /pcmypage?callback=product/review/cycleparadisestore-cpt-2402299101-bi-037600115 HTTP/1.1" 404 - "-" "Mozilla/5.0 (Linux; Android 6.0.1; Nexus 5X Build/MMB29P) AppleWebKit/537.36 (KHTML, like Gecko) Chrome/137.0.7151.103 Mobile Safari/537.36 (compatible; Googlebot/2.1; +http://www.google.com/bot.html)"
66.249.70.141 - - [13/Jul/2025:17:39:54 -0300] "GET /pcmypage?callback=/product%2Fdetail%2piguet-usdm-3353-4270 HTTP/1.1" 404 - "-" "Mozilla/5.0 (Linux; Android 6.0.1; Nexus 5X Build/MMB29P) AppleWebKit/537.36 (KHTML, like Gecko) Chrome/137.0.7151.103 Mobile Safari/537.36 (compatible; Googlebot/2.1; +http://www.google.com/bot.html)"
66.249.70.141 - - [13/Jul/2025:17:39:55 -0300] "GET /?_ga=2.193929543.1954859000.1729550949-963870751.1699386649&_bdsid=47u8bn.n~DOXON.1743916948286.1788022705&_bd_prev_page=https://vacivitta.com.br/collect.asp?products/169nr10896 HTTP/1.1" 200 488 "-" "Mozilla/5.0 (Linux; Android 6.0.1; Nexus 5X Build/MMB29P) AppleWebKit/537.36 (KHTML, like Gecko) Chrome/137.0.7151.103 Mobile Safari/537.36 (compatible; Googlebot/2.1; +http://www.google.com/bot.html)"
49.13.164.148 - - [13/Jul/2025:17:40:49 -0300] "HEAD / HTTP/1.1" 200 - "https://vacivitta.com.br/" "Mozilla/5.0+(compatible; UptimeRobot/2.0; http://www.uptimerobot.com/)"
66.249.70.141 - - [13/Jul/2025:17:41:56 -0300] "GET /pcmypage?callback=/product%2Fdetail%2justparts-novs1-gm-1545-1004-16560-ec204 HTTP/1.1" 404 - "-" "Mozilla/5.0 (Linux; Android 6.0.1; Nexus 5X Build/MMB29P) AppleWebKit/537.36 (KHTML, like Gecko) Chrome/137.0.7151.103 Mobile Safari/537.36 (compatible; Googlebot/2.1; +http://www.google.com/bot.html)"
66.249.70.140 - - [13/Jul/2025:17:41:56 -0300] "GET /pcmypage?callback=/product%2Fdetail%2leadone-shop-kyoho-galerna-refino-hs-2-7 HTTP/1.1" 404 - "-" "Mozilla/5.0 (Linux; Android 6.0.1; Nexus 5X Build/MMB29P) AppleWebKit/537.36 (KHTML, like Gecko) Chrome/137.0.7151.103 Mobile Safari/537.36 (compatible; Googlebot/2.1; +http://www.google.com/bot.html)"
168.119.123.75 - - [13/Jul/2025:17:45:53 -0300] "HEAD / HTTP/1.1" 200 - "https://vacivitta.com.br/" "Mozilla/5.0+(compatible; UptimeRobot/2.0; http://www.uptimerobot.com/)"
69.197.182.50 - - [13/Jul/2025:17:46:17 -0300] "GET /wp-content/edit.php HTTP/1.1" 404 - "https://vacivitta.com.br/wp-content/edit.php" "Mozilla/5.0 (Windows NT 10.0; Win64; x64) AppleWebKit/537.36 (KHTML, like Gecko) Chrome/58.0.3029.110 Safari/537.3"
172.207.241.238 - - [13/Jul/2025:17:49:58 -0300] "GET /wp-content/plugins/hellopress/wp_filemanager.php HTTP/1.1" 404 - "-" "-"
172.207.241.238 - - [13/Jul/2025:17:49:59 -0300] "GET /alfanew.php HTTP/1.1" 404 - "-" "-"
172.207.241.238 - - [13/Jul/2025:17:49:59 -0300] "GET /htaccess.php HTTP/1.1" 404 - "-" "-"
172.207.241.238 - - [13/Jul/2025:17:49:59 -0300] "GET /readme.php HTTP/1.1" 404 - "-" "-"
172.207.241.238 - - [13/Jul/2025:17:49:59 -0300] "GET /as.php HTTP/1.1" 404 - "-" "-"
172.207.241.238 - - [13/Jul/2025:17:50:00 -0300] "GET /403.php HTTP/1.1" 404 - "-" "-"
172.207.241.238 - - [13/Jul/2025:17:50:00 -0300] "GET /max.php HTTP/1.1" 404 - "-" "-"
172.207.241.238 - - [13/Jul/2025:17:50:00 -0300] "GET /m.php HTTP/1.1" 404 - "-" "-"
172.207.241.238 - - [13/Jul/2025:17:50:00 -0300] "GET /post.php HTTP/1.1" 404 - "-" "-"
172.207.241.238 - - [13/Jul/2025:17:50:01 -0300] "GET /themes.php HTTP/1.1" 404 - "-" "-"
172.207.241.238 - - [13/Jul/2025:17:50:01 -0300] "GET /wp-content/themes/astra/inc/ki1k.php HTTP/1.1" 404 - "-" "-"
172.207.241.238 - - [13/Jul/2025:17:50:01 -0300] "GET /ALFA_DATA/index.php HTTP/1.1" 404 - "-" "-"
172.207.241.238 - - [13/Jul/2025:17:50:01 -0300] "GET /wp-admin/maint/about.php HTTP/1.1" 404 - "-" "-"
172.207.241.238 - - [13/Jul/2025:17:50:02 -0300] "GET /wp-admin/network/wp-conflg.php?p= HTTP/1.1" 404 - "-" "-"
172.207.241.238 - - [13/Jul/2025:17:50:02 -0300] "GET /click.php HTTP/1.1" 404 - "-" "-"
172.207.241.238 - - [13/Jul/2025:17:50:02 -0300] "GET /install.php HTTP/1.1" 404 - "-" "-"
172.207.241.238 - - [13/Jul/2025:17:50:02 -0300] "GET /lv.php HTTP/1.1" 404 - "-" "-"
172.207.241.238 - - [13/Jul/2025:17:50:03 -0300] "GET /simple.php HTTP/1.1" 404 - "-" "-"
172.207.241.238 - - [13/Jul/2025:17:50:03 -0300] "GET /13k.php HTTP/1.1" 404 - "-" "-"
172.207.241.238 - - [13/Jul/2025:17:50:03 -0300] "GET /css.php HTTP/1.1" 404 - "-" "-"
172.207.241.238 - - [13/Jul/2025:17:50:04 -0300] "GET /0x1949.php HTTP/1.1" 404 - "-" "-"
172.207.241.238 - - [13/Jul/2025:17:50:04 -0300] "GET /cong.php HTTP/1.1" 404 - "-" "-"
172.207.241.238 - - [13/Jul/2025:17:50:04 -0300] "GET /fw.php HTTP/1.1" 404 - "-" "-"
172.207.241.238 - - [13/Jul/2025:17:50:04 -0300] "GET /bs1.php HTTP/1.1" 404 - "-" "-"
172.207.241.238 - - [13/Jul/2025:17:50:05 -0300] "GET /wp-includes/images/wp-login.php HTTP/1.1" 404 - "-" "-"
172.207.241.238 - - [13/Jul/2025:17:50:05 -0300] "GET /termps.php HTTP/1.1" 404 - "-" "-"
172.207.241.238 - - [13/Jul/2025:17:50:05 -0300] "GET /brand.php HTTP/1.1" 404 - "-" "-"
172.207.241.238 - - [13/Jul/2025:17:50:05 -0300] "GET /goods.php HTTP/1.1" 404 - "-" "-"
172.207.241.238 - - [13/Jul/2025:17:50:06 -0300] "GET /cong.php HTTP/1.1" 404 - "-" "-"
172.207.241.238 - - [13/Jul/2025:17:50:06 -0300] "GET /atomlib.php HTTP/1.1" 404 - "-" "-"
172.207.241.238 - - [13/Jul/2025:17:50:06 -0300] "GET /w.php HTTP/1.1" 404 - "-" "-"
172.207.241.238 - - [13/Jul/2025:17:50:06 -0300] "GET /404.php?fm=true HTTP/1.1" 404 - "-" "-"
172.207.241.238 - - [13/Jul/2025:17:50:07 -0300] "GET /404.php HTTP/1.1" 404 - "-" "-"
172.207.241.238 - - [13/Jul/2025:17:50:07 -0300] "GET /article.php HTTP/1.1" 404 - "-" "-"
172.207.241.238 - - [13/Jul/2025:17:50:07 -0300] "GET /wp-content/product.php HTTP/1.1" 404 - "-" "-"
172.207.241.238 - - [13/Jul/2025:17:50:08 -0300] "GET /wp-content/function.php HTTP/1.1" 404 - "-" "-"
172.207.241.238 - - [13/Jul/2025:17:50:08 -0300] "GET /0x.php HTTP/1.1" 404 - "-" "-"
172.207.241.238 - - [13/Jul/2025:17:50:08 -0300] "GET /css.php HTTP/1.1" 404 - "-" "-"
172.207.241.238 - - [13/Jul/2025:17:50:08 -0300] "GET /modules/mod_simplefileuploadv1.3/elements/filemanager.php?p= HTTP/1.1" 404 - "-" "-"
172.207.241.238 - - [13/Jul/2025:17:50:09 -0300] "GET /wp-content/index.php HTTP/1.1" 404 - "-" "-"
172.207.241.238 - - [13/Jul/2025:17:50:09 -0300] "GET /1.php HTTP/1.1" 404 - "-" "-"
172.207.241.238 - - [13/Jul/2025:17:50:09 -0300] "GET /admin.php HTTP/1.1" 404 - "-" "-"
172.207.241.238 - - [13/Jul/2025:17:50:09 -0300] "GET /wp-admin/maint/maint.php HTTP/1.1" 404 - "-" "-"
172.207.241.238 - - [13/Jul/2025:17:50:10 -0300] "GET /classwithtostring.php HTTP/1.1" 404 - "-" "-"
172.207.241.238 - - [13/Jul/2025:17:50:10 -0300] "GET /dropdown.php HTTP/1.1" 404 - "-" "-"
172.207.241.238 - - [13/Jul/2025:17:50:10 -0300] "GET /moon.php HTTP/1.1" 404 - "-" "-"
172.207.241.238 - - [13/Jul/2025:17:50:10 -0300] "GET /0x.php HTTP/1.1" 404 - "-" "-"
172.207.241.238 - - [13/Jul/2025:17:50:11 -0300] "GET /moon.php?p= HTTP/1.1" 404 - "-" "-"
172.207.241.238 - - [13/Jul/2025:17:50:11 -0300] "GET /autoload_classmap.php?p= HTTP/1.1" 404 - "-" "-"
172.207.241.238 - - [13/Jul/2025:17:50:11 -0300] "GET /inputs.php HTTP/1.1" 404 - "-" "-"
172.207.241.238 - - [13/Jul/2025:17:50:12 -0300] "GET /default.php HTTP/1.1" 404 - "-" "-"
172.207.241.238 - - [13/Jul/2025:17:50:12 -0300] "GET /fm.php?p= HTTP/1.1" 404 - "-" "-"
172.207.241.238 - - [13/Jul/2025:17:50:12 -0300] "GET /fm.php?fm=true HTTP/1.1" 404 - "-" "-"
172.207.241.238 - - [13/Jul/2025:17:50:12 -0300] "GET /about.php HTTP/1.1" 404 - "-" "-"
172.207.241.238 - - [13/Jul/2025:17:50:13 -0300] "GET /file.php? HTTP/1.1" 404 - "-" "-"
172.207.241.238 - - [13/Jul/2025:17:50:13 -0300] "GET /alfa.php HTTP/1.1" 404 - "-" "-"
172.207.241.238 - - [13/Jul/2025:17:50:13 -0300] "GET /buy.php HTTP/1.1" 404 - "-" "-"
172.207.241.238 - - [13/Jul/2025:17:50:13 -0300] "GET /themes/twentytwentytwo/index.php HTTP/1.1" 404 - "-" "-"
172.207.241.238 - - [13/Jul/2025:17:50:14 -0300] "GET /wp-admin/js/wp-conflg.php?p= HTTP/1.1" 404 - "-" "-"
172.207.241.238 - - [13/Jul/2025:17:50:14 -0300] "GET /wp-admin/wp-conflg.php?p= HTTP/1.1" 404 - "-" "-"
172.207.241.238 - - [13/Jul/2025:17:50:14 -0300] "GET /wp-admin/css/wp-conflg.php?p= HTTP/1.1" 404 - "-" "-"
172.207.241.238 - - [13/Jul/2025:17:50:14 -0300] "GET /manager.php?p= HTTP/1.1" 404 - "-" "-"
172.207.241.238 - - [13/Jul/2025:17:50:15 -0300] "GET /js/fm.php HTTP/1.1" 404 - "-" "-"
172.207.241.238 - - [13/Jul/2025:17:50:15 -0300] "GET /item.php HTTP/1.1" 404 - "-" "-"
172.207.241.238 - - [13/Jul/2025:17:50:15 -0300] "GET /plugins/Cache/footer.php HTTP/1.1" 404 - "-" "-"
172.207.241.238 - - [13/Jul/2025:17:50:16 -0300] "GET /404.php HTTP/1.1" 404 - "-" "-"
172.207.241.238 - - [13/Jul/2025:17:50:16 -0300] "GET /mail.php HTTP/1.1" 404 - "-" "-"
172.207.241.238 - - [13/Jul/2025:17:50:16 -0300] "GET /wp-content/plugins/index.php HTTP/1.1" 404 - "-" "-"
172.207.241.238 - - [13/Jul/2025:17:50:16 -0300] "GET /sx.php HTTP/1.1" 404 - "-" "-"
172.207.241.238 - - [13/Jul/2025:17:50:17 -0300] "GET /wp-admin/maint/admin.php HTTP/1.1" 404 - "-" "-"
172.207.241.238 - - [13/Jul/2025:17:50:17 -0300] "GET /article.php HTTP/1.1" 404 - "-" "-"
172.207.241.238 - - [13/Jul/2025:17:50:17 -0300] "GET /alfa.php HTTP/1.1" 404 - "-" "-"
172.207.241.238 - - [13/Jul/2025:17:50:17 -0300] "GET /1.php HTTP/1.1" 404 - "-" "-"
172.207.241.238 - - [13/Jul/2025:17:50:18 -0300] "GET /403.php HTTP/1.1" 404 - "-" "-"
172.207.241.238 - - [13/Jul/2025:17:50:18 -0300] "GET /link.php HTTP/1.1" 404 - "-" "-"
172.207.241.238 - - [13/Jul/2025:17:50:18 -0300] "GET /byp.php HTTP/1.1" 404 - "-" "-"
172.207.241.238 - - [13/Jul/2025:17:50:18 -0300] "GET /bak.php HTTP/1.1" 404 - "-" "-"
172.207.241.238 - - [13/Jul/2025:17:50:19 -0300] "GET /ini.php HTTP/1.1" 404 - "-" "-"
172.207.241.238 - - [13/Jul/2025:17:50:19 -0300] "GET /ws.php HTTP/1.1" 404 - "-" "-"
208.110.64.178 - - [13/Jul/2025:17:50:19 -0300] "GET /wp-content/edit.php HTTP/1.1" 404 - "https://vacivitta.com.br/wp-content/edit.php" "Mozilla/5.0 (Windows NT 10.0; Win64; x64) AppleWebKit/537.36 (KHTML, like Gecko) Chrome/58.0.3029.110 Safari/537.3"
172.207.241.238 - - [13/Jul/2025:17:50:19 -0300] "GET /2.php HTTP/1.1" 404 - "-" "-"
172.207.241.238 - - [13/Jul/2025:17:50:19 -0300] "GET /wp-trackback.php HTTP/1.1" 404 - "-" "-"
172.207.241.238 - - [13/Jul/2025:17:50:20 -0300] "GET /.well-known/index.php HTTP/1.1" 404 - "-" "-"
172.207.241.238 - - [13/Jul/2025:17:50:20 -0300] "GET /wp-includes/certificates/plugins.php HTTP/1.1" 404 - "-" "-"
172.207.241.238 - - [13/Jul/2025:17:50:20 -0300] "GET /wp-content/themes/seotheme/mar.php HTTP/1.1" 404 - "-" "-"
172.207.241.238 - - [13/Jul/2025:17:50:21 -0300] "GET /wp-admin/network/plugins.php HTTP/1.1" 404 - "-" "-"
172.207.241.238 - - [13/Jul/2025:17:50:21 -0300] "GET /wp-admin/about.php HTTP/1.1" 404 - "-" "-"
172.207.241.238 - - [13/Jul/2025:17:50:21 -0300] "GET /chosen.php HTTP/1.1" 404 - "-" "-"
172.207.241.238 - - [13/Jul/2025:17:50:21 -0300] "GET /wp-includes/ID3/about.php HTTP/1.1" 404 - "-" "-"
172.207.241.238 - - [13/Jul/2025:17:50:22 -0300] "GET /css/index.php HTTP/1.1" 404 - "-" "-"
172.207.241.238 - - [13/Jul/2025:17:50:22 -0300] "GET /wp-admin/includes/xmrlpc.php?p= HTTP/1.1" 404 - "-" "-"
172.207.241.238 - - [13/Jul/2025:17:50:22 -0300] "GET /wp-includes/SimplePie/wp-login.php HTTP/1.1" 404 - "-" "-"
172.207.241.238 - - [13/Jul/2025:17:50:22 -0300] "GET /wp-content/themes/about.php HTTP/1.1" 404 - "-" "-"
172.207.241.238 - - [13/Jul/2025:17:50:23 -0300] "GET /filemanager/dialog.php HTTP/1.1" 404 - "-" "-"
172.207.241.238 - - [13/Jul/2025:17:50:23 -0300] "GET /wp-admin/maint/index.php HTTP/1.1" 404 - "-" "-"
172.207.241.238 - - [13/Jul/2025:17:50:23 -0300] "GET /wp-includes/Requests/Text/admin.php HTTP/1.1" 404 - "-" "-"
172.207.241.238 - - [13/Jul/2025:17:50:23 -0300] "GET /wp-includes/customize/about.php HTTP/1.1" 404 - "-" "-"
172.207.241.238 - - [13/Jul/2025:17:50:24 -0300] "GET /index/function.php HTTP/1.1" 404 - "-" "-"
172.207.241.238 - - [13/Jul/2025:17:50:24 -0300] "GET /uploads/autoload_classmap.php HTTP/1.1" 404 - "-" "-"
172.207.241.238 - - [13/Jul/2025:17:50:24 -0300] "GET /wp-includes/css/dist/preferences/wp-login.php HTTP/1.1" 404 - "-" "-"
172.207.241.238 - - [13/Jul/2025:17:50:25 -0300] "GET /wp-includes/style-engine/about.php HTTP/1.1" 404 - "-" "-"
172.207.241.238 - - [13/Jul/2025:17:50:25 -0300] "GET /.well-known/acme-challenge/mariju.php HTTP/1.1" 404 - "-" "-"
172.207.241.238 - - [13/Jul/2025:17:50:25 -0300] "GET /about/function.php HTTP/1.1" 404 - "-" "-"
172.207.241.238 - - [13/Jul/2025:17:50:26 -0300] "GET /wp-includes/theme-compat/chosen.php HTTP/1.1" 404 - "-" "-"
172.207.241.238 - - [13/Jul/2025:17:50:26 -0300] "GET /admin/function.php HTTP/1.1" 404 - "-" "-"
172.207.241.238 - - [13/Jul/2025:17:50:26 -0300] "GET /.well-known/acme-challenge/index.php HTTP/1.1" 404 - "-" "-"
172.207.241.238 - - [13/Jul/2025:17:50:27 -0300] "GET /css/colors/blue/index.php HTTP/1.1" 404 - "-" "-"
172.207.241.238 - - [13/Jul/2025:17:50:27 -0300] "GET /wp-content/plugins/pwnd/as.php HTTP/1.1" 404 - "-" "-"
172.207.241.238 - - [13/Jul/2025:17:50:27 -0300] "GET /wp-admin/setup-config.php HTTP/1.1" 404 - "-" "-"
172.207.241.238 - - [13/Jul/2025:17:50:27 -0300] "GET /wp-admin/user/about.php HTTP/1.1" 404 - "-" "-"
172.207.241.238 - - [13/Jul/2025:17:50:28 -0300] "GET /wp-admin/js/index.php HTTP/1.1" 404 - "-" "-"
172.207.241.238 - - [13/Jul/2025:17:50:28 -0300] "GET /wp-content/upgrade/about.php HTTP/1.1" 404 - "-" "-"
172.207.241.238 - - [13/Jul/2025:17:50:28 -0300] "GET /wp-includes/assets/index.php HTTP/1.1" 404 - "-" "-"
172.207.241.238 - - [13/Jul/2025:17:50:28 -0300] "GET /wp-content/radio.php HTTP/1.1" 404 - "-" "-"
172.207.241.238 - - [13/Jul/2025:17:50:29 -0300] "GET /wp-includes/fonts/index.php?p= HTTP/1.1" 404 - "-" "-"
172.207.241.238 - - [13/Jul/2025:17:50:29 -0300] "GET /.well-known/gecko-litespeed.php HTTP/1.1" 404 - "-" "-"
172.207.241.238 - - [13/Jul/2025:17:50:29 -0300] "GET /.well-known/admin.php HTTP/1.1" 404 - "-" "-"
172.207.241.238 - - [13/Jul/2025:17:50:29 -0300] "GET /wp-content/admin.php HTTP/1.1" 404 - "-" "-"
172.207.241.238 - - [13/Jul/2025:17:50:30 -0300] "GET /wp-content/plugins/admin.php HTTP/1.1" 404 - "-" "-"
172.207.241.238 - - [13/Jul/2025:17:50:30 -0300] "GET /wp-content/themes/twentytwentytwo/index.php?p= HTTP/1.1" 404 - "-" "-"
172.207.241.238 - - [13/Jul/2025:17:50:30 -0300] "GET /.well-known/log.php HTTP/1.1" 404 - "-" "-"
172.207.241.238 - - [13/Jul/2025:17:50:31 -0300] "GET /class.php HTTP/1.1" 404 - "-" "-"
172.207.241.238 - - [13/Jul/2025:17:50:31 -0300] "GET /bless.php HTTP/1.1" 404 - "-" "-"
172.207.241.238 - - [13/Jul/2025:17:50:31 -0300] "GET /wp-includes/js/codemirror/index.php HTTP/1.1" 404 - "-" "-"
172.207.241.238 - - [13/Jul/2025:17:50:31 -0300] "GET /wp-includes/block-patterns/index.php HTTP/1.1" 404 - "-" "-"
172.207.241.238 - - [13/Jul/2025:17:50:32 -0300] "GET /lock360.php HTTP/1.1" 404 - "-" "-"
172.207.241.238 - - [13/Jul/2025:17:50:32 -0300] "GET /wp-content/plugins/about.php HTTP/1.1" 404 - "-" "-"
172.207.241.238 - - [13/Jul/2025:17:50:32 -0300] "GET /wp-admin/css/colors/blue/about.php HTTP/1.1" 404 - "-" "-"
172.207.241.238 - - [13/Jul/2025:17:50:32 -0300] "GET /edit.php HTTP/1.1" 404 - "-" "-"
172.207.241.238 - - [13/Jul/2025:17:50:33 -0300] "GET /options.php HTTP/1.1" 404 - "-" "-"
