66.249.73.170 - - [22/Jul/2025:09:10:07 -0300] "GET /pcmypage?callback=product/review/joshin-2097142650406-35-34933 HTTP/1.1" 404 - "-" "Mozilla/5.0 (Linux; Android 6.0.1; Nexus 5X Build/MMB29P) AppleWebKit/537.36 (KHTML, like Gecko) Chrome/137.0.7151.103 Mobile Safari/537.36 (compatible; Googlebot/2.1; +http://www.google.com/bot.html)"
47.242.24.23 - - [22/Jul/2025:09:10:20 -0300] "GET / HTTP/1.1" 200 488 "-" "Mozilla/5.0 (Windows NT 10.0; Win64; x64) AppleWebKit/537.36 (KHTML, like Gecko) Chrome/116.0.0.0 Safari/537.36 OPR/102.0.0.0"
47.242.24.23 - - [22/Jul/2025:09:10:21 -0300] "GET /assets/index-BZLUkikW.js HTTP/1.1" 200 923512 "https://vacivitta.com.br/" "Mozilla/5.0 (Windows NT 10.0; Win64; x64) AppleWebKit/537.36 (KHTML, like Gecko) Chrome/116.0.0.0 Safari/537.36 OPR/102.0.0.0"
66.249.73.170 - - [22/Jul/2025:09:11:58 -0300] "GET /safe_search/config?return_url=%2Fproduct%2Fdetail%2Fcpm-50283-4set HTTP/1.1" 404 - "-" "Mozilla/5.0 (Linux; Android 6.0.1; Nexus 5X Build/MMB29P) AppleWebKit/537.36 (KHTML, like Gecko) Chrome/137.0.7151.103 Mobile Safari/537.36 (compatible; Googlebot/2.1; +http://www.google.com/bot.html)"
66.249.73.170 - - [22/Jul/2025:09:12:59 -0300] "GET /items/dzcnc85/38501?key=photo HTTP/1.1" 404 - "-" "Mozilla/5.0 (Linux; Android 6.0.1; Nexus 5X Build/MMB29P) AppleWebKit/537.36 (KHTML, like Gecko) Chrome/137.0.7151.103 Mobile Safari/537.36 (compatible; Googlebot/2.1; +http://www.google.com/bot.html)"
213.136.84.241 - - [22/Jul/2025:09:13:15 -0300] "GET /.git/config HTTP/1.1" 401 52 "-" "Mozilla/5.0 (SS; Linux x86_64; rv:128.0) Gecko/20100101 Firefox/128.0"
69.197.182.50 - - [22/Jul/2025:09:13:40 -0300] "GET /wp-content/edit.php HTTP/1.1" 404 - "https://vacivitta.com.br/wp-content/edit.php" "Mozilla/5.0 (Windows NT 10.0; Win64; x64) AppleWebKit/537.36 (KHTML, like Gecko) Chrome/58.0.3029.110 Safari/537.3"
78.47.98.55 - - [22/Jul/2025:09:13:50 -0300] "HEAD / HTTP/1.1" 200 - "https://vacivitta.com.br/" "Mozilla/5.0+(compatible; UptimeRobot/2.0; http://www.uptimerobot.com/)"
66.249.73.168 - - [22/Jul/2025:09:16:00 -0300] "GET /items/ydeka36/982?key=odds HTTP/1.1" 404 - "-" "Mozilla/5.0 (Linux; Android 6.0.1; Nexus 5X Build/MMB29P) AppleWebKit/537.36 (KHTML, like Gecko) Chrome/137.0.7151.103 Mobile Safari/537.36 (compatible; Googlebot/2.1; +http://www.google.com/bot.html)"
213.136.84.241 - - [22/Jul/2025:09:16:09 -0300] "GET /.git/config HTTP/1.1" 404 - "-" "Mozilla/5.0 (Debian; Linux i686; rv:123.0) Gecko/20100101 Firefox/123.0"
88.99.80.227 - - [22/Jul/2025:09:18:53 -0300] "HEAD / HTTP/1.1" 200 - "https://vacivitta.com.br/" "Mozilla/5.0+(compatible; UptimeRobot/2.0; http://www.uptimerobot.com/)"
95.108.213.97 - - [22/Jul/2025:09:19:30 -0300] "GET /robots.txt HTTP/1.1" 404 - "-" "Mozilla/5.0 (compatible; YandexBot/3.0; +http://yandex.com/bots)"
95.108.213.233 - - [22/Jul/2025:09:19:31 -0300] "GET /2021/10/20/vacina-nao-e-so-para-crianca/ HTTP/1.1" 404 - "-" "Mozilla/5.0 (compatible; YandexBot/3.0; +http://yandex.com/bots)"
147.93.157.77 - - [22/Jul/2025:09:20:50 -0300] "POST /_ignition/execute-solution HTTP/1.1" 503 - "-" "python-requests/2.32.4"
66.249.73.170 - - [22/Jul/2025:09:23:03 -0300] "GET /zhHant/product/surugaya/twilight-shop-s-5060043532949-20181219?campaign_uid=f64d716db5e979ed2f947dbaf4296895b951ae7f HTTP/1.1" 404 - "-" "Mozilla/5.0 (Linux; Android 6.0.1; Nexus 5X Build/MMB29P) AppleWebKit/537.36 (KHTML, like Gecko) Chrome/137.0.7151.103 Mobile Safari/537.36 (compatible; Googlebot/2.1; +http://www.google.com/bot.html)"
157.90.156.63 - - [22/Jul/2025:09:23:57 -0300] "HEAD / HTTP/1.1" 200 - "https://vacivitta.com.br/" "Mozilla/5.0+(compatible; UptimeRobot/2.0; http://www.uptimerobot.com/)"
173.239.240.210 - - [22/Jul/2025:09:27:03 -0300] "GET /contato/ HTTP/1.1" 404 - "-" "Mozilla/5.0 (X11; Linux x86_64) AppleWebKit/537.36 (KHTML, like Gecko) Chrome/114.0.0.0 Safari/537.36 Vivaldi/5.3.2679.68"
173.239.240.229 - - [22/Jul/2025:09:27:03 -0300] "GET / HTTP/1.1" 200 488 "-" "Mozilla/5.0 (X11; Linux x86_64) AppleWebKit/537.36 (KHTML, like Gecko) Chrome/114.0.0.0 Safari/537.36 Vivaldi/5.3.2679.68"
49.13.134.145 - - [22/Jul/2025:09:29:00 -0300] "HEAD / HTTP/1.1" 200 - "https://vacivitta.com.br/" "Mozilla/5.0+(compatible; UptimeRobot/2.0; http://www.uptimerobot.com/)"
204.12.252.98 - - [22/Jul/2025:09:29:55 -0300] "GET /wp-content/edit.php HTTP/1.1" 404 - "https://vacivitta.com.br/wp-content/edit.php" "Mozilla/5.0 (Windows NT 10.0; Win64; x64) AppleWebKit/537.36 (KHTML, like Gecko) Chrome/58.0.3029.110 Safari/537.3"
66.249.73.168 - - [22/Jul/2025:09:31:04 -0300] "GET /pcmypage?callback=product/review/tireworldkan-710510-rmpr50-whr HTTP/1.1" 404 - "-" "Mozilla/5.0 (Linux; Android 6.0.1; Nexus 5X Build/MMB29P) AppleWebKit/537.36 (KHTML, like Gecko) Chrome/137.0.7151.103 Mobile Safari/537.36 (compatible; Googlebot/2.1; +http://www.google.com/bot.html)"
168.119.123.75 - - [22/Jul/2025:09:34:04 -0300] "HEAD / HTTP/1.1" 200 - "https://vacivitta.com.br/" "Mozilla/5.0+(compatible; UptimeRobot/2.0; http://www.uptimerobot.com/)"
69.171.231.2 - - [22/Jul/2025:09:36:38 -0300] "GET /novaiguacu/ HTTP/1.1" 404 - "-" "facebookexternalhit/1.1 (+http://www.facebook.com/externalhit_uatext.php)"
189.69.178.130 - - [22/Jul/2025:09:38:23 -0300] "GET / HTTP/1.1" 200 488 "https://www.google.com/" "Mozilla/5.0 (Windows NT 10.0; Win64; x64) AppleWebKit/537.36 (KHTML, like Gecko) Chrome/109.0.0.0 Safari/537.36"
189.69.178.130 - - [22/Jul/2025:09:38:24 -0300] "GET /assets/index-g8aW3Zx-.css HTTP/1.1" 200 2311 "https://vacivitta.com.br/" "Mozilla/5.0 (Windows NT 10.0; Win64; x64) AppleWebKit/537.36 (KHTML, like Gecko) Chrome/109.0.0.0 Safari/537.36"
189.69.178.130 - - [22/Jul/2025:09:38:24 -0300] "GET /assets/index-BZLUkikW.js HTTP/1.1" 200 923512 "https://vacivitta.com.br/" "Mozilla/5.0 (Windows NT 10.0; Win64; x64) AppleWebKit/537.36 (KHTML, like Gecko) Chrome/109.0.0.0 Safari/537.36"
189.69.178.130 - - [22/Jul/2025:09:38:26 -0300] "GET /logo.png HTTP/1.1" 200 25613 "https://vacivitta.com.br/" "Mozilla/5.0 (Windows NT 10.0; Win64; x64) AppleWebKit/537.36 (KHTML, like Gecko) Chrome/109.0.0.0 Safari/537.36"
189.69.178.130 - - [22/Jul/2025:09:38:26 -0300] "GET /vaci.jpg HTTP/1.1" 200 155283 "https://vacivitta.com.br/" "Mozilla/5.0 (Windows NT 10.0; Win64; x64) AppleWebKit/537.36 (KHTML, like Gecko) Chrome/109.0.0.0 Safari/537.36"
189.69.178.130 - - [22/Jul/2025:09:38:27 -0300] "GET /4.png HTTP/1.1" 200 1067791 "https://vacivitta.com.br/" "Mozilla/5.0 (Windows NT 10.0; Win64; x64) AppleWebKit/537.36 (KHTML, like Gecko) Chrome/109.0.0.0 Safari/537.36"
189.69.178.130 - - [22/Jul/2025:09:38:26 -0300] "GET /mapa.png HTTP/1.1" 200 1787231 "https://vacivitta.com.br/" "Mozilla/5.0 (Windows NT 10.0; Win64; x64) AppleWebKit/537.36 (KHTML, like Gecko) Chrome/109.0.0.0 Safari/537.36"
189.69.178.130 - - [22/Jul/2025:09:38:28 -0300] "GET /fts1.png HTTP/1.1" 200 2704287 "https://vacivitta.com.br/" "Mozilla/5.0 (Windows NT 10.0; Win64; x64) AppleWebKit/537.36 (KHTML, like Gecko) Chrome/109.0.0.0 Safari/537.36"
189.69.178.130 - - [22/Jul/2025:09:38:33 -0300] "GET /fts3.png HTTP/1.1" 200 798280 "https://vacivitta.com.br/" "Mozilla/5.0 (Windows NT 10.0; Win64; x64) AppleWebKit/537.36 (KHTML, like Gecko) Chrome/109.0.0.0 Safari/537.36"
189.69.178.130 - - [22/Jul/2025:09:38:30 -0300] "GET /fts2.png HTTP/1.1" 200 2539592 "https://vacivitta.com.br/" "Mozilla/5.0 (Windows NT 10.0; Win64; x64) AppleWebKit/537.36 (KHTML, like Gecko) Chrome/109.0.0.0 Safari/537.36"
189.69.178.130 - - [22/Jul/2025:09:38:27 -0300] "GET /2.png HTTP/1.1" 200 1052379 "https://vacivitta.com.br/" "Mozilla/5.0 (Windows NT 10.0; Win64; x64) AppleWebKit/537.36 (KHTML, like Gecko) Chrome/109.0.0.0 Safari/537.36"
189.69.178.130 - - [22/Jul/2025:09:38:27 -0300] "GET /3.png HTTP/1.1" 200 1055246 "https://vacivitta.com.br/" "Mozilla/5.0 (Windows NT 10.0; Win64; x64) AppleWebKit/537.36 (KHTML, like Gecko) Chrome/109.0.0.0 Safari/537.36"
189.69.178.130 - - [22/Jul/2025:09:38:27 -0300] "GET /1.png HTTP/1.1" 200 1041468 "https://vacivitta.com.br/" "Mozilla/5.0 (Windows NT 10.0; Win64; x64) AppleWebKit/537.36 (KHTML, like Gecko) Chrome/109.0.0.0 Safari/537.36"
189.69.178.130 - - [22/Jul/2025:09:38:35 -0300] "GET /walp.png HTTP/1.1" 200 26312 "https://vacivitta.com.br/" "Mozilla/5.0 (Windows NT 10.0; Win64; x64) AppleWebKit/537.36 (KHTML, like Gecko) Chrome/109.0.0.0 Safari/537.36"
189.69.178.130 - - [22/Jul/2025:09:38:27 -0300] "GET /homePage.png HTTP/1.1" 200 1495045 "https://vacivitta.com.br/" "Mozilla/5.0 (Windows NT 10.0; Win64; x64) AppleWebKit/537.36 (KHTML, like Gecko) Chrome/109.0.0.0 Safari/537.36"
189.69.178.130 - - [22/Jul/2025:09:38:35 -0300] "GET /homePage2.png HTTP/1.1" 200 227246 "https://vacivitta.com.br/" "Mozilla/5.0 (Windows NT 10.0; Win64; x64) AppleWebKit/537.36 (KHTML, like Gecko) Chrome/109.0.0.0 Safari/537.36"
189.69.178.130 - - [22/Jul/2025:09:38:36 -0300] "GET /ico.ico HTTP/1.1" 200 100526 "https://vacivitta.com.br/" "Mozilla/5.0 (Windows NT 10.0; Win64; x64) AppleWebKit/537.36 (KHTML, like Gecko) Chrome/109.0.0.0 Safari/537.36"
189.69.178.130 - - [22/Jul/2025:09:38:36 -0300] "GET /video.mp4 HTTP/1.1" 206 154015 "https://vacivitta.com.br/" "Mozilla/5.0 (Windows NT 10.0; Win64; x64) AppleWebKit/537.36 (KHTML, like Gecko) Chrome/109.0.0.0 Safari/537.36"
189.69.178.130 - - [22/Jul/2025:09:38:35 -0300] "GET /video.mp4 HTTP/1.1" 206 636967327 "https://vacivitta.com.br/" "Mozilla/5.0 (Windows NT 10.0; Win64; x64) AppleWebKit/537.36 (KHTML, like Gecko) Chrome/109.0.0.0 Safari/537.36"
168.119.123.75 - - [22/Jul/2025:09:39:07 -0300] "HEAD / HTTP/1.1" 200 - "https://vacivitta.com.br/" "Mozilla/5.0+(compatible; UptimeRobot/2.0; http://www.uptimerobot.com/)"
66.249.73.168 - - [22/Jul/2025:09:40:05 -0300] "GET /items/zrmju38/5384?key=church HTTP/1.1" 404 - "-" "Mozilla/5.0 (Linux; Android 6.0.1; Nexus 5X Build/MMB29P) AppleWebKit/537.36 (KHTML, like Gecko) Chrome/137.0.7151.103 Mobile Safari/537.36 (compatible; Googlebot/2.1; +http://www.google.com/bot.html)"
66.249.73.169 - - [22/Jul/2025:09:40:06 -0300] "GET /pcmypage?callback=/product%2Fdetail%2minatodenki-tr-4652720 HTTP/1.1" 404 - "-" "Mozilla/5.0 (Linux; Android 6.0.1; Nexus 5X Build/MMB29P) AppleWebKit/537.36 (KHTML, like Gecko) Chrome/137.0.7151.103 Mobile Safari/537.36 (compatible; Googlebot/2.1; +http://www.google.com/bot.html)"
66.249.73.169 - - [22/Jul/2025:09:40:06 -0300] "GET /items/mydaa118/744?key=red HTTP/1.1" 404 - "-" "Mozilla/5.0 (Linux; Android 6.0.1; Nexus 5X Build/MMB29P) AppleWebKit/537.36 (KHTML, like Gecko) Chrome/137.0.7151.103 Mobile Safari/537.36 (compatible; Googlebot/2.1; +http://www.google.com/bot.html)"
131.153.240.2 - - [22/Jul/2025:09:41:10 -0300] "GET /feed/ HTTP/1.1" 404 - "-" "Mozilla/5.0 (Macintosh; Intel Mac OS X 10.15; rv:134.0) Gecko/20100101 Firefox/134.0"
167.235.143.113 - - [22/Jul/2025:09:44:14 -0300] "HEAD / HTTP/1.1" 200 - "https://vacivitta.com.br/" "Mozilla/5.0+(compatible; UptimeRobot/2.0; http://www.uptimerobot.com/)"
66.249.73.170 - - [22/Jul/2025:09:48:00 -0300] "GET /pcmypage?callback=/product%2Fdetail%2potarico-d-333-sm HTTP/1.1" 404 - "-" "Mozilla/5.0 (Linux; Android 6.0.1; Nexus 5X Build/MMB29P) AppleWebKit/537.36 (KHTML, like Gecko) Chrome/137.0.7151.103 Mobile Safari/537.36 (compatible; Googlebot/2.1; +http://www.google.com/bot.html)"
128.140.41.193 - - [22/Jul/2025:09:49:19 -0300] "HEAD / HTTP/1.1" 200 - "https://vacivitta.com.br/" "Mozilla/5.0+(compatible; UptimeRobot/2.0; http://www.uptimerobot.com/)"
213.180.203.29 - - [22/Jul/2025:09:50:29 -0300] "GET /robots.txt HTTP/1.1" 404 - "-" "Mozilla/5.0 (compatible; YandexBot/3.0; +http://yandex.com/bots)"
5.255.231.77 - - [22/Jul/2025:09:50:29 -0300] "GET /2023/10/26/doar-leite-materno/ HTTP/1.1" 404 - "-" "Mozilla/5.0 (compatible; YandexBot/3.0; +http://yandex.com/bots)"
204.12.252.98 - - [22/Jul/2025:09:51:18 -0300] "GET /wp-content/edit.php HTTP/1.1" 404 - "https://vacivitta.com.br/wp-content/edit.php" "Mozilla/5.0 (Windows NT 10.0; Win64; x64) AppleWebKit/537.36 (KHTML, like Gecko) Chrome/58.0.3029.110 Safari/537.3"
66.249.73.169 - - [22/Jul/2025:09:53:01 -0300] "GET /items/wsnmn199/14819?key=component HTTP/1.1" 404 - "-" "Mozilla/5.0 (Linux; Android 6.0.1; Nexus 5X Build/MMB29P) AppleWebKit/537.36 (KHTML, like Gecko) Chrome/137.0.7151.103 Mobile Safari/537.36 (compatible; Googlebot/2.1; +http://www.google.com/bot.html)"
66.249.73.168 - - [22/Jul/2025:09:53:02 -0300] "GET /items/curhs236/3856?key=loss HTTP/1.1" 404 - "-" "Mozilla/5.0 (Linux; Android 6.0.1; Nexus 5X Build/MMB29P) AppleWebKit/537.36 (KHTML, like Gecko) Chrome/137.0.7151.103 Mobile Safari/537.36 (compatible; Googlebot/2.1; +http://www.google.com/bot.html)"
213.136.84.241 - - [22/Jul/2025:09:54:09 -0300] "GET /.git/config HTTP/1.1" 404 - "-" "Mozilla/5.0 (SS; Linux i686; rv:121.0) Gecko/20100101 Firefox/121.0"
78.47.173.76 - - [22/Jul/2025:09:54:23 -0300] "HEAD / HTTP/1.1" 200 - "https://vacivitta.com.br/" "Mozilla/5.0+(compatible; UptimeRobot/2.0; http://www.uptimerobot.com/)"
69.197.182.50 - - [22/Jul/2025:09:55:01 -0300] "GET /wp-content/edit.php HTTP/1.1" 404 - "https://vacivitta.com.br/wp-content/edit.php" "Mozilla/5.0 (Windows NT 10.0; Win64; x64) AppleWebKit/537.36 (KHTML, like Gecko) Chrome/58.0.3029.110 Safari/537.3"
196.251.85.132 - - [22/Jul/2025:09:57:27 -0300] "POST /wp-login.php HTTP/1.1" 404 - "https://vacivitta.com.br/wp-admin/" "Mozilla/5.0 (Windows NT 10.0; Win64; x64) AppleWebKit/537.36 (KHTML, like Gecko) Chrome/90.0.4430.85 Safari/537.36"
196.251.85.132 - - [22/Jul/2025:09:57:30 -0300] "GET /wp-admin/ HTTP/1.1" 404 - "https://www.google.com" "Mozilla/5.0 (Windows NT 10.0; Win64; x64) AppleWebKit/537.36 (KHTML, like Gecko) Chrome/90.0.4430.85 Safari/537.36"
179.215.121.183 - - [22/Jul/2025:09:57:38 -0300] "POST /login/ HTTP/1.1" 307 168 "https://webmail.vacivitta.com.br/" "Mozilla/5.0 (Windows NT 10.0; Win64; x64) AppleWebKit/537.36 (KHTML, like Gecko) Chrome/138.0.0.0 Safari/537.36"
179.215.121.183 - - [22/Jul/2025:09:57:42 -0300] "POST /cpsess6668881312/3rdparty/roundcube/index.php?login=1&post_login=58716601463409 HTTP/1.1" 302 - "https://webmail.vacivitta.com.br/" "Mozilla/5.0 (Windows NT 10.0; Win64; x64) AppleWebKit/537.36 (KHTML, like Gecko) Chrome/138.0.0.0 Safari/537.36"
179.215.121.183 - - [22/Jul/2025:09:57:53 -0300] "GET /cpsess6668881312/3rdparty/roundcube/?_task=mail&_token=2MuqOyPLkprXvGHtfYSfTxYckwH0HCQN HTTP/1.1" 200 11100 "https://webmail.vacivitta.com.br/" "Mozilla/5.0 (Windows NT 10.0; Win64; x64) AppleWebKit/537.36 (KHTML, like Gecko) Chrome/138.0.0.0 Safari/537.36"
179.215.121.183 - - [22/Jul/2025:09:57:56 -0300] "GET /cpsess6668881312/3rdparty/roundcube/skins/elastic/deps/bootstrap.min.css?s=1748763916 HTTP/1.1" 200 25867 "https://webmail.vacivitta.com.br/cpsess6668881312/3rdparty/roundcube/?_task=mail&_token=2MuqOyPLkprXvGHtfYSfTxYckwH0HCQN" "Mozilla/5.0 (Windows NT 10.0; Win64; x64) AppleWebKit/537.36 (KHTML, like Gecko) Chrome/138.0.0.0 Safari/537.36"
179.215.121.183 - - [22/Jul/2025:09:57:56 -0300] "GET /cpsess6668881312/3rdparty/roundcube/plugins/return_to_webmail/skins/elastic/return_to_webmail.css?s=1748881325 HTTP/1.1" 200 863 "https://webmail.vacivitta.com.br/cpsess6668881312/3rdparty/roundcube/?_task=mail&_token=2MuqOyPLkprXvGHtfYSfTxYckwH0HCQN" "Mozilla/5.0 (Windows NT 10.0; Win64; x64) AppleWebKit/537.36 (KHTML, like Gecko) Chrome/138.0.0.0 Safari/537.36"
179.215.121.183 - - [22/Jul/2025:09:57:56 -0300] "GET /cpsess6668881312/3rdparty/roundcube/skins/elastic/styles/styles.min.css?s=1748880883 HTTP/1.1" 200 24006 "https://webmail.vacivitta.com.br/cpsess6668881312/3rdparty/roundcube/?_task=mail&_token=2MuqOyPLkprXvGHtfYSfTxYckwH0HCQN" "Mozilla/5.0 (Windows NT 10.0; Win64; x64) AppleWebKit/537.36 (KHTML, like Gecko) Chrome/138.0.0.0 Safari/537.36"
179.215.121.183 - - [22/Jul/2025:09:57:57 -0300] "GET /cpsess6668881312/3rdparty/roundcube/plugins/jqueryui/themes/elastic/jquery-ui.min.css?s=1748763912 HTTP/1.1" 200 7701 "https://webmail.vacivitta.com.br/cpsess6668881312/3rdparty/roundcube/?_task=mail&_token=2MuqOyPLkprXvGHtfYSfTxYckwH0HCQN" "Mozilla/5.0 (Windows NT 10.0; Win64; x64) AppleWebKit/537.36 (KHTML, like Gecko) Chrome/138.0.0.0 Safari/537.36"
179.215.121.183 - - [22/Jul/2025:09:57:57 -0300] "GET /cpsess6668881312/3rdparty/roundcube/plugins/calendar/skins/elastic/calendar.css?s=1748881326 HTTP/1.1" 200 15435 "https://webmail.vacivitta.com.br/cpsess6668881312/3rdparty/roundcube/?_task=mail&_token=2MuqOyPLkprXvGHtfYSfTxYckwH0HCQN" "Mozilla/5.0 (Windows NT 10.0; Win64; x64) AppleWebKit/537.36 (KHTML, like Gecko) Chrome/138.0.0.0 Safari/537.36"
179.215.121.183 - - [22/Jul/2025:09:57:57 -0300] "GET /cpsess6668881312/3rdparty/roundcube/program/js/jquery.min.js?s=1748763914 HTTP/1.1" 200 32867 "https://webmail.vacivitta.com.br/cpsess6668881312/3rdparty/roundcube/?_task=mail&_token=2MuqOyPLkprXvGHtfYSfTxYckwH0HCQN" "Mozilla/5.0 (Windows NT 10.0; Win64; x64) AppleWebKit/537.36 (KHTML, like Gecko) Chrome/138.0.0.0 Safari/537.36"
179.215.121.183 - - [22/Jul/2025:09:57:57 -0300] "GET /cpsess6668881312/3rdparty/roundcube/program/js/common.min.js?s=1748763912 HTTP/1.1" 200 4959 "https://webmail.vacivitta.com.br/cpsess6668881312/3rdparty/roundcube/?_task=mail&_token=2MuqOyPLkprXvGHtfYSfTxYckwH0HCQN" "Mozilla/5.0 (Windows NT 10.0; Win64; x64) AppleWebKit/537.36 (KHTML, like Gecko) Chrome/138.0.0.0 Safari/537.36"
179.215.121.183 - - [22/Jul/2025:09:57:57 -0300] "GET /cpsess6668881312/3rdparty/roundcube/program/js/app.min.js?s=1748880883 HTTP/1.1" 200 50593 "https://webmail.vacivitta.com.br/cpsess6668881312/3rdparty/roundcube/?_task=mail&_token=2MuqOyPLkprXvGHtfYSfTxYckwH0HCQN" "Mozilla/5.0 (Windows NT 10.0; Win64; x64) AppleWebKit/537.36 (KHTML, like Gecko) Chrome/138.0.0.0 Safari/537.36"
179.215.121.183 - - [22/Jul/2025:09:57:57 -0300] "GET /cpsess6668881312/3rdparty/roundcube/program/js/treelist.min.js?s=1748763912 HTTP/1.1" 200 5390 "https://webmail.vacivitta.com.br/cpsess6668881312/3rdparty/roundcube/?_task=mail&_token=2MuqOyPLkprXvGHtfYSfTxYckwH0HCQN" "Mozilla/5.0 (Windows NT 10.0; Win64; x64) AppleWebKit/537.36 (KHTML, like Gecko) Chrome/138.0.0.0 Safari/537.36"
179.215.121.183 - - [22/Jul/2025:09:57:56 -0300] "GET /cpsess6668881312/3rdparty/roundcube/plugins/carddav/skins/elastic/carddav.css?s=1748881325 HTTP/1.1" 200 77 "https://webmail.vacivitta.com.br/cpsess6668881312/3rdparty/roundcube/?_task=mail&_token=2MuqOyPLkprXvGHtfYSfTxYckwH0HCQN" "Mozilla/5.0 (Windows NT 10.0; Win64; x64) AppleWebKit/537.36 (KHTML, like Gecko) Chrome/138.0.0.0 Safari/537.36"
179.215.121.183 - - [22/Jul/2025:09:57:57 -0300] "GET /cpsess6668881312/3rdparty/roundcube/program/js/list.min.js?s=1748763912 HTTP/1.1" 200 8316 "https://webmail.vacivitta.com.br/cpsess6668881312/3rdparty/roundcube/?_task=mail&_token=2MuqOyPLkprXvGHtfYSfTxYckwH0HCQN" "Mozilla/5.0 (Windows NT 10.0; Win64; x64) AppleWebKit/537.36 (KHTML, like Gecko) Chrome/138.0.0.0 Safari/537.36"
179.215.121.183 - - [22/Jul/2025:09:57:58 -0300] "GET /cpsess6668881312/3rdparty/roundcube/plugins/archive/archive.min.js?s=1748763912 HTTP/1.1" 200 743 "https://webmail.vacivitta.com.br/cpsess6668881312/3rdparty/roundcube/?_task=mail&_token=2MuqOyPLkprXvGHtfYSfTxYckwH0HCQN" "Mozilla/5.0 (Windows NT 10.0; Win64; x64) AppleWebKit/537.36 (KHTML, like Gecko) Chrome/138.0.0.0 Safari/537.36"
179.215.121.183 - - [22/Jul/2025:09:57:58 -0300] "GET /cpsess6668881312/3rdparty/roundcube/plugins/return_to_webmail/return_to_webmail.js?s=1748881325 HTTP/1.1" 200 773 "https://webmail.vacivitta.com.br/cpsess6668881312/3rdparty/roundcube/?_task=mail&_token=2MuqOyPLkprXvGHtfYSfTxYckwH0HCQN" "Mozilla/5.0 (Windows NT 10.0; Win64; x64) AppleWebKit/537.36 (KHTML, like Gecko) Chrome/138.0.0.0 Safari/537.36"
179.215.121.183 - - [22/Jul/2025:09:57:58 -0300] "GET /cpsess6668881312/3rdparty/roundcube/plugins/markasjunk/markasjunk.min.js?s=1748763912 HTTP/1.1" 200 1144 "https://webmail.vacivitta.com.br/cpsess6668881312/3rdparty/roundcube/?_task=mail&_token=2MuqOyPLkprXvGHtfYSfTxYckwH0HCQN" "Mozilla/5.0 (Windows NT 10.0; Win64; x64) AppleWebKit/537.36 (KHTML, like Gecko) Chrome/138.0.0.0 Safari/537.36"
179.215.121.183 - - [22/Jul/2025:09:57:58 -0300] "GET /cpsess6668881312/3rdparty/roundcube/plugins/jqueryui/js/jquery-ui.min.js?s=1748763912 HTTP/1.1" 200 74366 "https://webmail.vacivitta.com.br/cpsess6668881312/3rdparty/roundcube/?_task=mail&_token=2MuqOyPLkprXvGHtfYSfTxYckwH0HCQN" "Mozilla/5.0 (Windows NT 10.0; Win64; x64) AppleWebKit/537.36 (KHTML, like Gecko) Chrome/138.0.0.0 Safari/537.36"
179.215.121.183 - - [22/Jul/2025:09:57:58 -0300] "GET /cpsess6668881312/3rdparty/roundcube/plugins/jqueryui/js/i18n/datepicker-pt-BR.js?s=1748763912 HTTP/1.1" 200 660 "https://webmail.vacivitta.com.br/cpsess6668881312/3rdparty/roundcube/?_task=mail&_token=2MuqOyPLkprXvGHtfYSfTxYckwH0HCQN" "Mozilla/5.0 (Windows NT 10.0; Win64; x64) AppleWebKit/537.36 (KHTML, like Gecko) Chrome/138.0.0.0 Safari/537.36"
179.215.121.183 - - [22/Jul/2025:09:57:58 -0300] "GET /cpsess6668881312/3rdparty/roundcube/plugins/calendar/calendar_base.js?s=1748881326 HTTP/1.1" 200 1766 "https://webmail.vacivitta.com.br/cpsess6668881312/3rdparty/roundcube/?_task=mail&_token=2MuqOyPLkprXvGHtfYSfTxYckwH0HCQN" "Mozilla/5.0 (Windows NT 10.0; Win64; x64) AppleWebKit/537.36 (KHTML, like Gecko) Chrome/138.0.0.0 Safari/537.36"
179.215.121.183 - - [22/Jul/2025:09:57:58 -0300] "GET /cpsess6668881312/3rdparty/roundcube/plugins/libcalendaring/libcalendaring.js?s=1748881326 HTTP/1.1" 200 15634 "https://webmail.vacivitta.com.br/cpsess6668881312/3rdparty/roundcube/?_task=mail&_token=2MuqOyPLkprXvGHtfYSfTxYckwH0HCQN" "Mozilla/5.0 (Windows NT 10.0; Win64; x64) AppleWebKit/537.36 (KHTML, like Gecko) Chrome/138.0.0.0 Safari/537.36"
179.215.121.183 - - [22/Jul/2025:09:57:58 -0300] "GET /cpsess6668881312/3rdparty/roundcube/skins/elastic/deps/bootstrap.bundle.min.js?s=1748763916 HTTP/1.1" 200 23054 "https://webmail.vacivitta.com.br/cpsess6668881312/3rdparty/roundcube/?_task=mail&_token=2MuqOyPLkprXvGHtfYSfTxYckwH0HCQN" "Mozilla/5.0 (Windows NT 10.0; Win64; x64) AppleWebKit/537.36 (KHTML, like Gecko) Chrome/138.0.0.0 Safari/537.36"
179.215.121.183 - - [22/Jul/2025:09:57:59 -0300] "GET /cpsess6668881312/3rdparty/roundcube/skins/elastic/watermark.html HTTP/1.1" 200 494 "https://webmail.vacivitta.com.br/cpsess6668881312/3rdparty/roundcube/?_task=mail&_token=2MuqOyPLkprXvGHtfYSfTxYckwH0HCQN" "Mozilla/5.0 (Windows NT 10.0; Win64; x64) AppleWebKit/537.36 (KHTML, like Gecko) Chrome/138.0.0.0 Safari/537.36"
179.215.121.183 - - [22/Jul/2025:09:57:59 -0300] "GET /cpsess6668881312/3rdparty/roundcube/skins/elastic/ui.min.js?s=1748763912 HTTP/1.1" 200 20576 "https://webmail.vacivitta.com.br/cpsess6668881312/3rdparty/roundcube/?_task=mail&_token=2MuqOyPLkprXvGHtfYSfTxYckwH0HCQN" "Mozilla/5.0 (Windows NT 10.0; Win64; x64) AppleWebKit/537.36 (KHTML, like Gecko) Chrome/138.0.0.0 Safari/537.36"
179.215.121.183 - - [22/Jul/2025:09:57:58 -0300] "GET /cpsess6668881312/3rdparty/roundcube/skins/elastic/images/logo.svg?s=1748763912 HTTP/1.1" 200 397 "https://webmail.vacivitta.com.br/cpsess6668881312/3rdparty/roundcube/?_task=mail&_token=2MuqOyPLkprXvGHtfYSfTxYckwH0HCQN" "Mozilla/5.0 (Windows NT 10.0; Win64; x64) AppleWebKit/537.36 (KHTML, like Gecko) Chrome/138.0.0.0 Safari/537.36"
179.215.121.183 - - [22/Jul/2025:09:57:59 -0300] "GET /cpsess6668881312/3rdparty/roundcube/skins/elastic/images/logo.svg HTTP/1.1" 200 397 "https://webmail.vacivitta.com.br/cpsess6668881312/3rdparty/roundcube/skins/elastic/watermark.html" "Mozilla/5.0 (Windows NT 10.0; Win64; x64) AppleWebKit/537.36 (KHTML, like Gecko) Chrome/138.0.0.0 Safari/537.36"
179.215.121.183 - - [22/Jul/2025:09:57:59 -0300] "GET /cPanel_magic_revision_1748763912/3rdparty/roundcube/skins/elastic/fonts/fa-solid-900.woff2 HTTP/1.1" 200 75440 "https://webmail.vacivitta.com.br/cpsess6668881312/3rdparty/roundcube/skins/elastic/styles/styles.min.css?s=1748880883" "Mozilla/5.0 (Windows NT 10.0; Win64; x64) AppleWebKit/537.36 (KHTML, like Gecko) Chrome/138.0.0.0 Safari/537.36"
179.215.121.183 - - [22/Jul/2025:09:58:00 -0300] "GET /cPanel_magic_revision_1748763912/3rdparty/roundcube/skins/elastic/fonts/roboto-v29-regular-700.woff2 HTTP/1.1" 200 50196 "https://webmail.vacivitta.com.br/cpsess6668881312/3rdparty/roundcube/skins/elastic/styles/styles.min.css?s=1748880883" "Mozilla/5.0 (Windows NT 10.0; Win64; x64) AppleWebKit/537.36 (KHTML, like Gecko) Chrome/138.0.0.0 Safari/537.36"
66.249.83.70 - - [22/Jul/2025:09:58:00 -0300] "GET /.well-known/traffic-advice HTTP/1.1" 404 - "-" "Chrome Privacy Preserving Prefetch Proxy"
162.120.185.209 - - [22/Jul/2025:09:58:00 -0300] "GET / HTTP/1.1" 200 488 "https://www.google.com/" "Mozilla/5.0 (Windows NT 10.0; Win64; x64) AppleWebKit/537.36 (KHTML, like Gecko) Chrome/138.0.0.0 Safari/537.36"
179.215.121.183 - - [22/Jul/2025:09:58:00 -0300] "GET /cPanel_magic_revision_1748763912/3rdparty/roundcube/skins/elastic/fonts/fa-regular-400.woff2 HTTP/1.1" 200 13580 "https://webmail.vacivitta.com.br/cpsess6668881312/3rdparty/roundcube/skins/elastic/styles/styles.min.css?s=1748880883" "Mozilla/5.0 (Windows NT 10.0; Win64; x64) AppleWebKit/537.36 (KHTML, like Gecko) Chrome/138.0.0.0 Safari/537.36"
179.215.121.183 - - [22/Jul/2025:09:58:00 -0300] "GET /cPanel_magic_revision_1748881325/3rdparty/roundcube/plugins/return_to_webmail/skins/elastic/images/cp-logo-RGB-v42015.svg HTTP/1.1" 200 900 "https://webmail.vacivitta.com.br/cpsess6668881312/3rdparty/roundcube/plugins/return_to_webmail/skins/elastic/return_to_webmail.css?s=1748881325" "Mozilla/5.0 (Windows NT 10.0; Win64; x64) AppleWebKit/537.36 (KHTML, like Gecko) Chrome/138.0.0.0 Safari/537.36"
179.215.121.183 - - [22/Jul/2025:09:57:59 -0300] "GET /cPanel_magic_revision_1748763912/3rdparty/roundcube/skins/elastic/fonts/roboto-v29-regular.woff2 HTTP/1.1" 200 50240 "https://webmail.vacivitta.com.br/cpsess6668881312/3rdparty/roundcube/skins/elastic/styles/styles.min.css?s=1748880883" "Mozilla/5.0 (Windows NT 10.0; Win64; x64) AppleWebKit/537.36 (KHTML, like Gecko) Chrome/138.0.0.0 Safari/537.36"
179.215.121.183 - - [22/Jul/2025:09:58:01 -0300] "GET /cpsess6668881312/3rdparty/roundcube/program/resources/blank.tiff HTTP/1.1" 200 270 "https://webmail.vacivitta.com.br/cpsess6668881312/3rdparty/roundcube/?_task=mail&_mbox=INBOX" "Mozilla/5.0 (Windows NT 10.0; Win64; x64) AppleWebKit/537.36 (KHTML, like Gecko) Chrome/138.0.0.0 Safari/537.36"
179.215.121.183 - - [22/Jul/2025:09:58:01 -0300] "GET /cpsess6668881312/3rdparty/roundcube/program/resources/blank.webp HTTP/1.1" 200 86 "https://webmail.vacivitta.com.br/cpsess6668881312/3rdparty/roundcube/?_task=mail&_mbox=INBOX" "Mozilla/5.0 (Windows NT 10.0; Win64; x64) AppleWebKit/537.36 (KHTML, like Gecko) Chrome/138.0.0.0 Safari/537.36"
179.215.121.183 - - [22/Jul/2025:09:58:01 -0300] "GET /cpsess6668881312/3rdparty/roundcube/skins/elastic/images/favicon.ico?s=1748763912 HTTP/1.1" 200 1871 "https://webmail.vacivitta.com.br/cpsess6668881312/3rdparty/roundcube/?_task=mail&_mbox=INBOX" "Mozilla/5.0 (Windows NT 10.0; Win64; x64) AppleWebKit/537.36 (KHTML, like Gecko) Chrome/138.0.0.0 Safari/537.36"
179.215.121.183 - - [22/Jul/2025:09:58:00 -0300] "GET /cpsess6668881312/3rdparty/roundcube/?_task=mail&_action=getunread&_page=1&_remote=1&_unlock=0&_=1753189079115 HTTP/1.1" 200 346 "https://webmail.vacivitta.com.br/cpsess6668881312/3rdparty/roundcube/?_task=mail&_mbox=INBOX" "Mozilla/5.0 (Windows NT 10.0; Win64; x64) AppleWebKit/537.36 (KHTML, like Gecko) Chrome/138.0.0.0 Safari/537.36"
179.215.121.183 - - [22/Jul/2025:09:58:00 -0300] "GET /cpsess6668881312/3rdparty/roundcube/?_task=mail&_action=list&_refresh=1&_layout=widescreen&_mbox=INBOX&_page=&_remote=1&_unlock=loading1753189081276&_=1753189079114 HTTP/1.1" 200 3590 "https://webmail.vacivitta.com.br/cpsess6668881312/3rdparty/roundcube/?_task=mail&_token=2MuqOyPLkprXvGHtfYSfTxYckwH0HCQN" "Mozilla/5.0 (Windows NT 10.0; Win64; x64) AppleWebKit/537.36 (KHTML, like Gecko) Chrome/138.0.0.0 Safari/537.36"
43.163.90.115 - - [22/Jul/2025:09:58:35 -0300] "GET /.vscode/sftp.json HTTP/1.1" 404 - "-" "-"
43.163.90.115 - - [22/Jul/2025:09:58:35 -0300] "GET /sftp-config.json HTTP/1.1" 404 - "-" "-"
43.163.90.115 - - [22/Jul/2025:09:58:36 -0300] "GET /sftp.json HTTP/1.1" 404 - "-" "-"
179.215.121.183 - - [22/Jul/2025:09:59:01 -0300] "POST /cpsess6668881312/3rdparty/roundcube/?_task=mail&_action=refresh HTTP/1.1" 200 135 "https://webmail.vacivitta.com.br/cpsess6668881312/3rdparty/roundcube/?_task=mail&_mbox=INBOX" "Mozilla/5.0 (Windows NT 10.0; Win64; x64) AppleWebKit/537.36 (KHTML, like Gecko) Chrome/138.0.0.0 Safari/537.36"
49.13.167.123 - - [22/Jul/2025:09:59:28 -0300] "HEAD / HTTP/1.1" 200 - "https://vacivitta.com.br/" "Mozilla/5.0+(compatible; UptimeRobot/2.0; http://www.uptimerobot.com/)"
179.215.121.183 - - [22/Jul/2025:10:00:01 -0300] "POST /cpsess6668881312/3rdparty/roundcube/?_task=mail&_action=refresh HTTP/1.1" 200 135 "https://webmail.vacivitta.com.br/cpsess6668881312/3rdparty/roundcube/?_task=mail&_mbox=INBOX" "Mozilla/5.0 (Windows NT 10.0; Win64; x64) AppleWebKit/537.36 (KHTML, like Gecko) Chrome/138.0.0.0 Safari/537.36"
179.215.121.183 - - [22/Jul/2025:10:01:01 -0300] "POST /cpsess6668881312/3rdparty/roundcube/?_task=mail&_action=refresh HTTP/1.1" 200 135 "https://webmail.vacivitta.com.br/cpsess6668881312/3rdparty/roundcube/?_task=mail&_mbox=INBOX" "Mozilla/5.0 (Windows NT 10.0; Win64; x64) AppleWebKit/537.36 (KHTML, like Gecko) Chrome/138.0.0.0 Safari/537.36"
179.215.121.183 - - [22/Jul/2025:10:02:01 -0300] "POST /cpsess6668881312/3rdparty/roundcube/?_task=mail&_action=refresh HTTP/1.1" 200 135 "https://webmail.vacivitta.com.br/cpsess6668881312/3rdparty/roundcube/?_task=mail&_mbox=INBOX" "Mozilla/5.0 (Windows NT 10.0; Win64; x64) AppleWebKit/537.36 (KHTML, like Gecko) Chrome/138.0.0.0 Safari/537.36"
66.249.73.168 - - [22/Jul/2025:10:03:04 -0300] "GET /pcmypage?callback=product%2Fdetail%2Fmochii0055-s-4906274013233-20230121 HTTP/1.1" 404 - "-" "Mozilla/5.0 (Linux; Android 6.0.1; Nexus 5X Build/MMB29P) AppleWebKit/537.36 (KHTML, like Gecko) Chrome/137.0.7151.103 Mobile Safari/537.36 (compatible; Googlebot/2.1; +http://www.google.com/bot.html)"
179.215.121.183 - - [22/Jul/2025:10:03:01 -0300] "POST /cpsess6668881312/3rdparty/roundcube/?_task=mail&_action=refresh HTTP/1.1" 200 135 "https://webmail.vacivitta.com.br/cpsess6668881312/3rdparty/roundcube/?_task=mail&_mbox=INBOX" "Mozilla/5.0 (Windows NT 10.0; Win64; x64) AppleWebKit/537.36 (KHTML, like Gecko) Chrome/138.0.0.0 Safari/537.36"
179.215.121.183 - - [22/Jul/2025:10:04:01 -0300] "POST /cpsess6668881312/3rdparty/roundcube/?_task=mail&_action=refresh HTTP/1.1" 200 135 "https://webmail.vacivitta.com.br/cpsess6668881312/3rdparty/roundcube/?_task=mail&_mbox=INBOX" "Mozilla/5.0 (Windows NT 10.0; Win64; x64) AppleWebKit/537.36 (KHTML, like Gecko) Chrome/138.0.0.0 Safari/537.36"
69.197.135.226 - - [22/Jul/2025:10:04:28 -0300] "GET /wp-content/edit.php HTTP/1.1" 404 - "https://vacivitta.com.br/wp-content/edit.php" "Mozilla/5.0 (Windows NT 10.0; Win64; x64) AppleWebKit/537.36 (KHTML, like Gecko) Chrome/58.0.3029.110 Safari/537.3"
49.13.134.145 - - [22/Jul/2025:10:04:31 -0300] "HEAD / HTTP/1.1" 200 - "https://vacivitta.com.br/" "Mozilla/5.0+(compatible; UptimeRobot/2.0; http://www.uptimerobot.com/)"
179.215.121.183 - - [22/Jul/2025:10:05:02 -0300] "POST /cpsess6668881312/3rdparty/roundcube/?_task=mail&_action=refresh HTTP/1.1" 200 135 "https://webmail.vacivitta.com.br/cpsess6668881312/3rdparty/roundcube/?_task=mail&_mbox=INBOX" "Mozilla/5.0 (Windows NT 10.0; Win64; x64) AppleWebKit/537.36 (KHTML, like Gecko) Chrome/138.0.0.0 Safari/537.36"
179.215.121.183 - - [22/Jul/2025:10:06:03 -0300] "POST /cpsess6668881312/3rdparty/roundcube/?_task=mail&_action=refresh HTTP/1.1" 200 135 "https://webmail.vacivitta.com.br/cpsess6668881312/3rdparty/roundcube/?_task=mail&_mbox=INBOX" "Mozilla/5.0 (Windows NT 10.0; Win64; x64) AppleWebKit/537.36 (KHTML, like Gecko) Chrome/138.0.0.0 Safari/537.36"
66.249.73.168 - - [22/Jul/2025:10:07:05 -0300] "GET /robots.txt HTTP/1.1" 404 - "-" "Mozilla/5.0 (compatible; Googlebot/2.1; +http://www.google.com/bot.html)"
179.215.121.183 - - [22/Jul/2025:10:07:04 -0300] "POST /cpsess6668881312/3rdparty/roundcube/?_task=mail&_action=refresh HTTP/1.1" 200 135 "https://webmail.vacivitta.com.br/cpsess6668881312/3rdparty/roundcube/?_task=mail&_mbox=INBOX" "Mozilla/5.0 (Windows NT 10.0; Win64; x64) AppleWebKit/537.36 (KHTML, like Gecko) Chrome/138.0.0.0 Safari/537.36"
66.249.73.169 - - [22/Jul/2025:10:07:05 -0300] "GET /safe_search/config?return_url=%2Fproduct%2Fdetail%2Fnejinetshop-01-a00000100040040004 HTTP/1.1" 404 - "-" "Mozilla/5.0 (Linux; Android 6.0.1; Nexus 5X Build/MMB29P) AppleWebKit/537.36 (KHTML, like Gecko) Chrome/137.0.7151.103 Mobile Safari/537.36 (compatible; Googlebot/2.1; +http://www.google.com/bot.html)"
66.249.73.168 - - [22/Jul/2025:10:07:06 -0300] "GET /pcmypage?callback=product/review/nagasueshoten-kyosei09 HTTP/1.1" 404 - "-" "Mozilla/5.0 (Linux; Android 6.0.1; Nexus 5X Build/MMB29P) AppleWebKit/537.36 (KHTML, like Gecko) Chrome/137.0.7151.103 Mobile Safari/537.36 (compatible; Googlebot/2.1; +http://www.google.com/bot.html)"
34.22.254.232 - - [22/Jul/2025:10:07:54 -0300] "GET / HTTP/1.1" 200 488 "-" "Mozilla/5.0 (Windows NT 10.0; Win64; x64) AppleWebKit/537.36 (KHTML, like Gecko) Chrome/79.0.3945.130 Safari/537.36"
34.78.40.180 - - [22/Jul/2025:10:07:54 -0300] "GET / HTTP/1.1" 200 488 "-" "Mozilla/5.0 (Windows NT 10.0; Win64; x64) AppleWebKit/537.36 (KHTML, like Gecko) Chrome/79.0.3945.130 Safari/537.36"
34.22.254.232 - - [22/Jul/2025:10:07:54 -0300] "GET / HTTP/1.1" 200 488 "-" "Mozilla/5.0 (Windows NT 10.0; Win64; x64) AppleWebKit/537.36 (KHTML, like Gecko) Chrome/79.0.3945.130 Safari/537.36"
34.78.40.180 - - [22/Jul/2025:10:07:54 -0300] "GET / HTTP/1.1" 200 488 "-" "Mozilla/5.0 (Windows NT 10.0; Win64; x64) AppleWebKit/537.36 (KHTML, like Gecko) Chrome/79.0.3945.130 Safari/537.36"
179.215.121.183 - - [22/Jul/2025:10:08:05 -0300] "POST /cpsess6668881312/3rdparty/roundcube/?_task=mail&_action=refresh HTTP/1.1" 200 135 "https://webmail.vacivitta.com.br/cpsess6668881312/3rdparty/roundcube/?_task=mail&_mbox=INBOX" "Mozilla/5.0 (Windows NT 10.0; Win64; x64) AppleWebKit/537.36 (KHTML, like Gecko) Chrome/138.0.0.0 Safari/537.36"
179.215.121.183 - - [22/Jul/2025:10:09:06 -0300] "POST /cpsess6668881312/3rdparty/roundcube/?_task=mail&_action=refresh HTTP/1.1" 200 135 "https://webmail.vacivitta.com.br/cpsess6668881312/3rdparty/roundcube/?_task=mail&_mbox=INBOX" "Mozilla/5.0 (Windows NT 10.0; Win64; x64) AppleWebKit/537.36 (KHTML, like Gecko) Chrome/138.0.0.0 Safari/537.36"
157.90.156.63 - - [22/Jul/2025:10:09:33 -0300] "HEAD / HTTP/1.1" 200 - "https://vacivitta.com.br/" "Mozilla/5.0+(compatible; UptimeRobot/2.0; http://www.uptimerobot.com/)"
208.110.64.178 - - [22/Jul/2025:10:09:43 -0300] "GET /wp-content/edit.php HTTP/1.1" 404 - "https://vacivitta.com.br/wp-content/edit.php" "Mozilla/5.0 (Windows NT 10.0; Win64; x64) AppleWebKit/537.36 (KHTML, like Gecko) Chrome/58.0.3029.110 Safari/537.3"
179.215.121.183 - - [22/Jul/2025:10:10:07 -0300] "POST /cpsess6668881312/3rdparty/roundcube/?_task=mail&_action=refresh HTTP/1.1" 200 135 "https://webmail.vacivitta.com.br/cpsess6668881312/3rdparty/roundcube/?_task=mail&_mbox=INBOX" "Mozilla/5.0 (Windows NT 10.0; Win64; x64) AppleWebKit/537.36 (KHTML, like Gecko) Chrome/138.0.0.0 Safari/537.36"
179.215.121.183 - - [22/Jul/2025:10:11:08 -0300] "POST /cpsess6668881312/3rdparty/roundcube/?_task=mail&_action=refresh HTTP/1.1" 200 135 "https://webmail.vacivitta.com.br/cpsess6668881312/3rdparty/roundcube/?_task=mail&_mbox=INBOX" "Mozilla/5.0 (Windows NT 10.0; Win64; x64) AppleWebKit/537.36 (KHTML, like Gecko) Chrome/138.0.0.0 Safari/537.36"
69.197.182.50 - - [22/Jul/2025:10:12:12 -0300] "GET /wp-content/edit.php HTTP/1.1" 404 - "https://vacivitta.com.br/wp-content/edit.php" "Mozilla/5.0 (Windows NT 10.0; Win64; x64) AppleWebKit/537.36 (KHTML, like Gecko) Chrome/58.0.3029.110 Safari/537.3"
179.215.121.183 - - [22/Jul/2025:10:12:23 -0300] "POST /cpsess6668881312/3rdparty/roundcube/?_task=mail&_action=refresh HTTP/1.1" 200 135 "https://webmail.vacivitta.com.br/cpsess6668881312/3rdparty/roundcube/?_task=mail&_mbox=INBOX" "Mozilla/5.0 (Windows NT 10.0; Win64; x64) AppleWebKit/537.36 (KHTML, like Gecko) Chrome/138.0.0.0 Safari/537.36"
179.215.121.183 - - [22/Jul/2025:10:13:23 -0300] "POST /cpsess6668881312/3rdparty/roundcube/?_task=mail&_action=refresh HTTP/1.1" 200 135 "https://webmail.vacivitta.com.br/cpsess6668881312/3rdparty/roundcube/?_task=mail&_mbox=INBOX" "Mozilla/5.0 (Windows NT 10.0; Win64; x64) AppleWebKit/537.36 (KHTML, like Gecko) Chrome/138.0.0.0 Safari/537.36"
179.215.121.183 - - [22/Jul/2025:10:14:23 -0300] "POST /cpsess6668881312/3rdparty/roundcube/?_task=mail&_action=refresh HTTP/1.1" 200 135 "https://webmail.vacivitta.com.br/cpsess6668881312/3rdparty/roundcube/?_task=mail&_mbox=INBOX" "Mozilla/5.0 (Windows NT 10.0; Win64; x64) AppleWebKit/537.36 (KHTML, like Gecko) Chrome/138.0.0.0 Safari/537.36"
49.13.164.148 - - [22/Jul/2025:10:14:38 -0300] "HEAD / HTTP/1.1" 200 - "https://vacivitta.com.br/" "Mozilla/5.0+(compatible; UptimeRobot/2.0; http://www.uptimerobot.com/)"
35.205.32.66 - - [22/Jul/2025:10:15:18 -0300] "GET / HTTP/1.1" 200 488 "-" "Mozilla/5.0 (Windows NT 10.0; Win64; x64) AppleWebKit/537.36 (KHTML, like Gecko) Chrome/79.0.3945.130 Safari/537.36"
35.205.32.66 - - [22/Jul/2025:10:15:19 -0300] "GET /404-page-test-url-123 HTTP/1.1" 404 - "-" "Mozilla/5.0 (Windows NT 10.0; Win64; x64) AppleWebKit/537.36 (KHTML, like Gecko) Chrome/79.0.3945.130 Safari/537.36"
35.205.32.66 - - [22/Jul/2025:10:15:20 -0300] "GET /CHANGELOG.txt HTTP/1.1" 404 - "-" "Mozilla/5.0 (Windows NT 10.0; Win64; x64) AppleWebKit/537.36 (KHTML, like Gecko) Chrome/79.0.3945.130 Safari/537.36"
35.205.32.66 - - [22/Jul/2025:10:15:20 -0300] "GET /includes/bootstrap.inc HTTP/1.1" 404 - "-" "Mozilla/5.0 (Windows NT 10.0; Win64; x64) AppleWebKit/537.36 (KHTML, like Gecko) Chrome/79.0.3945.130 Safari/537.36"
35.205.32.66 - - [22/Jul/2025:10:15:21 -0300] "GET /robots.txt HTTP/1.1" 404 - "-" "Mozilla/5.0 (Windows NT 10.0; Win64; x64) AppleWebKit/537.36 (KHTML, like Gecko) Chrome/79.0.3945.130 Safari/537.36"
35.205.32.66 - - [22/Jul/2025:10:15:22 -0300] "GET /language/en-GB/en-GB.xml HTTP/1.1" 404 - "-" "Mozilla/5.0 (Windows NT 10.0; Win64; x64) AppleWebKit/537.36 (KHTML, like Gecko) Chrome/79.0.3945.130 Safari/537.36"
35.205.32.66 - - [22/Jul/2025:10:15:23 -0300] "GET /language/en-GB/install.xml HTTP/1.1" 404 - "-" "Mozilla/5.0 (Windows NT 10.0; Win64; x64) AppleWebKit/537.36 (KHTML, like Gecko) Chrome/79.0.3945.130 Safari/537.36"
35.205.32.66 - - [22/Jul/2025:10:15:24 -0300] "GET /administrator/manifests/files/joomla.xml HTTP/1.1" 404 - "-" "Mozilla/5.0 (Windows NT 10.0; Win64; x64) AppleWebKit/537.36 (KHTML, like Gecko) Chrome/79.0.3945.130 Safari/537.36"
35.205.32.66 - - [22/Jul/2025:10:15:25 -0300] "GET /README.txt HTTP/1.1" 404 - "-" "Mozilla/5.0 (Windows NT 10.0; Win64; x64) AppleWebKit/537.36 (KHTML, like Gecko) Chrome/79.0.3945.130 Safari/537.36"
35.205.32.66 - - [22/Jul/2025:10:15:25 -0300] "GET /CoreCode/Css/cms_front_end.css HTTP/1.1" 404 - "-" "Mozilla/5.0 (Windows NT 10.0; Win64; x64) AppleWebKit/537.36 (KHTML, like Gecko) Chrome/79.0.3945.130 Safari/537.36"
35.205.32.66 - - [22/Jul/2025:10:15:26 -0300] "GET /typo3/ HTTP/1.1" 404 - "-" "Mozilla/5.0 (Windows NT 10.0; Win64; x64) AppleWebKit/537.36 (KHTML, like Gecko) Chrome/79.0.3945.130 Safari/537.36"
35.205.32.66 - - [22/Jul/2025:10:15:27 -0300] "GET /clientscript/vbulletin_global.js HTTP/1.1" 404 - "-" "Mozilla/5.0 (Windows NT 10.0; Win64; x64) AppleWebKit/537.36 (KHTML, like Gecko) Chrome/79.0.3945.130 Safari/537.36"
35.205.32.66 - - [22/Jul/2025:10:15:28 -0300] "GET /clientscript/vbulletin_menu.js HTTP/1.1" 404 - "-" "Mozilla/5.0 (Windows NT 10.0; Win64; x64) AppleWebKit/537.36 (KHTML, like Gecko) Chrome/79.0.3945.130 Safari/537.36"
179.215.121.183 - - [22/Jul/2025:10:15:23 -0300] "POST /cpsess6668881312/3rdparty/roundcube/?_task=mail&_action=refresh HTTP/1.1" 200 135 "https://webmail.vacivitta.com.br/cpsess6668881312/3rdparty/roundcube/?_task=mail&_mbox=INBOX" "Mozilla/5.0 (Windows NT 10.0; Win64; x64) AppleWebKit/537.36 (KHTML, like Gecko) Chrome/138.0.0.0 Safari/537.36"
35.205.32.66 - - [22/Jul/2025:10:15:28 -0300] "GET /clientscript/vbulletin_read_marker.js HTTP/1.1" 404 - "-" "Mozilla/5.0 (Windows NT 10.0; Win64; x64) AppleWebKit/537.36 (KHTML, like Gecko) Chrome/79.0.3945.130 Safari/537.36"
35.205.32.66 - - [22/Jul/2025:10:15:29 -0300] "GET /feed HTTP/1.1" 404 - "-" "Mozilla/5.0 (Windows NT 10.0; Win64; x64) AppleWebKit/537.36 (KHTML, like Gecko) Chrome/79.0.3945.130 Safari/537.36"
35.205.32.66 - - [22/Jul/2025:10:15:30 -0300] "GET /wp-login.php HTTP/1.1" 404 - "-" "Mozilla/5.0 (Windows NT 10.0; Win64; x64) AppleWebKit/537.36 (KHTML, like Gecko) Chrome/79.0.3945.130 Safari/537.36"
35.205.32.66 - - [22/Jul/2025:10:15:31 -0300] "GET /readme.html HTTP/1.1" 404 - "-" "Mozilla/5.0 (Windows NT 10.0; Win64; x64) AppleWebKit/537.36 (KHTML, like Gecko) Chrome/79.0.3945.130 Safari/537.36"
35.205.32.66 - - [22/Jul/2025:10:15:32 -0300] "GET /wp-admin/install.php HTTP/1.1" 404 - "-" "Mozilla/5.0 (Windows NT 10.0; Win64; x64) AppleWebKit/537.36 (KHTML, like Gecko) Chrome/79.0.3945.130 Safari/537.36"
35.205.32.66 - - [22/Jul/2025:10:15:32 -0300] "GET /wp-includes/wlwmanifest.xml HTTP/1.1" 404 - "-" "Mozilla/5.0 (Windows NT 10.0; Win64; x64) AppleWebKit/537.36 (KHTML, like Gecko) Chrome/79.0.3945.130 Safari/537.36"
179.215.121.183 - - [22/Jul/2025:10:16:23 -0300] "POST /cpsess6668881312/3rdparty/roundcube/?_task=mail&_action=refresh HTTP/1.1" 200 135 "https://webmail.vacivitta.com.br/cpsess6668881312/3rdparty/roundcube/?_task=mail&_mbox=INBOX" "Mozilla/5.0 (Windows NT 10.0; Win64; x64) AppleWebKit/537.36 (KHTML, like Gecko) Chrome/138.0.0.0 Safari/537.36"
179.215.121.183 - - [22/Jul/2025:10:17:23 -0300] "POST /cpsess6668881312/3rdparty/roundcube/?_task=mail&_action=refresh HTTP/1.1" 200 135 "https://webmail.vacivitta.com.br/cpsess6668881312/3rdparty/roundcube/?_task=mail&_mbox=INBOX" "Mozilla/5.0 (Windows NT 10.0; Win64; x64) AppleWebKit/537.36 (KHTML, like Gecko) Chrome/138.0.0.0 Safari/537.36"
35.195.230.119 - - [22/Jul/2025:10:17:39 -0300] "GET / HTTP/1.1" 503 - "-" "Mozilla/5.0 (Windows NT 10.0; Win64; x64) AppleWebKit/537.36 (KHTML, like Gecko) Chrome/79.0.3945.130 Safari/537.36"
34.77.145.44 - - [22/Jul/2025:10:17:42 -0300] "GET / HTTP/1.1" 200 488 "-" "Mozilla/5.0 (Windows NT 10.0; Win64; x64) AppleWebKit/537.36 (KHTML, like Gecko) Chrome/79.0.3945.130 Safari/537.36"
34.77.145.44 - - [22/Jul/2025:10:17:43 -0300] "GET / HTTP/1.1" 200 488 "-" "Mozilla/5.0 (Windows NT 10.0; Win64; x64) AppleWebKit/537.36 (KHTML, like Gecko) Chrome/79.0.3945.130 Safari/537.36"
34.78.204.242 - - [22/Jul/2025:10:17:43 -0300] "GET / HTTP/1.1" 200 916 "-" "Mozilla/5.0 (Windows NT 10.0; Win64; x64) AppleWebKit/537.36 (KHTML, like Gecko) Chrome/79.0.3945.130 Safari/537.36"
34.77.145.44 - - [22/Jul/2025:10:17:44 -0300] "GET / HTTP/1.1" 503 - "-" "Mozilla/5.0 (Windows NT 10.0; Win64; x64) AppleWebKit/537.36 (KHTML, like Gecko) Chrome/79.0.3945.130 Safari/537.36"
34.22.254.232 - - [22/Jul/2025:10:17:44 -0300] "GET / HTTP/1.1" 200 488 "-" "Mozilla/5.0 (Windows NT 10.0; Win64; x64) AppleWebKit/537.36 (KHTML, like Gecko) Chrome/79.0.3945.130 Safari/537.36"
34.22.254.232 - - [22/Jul/2025:10:17:45 -0300] "GET / HTTP/1.1" 200 488 "-" "Mozilla/5.0 (Windows NT 10.0; Win64; x64) AppleWebKit/537.36 (KHTML, like Gecko) Chrome/79.0.3945.130 Safari/537.36"
34.78.204.242 - - [22/Jul/2025:10:17:44 -0300] "GET /404-page-test-url-123 HTTP/1.1" 200 925 "-" "Mozilla/5.0 (Windows NT 10.0; Win64; x64) AppleWebKit/537.36 (KHTML, like Gecko) Chrome/79.0.3945.130 Safari/537.36"
34.77.145.44 - - [22/Jul/2025:10:17:47 -0300] "GET / HTTP/1.1" 503 - "-" "Mozilla/5.0 (Windows NT 10.0; Win64; x64) AppleWebKit/537.36 (KHTML, like Gecko) Chrome/79.0.3945.130 Safari/537.36"
34.78.204.242 - - [22/Jul/2025:10:17:45 -0300] "GET / HTTP/1.1" 200 916 "-" "Mozilla/5.0 (Windows NT 10.0; Win64; x64) AppleWebKit/537.36 (KHTML, like Gecko) Chrome/79.0.3945.130 Safari/537.36"
35.205.32.66 - - [22/Jul/2025:10:17:50 -0300] "GET / HTTP/1.1" 200 488 "-" "Mozilla/5.0 (Windows NT 10.0; Win64; x64) AppleWebKit/537.36 (KHTML, like Gecko) Chrome/79.0.3945.130 Safari/537.36"
35.205.32.66 - - [22/Jul/2025:10:17:50 -0300] "GET /404-page-test-url-123 HTTP/1.1" 404 - "-" "Mozilla/5.0 (Windows NT 10.0; Win64; x64) AppleWebKit/537.36 (KHTML, like Gecko) Chrome/79.0.3945.130 Safari/537.36"
146.148.4.198 - - [22/Jul/2025:10:17:45 -0300] "GET / HTTP/1.1" 401 52 "-" "Mozilla/5.0 (Windows NT 10.0; Win64; x64) AppleWebKit/537.36 (KHTML, like Gecko) Chrome/79.0.3945.130 Safari/537.36"
34.79.16.125 - - [22/Jul/2025:10:17:46 -0300] "GET / HTTP/1.1" 200 877 "-" "Mozilla/5.0 (Windows NT 10.0; Win64; x64) AppleWebKit/537.36 (KHTML, like Gecko) Chrome/79.0.3945.130 Safari/537.36"
35.205.32.66 - - [22/Jul/2025:10:17:51 -0300] "GET /CHANGELOG.txt HTTP/1.1" 404 - "-" "Mozilla/5.0 (Windows NT 10.0; Win64; x64) AppleWebKit/537.36 (KHTML, like Gecko) Chrome/79.0.3945.130 Safari/537.36"
35.205.32.66 - - [22/Jul/2025:10:17:52 -0300] "GET /includes/bootstrap.inc HTTP/1.1" 404 - "-" "Mozilla/5.0 (Windows NT 10.0; Win64; x64) AppleWebKit/537.36 (KHTML, like Gecko) Chrome/79.0.3945.130 Safari/537.36"
35.205.32.66 - - [22/Jul/2025:10:17:52 -0300] "GET /robots.txt HTTP/1.1" 404 - "-" "Mozilla/5.0 (Windows NT 10.0; Win64; x64) AppleWebKit/537.36 (KHTML, like Gecko) Chrome/79.0.3945.130 Safari/537.36"
34.78.204.242 - - [22/Jul/2025:10:17:47 -0300] "GET /CHANGELOG.txt HTTP/1.1" 200 914 "-" "Mozilla/5.0 (Windows NT 10.0; Win64; x64) AppleWebKit/537.36 (KHTML, like Gecko) Chrome/79.0.3945.130 Safari/537.36"
35.205.32.66 - - [22/Jul/2025:10:17:53 -0300] "GET /language/en-GB/en-GB.xml HTTP/1.1" 404 - "-" "Mozilla/5.0 (Windows NT 10.0; Win64; x64) AppleWebKit/537.36 (KHTML, like Gecko) Chrome/79.0.3945.130 Safari/537.36"
35.195.230.119 - - [22/Jul/2025:10:17:53 -0300] "GET / HTTP/1.1" 200 488 "-" "Mozilla/5.0 (Windows NT 10.0; Win64; x64) AppleWebKit/537.36 (KHTML, like Gecko) Chrome/79.0.3945.130 Safari/537.36"
35.195.230.119 - - [22/Jul/2025:10:17:54 -0300] "GET /404-page-test-url-123 HTTP/1.1" 404 - "-" "Mozilla/5.0 (Windows NT 10.0; Win64; x64) AppleWebKit/537.36 (KHTML, like Gecko) Chrome/79.0.3945.130 Safari/537.36"
35.205.32.66 - - [22/Jul/2025:10:17:54 -0300] "GET /language/en-GB/install.xml HTTP/1.1" 404 - "-" "Mozilla/5.0 (Windows NT 10.0; Win64; x64) AppleWebKit/537.36 (KHTML, like Gecko) Chrome/79.0.3945.130 Safari/537.36"
35.195.230.119 - - [22/Jul/2025:10:17:54 -0300] "GET /CHANGELOG.txt HTTP/1.1" 404 - "-" "Mozilla/5.0 (Windows NT 10.0; Win64; x64) AppleWebKit/537.36 (KHTML, like Gecko) Chrome/79.0.3945.130 Safari/537.36"
35.205.32.66 - - [22/Jul/2025:10:17:55 -0300] "GET /administrator/manifests/files/joomla.xml HTTP/1.1" 404 - "-" "Mozilla/5.0 (Windows NT 10.0; Win64; x64) AppleWebKit/537.36 (KHTML, like Gecko) Chrome/79.0.3945.130 Safari/537.36"
35.195.230.119 - - [22/Jul/2025:10:17:55 -0300] "GET /includes/bootstrap.inc HTTP/1.1" 404 - "-" "Mozilla/5.0 (Windows NT 10.0; Win64; x64) AppleWebKit/537.36 (KHTML, like Gecko) Chrome/79.0.3945.130 Safari/537.36"
35.205.32.66 - - [22/Jul/2025:10:17:55 -0300] "GET /README.txt HTTP/1.1" 404 - "-" "Mozilla/5.0 (Windows NT 10.0; Win64; x64) AppleWebKit/537.36 (KHTML, like Gecko) Chrome/79.0.3945.130 Safari/537.36"
35.195.230.119 - - [22/Jul/2025:10:17:56 -0300] "GET /robots.txt HTTP/1.1" 404 - "-" "Mozilla/5.0 (Windows NT 10.0; Win64; x64) AppleWebKit/537.36 (KHTML, like Gecko) Chrome/79.0.3945.130 Safari/537.36"
35.205.32.66 - - [22/Jul/2025:10:17:56 -0300] "GET /CoreCode/Css/cms_front_end.css HTTP/1.1" 404 - "-" "Mozilla/5.0 (Windows NT 10.0; Win64; x64) AppleWebKit/537.36 (KHTML, like Gecko) Chrome/79.0.3945.130 Safari/537.36"
35.195.230.119 - - [22/Jul/2025:10:17:56 -0300] "GET /language/en-GB/en-GB.xml HTTP/1.1" 404 - "-" "Mozilla/5.0 (Windows NT 10.0; Win64; x64) AppleWebKit/537.36 (KHTML, like Gecko) Chrome/79.0.3945.130 Safari/537.36"
35.195.230.119 - - [22/Jul/2025:10:17:57 -0300] "GET /language/en-GB/install.xml HTTP/1.1" 404 - "-" "Mozilla/5.0 (Windows NT 10.0; Win64; x64) AppleWebKit/537.36 (KHTML, like Gecko) Chrome/79.0.3945.130 Safari/537.36"
35.205.32.66 - - [22/Jul/2025:10:17:57 -0300] "GET /typo3/ HTTP/1.1" 404 - "-" "Mozilla/5.0 (Windows NT 10.0; Win64; x64) AppleWebKit/537.36 (KHTML, like Gecko) Chrome/79.0.3945.130 Safari/537.36"
35.195.230.119 - - [22/Jul/2025:10:17:57 -0300] "GET /administrator/manifests/files/joomla.xml HTTP/1.1" 404 - "-" "Mozilla/5.0 (Windows NT 10.0; Win64; x64) AppleWebKit/537.36 (KHTML, like Gecko) Chrome/79.0.3945.130 Safari/537.36"
35.205.32.66 - - [22/Jul/2025:10:17:58 -0300] "GET /clientscript/vbulletin_global.js HTTP/1.1" 404 - "-" "Mozilla/5.0 (Windows NT 10.0; Win64; x64) AppleWebKit/537.36 (KHTML, like Gecko) Chrome/79.0.3945.130 Safari/537.36"
35.195.230.119 - - [22/Jul/2025:10:17:58 -0300] "GET /README.txt HTTP/1.1" 404 - "-" "Mozilla/5.0 (Windows NT 10.0; Win64; x64) AppleWebKit/537.36 (KHTML, like Gecko) Chrome/79.0.3945.130 Safari/537.36"
35.195.230.119 - - [22/Jul/2025:10:17:58 -0300] "GET /CoreCode/Css/cms_front_end.css HTTP/1.1" 404 - "-" "Mozilla/5.0 (Windows NT 10.0; Win64; x64) AppleWebKit/537.36 (KHTML, like Gecko) Chrome/79.0.3945.130 Safari/537.36"
35.205.32.66 - - [22/Jul/2025:10:17:59 -0300] "GET /clientscript/vbulletin_menu.js HTTP/1.1" 404 - "-" "Mozilla/5.0 (Windows NT 10.0; Win64; x64) AppleWebKit/537.36 (KHTML, like Gecko) Chrome/79.0.3945.130 Safari/537.36"
35.195.230.119 - - [22/Jul/2025:10:17:59 -0300] "GET /typo3/ HTTP/1.1" 404 - "-" "Mozilla/5.0 (Windows NT 10.0; Win64; x64) AppleWebKit/537.36 (KHTML, like Gecko) Chrome/79.0.3945.130 Safari/537.36"
