179.215.121.183 - - [21/Jul/2025:15:51:10 -0300] "GET /cpsess0618959862/3rdparty/roundcube/skins/elastic/styles/styles.min.css?s=1748880883 HTTP/1.1" 200 24006 "https://webmail.vacivitta.com.br/cpsess0618959862/3rdparty/roundcube/?_task=mail&_token=ukHd6SPTrXlFp9BtFQqhfzE3pgnqwUEp" "Mozilla/5.0 (Windows NT 10.0; Win64; x64) AppleWebKit/537.36 (KHTML, like Gecko) Chrome/138.0.0.0 Safari/537.36"
179.215.121.183 - - [21/Jul/2025:15:51:12 -0300] "GET /cpsess0618959862/3rdparty/roundcube/plugins/archive/archive.min.js?s=1748763912 HTTP/1.1" 200 743 "https://webmail.vacivitta.com.br/cpsess0618959862/3rdparty/roundcube/?_task=mail&_token=ukHd6SPTrXlFp9BtFQqhfzE3pgnqwUEp" "Mozilla/5.0 (Windows NT 10.0; Win64; x64) AppleWebKit/537.36 (KHTML, like Gecko) Chrome/138.0.0.0 Safari/537.36"
179.215.121.183 - - [21/Jul/2025:15:51:12 -0300] "GET /cpsess0618959862/3rdparty/roundcube/program/js/list.min.js?s=1748763912 HTTP/1.1" 200 8316 "https://webmail.vacivitta.com.br/cpsess0618959862/3rdparty/roundcube/?_task=mail&_token=ukHd6SPTrXlFp9BtFQqhfzE3pgnqwUEp" "Mozilla/5.0 (Windows NT 10.0; Win64; x64) AppleWebKit/537.36 (KHTML, like Gecko) Chrome/138.0.0.0 Safari/537.36"
179.215.121.183 - - [21/Jul/2025:15:51:12 -0300] "GET /cpsess0618959862/3rdparty/roundcube/plugins/return_to_webmail/return_to_webmail.js?s=1748881325 HTTP/1.1" 200 773 "https://webmail.vacivitta.com.br/cpsess0618959862/3rdparty/roundcube/?_task=mail&_token=ukHd6SPTrXlFp9BtFQqhfzE3pgnqwUEp" "Mozilla/5.0 (Windows NT 10.0; Win64; x64) AppleWebKit/537.36 (KHTML, like Gecko) Chrome/138.0.0.0 Safari/537.36"
179.215.121.183 - - [21/Jul/2025:15:51:12 -0300] "GET /cpsess0618959862/3rdparty/roundcube/plugins/markasjunk/markasjunk.min.js?s=1748763912 HTTP/1.1" 200 1144 "https://webmail.vacivitta.com.br/cpsess0618959862/3rdparty/roundcube/?_task=mail&_token=ukHd6SPTrXlFp9BtFQqhfzE3pgnqwUEp" "Mozilla/5.0 (Windows NT 10.0; Win64; x64) AppleWebKit/537.36 (KHTML, like Gecko) Chrome/138.0.0.0 Safari/537.36"
179.215.121.183 - - [21/Jul/2025:15:51:12 -0300] "GET /cpsess0618959862/3rdparty/roundcube/plugins/jqueryui/js/jquery-ui.min.js?s=1748763912 HTTP/1.1" 200 74366 "https://webmail.vacivitta.com.br/cpsess0618959862/3rdparty/roundcube/?_task=mail&_token=ukHd6SPTrXlFp9BtFQqhfzE3pgnqwUEp" "Mozilla/5.0 (Windows NT 10.0; Win64; x64) AppleWebKit/537.36 (KHTML, like Gecko) Chrome/138.0.0.0 Safari/537.36"
179.215.121.183 - - [21/Jul/2025:15:51:12 -0300] "GET /cpsess0618959862/3rdparty/roundcube/plugins/jqueryui/js/i18n/datepicker-pt-BR.js?s=1748763912 HTTP/1.1" 200 660 "https://webmail.vacivitta.com.br/cpsess0618959862/3rdparty/roundcube/?_task=mail&_token=ukHd6SPTrXlFp9BtFQqhfzE3pgnqwUEp" "Mozilla/5.0 (Windows NT 10.0; Win64; x64) AppleWebKit/537.36 (KHTML, like Gecko) Chrome/138.0.0.0 Safari/537.36"
179.215.121.183 - - [21/Jul/2025:15:51:12 -0300] "GET /cpsess0618959862/3rdparty/roundcube/plugins/calendar/calendar_base.js?s=1748881326 HTTP/1.1" 200 1766 "https://webmail.vacivitta.com.br/cpsess0618959862/3rdparty/roundcube/?_task=mail&_token=ukHd6SPTrXlFp9BtFQqhfzE3pgnqwUEp" "Mozilla/5.0 (Windows NT 10.0; Win64; x64) AppleWebKit/537.36 (KHTML, like Gecko) Chrome/138.0.0.0 Safari/537.36"
179.215.121.183 - - [21/Jul/2025:15:51:12 -0300] "GET /cpsess0618959862/3rdparty/roundcube/plugins/libcalendaring/libcalendaring.js?s=1748881326 HTTP/1.1" 200 15634 "https://webmail.vacivitta.com.br/cpsess0618959862/3rdparty/roundcube/?_task=mail&_token=ukHd6SPTrXlFp9BtFQqhfzE3pgnqwUEp" "Mozilla/5.0 (Windows NT 10.0; Win64; x64) AppleWebKit/537.36 (KHTML, like Gecko) Chrome/138.0.0.0 Safari/537.36"
179.215.121.183 - - [21/Jul/2025:15:51:12 -0300] "GET /cpsess0618959862/3rdparty/roundcube/skins/elastic/images/logo.svg?s=1748763912 HTTP/1.1" 200 397 "https://webmail.vacivitta.com.br/cpsess0618959862/3rdparty/roundcube/?_task=mail&_token=ukHd6SPTrXlFp9BtFQqhfzE3pgnqwUEp" "Mozilla/5.0 (Windows NT 10.0; Win64; x64) AppleWebKit/537.36 (KHTML, like Gecko) Chrome/138.0.0.0 Safari/537.36"
179.215.121.183 - - [21/Jul/2025:15:51:12 -0300] "GET /cpsess0618959862/3rdparty/roundcube/skins/elastic/deps/bootstrap.bundle.min.js?s=1748763916 HTTP/1.1" 200 23054 "https://webmail.vacivitta.com.br/cpsess0618959862/3rdparty/roundcube/?_task=mail&_token=ukHd6SPTrXlFp9BtFQqhfzE3pgnqwUEp" "Mozilla/5.0 (Windows NT 10.0; Win64; x64) AppleWebKit/537.36 (KHTML, like Gecko) Chrome/138.0.0.0 Safari/537.36"
179.215.121.183 - - [21/Jul/2025:15:51:12 -0300] "GET /cpsess0618959862/3rdparty/roundcube/skins/elastic/ui.min.js?s=1748763912 HTTP/1.1" 200 20576 "https://webmail.vacivitta.com.br/cpsess0618959862/3rdparty/roundcube/?_task=mail&_token=ukHd6SPTrXlFp9BtFQqhfzE3pgnqwUEp" "Mozilla/5.0 (Windows NT 10.0; Win64; x64) AppleWebKit/537.36 (KHTML, like Gecko) Chrome/138.0.0.0 Safari/537.36"
179.215.121.183 - - [21/Jul/2025:15:51:12 -0300] "GET /cpsess0618959862/3rdparty/roundcube/skins/elastic/watermark.html HTTP/1.1" 200 494 "https://webmail.vacivitta.com.br/cpsess0618959862/3rdparty/roundcube/?_task=mail&_token=ukHd6SPTrXlFp9BtFQqhfzE3pgnqwUEp" "Mozilla/5.0 (Windows NT 10.0; Win64; x64) AppleWebKit/537.36 (KHTML, like Gecko) Chrome/138.0.0.0 Safari/537.36"
179.215.121.183 - - [21/Jul/2025:15:51:13 -0300] "GET /cpsess0618959862/3rdparty/roundcube/skins/elastic/images/logo.svg HTTP/1.1" 200 397 "https://webmail.vacivitta.com.br/cpsess0618959862/3rdparty/roundcube/skins/elastic/watermark.html" "Mozilla/5.0 (Windows NT 10.0; Win64; x64) AppleWebKit/537.36 (KHTML, like Gecko) Chrome/138.0.0.0 Safari/537.36"
179.215.121.183 - - [21/Jul/2025:15:51:13 -0300] "GET /cpsess0618959862/3rdparty/roundcube/program/resources/blank.tiff HTTP/1.1" 200 270 "https://webmail.vacivitta.com.br/cpsess0618959862/3rdparty/roundcube/?_task=mail&_mbox=INBOX" "Mozilla/5.0 (Windows NT 10.0; Win64; x64) AppleWebKit/537.36 (KHTML, like Gecko) Chrome/138.0.0.0 Safari/537.36"
179.215.121.183 - - [21/Jul/2025:15:51:13 -0300] "GET /cpsess0618959862/3rdparty/roundcube/?_task=mail&_action=list&_refresh=1&_layout=widescreen&_mbox=INBOX&_page=&_remote=1&_unlock=loading1753123904371&_=1753123903338 HTTP/1.1" 200 3588 "https://webmail.vacivitta.com.br/cpsess0618959862/3rdparty/roundcube/?_task=mail&_token=ukHd6SPTrXlFp9BtFQqhfzE3pgnqwUEp" "Mozilla/5.0 (Windows NT 10.0; Win64; x64) AppleWebKit/537.36 (KHTML, like Gecko) Chrome/138.0.0.0 Safari/537.36"
179.215.121.183 - - [21/Jul/2025:15:51:13 -0300] "GET /cpsess0618959862/3rdparty/roundcube/?_task=mail&_action=getunread&_page=1&_remote=1&_unlock=0&_=1753123903339 HTTP/1.1" 200 346 "https://webmail.vacivitta.com.br/cpsess0618959862/3rdparty/roundcube/?_task=mail&_mbox=INBOX" "Mozilla/5.0 (Windows NT 10.0; Win64; x64) AppleWebKit/537.36 (KHTML, like Gecko) Chrome/138.0.0.0 Safari/537.36"
179.215.121.183 - - [21/Jul/2025:15:51:13 -0300] "GET /cpsess0618959862/3rdparty/roundcube/program/resources/blank.webp HTTP/1.1" 200 86 "https://webmail.vacivitta.com.br/cpsess0618959862/3rdparty/roundcube/?_task=mail&_mbox=INBOX" "Mozilla/5.0 (Windows NT 10.0; Win64; x64) AppleWebKit/537.36 (KHTML, like Gecko) Chrome/138.0.0.0 Safari/537.36"
66.249.73.168 - - [21/Jul/2025:15:51:57 -0300] "GET /items/zvanm100/34620?key=punishment HTTP/1.1" 404 - "-" "Mozilla/5.0 (Linux; Android 6.0.1; Nexus 5X Build/MMB29P) AppleWebKit/537.36 (KHTML, like Gecko) Chrome/137.0.7151.103 Mobile Safari/537.36 (compatible; Googlebot/2.1; +http://www.google.com/bot.html)"
179.215.121.183 - - [21/Jul/2025:15:52:14 -0300] "POST /cpsess0618959862/3rdparty/roundcube/?_task=mail&_action=refresh HTTP/1.1" 200 135 "https://webmail.vacivitta.com.br/cpsess0618959862/3rdparty/roundcube/?_task=mail&_mbox=INBOX" "Mozilla/5.0 (Windows NT 10.0; Win64; x64) AppleWebKit/537.36 (KHTML, like Gecko) Chrome/138.0.0.0 Safari/537.36"
66.249.73.170 - - [21/Jul/2025:15:52:58 -0300] "GET /product/edit/bousui-must-ht-frp-fsi18kg-s HTTP/1.1" 404 - "-" "Mozilla/5.0 (Linux; Android 6.0.1; Nexus 5X Build/MMB29P) AppleWebKit/537.36 (KHTML, like Gecko) Chrome/137.0.7151.103 Mobile Safari/537.36 (compatible; Googlebot/2.1; +http://www.google.com/bot.html)"
66.249.73.168 - - [21/Jul/2025:15:52:58 -0300] "GET /product/edit/inter-trade-b0bqc3p467 HTTP/1.1" 404 - "-" "Mozilla/5.0 (Linux; Android 6.0.1; Nexus 5X Build/MMB29P) AppleWebKit/537.36 (KHTML, like Gecko) Chrome/137.0.7151.103 Mobile Safari/537.36 (compatible; Googlebot/2.1; +http://www.google.com/bot.html)"
179.215.121.183 - - [21/Jul/2025:15:53:14 -0300] "POST /cpsess0618959862/3rdparty/roundcube/?_task=mail&_action=refresh HTTP/1.1" 200 135 "https://webmail.vacivitta.com.br/cpsess0618959862/3rdparty/roundcube/?_task=mail&_mbox=INBOX" "Mozilla/5.0 (Windows NT 10.0; Win64; x64) AppleWebKit/537.36 (KHTML, like Gecko) Chrome/138.0.0.0 Safari/537.36"
179.215.121.183 - - [21/Jul/2025:15:54:14 -0300] "POST /cpsess0618959862/3rdparty/roundcube/?_task=mail&_action=refresh HTTP/1.1" 200 135 "https://webmail.vacivitta.com.br/cpsess0618959862/3rdparty/roundcube/?_task=mail&_mbox=INBOX" "Mozilla/5.0 (Windows NT 10.0; Win64; x64) AppleWebKit/537.36 (KHTML, like Gecko) Chrome/138.0.0.0 Safari/537.36"
49.13.167.123 - - [21/Jul/2025:15:55:17 -0300] "HEAD / HTTP/1.1" 200 - "https://vacivitta.com.br/" "Mozilla/5.0+(compatible; UptimeRobot/2.0; http://www.uptimerobot.com/)"
179.215.121.183 - - [21/Jul/2025:15:55:14 -0300] "POST /cpsess0618959862/3rdparty/roundcube/?_task=mail&_action=refresh HTTP/1.1" 200 135 "https://webmail.vacivitta.com.br/cpsess0618959862/3rdparty/roundcube/?_task=mail&_mbox=INBOX" "Mozilla/5.0 (Windows NT 10.0; Win64; x64) AppleWebKit/537.36 (KHTML, like Gecko) Chrome/138.0.0.0 Safari/537.36"
66.249.73.168 - - [21/Jul/2025:15:55:59 -0300] "GET /pcmypage?callback=product%2Fdetail%2Fjustparts-novm1-bp-1650-1004-16540-hs51 HTTP/1.1" 404 - "-" "Mozilla/5.0 (Linux; Android 6.0.1; Nexus 5X Build/MMB29P) AppleWebKit/537.36 (KHTML, like Gecko) Chrome/137.0.7151.103 Mobile Safari/537.36 (compatible; Googlebot/2.1; +http://www.google.com/bot.html)"
66.249.73.168 - - [21/Jul/2025:15:56:00 -0300] "GET /products/130qe28921 HTTP/1.1" 404 - "-" "Mozilla/5.0 (Linux; Android 6.0.1; Nexus 5X Build/MMB29P) AppleWebKit/537.36 (KHTML, like Gecko) Chrome/137.0.7151.103 Mobile Safari/537.36 (compatible; Googlebot/2.1; +http://www.google.com/bot.html)"
179.215.121.183 - - [21/Jul/2025:15:56:14 -0300] "POST /cpsess0618959862/3rdparty/roundcube/?_task=mail&_action=refresh HTTP/1.1" 200 135 "https://webmail.vacivitta.com.br/cpsess0618959862/3rdparty/roundcube/?_task=mail&_mbox=INBOX" "Mozilla/5.0 (Windows NT 10.0; Win64; x64) AppleWebKit/537.36 (KHTML, like Gecko) Chrome/138.0.0.0 Safari/537.36"
179.215.121.183 - - [21/Jul/2025:15:57:14 -0300] "POST /cpsess0618959862/3rdparty/roundcube/?_task=mail&_action=refresh HTTP/1.1" 200 135 "https://webmail.vacivitta.com.br/cpsess0618959862/3rdparty/roundcube/?_task=mail&_mbox=INBOX" "Mozilla/5.0 (Windows NT 10.0; Win64; x64) AppleWebKit/537.36 (KHTML, like Gecko) Chrome/138.0.0.0 Safari/537.36"
179.215.121.183 - - [21/Jul/2025:15:58:15 -0300] "POST /cpsess0618959862/3rdparty/roundcube/?_task=mail&_action=refresh HTTP/1.1" 200 135 "https://webmail.vacivitta.com.br/cpsess0618959862/3rdparty/roundcube/?_task=mail&_mbox=INBOX" "Mozilla/5.0 (Windows NT 10.0; Win64; x64) AppleWebKit/537.36 (KHTML, like Gecko) Chrome/138.0.0.0 Safari/537.36"
208.110.64.178 - - [21/Jul/2025:15:58:36 -0300] "GET /wp-content/edit.php HTTP/1.1" 404 - "https://vacivitta.com.br/wp-content/edit.php" "Mozilla/5.0 (Windows NT 10.0; Win64; x64) AppleWebKit/537.36 (KHTML, like Gecko) Chrome/58.0.3029.110 Safari/537.3"
179.215.121.183 - - [21/Jul/2025:15:59:16 -0300] "POST /cpsess0618959862/3rdparty/roundcube/?_task=mail&_action=refresh HTTP/1.1" 200 135 "https://webmail.vacivitta.com.br/cpsess0618959862/3rdparty/roundcube/?_task=mail&_mbox=INBOX" "Mozilla/5.0 (Windows NT 10.0; Win64; x64) AppleWebKit/537.36 (KHTML, like Gecko) Chrome/138.0.0.0 Safari/537.36"
66.249.73.169 - - [21/Jul/2025:16:00:00 -0300] "GET /pcmypage?callback=/product%2Fdetail%2tireprice-15400389-refn-hs HTTP/1.1" 404 - "-" "Mozilla/5.0 (Linux; Android 6.0.1; Nexus 5X Build/MMB29P) AppleWebKit/537.36 (KHTML, like Gecko) Chrome/137.0.7151.103 Mobile Safari/537.36 (compatible; Googlebot/2.1; +http://www.google.com/bot.html)"
159.69.158.189 - - [21/Jul/2025:16:00:21 -0300] "HEAD / HTTP/1.1" 200 - "https://vacivitta.com.br/" "Mozilla/5.0+(compatible; UptimeRobot/2.0; http://www.uptimerobot.com/)"
179.215.121.183 - - [21/Jul/2025:16:00:17 -0300] "POST /cpsess0618959862/3rdparty/roundcube/?_task=mail&_action=refresh HTTP/1.1" 200 135 "https://webmail.vacivitta.com.br/cpsess0618959862/3rdparty/roundcube/?_task=mail&_mbox=INBOX" "Mozilla/5.0 (Windows NT 10.0; Win64; x64) AppleWebKit/537.36 (KHTML, like Gecko) Chrome/138.0.0.0 Safari/537.36"
179.215.121.183 - - [21/Jul/2025:16:01:33 -0300] "POST /cpsess0618959862/3rdparty/roundcube/?_task=mail&_action=refresh HTTP/1.1" 200 135 "https://webmail.vacivitta.com.br/cpsess0618959862/3rdparty/roundcube/?_task=mail&_mbox=INBOX" "Mozilla/5.0 (Windows NT 10.0; Win64; x64) AppleWebKit/537.36 (KHTML, like Gecko) Chrome/138.0.0.0 Safari/537.36"
179.215.121.183 - - [21/Jul/2025:16:02:33 -0300] "POST /cpsess0618959862/3rdparty/roundcube/?_task=mail&_action=refresh HTTP/1.1" 200 135 "https://webmail.vacivitta.com.br/cpsess0618959862/3rdparty/roundcube/?_task=mail&_mbox=INBOX" "Mozilla/5.0 (Windows NT 10.0; Win64; x64) AppleWebKit/537.36 (KHTML, like Gecko) Chrome/138.0.0.0 Safari/537.36"
66.249.73.169 - - [21/Jul/2025:16:03:00 -0300] "GET /pcmypage?callback=product/review/greenfil-wear-cw23-jfgwcw-cs20 HTTP/1.1" 404 - "-" "Mozilla/5.0 (Linux; Android 6.0.1; Nexus 5X Build/MMB29P) AppleWebKit/537.36 (KHTML, like Gecko) Chrome/137.0.7151.103 Mobile Safari/537.36 (compatible; Googlebot/2.1; +http://www.google.com/bot.html)"
69.197.182.50 - - [21/Jul/2025:16:03:24 -0300] "GET /wp-content/edit.php HTTP/1.1" 404 - "https://vacivitta.com.br/wp-content/edit.php" "Mozilla/5.0 (Windows NT 10.0; Win64; x64) AppleWebKit/537.36 (KHTML, like Gecko) Chrome/58.0.3029.110 Safari/537.3"
179.215.121.183 - - [21/Jul/2025:16:03:33 -0300] "POST /cpsess0618959862/3rdparty/roundcube/?_task=mail&_action=refresh HTTP/1.1" 200 135 "https://webmail.vacivitta.com.br/cpsess0618959862/3rdparty/roundcube/?_task=mail&_mbox=INBOX" "Mozilla/5.0 (Windows NT 10.0; Win64; x64) AppleWebKit/537.36 (KHTML, like Gecko) Chrome/138.0.0.0 Safari/537.36"
189.40.70.97 - - [21/Jul/2025:16:03:48 -0300] "GET / HTTP/1.1" 200 488 "https://www.google.com/" "Mozilla/5.0 (Linux; Android 10; K) AppleWebKit/537.36 (KHTML, like Gecko) Chrome/138.0.0.0 Mobile Safari/537.36"
189.40.70.97 - - [21/Jul/2025:16:03:48 -0300] "GET /assets/index-g8aW3Zx-.css HTTP/1.1" 200 2311 "-" "Mozilla/5.0 (Linux; Android 10; K) AppleWebKit/537.36 (KHTML, like Gecko) Chrome/138.0.0.0 Mobile Safari/537.36"
189.40.70.97 - - [21/Jul/2025:16:03:48 -0300] "GET /assets/index-BZLUkikW.js HTTP/1.1" 200 923512 "https://vacivitta.com.br/" "Mozilla/5.0 (Linux; Android 10; K) AppleWebKit/537.36 (KHTML, like Gecko) Chrome/138.0.0.0 Mobile Safari/537.36"
189.40.70.97 - - [21/Jul/2025:16:03:50 -0300] "GET /logo.png HTTP/1.1" 200 25613 "https://vacivitta.com.br/" "Mozilla/5.0 (Linux; Android 10; K) AppleWebKit/537.36 (KHTML, like Gecko) Chrome/138.0.0.0 Mobile Safari/537.36"
189.40.70.97 - - [21/Jul/2025:16:03:50 -0300] "GET /ico.ico HTTP/1.1" 200 100526 "https://vacivitta.com.br/" "Mozilla/5.0 (Linux; Android 10; K) AppleWebKit/537.36 (KHTML, like Gecko) Chrome/138.0.0.0 Mobile Safari/537.36"
189.40.70.97 - - [21/Jul/2025:16:03:50 -0300] "GET /mobilePage.png HTTP/1.1" 200 1355793 "https://vacivitta.com.br/" "Mozilla/5.0 (Linux; Android 10; K) AppleWebKit/537.36 (KHTML, like Gecko) Chrome/138.0.0.0 Mobile Safari/537.36"
189.40.70.97 - - [21/Jul/2025:16:03:51 -0300] "GET /4.png HTTP/1.1" 200 1067791 "https://vacivitta.com.br/" "Mozilla/5.0 (Linux; Android 10; K) AppleWebKit/537.36 (KHTML, like Gecko) Chrome/138.0.0.0 Mobile Safari/537.36"
189.40.70.97 - - [21/Jul/2025:16:03:50 -0300] "GET /vaci.jpg HTTP/1.1" 200 155283 "https://vacivitta.com.br/" "Mozilla/5.0 (Linux; Android 10; K) AppleWebKit/537.36 (KHTML, like Gecko) Chrome/138.0.0.0 Mobile Safari/537.36"
189.40.70.97 - - [21/Jul/2025:16:03:50 -0300] "GET /mapa.png HTTP/1.1" 200 1787231 "https://vacivitta.com.br/" "Mozilla/5.0 (Linux; Android 10; K) AppleWebKit/537.36 (KHTML, like Gecko) Chrome/138.0.0.0 Mobile Safari/537.36"
189.40.70.97 - - [21/Jul/2025:16:03:51 -0300] "GET /fts1.png HTTP/1.1" 200 2704287 "https://vacivitta.com.br/" "Mozilla/5.0 (Linux; Android 10; K) AppleWebKit/537.36 (KHTML, like Gecko) Chrome/138.0.0.0 Mobile Safari/537.36"
189.40.70.97 - - [21/Jul/2025:16:03:50 -0300] "GET /1.png HTTP/1.1" 200 1041468 "https://vacivitta.com.br/" "Mozilla/5.0 (Linux; Android 10; K) AppleWebKit/537.36 (KHTML, like Gecko) Chrome/138.0.0.0 Mobile Safari/537.36"
189.40.70.97 - - [21/Jul/2025:16:03:50 -0300] "GET /2.png HTTP/1.1" 200 1052379 "https://vacivitta.com.br/" "Mozilla/5.0 (Linux; Android 10; K) AppleWebKit/537.36 (KHTML, like Gecko) Chrome/138.0.0.0 Mobile Safari/537.36"
189.40.70.97 - - [21/Jul/2025:16:03:52 -0300] "GET /fts3.png HTTP/1.1" 200 798280 "https://vacivitta.com.br/" "Mozilla/5.0 (Linux; Android 10; K) AppleWebKit/537.36 (KHTML, like Gecko) Chrome/138.0.0.0 Mobile Safari/537.36"
189.40.70.97 - - [21/Jul/2025:16:03:50 -0300] "GET /3.png HTTP/1.1" 200 1055246 "https://vacivitta.com.br/" "Mozilla/5.0 (Linux; Android 10; K) AppleWebKit/537.36 (KHTML, like Gecko) Chrome/138.0.0.0 Mobile Safari/537.36"
189.40.70.97 - - [21/Jul/2025:16:03:52 -0300] "GET /walp.png HTTP/1.1" 200 26312 "https://vacivitta.com.br/" "Mozilla/5.0 (Linux; Android 10; K) AppleWebKit/537.36 (KHTML, like Gecko) Chrome/138.0.0.0 Mobile Safari/537.36"
189.40.70.97 - - [21/Jul/2025:16:03:52 -0300] "GET /homePage2.png HTTP/1.1" 200 227246 "https://vacivitta.com.br/" "Mozilla/5.0 (Linux; Android 10; K) AppleWebKit/537.36 (KHTML, like Gecko) Chrome/138.0.0.0 Mobile Safari/537.36"
189.40.70.97 - - [21/Jul/2025:16:03:52 -0300] "GET /video.mp4 HTTP/1.1" 206 154015 "https://vacivitta.com.br/" "Mozilla/5.0 (Linux; Android 10; K) AppleWebKit/537.36 (KHTML, like Gecko) Chrome/138.0.0.0 Mobile Safari/537.36"
189.40.70.97 - - [21/Jul/2025:16:03:51 -0300] "GET /fts2.png HTTP/1.1" 200 2539592 "https://vacivitta.com.br/" "Mozilla/5.0 (Linux; Android 10; K) AppleWebKit/537.36 (KHTML, like Gecko) Chrome/138.0.0.0 Mobile Safari/537.36"
189.40.70.97 - - [21/Jul/2025:16:03:52 -0300] "GET /video.mp4 HTTP/1.1" 206 636967327 "https://vacivitta.com.br/" "Mozilla/5.0 (Linux; Android 10; K) AppleWebKit/537.36 (KHTML, like Gecko) Chrome/138.0.0.0 Mobile Safari/537.36"
189.40.70.97 - - [21/Jul/2025:16:03:52 -0300] "GET /video.mp4 HTTP/1.1" 206 636709424 "https://vacivitta.com.br/" "Mozilla/5.0 (Linux; Android 10; K) AppleWebKit/537.36 (KHTML, like Gecko) Chrome/138.0.0.0 Mobile Safari/537.36"
189.40.70.97 - - [21/Jul/2025:16:03:55 -0300] "GET /video.mp4 HTTP/1.1" 206 635341541 "https://vacivitta.com.br/" "Mozilla/5.0 (Linux; Android 10; K) AppleWebKit/537.36 (KHTML, like Gecko) Chrome/138.0.0.0 Mobile Safari/537.36"
179.215.121.183 - - [21/Jul/2025:16:04:33 -0300] "POST /cpsess0618959862/3rdparty/roundcube/?_task=mail&_action=refresh HTTP/1.1" 200 135 "https://webmail.vacivitta.com.br/cpsess0618959862/3rdparty/roundcube/?_task=mail&_mbox=INBOX" "Mozilla/5.0 (Windows NT 10.0; Win64; x64) AppleWebKit/537.36 (KHTML, like Gecko) Chrome/138.0.0.0 Safari/537.36"
66.249.73.170 - - [21/Jul/2025:16:05:01 -0300] "GET /pcmypage?callback=product/review/takeuchistore-20230607015633-01903 HTTP/1.1" 404 - "-" "Mozilla/5.0 (Linux; Android 6.0.1; Nexus 5X Build/MMB29P) AppleWebKit/537.36 (KHTML, like Gecko) Chrome/137.0.7151.103 Mobile Safari/537.36 (compatible; Googlebot/2.1; +http://www.google.com/bot.html)"
49.13.134.145 - - [21/Jul/2025:16:05:25 -0300] "HEAD / HTTP/1.1" 200 - "https://vacivitta.com.br/" "Mozilla/5.0+(compatible; UptimeRobot/2.0; http://www.uptimerobot.com/)"
179.215.121.183 - - [21/Jul/2025:16:05:33 -0300] "POST /cpsess0618959862/3rdparty/roundcube/?_task=mail&_action=refresh HTTP/1.1" 200 135 "https://webmail.vacivitta.com.br/cpsess0618959862/3rdparty/roundcube/?_task=mail&_mbox=INBOX" "Mozilla/5.0 (Windows NT 10.0; Win64; x64) AppleWebKit/537.36 (KHTML, like Gecko) Chrome/138.0.0.0 Safari/537.36"
66.249.73.168 - - [21/Jul/2025:16:06:01 -0300] "GET /product/edit/mitastore-mts587012-sh-1 HTTP/1.1" 404 - "-" "Mozilla/5.0 (Linux; Android 6.0.1; Nexus 5X Build/MMB29P) AppleWebKit/537.36 (KHTML, like Gecko) Chrome/137.0.7151.103 Mobile Safari/537.36 (compatible; Googlebot/2.1; +http://www.google.com/bot.html)"
179.215.121.183 - - [21/Jul/2025:16:06:33 -0300] "POST /cpsess0618959862/3rdparty/roundcube/?_task=mail&_action=refresh HTTP/1.1" 200 135 "https://webmail.vacivitta.com.br/cpsess0618959862/3rdparty/roundcube/?_task=mail&_mbox=INBOX" "Mozilla/5.0 (Windows NT 10.0; Win64; x64) AppleWebKit/537.36 (KHTML, like Gecko) Chrome/138.0.0.0 Safari/537.36"
179.215.121.183 - - [21/Jul/2025:16:07:33 -0300] "POST /cpsess0618959862/3rdparty/roundcube/?_task=mail&_action=refresh HTTP/1.1" 200 135 "https://webmail.vacivitta.com.br/cpsess0618959862/3rdparty/roundcube/?_task=mail&_mbox=INBOX" "Mozilla/5.0 (Windows NT 10.0; Win64; x64) AppleWebKit/537.36 (KHTML, like Gecko) Chrome/138.0.0.0 Safari/537.36"
179.215.121.183 - - [21/Jul/2025:16:08:33 -0300] "POST /cpsess0618959862/3rdparty/roundcube/?_task=mail&_action=refresh HTTP/1.1" 200 135 "https://webmail.vacivitta.com.br/cpsess0618959862/3rdparty/roundcube/?_task=mail&_mbox=INBOX" "Mozilla/5.0 (Windows NT 10.0; Win64; x64) AppleWebKit/537.36 (KHTML, like Gecko) Chrome/138.0.0.0 Safari/537.36"
66.249.73.170 - - [21/Jul/2025:16:09:01 -0300] "GET /items/rjxht94/2496?key=greet HTTP/1.1" 404 - "-" "Mozilla/5.0 (Linux; Android 6.0.1; Nexus 5X Build/MMB29P) AppleWebKit/537.36 (KHTML, like Gecko) Chrome/137.0.7151.103 Mobile Safari/537.36 (compatible; Googlebot/2.1; +http://www.google.com/bot.html)"
66.249.73.170 - - [21/Jul/2025:16:09:02 -0300] "GET /items/mcamg79/5607?key=journalism HTTP/1.1" 404 - "-" "Mozilla/5.0 (Linux; Android 6.0.1; Nexus 5X Build/MMB29P) AppleWebKit/537.36 (KHTML, like Gecko) Chrome/137.0.7151.103 Mobile Safari/537.36 (compatible; Googlebot/2.1; +http://www.google.com/bot.html)"
179.215.121.183 - - [21/Jul/2025:16:09:33 -0300] "POST /cpsess0618959862/3rdparty/roundcube/?_task=mail&_action=refresh HTTP/1.1" 200 135 "https://webmail.vacivitta.com.br/cpsess0618959862/3rdparty/roundcube/?_task=mail&_mbox=INBOX" "Mozilla/5.0 (Windows NT 10.0; Win64; x64) AppleWebKit/537.36 (KHTML, like Gecko) Chrome/138.0.0.0 Safari/537.36"
49.13.24.81 - - [21/Jul/2025:16:10:28 -0300] "HEAD / HTTP/1.1" 200 - "https://vacivitta.com.br/" "Mozilla/5.0+(compatible; UptimeRobot/2.0; http://www.uptimerobot.com/)"
66.249.73.170 - - [21/Jul/2025:16:10:34 -0300] "GET /products/7yp25864 HTTP/1.1" 404 - "-" "Mozilla/5.0 (Linux; Android 6.0.1; Nexus 5X Build/MMB29P) AppleWebKit/537.36 (KHTML, like Gecko) Chrome/137.0.7151.103 Mobile Safari/537.36 (compatible; Googlebot/2.1; +http://www.google.com/bot.html)"
179.215.121.183 - - [21/Jul/2025:16:10:33 -0300] "POST /cpsess0618959862/3rdparty/roundcube/?_task=mail&_action=refresh HTTP/1.1" 200 135 "https://webmail.vacivitta.com.br/cpsess0618959862/3rdparty/roundcube/?_task=mail&_mbox=INBOX" "Mozilla/5.0 (Windows NT 10.0; Win64; x64) AppleWebKit/537.36 (KHTML, like Gecko) Chrome/138.0.0.0 Safari/537.36"
179.215.121.183 - - [21/Jul/2025:16:11:33 -0300] "POST /cpsess0618959862/3rdparty/roundcube/?_task=mail&_action=refresh HTTP/1.1" 200 135 "https://webmail.vacivitta.com.br/cpsess0618959862/3rdparty/roundcube/?_task=mail&_mbox=INBOX" "Mozilla/5.0 (Windows NT 10.0; Win64; x64) AppleWebKit/537.36 (KHTML, like Gecko) Chrome/138.0.0.0 Safari/537.36"
66.249.73.170 - - [21/Jul/2025:16:11:59 -0300] "GET /items/cuinw70/6372?key=technological HTTP/1.1" 404 - "-" "Mozilla/5.0 (Linux; Android 6.0.1; Nexus 5X Build/MMB29P) AppleWebKit/537.36 (KHTML, like Gecko) Chrome/137.0.7151.103 Mobile Safari/537.36 (compatible; Googlebot/2.1; +http://www.google.com/bot.html)"
179.215.121.183 - - [21/Jul/2025:16:12:33 -0300] "POST /cpsess0618959862/3rdparty/roundcube/?_task=mail&_action=refresh HTTP/1.1" 200 135 "https://webmail.vacivitta.com.br/cpsess0618959862/3rdparty/roundcube/?_task=mail&_mbox=INBOX" "Mozilla/5.0 (Windows NT 10.0; Win64; x64) AppleWebKit/537.36 (KHTML, like Gecko) Chrome/138.0.0.0 Safari/537.36"
179.215.121.183 - - [21/Jul/2025:16:13:33 -0300] "POST /cpsess0618959862/3rdparty/roundcube/?_task=mail&_action=refresh HTTP/1.1" 200 135 "https://webmail.vacivitta.com.br/cpsess0618959862/3rdparty/roundcube/?_task=mail&_mbox=INBOX" "Mozilla/5.0 (Windows NT 10.0; Win64; x64) AppleWebKit/537.36 (KHTML, like Gecko) Chrome/138.0.0.0 Safari/537.36"
66.249.73.168 - - [21/Jul/2025:16:13:59 -0300] "GET /items/kljhx191/30513?key=authorize HTTP/1.1" 404 - "-" "Mozilla/5.0 (Linux; Android 6.0.1; Nexus 5X Build/MMB29P) AppleWebKit/537.36 (KHTML, like Gecko) Chrome/137.0.7151.103 Mobile Safari/537.36 (compatible; Googlebot/2.1; +http://www.google.com/bot.html)"
14.155.206.85 - - [21/Jul/2025:16:14:14 -0300] "GET /robots.txt HTTP/1.1" 404 - "-" "Mozilla/5.0 (Windows NT 10.0; WOW64) AppleWebKit/537.36 (KHTML, like Gecko) Chrome/68.0.2692.105 Safari/537.36 QIHU 360EE"
179.215.121.183 - - [21/Jul/2025:16:14:33 -0300] "POST /cpsess0618959862/3rdparty/roundcube/?_task=mail&_action=refresh HTTP/1.1" 200 135 "https://webmail.vacivitta.com.br/cpsess0618959862/3rdparty/roundcube/?_task=mail&_mbox=INBOX" "Mozilla/5.0 (Windows NT 10.0; Win64; x64) AppleWebKit/537.36 (KHTML, like Gecko) Chrome/138.0.0.0 Safari/537.36"
168.119.53.160 - - [21/Jul/2025:16:15:32 -0300] "HEAD / HTTP/1.1" 200 - "https://vacivitta.com.br/" "Mozilla/5.0+(compatible; UptimeRobot/2.0; http://www.uptimerobot.com/)"
116.76.39.206 - - [21/Jul/2025:16:15:34 -0300] "GET /robots.txt HTTP/1.1" 404 - "-" "Mozilla/5.0 (Windows NT 10.0; WOW64) AppleWebKit/537.36 (KHTML, like Gecko) Chrome/75.0.4380.45 Safari/537.36 SE 2.X MetaSr 1.0"
179.215.121.183 - - [21/Jul/2025:16:15:33 -0300] "POST /cpsess0618959862/3rdparty/roundcube/?_task=mail&_action=refresh HTTP/1.1" 200 135 "https://webmail.vacivitta.com.br/cpsess0618959862/3rdparty/roundcube/?_task=mail&_mbox=INBOX" "Mozilla/5.0 (Windows NT 10.0; Win64; x64) AppleWebKit/537.36 (KHTML, like Gecko) Chrome/138.0.0.0 Safari/537.36"
66.249.73.170 - - [21/Jul/2025:16:16:00 -0300] "GET /pcmypage?callback=product/review/usdm-usdm-0049-998 HTTP/1.1" 404 - "-" "Mozilla/5.0 (Linux; Android 6.0.1; Nexus 5X Build/MMB29P) AppleWebKit/537.36 (KHTML, like Gecko) Chrome/137.0.7151.103 Mobile Safari/537.36 (compatible; Googlebot/2.1; +http://www.google.com/bot.html)"
66.249.73.168 - - [21/Jul/2025:16:16:00 -0300] "GET /items/zkytw32/23120?key=with HTTP/1.1" 404 - "-" "Mozilla/5.0 (Linux; Android 6.0.1; Nexus 5X Build/MMB29P) AppleWebKit/537.36 (KHTML, like Gecko) Chrome/137.0.7151.103 Mobile Safari/537.36 (compatible; Googlebot/2.1; +http://www.google.com/bot.html)"
218.21.89.14 - - [21/Jul/2025:16:16:05 -0300] "POST /wp-comments-post.php HTTP/1.1" 404 - "-" "Mozilla/5.0 (Windows NT 10.0; Win64; x64) AppleWebKit/537.36 (KHTML, like Gecko) Chrome/108.0.0.0 Safari/537.36 Edg/108.0.1462.46"
179.215.121.183 - - [21/Jul/2025:16:16:33 -0300] "POST /cpsess0618959862/3rdparty/roundcube/?_task=mail&_action=refresh HTTP/1.1" 200 135 "https://webmail.vacivitta.com.br/cpsess0618959862/3rdparty/roundcube/?_task=mail&_mbox=INBOX" "Mozilla/5.0 (Windows NT 10.0; Win64; x64) AppleWebKit/537.36 (KHTML, like Gecko) Chrome/138.0.0.0 Safari/537.36"
179.215.121.183 - - [21/Jul/2025:16:17:33 -0300] "POST /cpsess0618959862/3rdparty/roundcube/?_task=mail&_action=refresh HTTP/1.1" 200 135 "https://webmail.vacivitta.com.br/cpsess0618959862/3rdparty/roundcube/?_task=mail&_mbox=INBOX" "Mozilla/5.0 (Windows NT 10.0; Win64; x64) AppleWebKit/537.36 (KHTML, like Gecko) Chrome/138.0.0.0 Safari/537.36"
154.195.122.190 - - [21/Jul/2025:16:17:36 -0300] "GET /contato/ HTTP/1.1" 404 - "-" "Mozilla/5.0 (X11; Linux x86_64) AppleWebKit/537.36 (KHTML, like Gecko) Chrome/114.0.0.0 Safari/537.36 OPR/89.0.4447.51"
154.195.122.190 - - [21/Jul/2025:16:17:36 -0300] "GET / HTTP/1.1" 200 488 "-" "Mozilla/5.0 (X11; Linux x86_64) AppleWebKit/537.36 (KHTML, like Gecko) Chrome/114.0.0.0 Safari/537.36 OPR/89.0.4447.51"
179.215.121.183 - - [21/Jul/2025:16:18:33 -0300] "POST /cpsess0618959862/3rdparty/roundcube/?_task=mail&_action=refresh HTTP/1.1" 200 135 "https://webmail.vacivitta.com.br/cpsess0618959862/3rdparty/roundcube/?_task=mail&_mbox=INBOX" "Mozilla/5.0 (Windows NT 10.0; Win64; x64) AppleWebKit/537.36 (KHTML, like Gecko) Chrome/138.0.0.0 Safari/537.36"
66.249.73.169 - - [21/Jul/2025:16:19:01 -0300] "GET /pcmypage?callback=product/review/plus1tools-amr-09874 HTTP/1.1" 404 - "-" "Mozilla/5.0 (Linux; Android 6.0.1; Nexus 5X Build/MMB29P) AppleWebKit/537.36 (KHTML, like Gecko) Chrome/137.0.7151.103 Mobile Safari/537.36 (compatible; Googlebot/2.1; +http://www.google.com/bot.html)"
179.215.121.183 - - [21/Jul/2025:16:19:33 -0300] "POST /cpsess0618959862/3rdparty/roundcube/?_task=mail&_action=refresh HTTP/1.1" 200 135 "https://webmail.vacivitta.com.br/cpsess0618959862/3rdparty/roundcube/?_task=mail&_mbox=INBOX" "Mozilla/5.0 (Windows NT 10.0; Win64; x64) AppleWebKit/537.36 (KHTML, like Gecko) Chrome/138.0.0.0 Safari/537.36"
128.140.41.193 - - [21/Jul/2025:16:20:35 -0300] "HEAD / HTTP/1.1" 200 - "https://vacivitta.com.br/" "Mozilla/5.0+(compatible; UptimeRobot/2.0; http://www.uptimerobot.com/)"
179.215.121.183 - - [21/Jul/2025:16:20:33 -0300] "POST /cpsess0618959862/3rdparty/roundcube/?_task=mail&_action=refresh HTTP/1.1" 200 135 "https://webmail.vacivitta.com.br/cpsess0618959862/3rdparty/roundcube/?_task=mail&_mbox=INBOX" "Mozilla/5.0 (Windows NT 10.0; Win64; x64) AppleWebKit/537.36 (KHTML, like Gecko) Chrome/138.0.0.0 Safari/537.36"
179.215.121.183 - - [21/Jul/2025:16:21:33 -0300] "POST /cpsess0618959862/3rdparty/roundcube/?_task=mail&_action=refresh HTTP/1.1" 200 135 "https://webmail.vacivitta.com.br/cpsess0618959862/3rdparty/roundcube/?_task=mail&_mbox=INBOX" "Mozilla/5.0 (Windows NT 10.0; Win64; x64) AppleWebKit/537.36 (KHTML, like Gecko) Chrome/138.0.0.0 Safari/537.36"
66.249.73.169 - - [21/Jul/2025:16:22:01 -0300] "GET /zhHant/product/surugaya/twilight-shop-20190412153807-00267-b?campaign_uid=f64d716db5e979ed2f947dbaf4296895b951ae7f HTTP/1.1" 404 - "-" "Mozilla/5.0 (Linux; Android 6.0.1; Nexus 5X Build/MMB29P) AppleWebKit/537.36 (KHTML, like Gecko) Chrome/137.0.7151.103 Mobile Safari/537.36 (compatible; Googlebot/2.1; +http://www.google.com/bot.html)"
66.249.73.168 - - [21/Jul/2025:16:22:02 -0300] "GET /pcmypage?callback=product/review/miyaji-onlineshop-sr19-7253 HTTP/1.1" 404 - "-" "Mozilla/5.0 (Linux; Android 6.0.1; Nexus 5X Build/MMB29P) AppleWebKit/537.36 (KHTML, like Gecko) Chrome/137.0.7151.103 Mobile Safari/537.36 (compatible; Googlebot/2.1; +http://www.google.com/bot.html)"
179.215.121.183 - - [21/Jul/2025:16:22:33 -0300] "POST /cpsess0618959862/3rdparty/roundcube/?_task=mail&_action=refresh HTTP/1.1" 200 135 "https://webmail.vacivitta.com.br/cpsess0618959862/3rdparty/roundcube/?_task=mail&_mbox=INBOX" "Mozilla/5.0 (Windows NT 10.0; Win64; x64) AppleWebKit/537.36 (KHTML, like Gecko) Chrome/138.0.0.0 Safari/537.36"
179.215.121.183 - - [21/Jul/2025:16:23:33 -0300] "POST /cpsess0618959862/3rdparty/roundcube/?_task=mail&_action=refresh HTTP/1.1" 200 135 "https://webmail.vacivitta.com.br/cpsess0618959862/3rdparty/roundcube/?_task=mail&_mbox=INBOX" "Mozilla/5.0 (Windows NT 10.0; Win64; x64) AppleWebKit/537.36 (KHTML, like Gecko) Chrome/138.0.0.0 Safari/537.36"
204.12.252.98 - - [21/Jul/2025:16:24:20 -0300] "GET /wp-content/edit.php HTTP/1.1" 404 - "https://vacivitta.com.br/wp-content/edit.php" "Mozilla/5.0 (Windows NT 10.0; Win64; x64) AppleWebKit/537.36 (KHTML, like Gecko) Chrome/58.0.3029.110 Safari/537.3"
179.215.121.183 - - [21/Jul/2025:16:24:33 -0300] "POST /cpsess0618959862/3rdparty/roundcube/?_task=mail&_action=refresh HTTP/1.1" 200 135 "https://webmail.vacivitta.com.br/cpsess0618959862/3rdparty/roundcube/?_task=mail&_mbox=INBOX" "Mozilla/5.0 (Windows NT 10.0; Win64; x64) AppleWebKit/537.36 (KHTML, like Gecko) Chrome/138.0.0.0 Safari/537.36"
66.249.73.170 - - [21/Jul/2025:16:25:02 -0300] "GET /safe_search/config?return_url=%2Fproduct%2Fdetail%2Fmautogallery-mm022b-1770-1145-21550-ne3p HTTP/1.1" 404 - "-" "Mozilla/5.0 (Linux; Android 6.0.1; Nexus 5X Build/MMB29P) AppleWebKit/537.36 (KHTML, like Gecko) Chrome/137.0.7151.103 Mobile Safari/537.36 (compatible; Googlebot/2.1; +http://www.google.com/bot.html)"
78.47.98.55 - - [21/Jul/2025:16:25:38 -0300] "HEAD / HTTP/1.1" 200 - "https://vacivitta.com.br/" "Mozilla/5.0+(compatible; UptimeRobot/2.0; http://www.uptimerobot.com/)"
179.215.121.183 - - [21/Jul/2025:16:25:33 -0300] "POST /cpsess0618959862/3rdparty/roundcube/?_task=mail&_action=refresh HTTP/1.1" 200 135 "https://webmail.vacivitta.com.br/cpsess0618959862/3rdparty/roundcube/?_task=mail&_mbox=INBOX" "Mozilla/5.0 (Windows NT 10.0; Win64; x64) AppleWebKit/537.36 (KHTML, like Gecko) Chrome/138.0.0.0 Safari/537.36"
179.215.121.183 - - [21/Jul/2025:16:26:33 -0300] "POST /cpsess0618959862/3rdparty/roundcube/?_task=mail&_action=refresh HTTP/1.1" 200 135 "https://webmail.vacivitta.com.br/cpsess0618959862/3rdparty/roundcube/?_task=mail&_mbox=INBOX" "Mozilla/5.0 (Windows NT 10.0; Win64; x64) AppleWebKit/537.36 (KHTML, like Gecko) Chrome/138.0.0.0 Safari/537.36"
179.215.121.183 - - [21/Jul/2025:16:27:21 -0300] "POST /cpsess0618959862/3rdparty/roundcube/?_task=mail&_action=refresh HTTP/1.1" 200 135 "https://webmail.vacivitta.com.br/cpsess0618959862/3rdparty/roundcube/?_task=mail&_mbox=INBOX" "Mozilla/5.0 (Windows NT 10.0; Win64; x64) AppleWebKit/537.36 (KHTML, like Gecko) Chrome/138.0.0.0 Safari/537.36"
3.236.157.71 - - [21/Jul/2025:16:27:25 -0300] "GET / HTTP/1.1" 200 488 "https://vacivitta.com.br" "Mozilla/5.0 (Macintosh; Intel Mac OS X 10_15_7) AppleWebKit/605.1.15 (KHTML, like Gecko) Version/15.1 Safari/605.1.15"
179.215.121.183 - - [21/Jul/2025:16:28:14 -0300] "POST /cpsess0618959862/3rdparty/roundcube/?_task=mail&_action=refresh HTTP/1.1" 200 135 "https://webmail.vacivitta.com.br/cpsess0618959862/3rdparty/roundcube/?_task=mail&_mbox=INBOX" "Mozilla/5.0 (Windows NT 10.0; Win64; x64) AppleWebKit/537.36 (KHTML, like Gecko) Chrome/138.0.0.0 Safari/537.36"
179.215.121.183 - - [21/Jul/2025:16:29:14 -0300] "POST /cpsess0618959862/3rdparty/roundcube/?_task=mail&_action=refresh HTTP/1.1" 200 135 "https://webmail.vacivitta.com.br/cpsess0618959862/3rdparty/roundcube/?_task=mail&_mbox=INBOX" "Mozilla/5.0 (Windows NT 10.0; Win64; x64) AppleWebKit/537.36 (KHTML, like Gecko) Chrome/138.0.0.0 Safari/537.36"
179.215.121.183 - - [21/Jul/2025:16:30:14 -0300] "POST /cpsess0618959862/3rdparty/roundcube/?_task=mail&_action=refresh HTTP/1.1" 200 135 "https://webmail.vacivitta.com.br/cpsess0618959862/3rdparty/roundcube/?_task=mail&_mbox=INBOX" "Mozilla/5.0 (Windows NT 10.0; Win64; x64) AppleWebKit/537.36 (KHTML, like Gecko) Chrome/138.0.0.0 Safari/537.36"
78.47.98.55 - - [21/Jul/2025:16:30:43 -0300] "HEAD / HTTP/1.1" 200 - "https://vacivitta.com.br/" "Mozilla/5.0+(compatible; UptimeRobot/2.0; http://www.uptimerobot.com/)"
179.215.121.183 - - [21/Jul/2025:16:31:22 -0300] "POST /cpsess0618959862/3rdparty/roundcube/?_task=mail&_action=refresh HTTP/1.1" 200 135 "https://webmail.vacivitta.com.br/cpsess0618959862/3rdparty/roundcube/?_task=mail&_mbox=INBOX" "Mozilla/5.0 (Windows NT 10.0; Win64; x64) AppleWebKit/537.36 (KHTML, like Gecko) Chrome/138.0.0.0 Safari/537.36"
179.215.121.183 - - [21/Jul/2025:16:32:23 -0300] "POST /cpsess0618959862/3rdparty/roundcube/?_task=mail&_action=refresh HTTP/1.1" 200 135 "https://webmail.vacivitta.com.br/cpsess0618959862/3rdparty/roundcube/?_task=mail&_mbox=INBOX" "Mozilla/5.0 (Windows NT 10.0; Win64; x64) AppleWebKit/537.36 (KHTML, like Gecko) Chrome/138.0.0.0 Safari/537.36"
216.81.248.38 - - [21/Jul/2025:16:33:17 -0300] "GET /.git/config HTTP/1.1" 404 - "-" "Mozilla/5.0 (X11; Linux x86_64) AppleWebKit/537.36 (KHTML, like Gecko) Chrome/75.0.3770.90 Safari/537.36"
57.129.15.220 - - [21/Jul/2025:16:33:25 -0300] "GET /wp-content/uploads/vacivitta/A7304268.webp HTTP/1.1" 404 - "-" "Mozilla/5.0 (Windows NT 10.0; Win64; x64) AppleWebKit/537.36 (KHTML, like Gecko) Chrome/138.0.0.0 Safari/537.36"
78.47.113.87 - - [21/Jul/2025:16:33:25 -0300] "GET /wp-content/uploads/vacivitta/A7304268.webp HTTP/1.1" 404 - "-" "Mozilla/5.0 (Windows NT 10.0; Win64; x64) AppleWebKit/537.36 (KHTML, like Gecko) Chrome/138.0.0.0 Safari/537.36"
179.215.121.183 - - [21/Jul/2025:16:33:24 -0300] "POST /cpsess0618959862/3rdparty/roundcube/?_task=mail&_action=refresh HTTP/1.1" 200 135 "https://webmail.vacivitta.com.br/cpsess0618959862/3rdparty/roundcube/?_task=mail&_mbox=INBOX" "Mozilla/5.0 (Windows NT 10.0; Win64; x64) AppleWebKit/537.36 (KHTML, like Gecko) Chrome/138.0.0.0 Safari/537.36"
91.107.231.208 - - [21/Jul/2025:16:33:35 -0300] "GET /wp-content/uploads/vacivitta/A7304268.webp HTTP/1.1" 404 - "-" "Mozilla/5.0 (Windows NT 10.0; Win64; x64) AppleWebKit/537.36 (KHTML, like Gecko) Chrome/138.0.0.0 Safari/537.36"
135.148.121.8 - - [21/Jul/2025:16:33:35 -0300] "GET /wp-content/uploads/vacivitta/A7304268.webp HTTP/1.1" 404 - "-" "Mozilla/5.0 (Windows NT 10.0; Win64; x64) AppleWebKit/537.36 (KHTML, like Gecko) Chrome/138.0.0.0 Safari/537.36"
66.249.73.170 - - [21/Jul/2025:16:34:04 -0300] "GET /pcmypage?callback=/product%2Fdetail%2utilityfactory-20230705165146-00866 HTTP/1.1" 404 - "-" "Mozilla/5.0 (Linux; Android 6.0.1; Nexus 5X Build/MMB29P) AppleWebKit/537.36 (KHTML, like Gecko) Chrome/137.0.7151.103 Mobile Safari/537.36 (compatible; Googlebot/2.1; +http://www.google.com/bot.html)"
179.215.121.183 - - [21/Jul/2025:16:34:33 -0300] "POST /cpsess0618959862/3rdparty/roundcube/?_task=mail&_action=refresh HTTP/1.1" 200 135 "https://webmail.vacivitta.com.br/cpsess0618959862/3rdparty/roundcube/?_task=mail&_mbox=INBOX" "Mozilla/5.0 (Windows NT 10.0; Win64; x64) AppleWebKit/537.36 (KHTML, like Gecko) Chrome/138.0.0.0 Safari/537.36"
66.249.73.170 - - [21/Jul/2025:16:35:04 -0300] "GET /pcmypage?callback=product%2Fdetail%2Fmproshop-03594855-001 HTTP/1.1" 404 - "-" "Mozilla/5.0 (Linux; Android 6.0.1; Nexus 5X Build/MMB29P) AppleWebKit/537.36 (KHTML, like Gecko) Chrome/137.0.7151.103 Mobile Safari/537.36 (compatible; Googlebot/2.1; +http://www.google.com/bot.html)"
66.249.73.169 - - [21/Jul/2025:16:35:04 -0300] "GET /items/egaiu43/37049?key=marry HTTP/1.1" 404 - "-" "Mozilla/5.0 (Linux; Android 6.0.1; Nexus 5X Build/MMB29P) AppleWebKit/537.36 (KHTML, like Gecko) Chrome/137.0.7151.103 Mobile Safari/537.36 (compatible; Googlebot/2.1; +http://www.google.com/bot.html)"
179.215.121.183 - - [21/Jul/2025:16:35:33 -0300] "POST /cpsess0618959862/3rdparty/roundcube/?_task=mail&_action=refresh HTTP/1.1" 200 135 "https://webmail.vacivitta.com.br/cpsess0618959862/3rdparty/roundcube/?_task=mail&_mbox=INBOX" "Mozilla/5.0 (Windows NT 10.0; Win64; x64) AppleWebKit/537.36 (KHTML, like Gecko) Chrome/138.0.0.0 Safari/537.36"
49.13.167.123 - - [21/Jul/2025:16:35:46 -0300] "HEAD / HTTP/1.1" 200 - "https://vacivitta.com.br/" "Mozilla/5.0+(compatible; UptimeRobot/2.0; http://www.uptimerobot.com/)"
179.215.121.183 - - [21/Jul/2025:16:36:33 -0300] "POST /cpsess0618959862/3rdparty/roundcube/?_task=mail&_action=refresh HTTP/1.1" 200 135 "https://webmail.vacivitta.com.br/cpsess0618959862/3rdparty/roundcube/?_task=mail&_mbox=INBOX" "Mozilla/5.0 (Windows NT 10.0; Win64; x64) AppleWebKit/537.36 (KHTML, like Gecko) Chrome/138.0.0.0 Safari/537.36"
179.215.121.183 - - [21/Jul/2025:16:37:33 -0300] "POST /cpsess0618959862/3rdparty/roundcube/?_task=mail&_action=refresh HTTP/1.1" 200 135 "https://webmail.vacivitta.com.br/cpsess0618959862/3rdparty/roundcube/?_task=mail&_mbox=INBOX" "Mozilla/5.0 (Windows NT 10.0; Win64; x64) AppleWebKit/537.36 (KHTML, like Gecko) Chrome/138.0.0.0 Safari/537.36"
82.147.85.86 - - [21/Jul/2025:16:38:27 -0300] "GET /blog/ HTTP/1.0" 404 - "https://vacivitta.com.br/blog/" "Mozilla/5.0 (Windows NT 10.0; Win64; x64) AppleWebKit/537.36 (KHTML, like Gecko) Chrome/129.0.0.0 Safari/537.36"
82.147.85.86 - - [21/Jul/2025:16:38:28 -0300] "GET / HTTP/1.0" 200 488 "https://vacivitta.com.br/" "Mozilla/5.0 (Windows NT 10.0; Win64; x64) AppleWebKit/537.36 (KHTML, like Gecko) Chrome/129.0.0.0 Safari/537.36"
66.249.73.170 - - [21/Jul/2025:16:38:32 -0300] "GET /items/krkmi99/13933?key=residential HTTP/1.1" 404 - "-" "Mozilla/5.0 (Linux; Android 6.0.1; Nexus 5X Build/MMB29P) AppleWebKit/537.36 (KHTML, like Gecko) Chrome/137.0.7151.103 Mobile Safari/537.36 (compatible; Googlebot/2.1; +http://www.google.com/bot.html)"
179.215.121.183 - - [21/Jul/2025:16:38:33 -0300] "POST /cpsess0618959862/3rdparty/roundcube/?_task=mail&_action=refresh HTTP/1.1" 200 135 "https://webmail.vacivitta.com.br/cpsess0618959862/3rdparty/roundcube/?_task=mail&_mbox=INBOX" "Mozilla/5.0 (Windows NT 10.0; Win64; x64) AppleWebKit/537.36 (KHTML, like Gecko) Chrome/138.0.0.0 Safari/537.36"
179.215.121.183 - - [21/Jul/2025:16:39:33 -0300] "POST /cpsess0618959862/3rdparty/roundcube/?_task=mail&_action=refresh HTTP/1.1" 200 135 "https://webmail.vacivitta.com.br/cpsess0618959862/3rdparty/roundcube/?_task=mail&_mbox=INBOX" "Mozilla/5.0 (Windows NT 10.0; Win64; x64) AppleWebKit/537.36 (KHTML, like Gecko) Chrome/138.0.0.0 Safari/537.36"
179.215.121.183 - - [21/Jul/2025:16:40:33 -0300] "POST /cpsess0618959862/3rdparty/roundcube/?_task=mail&_action=refresh HTTP/1.1" 200 135 "https://webmail.vacivitta.com.br/cpsess0618959862/3rdparty/roundcube/?_task=mail&_mbox=INBOX" "Mozilla/5.0 (Windows NT 10.0; Win64; x64) AppleWebKit/537.36 (KHTML, like Gecko) Chrome/138.0.0.0 Safari/537.36"
78.47.173.76 - - [21/Jul/2025:16:40:50 -0300] "HEAD / HTTP/1.1" 200 - "https://vacivitta.com.br/" "Mozilla/5.0+(compatible; UptimeRobot/2.0; http://www.uptimerobot.com/)"
66.249.73.169 - - [21/Jul/2025:16:41:01 -0300] "GET /product/edit/iisakura39-pana2018lighting-133-q HTTP/1.1" 404 - "-" "Mozilla/5.0 (Linux; Android 6.0.1; Nexus 5X Build/MMB29P) AppleWebKit/537.36 (KHTML, like Gecko) Chrome/137.0.7151.103 Mobile Safari/537.36 (compatible; Googlebot/2.1; +http://www.google.com/bot.html)"
66.249.73.168 - - [21/Jul/2025:16:41:04 -0300] "GET /products/193rt27434 HTTP/1.1" 404 - "-" "Mozilla/5.0 (Linux; Android 6.0.1; Nexus 5X Build/MMB29P) AppleWebKit/537.36 (KHTML, like Gecko) Chrome/137.0.7151.103 Mobile Safari/537.36 (compatible; Googlebot/2.1; +http://www.google.com/bot.html)"
179.215.121.183 - - [21/Jul/2025:16:41:33 -0300] "POST /cpsess0618959862/3rdparty/roundcube/?_task=mail&_action=refresh HTTP/1.1" 200 135 "https://webmail.vacivitta.com.br/cpsess0618959862/3rdparty/roundcube/?_task=mail&_mbox=INBOX" "Mozilla/5.0 (Windows NT 10.0; Win64; x64) AppleWebKit/537.36 (KHTML, like Gecko) Chrome/138.0.0.0 Safari/537.36"
113.15.121.177 - - [21/Jul/2025:16:41:56 -0300] "POST /wp-comments-post.php HTTP/1.1" 404 - "-" "Mozilla/5.0 (Windows NT 10.0; Win64; x64) AppleWebKit/537.36 (KHTML, like Gecko) Chrome/108.0.0.0 Safari/537.36 Edg/108.0.1462.46"
179.215.121.183 - - [21/Jul/2025:16:42:33 -0300] "POST /cpsess0618959862/3rdparty/roundcube/?_task=mail&_action=refresh HTTP/1.1" 200 135 "https://webmail.vacivitta.com.br/cpsess0618959862/3rdparty/roundcube/?_task=mail&_mbox=INBOX" "Mozilla/5.0 (Windows NT 10.0; Win64; x64) AppleWebKit/537.36 (KHTML, like Gecko) Chrome/138.0.0.0 Safari/537.36"
179.215.121.183 - - [21/Jul/2025:16:43:33 -0300] "POST /cpsess0618959862/3rdparty/roundcube/?_task=mail&_action=refresh HTTP/1.1" 200 135 "https://webmail.vacivitta.com.br/cpsess0618959862/3rdparty/roundcube/?_task=mail&_mbox=INBOX" "Mozilla/5.0 (Windows NT 10.0; Win64; x64) AppleWebKit/537.36 (KHTML, like Gecko) Chrome/138.0.0.0 Safari/537.36"
66.249.73.170 - - [21/Jul/2025:16:44:04 -0300] "GET /pcmypage?callback=product/review/edenki-ed2806640 HTTP/1.1" 404 - "-" "Mozilla/5.0 (Linux; Android 6.0.1; Nexus 5X Build/MMB29P) AppleWebKit/537.36 (KHTML, like Gecko) Chrome/137.0.7151.103 Mobile Safari/537.36 (compatible; Googlebot/2.1; +http://www.google.com/bot.html)"
179.215.121.183 - - [21/Jul/2025:16:44:33 -0300] "POST /cpsess0618959862/3rdparty/roundcube/?_task=mail&_action=refresh HTTP/1.1" 200 135 "https://webmail.vacivitta.com.br/cpsess0618959862/3rdparty/roundcube/?_task=mail&_mbox=INBOX" "Mozilla/5.0 (Windows NT 10.0; Win64; x64) AppleWebKit/537.36 (KHTML, like Gecko) Chrome/138.0.0.0 Safari/537.36"
204.12.252.98 - - [21/Jul/2025:16:44:56 -0300] "GET /wp-content/edit.php HTTP/1.1" 404 - "https://vacivitta.com.br/wp-content/edit.php" "Mozilla/5.0 (Windows NT 10.0; Win64; x64) AppleWebKit/537.36 (KHTML, like Gecko) Chrome/58.0.3029.110 Safari/537.3"
179.215.121.183 - - [21/Jul/2025:16:45:33 -0300] "POST /cpsess0618959862/3rdparty/roundcube/?_task=mail&_action=refresh HTTP/1.1" 200 135 "https://webmail.vacivitta.com.br/cpsess0618959862/3rdparty/roundcube/?_task=mail&_mbox=INBOX" "Mozilla/5.0 (Windows NT 10.0; Win64; x64) AppleWebKit/537.36 (KHTML, like Gecko) Chrome/138.0.0.0 Safari/537.36"
168.119.123.75 - - [21/Jul/2025:16:45:54 -0300] "HEAD / HTTP/1.1" 200 - "https://vacivitta.com.br/" "Mozilla/5.0+(compatible; UptimeRobot/2.0; http://www.uptimerobot.com/)"
66.249.73.168 - - [21/Jul/2025:16:46:04 -0300] "GET /pcmypage?callback=/product%2Fdetail%2Csj2-kcn2403190486 HTTP/1.1" 404 - "-" "Mozilla/5.0 (Linux; Android 6.0.1; Nexus 5X Build/MMB29P) AppleWebKit/537.36 (KHTML, like Gecko) Chrome/137.0.7151.103 Mobile Safari/537.36 (compatible; Googlebot/2.1; +http://www.google.com/bot.html)"
179.215.121.183 - - [21/Jul/2025:16:46:33 -0300] "POST /cpsess0618959862/3rdparty/roundcube/?_task=mail&_action=refresh HTTP/1.1" 200 135 "https://webmail.vacivitta.com.br/cpsess0618959862/3rdparty/roundcube/?_task=mail&_mbox=INBOX" "Mozilla/5.0 (Windows NT 10.0; Win64; x64) AppleWebKit/537.36 (KHTML, like Gecko) Chrome/138.0.0.0 Safari/537.36"
66.249.73.169 - - [21/Jul/2025:16:47:05 -0300] "GET /product/edit/vigoras-33-2359-3 HTTP/1.1" 404 - "-" "Mozilla/5.0 (Linux; Android 6.0.1; Nexus 5X Build/MMB29P) AppleWebKit/537.36 (KHTML, like Gecko) Chrome/137.0.7151.103 Mobile Safari/537.36 (compatible; Googlebot/2.1; +http://www.google.com/bot.html)"
34.82.229.110 - - [21/Jul/2025:16:47:34 -0300] "HEAD /wordpress HTTP/1.1" 404 - "http://vacivitta.com.br/wordpress" "Mozilla/5.0 (Windows NT 10.0; Win64; x64) AppleWebKit/537.36 (KHTML, like Gecko) Chrome/74.0.3729.169 Safari/537.36"
34.82.229.110 - - [21/Jul/2025:16:47:34 -0300] "HEAD / HTTP/1.1" 200 - "http://vacivitta.com.br/" "Mozilla/5.0 (Windows NT 10.0; Win64; x64) AppleWebKit/537.36 (KHTML, like Gecko) Chrome/74.0.3729.169 Safari/537.36"
34.82.229.110 - - [21/Jul/2025:16:47:34 -0300] "HEAD /wp HTTP/1.1" 404 - "http://vacivitta.com.br/wp" "Mozilla/5.0 (Windows NT 10.0; Win64; x64) AppleWebKit/537.36 (KHTML, like Gecko) Chrome/74.0.3729.169 Safari/537.36"
34.82.229.110 - - [21/Jul/2025:16:47:34 -0300] "HEAD /bc HTTP/1.1" 404 - "http://vacivitta.com.br/bc" "Mozilla/5.0 (Windows NT 10.0; Win64; x64) AppleWebKit/537.36 (KHTML, like Gecko) Chrome/74.0.3729.169 Safari/537.36"
34.82.229.110 - - [21/Jul/2025:16:47:34 -0300] "HEAD /bk HTTP/1.1" 404 - "http://vacivitta.com.br/bk" "Mozilla/5.0 (Windows NT 10.0; Win64; x64) AppleWebKit/537.36 (KHTML, like Gecko) Chrome/74.0.3729.169 Safari/537.36"
34.82.229.110 - - [21/Jul/2025:16:47:34 -0300] "HEAD /backup HTTP/1.1" 404 - "http://vacivitta.com.br/backup" "Mozilla/5.0 (Windows NT 10.0; Win64; x64) AppleWebKit/537.36 (KHTML, like Gecko) Chrome/74.0.3729.169 Safari/537.36"
34.82.229.110 - - [21/Jul/2025:16:47:34 -0300] "HEAD /old HTTP/1.1" 404 - "http://vacivitta.com.br/old" "Mozilla/5.0 (Windows NT 10.0; Win64; x64) AppleWebKit/537.36 (KHTML, like Gecko) Chrome/74.0.3729.169 Safari/537.36"
34.82.229.110 - - [21/Jul/2025:16:47:34 -0300] "HEAD /new HTTP/1.1" 404 - "http://vacivitta.com.br/new" "Mozilla/5.0 (Windows NT 10.0; Win64; x64) AppleWebKit/537.36 (KHTML, like Gecko) Chrome/74.0.3729.169 Safari/537.36"
34.82.229.110 - - [21/Jul/2025:16:47:34 -0300] "HEAD /main HTTP/1.1" 404 - "http://vacivitta.com.br/main" "Mozilla/5.0 (Windows NT 10.0; Win64; x64) AppleWebKit/537.36 (KHTML, like Gecko) Chrome/74.0.3729.169 Safari/537.36"
34.82.229.110 - - [21/Jul/2025:16:47:34 -0300] "HEAD /home HTTP/1.1" 404 - "http://vacivitta.com.br/home" "Mozilla/5.0 (Windows NT 10.0; Win64; x64) AppleWebKit/537.36 (KHTML, like Gecko) Chrome/74.0.3729.169 Safari/537.36"
179.215.121.183 - - [21/Jul/2025:16:47:33 -0300] "POST /cpsess0618959862/3rdparty/roundcube/?_task=mail&_action=refresh HTTP/1.1" 200 135 "https://webmail.vacivitta.com.br/cpsess0618959862/3rdparty/roundcube/?_task=mail&_mbox=INBOX" "Mozilla/5.0 (Windows NT 10.0; Win64; x64) AppleWebKit/537.36 (KHTML, like Gecko) Chrome/138.0.0.0 Safari/537.36"
179.215.121.183 - - [21/Jul/2025:16:48:33 -0300] "POST /cpsess0618959862/3rdparty/roundcube/?_task=mail&_action=refresh HTTP/1.1" 200 135 "https://webmail.vacivitta.com.br/cpsess0618959862/3rdparty/roundcube/?_task=mail&_mbox=INBOX" "Mozilla/5.0 (Windows NT 10.0; Win64; x64) AppleWebKit/537.36 (KHTML, like Gecko) Chrome/138.0.0.0 Safari/537.36"
179.215.121.183 - - [21/Jul/2025:16:49:33 -0300] "POST /cpsess0618959862/3rdparty/roundcube/?_task=mail&_action=refresh HTTP/1.1" 200 135 "https://webmail.vacivitta.com.br/cpsess0618959862/3rdparty/roundcube/?_task=mail&_mbox=INBOX" "Mozilla/5.0 (Windows NT 10.0; Win64; x64) AppleWebKit/537.36 (KHTML, like Gecko) Chrome/138.0.0.0 Safari/537.36"
179.215.121.183 - - [21/Jul/2025:16:50:33 -0300] "POST /cpsess0618959862/3rdparty/roundcube/?_task=mail&_action=refresh HTTP/1.1" 200 135 "https://webmail.vacivitta.com.br/cpsess0618959862/3rdparty/roundcube/?_task=mail&_mbox=INBOX" "Mozilla/5.0 (Windows NT 10.0; Win64; x64) AppleWebKit/537.36 (KHTML, like Gecko) Chrome/138.0.0.0 Safari/537.36"
