189.113.36.218 - - [20/Jul/2025:16:26:53 -0300] "GET /assets/index-g8aW3Zx-.css HTTP/1.1" 200 2311 "https://vacivitta.com.br/" "Mozilla/5.0 (Windows NT 10.0; Win64; x64) AppleWebKit/537.36 (KHTML, like Gecko) Chrome/138.0.0.0 Safari/537.36"
189.113.36.218 - - [20/Jul/2025:16:26:53 -0300] "GET /assets/index-BZLUkikW.js HTTP/1.1" 200 923512 "https://vacivitta.com.br/" "Mozilla/5.0 (Windows NT 10.0; Win64; x64) AppleWebKit/537.36 (KHTML, like Gecko) Chrome/138.0.0.0 Safari/537.36"
189.113.36.218 - - [20/Jul/2025:16:26:55 -0300] "GET /logo.png HTTP/1.1" 200 25613 "https://vacivitta.com.br/" "Mozilla/5.0 (Windows NT 10.0; Win64; x64) AppleWebKit/537.36 (KHTML, like Gecko) Chrome/138.0.0.0 Safari/537.36"
189.113.36.218 - - [20/Jul/2025:16:26:55 -0300] "GET /homePage.png HTTP/1.1" 200 1495045 "https://vacivitta.com.br/" "Mozilla/5.0 (Windows NT 10.0; Win64; x64) AppleWebKit/537.36 (KHTML, like Gecko) Chrome/138.0.0.0 Safari/537.36"
189.113.36.218 - - [20/Jul/2025:16:26:55 -0300] "GET /vaci.jpg HTTP/1.1" 200 155283 "https://vacivitta.com.br/" "Mozilla/5.0 (Windows NT 10.0; Win64; x64) AppleWebKit/537.36 (KHTML, like Gecko) Chrome/138.0.0.0 Safari/537.36"
189.113.36.218 - - [20/Jul/2025:16:26:55 -0300] "GET /1.png HTTP/1.1" 200 1041468 "https://vacivitta.com.br/" "Mozilla/5.0 (Windows NT 10.0; Win64; x64) AppleWebKit/537.36 (KHTML, like Gecko) Chrome/138.0.0.0 Safari/537.36"
189.113.36.218 - - [20/Jul/2025:16:26:58 -0300] "GET /fts1.png HTTP/1.1" 200 2704287 "https://vacivitta.com.br/" "Mozilla/5.0 (Windows NT 10.0; Win64; x64) AppleWebKit/537.36 (KHTML, like Gecko) Chrome/138.0.0.0 Safari/537.36"
189.113.36.218 - - [20/Jul/2025:16:26:57 -0300] "GET /4.png HTTP/1.1" 200 1067791 "https://vacivitta.com.br/" "Mozilla/5.0 (Windows NT 10.0; Win64; x64) AppleWebKit/537.36 (KHTML, like Gecko) Chrome/138.0.0.0 Safari/537.36"
189.113.36.218 - - [20/Jul/2025:16:27:03 -0300] "GET /homePage2.png HTTP/1.1" 200 227246 "https://vacivitta.com.br/" "Mozilla/5.0 (Windows NT 10.0; Win64; x64) AppleWebKit/537.36 (KHTML, like Gecko) Chrome/138.0.0.0 Safari/537.36"
189.113.36.218 - - [20/Jul/2025:16:26:55 -0300] "GET /mapa.png HTTP/1.1" 200 1787231 "https://vacivitta.com.br/" "Mozilla/5.0 (Windows NT 10.0; Win64; x64) AppleWebKit/537.36 (KHTML, like Gecko) Chrome/138.0.0.0 Safari/537.36"
189.113.36.218 - - [20/Jul/2025:16:26:55 -0300] "GET /2.png HTTP/1.1" 200 1052379 "https://vacivitta.com.br/" "Mozilla/5.0 (Windows NT 10.0; Win64; x64) AppleWebKit/537.36 (KHTML, like Gecko) Chrome/138.0.0.0 Safari/537.36"
189.113.36.218 - - [20/Jul/2025:16:27:05 -0300] "GET /fts3.png HTTP/1.1" 200 798280 "https://vacivitta.com.br/" "Mozilla/5.0 (Windows NT 10.0; Win64; x64) AppleWebKit/537.36 (KHTML, like Gecko) Chrome/138.0.0.0 Safari/537.36"
189.113.36.218 - - [20/Jul/2025:16:27:05 -0300] "GET /walp.png HTTP/1.1" 200 26312 "https://vacivitta.com.br/" "Mozilla/5.0 (Windows NT 10.0; Win64; x64) AppleWebKit/537.36 (KHTML, like Gecko) Chrome/138.0.0.0 Safari/537.36"
189.113.36.218 - - [20/Jul/2025:16:27:06 -0300] "GET /video.mp4 HTTP/1.1" 206 636967327 "https://vacivitta.com.br/" "Mozilla/5.0 (Windows NT 10.0; Win64; x64) AppleWebKit/537.36 (KHTML, like Gecko) Chrome/138.0.0.0 Safari/537.36"
189.113.36.218 - - [20/Jul/2025:16:27:06 -0300] "GET /video.mp4 HTTP/1.1" 206 154015 "https://vacivitta.com.br/" "Mozilla/5.0 (Windows NT 10.0; Win64; x64) AppleWebKit/537.36 (KHTML, like Gecko) Chrome/138.0.0.0 Safari/537.36"
189.113.36.218 - - [20/Jul/2025:16:27:05 -0300] "GET /fts2.png HTTP/1.1" 200 2539592 "https://vacivitta.com.br/" "Mozilla/5.0 (Windows NT 10.0; Win64; x64) AppleWebKit/537.36 (KHTML, like Gecko) Chrome/138.0.0.0 Safari/537.36"
189.113.36.218 - - [20/Jul/2025:16:27:08 -0300] "GET /video.mp4 HTTP/1.1" 206 636757424 "https://vacivitta.com.br/" "Mozilla/5.0 (Windows NT 10.0; Win64; x64) AppleWebKit/537.36 (KHTML, like Gecko) Chrome/138.0.0.0 Safari/537.36"
189.113.36.218 - - [20/Jul/2025:16:26:56 -0300] "GET /3.png HTTP/1.1" 200 1055246 "https://vacivitta.com.br/" "Mozilla/5.0 (Windows NT 10.0; Win64; x64) AppleWebKit/537.36 (KHTML, like Gecko) Chrome/138.0.0.0 Safari/537.36"
66.249.73.170 - - [20/Jul/2025:16:28:45 -0300] "GET /pcmypage?callback=product/review/jiatentusa-20230912190835-00334 HTTP/1.1" 404 - "-" "Mozilla/5.0 (Linux; Android 6.0.1; Nexus 5X Build/MMB29P) AppleWebKit/537.36 (KHTML, like Gecko) Chrome/137.0.7151.103 Mobile Safari/537.36 (compatible; Googlebot/2.1; +http://www.google.com/bot.html)"
159.69.158.189 - - [20/Jul/2025:16:30:40 -0300] "HEAD / HTTP/1.1" 200 - "https://vacivitta.com.br/" "Mozilla/5.0+(compatible; UptimeRobot/2.0; http://www.uptimerobot.com/)"
66.249.73.170 - - [20/Jul/2025:16:30:45 -0300] "GET /?_ga=2.193929543.1954859000.1729550949-963870751.1699386649&_bdsid=47u8bn.n~DOXON.1743916948286.1788022705&_bd_prev_page=https://vacivitta.com.br/collect.asp?products/89ic980 HTTP/1.1" 200 488 "-" "Mozilla/5.0 (Linux; Android 6.0.1; Nexus 5X Build/MMB29P) AppleWebKit/537.36 (KHTML, like Gecko) Chrome/137.0.7151.103 Mobile Safari/537.36 (compatible; Googlebot/2.1; +http://www.google.com/bot.html)"
66.249.73.170 - - [20/Jul/2025:16:30:46 -0300] "GET /pcmypage?callback=product/review/up-b-kf800wt3wp HTTP/1.1" 404 - "-" "Mozilla/5.0 (Linux; Android 6.0.1; Nexus 5X Build/MMB29P) AppleWebKit/537.36 (KHTML, like Gecko) Chrome/137.0.7151.103 Mobile Safari/537.36 (compatible; Googlebot/2.1; +http://www.google.com/bot.html)"
87.250.224.5 - - [20/Jul/2025:16:31:33 -0300] "GET /robots.txt HTTP/1.1" 404 - "-" "Mozilla/5.0 (compatible; YandexBot/3.0; +http://yandex.com/bots)"
87.250.224.125 - - [20/Jul/2025:16:31:34 -0300] "GET /2021/10/20/vacina-nao-e-so-para-crianca/ HTTP/1.1" 404 - "-" "Mozilla/5.0 (compatible; YandexBot/3.0; +http://yandex.com/bots)"
72.14.201.238 - - [20/Jul/2025:16:33:14 -0300] "GET / HTTP/1.1" 200 488 "https://www.google.com/" "Mozilla/5.0 (Windows NT 10.0; Win64; x64) AppleWebKit/537.36 (KHTML, like Gecko) Chrome/138.0.0.0 Safari/537.36"
57.141.2.8 - - [20/Jul/2025:16:34:06 -0300] "GET /2023/10/10/aleitamento-materno/ HTTP/1.1" 404 - "-" "meta-externalagent/1.1 (+https://developers.facebook.com/docs/sharing/webmasters/crawler)"
159.69.158.189 - - [20/Jul/2025:16:35:44 -0300] "HEAD / HTTP/1.1" 200 - "https://vacivitta.com.br/" "Mozilla/5.0+(compatible; UptimeRobot/2.0; http://www.uptimerobot.com/)"
43.128.149.102 - - [20/Jul/2025:16:36:14 -0300] "GET / HTTP/1.1" 200 488 "http://vacivitta.com.br" "Mozilla/5.0 (iPhone; CPU iPhone OS 13_2_3 like Mac OS X) AppleWebKit/605.1.15 (KHTML, like Gecko) Version/13.0.3 Mobile/15E148 Safari/604.1"
66.249.73.168 - - [20/Jul/2025:16:37:46 -0300] "GET /pcmypage?callback=product%2Fdetail%2Ftreasure-one-company-wlvx-mc-1980-1145-22545-pm4p HTTP/1.1" 404 - "-" "Mozilla/5.0 (Linux; Android 6.0.1; Nexus 5X Build/MMB29P) AppleWebKit/537.36 (KHTML, like Gecko) Chrome/137.0.7151.103 Mobile Safari/537.36 (compatible; Googlebot/2.1; +http://www.google.com/bot.html)"
208.110.64.178 - - [20/Jul/2025:16:40:13 -0300] "GET /wp-content/edit.php HTTP/1.1" 404 - "https://vacivitta.com.br/wp-content/edit.php" "Mozilla/5.0 (Windows NT 10.0; Win64; x64) AppleWebKit/537.36 (KHTML, like Gecko) Chrome/58.0.3029.110 Safari/537.3"
66.249.73.169 - - [20/Jul/2025:16:40:47 -0300] "GET /products/61nf6506 HTTP/1.1" 404 - "-" "Mozilla/5.0 (Linux; Android 6.0.1; Nexus 5X Build/MMB29P) AppleWebKit/537.36 (KHTML, like Gecko) Chrome/137.0.7151.103 Mobile Safari/537.36 (compatible; Googlebot/2.1; +http://www.google.com/bot.html)"
49.13.134.145 - - [20/Jul/2025:16:40:47 -0300] "HEAD / HTTP/1.1" 200 - "https://vacivitta.com.br/" "Mozilla/5.0+(compatible; UptimeRobot/2.0; http://www.uptimerobot.com/)"
66.249.73.168 - - [20/Jul/2025:16:41:08 -0300] "GET /pcmypage?callback=product/review/edenki-ed2806640 HTTP/1.1" 404 - "-" "Mozilla/5.0 (Linux; Android 6.0.1; Nexus 5X Build/MMB29P) AppleWebKit/537.36 (KHTML, like Gecko) Chrome/137.0.7151.103 Mobile Safari/537.36 (compatible; Googlebot/2.1; +http://www.google.com/bot.html)"
66.249.73.170 - - [20/Jul/2025:16:42:09 -0300] "GET /zhHant/product/surugaya/agbicycle-prologo-078?campaign_uid=f64d716db5e979ed2f947dbaf4296895b951ae7f HTTP/1.1" 404 - "-" "Mozilla/5.0 (Linux; Android 6.0.1; Nexus 5X Build/MMB29P) AppleWebKit/537.36 (KHTML, like Gecko) Chrome/137.0.7151.103 Mobile Safari/537.36 (compatible; Googlebot/2.1; +http://www.google.com/bot.html)"
104.210.140.133 - - [20/Jul/2025:16:43:54 -0300] "GET /robots.txt HTTP/1.1" 404 - "-" "Mozilla/5.0 (Macintosh; Intel Mac OS X 10_15_7) AppleWebKit/537.36 (KHTML, like Gecko) Chrome/131.0.0.0 Safari/537.36; compatible; OAI-SearchBot/1.0; +https://openai.com/searchbot"
104.210.140.133 - - [20/Jul/2025:16:43:54 -0300] "GET /robots.txt HTTP/1.1" 404 - "-" "Mozilla/5.0 (Macintosh; Intel Mac OS X 10_15_7) AppleWebKit/537.36 (KHTML, like Gecko) Chrome/131.0.0.0 Safari/537.36; compatible; OAI-SearchBot/1.0; +https://openai.com/searchbot"
49.13.164.148 - - [20/Jul/2025:16:45:52 -0300] "HEAD / HTTP/1.1" 200 - "https://vacivitta.com.br/" "Mozilla/5.0+(compatible; UptimeRobot/2.0; http://www.uptimerobot.com/)"
185.177.72.106 - - [20/Jul/2025:16:46:56 -0300] "GET / HTTP/1.1" 200 488 "-" "Mozilla/5.0 (Windows NT 10.0; Win64; x64) AppleWebKit/537.36 (KHTML, like Gecko) Chrome/91.0.4472.124 Safari/537.36"
185.177.72.106 - - [20/Jul/2025:16:46:57 -0300] "GET /.env HTTP/1.1" 404 - "-" "Mozilla/5.0 (Windows NT 10.0; Win64; x64) AppleWebKit/537.36 (KHTML, like Gecko) Chrome/91.0.4472.124 Safari/537.36"
185.177.72.106 - - [20/Jul/2025:16:46:57 -0300] "GET /sendgrid.env HTTP/1.1" 404 - "-" "Mozilla/5.0 (Windows NT 10.0; Win64; x64) AppleWebKit/537.36 (KHTML, like Gecko) Chrome/91.0.4472.124 Safari/537.36"
185.177.72.106 - - [20/Jul/2025:16:46:57 -0300] "GET /api/.env HTTP/1.1" 404 - "-" "Mozilla/5.0 (Windows NT 10.0; Win64; x64) AppleWebKit/537.36 (KHTML, like Gecko) Chrome/91.0.4472.124 Safari/537.36"
185.177.72.106 - - [20/Jul/2025:16:46:57 -0300] "GET /backend/.env HTTP/1.1" 404 - "-" "Mozilla/5.0 (Windows NT 10.0; Win64; x64) AppleWebKit/537.36 (KHTML, like Gecko) Chrome/91.0.4472.124 Safari/537.36"
185.177.72.106 - - [20/Jul/2025:16:46:58 -0300] "GET /server/.env HTTP/1.1" 404 - "-" "Mozilla/5.0 (Windows NT 10.0; Win64; x64) AppleWebKit/537.36 (KHTML, like Gecko) Chrome/91.0.4472.124 Safari/537.36"
185.177.72.106 - - [20/Jul/2025:16:46:58 -0300] "GET /.env.example HTTP/1.1" 404 - "-" "Mozilla/5.0 (Windows NT 10.0; Win64; x64) AppleWebKit/537.36 (KHTML, like Gecko) Chrome/91.0.4472.124 Safari/537.36"
185.177.72.106 - - [20/Jul/2025:16:46:58 -0300] "GET /.env.production HTTP/1.1" 404 - "-" "Mozilla/5.0 (Windows NT 10.0; Win64; x64) AppleWebKit/537.36 (KHTML, like Gecko) Chrome/91.0.4472.124 Safari/537.36"
185.177.72.106 - - [20/Jul/2025:16:46:58 -0300] "GET /.env.bak HTTP/1.1" 404 - "-" "Mozilla/5.0 (Windows NT 10.0; Win64; x64) AppleWebKit/537.36 (KHTML, like Gecko) Chrome/91.0.4472.124 Safari/537.36"
185.177.72.106 - - [20/Jul/2025:16:46:58 -0300] "GET /.env.old HTTP/1.1" 404 - "-" "Mozilla/5.0 (Windows NT 10.0; Win64; x64) AppleWebKit/537.36 (KHTML, like Gecko) Chrome/91.0.4472.124 Safari/537.36"
185.177.72.106 - - [20/Jul/2025:16:46:58 -0300] "GET /.env.local HTTP/1.1" 404 - "-" "Mozilla/5.0 (Windows NT 10.0; Win64; x64) AppleWebKit/537.36 (KHTML, like Gecko) Chrome/91.0.4472.124 Safari/537.36"
185.177.72.106 - - [20/Jul/2025:16:46:59 -0300] "GET /.env.dev HTTP/1.1" 404 - "-" "Mozilla/5.0 (Windows NT 10.0; Win64; x64) AppleWebKit/537.36 (KHTML, like Gecko) Chrome/91.0.4472.124 Safari/537.36"
185.177.72.106 - - [20/Jul/2025:16:46:59 -0300] "GET /.env.stage HTTP/1.1" 404 - "-" "Mozilla/5.0 (Windows NT 10.0; Win64; x64) AppleWebKit/537.36 (KHTML, like Gecko) Chrome/91.0.4472.124 Safari/537.36"
185.177.72.106 - - [20/Jul/2025:16:46:59 -0300] "GET /config/.env HTTP/1.1" 404 - "-" "Mozilla/5.0 (Windows NT 10.0; Win64; x64) AppleWebKit/537.36 (KHTML, like Gecko) Chrome/91.0.4472.124 Safari/537.36"
185.177.72.106 - - [20/Jul/2025:16:46:59 -0300] "GET /app/.env HTTP/1.1" 404 - "-" "Mozilla/5.0 (Windows NT 10.0; Win64; x64) AppleWebKit/537.36 (KHTML, like Gecko) Chrome/91.0.4472.124 Safari/537.36"
185.177.72.106 - - [20/Jul/2025:16:46:59 -0300] "GET /.docker/.env HTTP/1.1" 404 - "-" "Mozilla/5.0 (Windows NT 10.0; Win64; x64) AppleWebKit/537.36 (KHTML, like Gecko) Chrome/91.0.4472.124 Safari/537.36"
185.177.72.106 - - [20/Jul/2025:16:46:59 -0300] "GET /docker/app/.env HTTP/1.1" 404 - "-" "Mozilla/5.0 (Windows NT 10.0; Win64; x64) AppleWebKit/537.36 (KHTML, like Gecko) Chrome/91.0.4472.124 Safari/537.36"
185.177.72.106 - - [20/Jul/2025:16:46:59 -0300] "GET /config.env HTTP/1.1" 404 - "-" "Mozilla/5.0 (Windows NT 10.0; Win64; x64) AppleWebKit/537.36 (KHTML, like Gecko) Chrome/91.0.4472.124 Safari/537.36"
185.177.72.106 - - [20/Jul/2025:16:47:00 -0300] "GET /.aws/credentials HTTP/1.1" 404 - "-" "Mozilla/5.0 (Windows NT 10.0; Win64; x64) AppleWebKit/537.36 (KHTML, like Gecko) Chrome/91.0.4472.124 Safari/537.36"
185.177.72.106 - - [20/Jul/2025:16:47:00 -0300] "GET /root/.aws/credentials HTTP/1.1" 404 - "-" "Mozilla/5.0 (Windows NT 10.0; Win64; x64) AppleWebKit/537.36 (KHTML, like Gecko) Chrome/91.0.4472.124 Safari/537.36"
185.177.72.106 - - [20/Jul/2025:16:47:00 -0300] "GET /.aws/secret_access_key.txt HTTP/1.1" 404 - "-" "Mozilla/5.0 (Windows NT 10.0; Win64; x64) AppleWebKit/537.36 (KHTML, like Gecko) Chrome/91.0.4472.124 Safari/537.36"
185.177.72.106 - - [20/Jul/2025:16:47:00 -0300] "GET /.aws/s3/config.json HTTP/1.1" 404 - "-" "Mozilla/5.0 (Windows NT 10.0; Win64; x64) AppleWebKit/537.36 (KHTML, like Gecko) Chrome/91.0.4472.124 Safari/537.36"
185.177.72.106 - - [20/Jul/2025:16:47:00 -0300] "GET /.env.development.local HTTP/1.1" 404 - "-" "Mozilla/5.0 (Windows NT 10.0; Win64; x64) AppleWebKit/537.36 (KHTML, like Gecko) Chrome/91.0.4472.124 Safari/537.36"
185.177.72.106 - - [20/Jul/2025:16:47:00 -0300] "GET /wp-config.php HTTP/1.1" 404 - "-" "Mozilla/5.0 (Windows NT 10.0; Win64; x64) AppleWebKit/537.36 (KHTML, like Gecko) Chrome/91.0.4472.124 Safari/537.36"
185.177.72.106 - - [20/Jul/2025:16:47:01 -0300] "GET /wp-config.php.bak HTTP/1.1" 404 - "-" "Mozilla/5.0 (Windows NT 10.0; Win64; x64) AppleWebKit/537.36 (KHTML, like Gecko) Chrome/91.0.4472.124 Safari/537.36"
185.177.72.106 - - [20/Jul/2025:16:47:01 -0300] "GET /wp-config.php.orig HTTP/1.1" 404 - "-" "Mozilla/5.0 (Windows NT 10.0; Win64; x64) AppleWebKit/537.36 (KHTML, like Gecko) Chrome/91.0.4472.124 Safari/537.36"
185.177.72.106 - - [20/Jul/2025:16:47:01 -0300] "GET /wp-config.php.bak1 HTTP/1.1" 404 - "-" "Mozilla/5.0 (Windows NT 10.0; Win64; x64) AppleWebKit/537.36 (KHTML, like Gecko) Chrome/91.0.4472.124 Safari/537.36"
185.177.72.106 - - [20/Jul/2025:16:47:01 -0300] "GET /wp-content/.env HTTP/1.1" 404 - "-" "Mozilla/5.0 (Windows NT 10.0; Win64; x64) AppleWebKit/537.36 (KHTML, like Gecko) Chrome/91.0.4472.124 Safari/537.36"
185.177.72.106 - - [20/Jul/2025:16:47:01 -0300] "GET /config.php HTTP/1.1" 404 - "-" "Mozilla/5.0 (Windows NT 10.0; Win64; x64) AppleWebKit/537.36 (KHTML, like Gecko) Chrome/91.0.4472.124 Safari/537.36"
185.177.72.106 - - [20/Jul/2025:16:47:01 -0300] "GET /config.php.bak HTTP/1.1" 404 - "-" "Mozilla/5.0 (Windows NT 10.0; Win64; x64) AppleWebKit/537.36 (KHTML, like Gecko) Chrome/91.0.4472.124 Safari/537.36"
185.177.72.106 - - [20/Jul/2025:16:47:02 -0300] "GET /config.php.old HTTP/1.1" 404 - "-" "Mozilla/5.0 (Windows NT 10.0; Win64; x64) AppleWebKit/537.36 (KHTML, like Gecko) Chrome/91.0.4472.124 Safari/537.36"
185.177.72.106 - - [20/Jul/2025:16:47:02 -0300] "GET /settings.php HTTP/1.1" 404 - "-" "Mozilla/5.0 (Windows NT 10.0; Win64; x64) AppleWebKit/537.36 (KHTML, like Gecko) Chrome/91.0.4472.124 Safari/537.36"
185.177.72.106 - - [20/Jul/2025:16:47:02 -0300] "GET /settings.php.bak HTTP/1.1" 404 - "-" "Mozilla/5.0 (Windows NT 10.0; Win64; x64) AppleWebKit/537.36 (KHTML, like Gecko) Chrome/91.0.4472.124 Safari/537.36"
185.177.72.106 - - [20/Jul/2025:16:47:02 -0300] "GET /settings.php.old HTTP/1.1" 404 - "-" "Mozilla/5.0 (Windows NT 10.0; Win64; x64) AppleWebKit/537.36 (KHTML, like Gecko) Chrome/91.0.4472.124 Safari/537.36"
185.177.72.106 - - [20/Jul/2025:16:47:02 -0300] "GET /database.yml HTTP/1.1" 404 - "-" "Mozilla/5.0 (Windows NT 10.0; Win64; x64) AppleWebKit/537.36 (KHTML, like Gecko) Chrome/91.0.4472.124 Safari/537.36"
185.177.72.106 - - [20/Jul/2025:16:47:02 -0300] "GET /database.sql HTTP/1.1" 404 - "-" "Mozilla/5.0 (Windows NT 10.0; Win64; x64) AppleWebKit/537.36 (KHTML, like Gecko) Chrome/91.0.4472.124 Safari/537.36"
185.177.72.106 - - [20/Jul/2025:16:47:02 -0300] "GET /db.sql HTTP/1.1" 404 - "-" "Mozilla/5.0 (Windows NT 10.0; Win64; x64) AppleWebKit/537.36 (KHTML, like Gecko) Chrome/91.0.4472.124 Safari/537.36"
185.177.72.106 - - [20/Jul/2025:16:47:03 -0300] "GET /dump.sql HTTP/1.1" 404 - "-" "Mozilla/5.0 (Windows NT 10.0; Win64; x64) AppleWebKit/537.36 (KHTML, like Gecko) Chrome/91.0.4472.124 Safari/537.36"
185.177.72.106 - - [20/Jul/2025:16:47:03 -0300] "GET /mysql.sql HTTP/1.1" 404 - "-" "Mozilla/5.0 (Windows NT 10.0; Win64; x64) AppleWebKit/537.36 (KHTML, like Gecko) Chrome/91.0.4472.124 Safari/537.36"
185.177.72.106 - - [20/Jul/2025:16:47:03 -0300] "GET /backup.sql HTTP/1.1" 404 - "-" "Mozilla/5.0 (Windows NT 10.0; Win64; x64) AppleWebKit/537.36 (KHTML, like Gecko) Chrome/91.0.4472.124 Safari/537.36"
185.177.72.106 - - [20/Jul/2025:16:47:03 -0300] "GET /connection.php.bak HTTP/1.1" 404 - "-" "Mozilla/5.0 (Windows NT 10.0; Win64; x64) AppleWebKit/537.36 (KHTML, like Gecko) Chrome/91.0.4472.124 Safari/537.36"
185.177.72.106 - - [20/Jul/2025:16:47:03 -0300] "GET /connectionstrings.json HTTP/1.1" 404 - "-" "Mozilla/5.0 (Windows NT 10.0; Win64; x64) AppleWebKit/537.36 (KHTML, like Gecko) Chrome/91.0.4472.124 Safari/537.36"
185.177.72.106 - - [20/Jul/2025:16:47:04 -0300] "GET /appsettings.json HTTP/1.1" 404 - "-" "Mozilla/5.0 (Windows NT 10.0; Win64; x64) AppleWebKit/537.36 (KHTML, like Gecko) Chrome/91.0.4472.124 Safari/537.36"
185.177.72.106 - - [20/Jul/2025:16:47:04 -0300] "GET /.git/config HTTP/1.1" 404 - "-" "Mozilla/5.0 (Windows NT 10.0; Win64; x64) AppleWebKit/537.36 (KHTML, like Gecko) Chrome/91.0.4472.124 Safari/537.36"
185.177.72.106 - - [20/Jul/2025:16:47:04 -0300] "GET /debug.log HTTP/1.1" 404 - "-" "Mozilla/5.0 (Windows NT 10.0; Win64; x64) AppleWebKit/537.36 (KHTML, like Gecko) Chrome/91.0.4472.124 Safari/537.36"
185.177.72.106 - - [20/Jul/2025:16:47:04 -0300] "GET /npm-debug.log HTTP/1.1" 404 - "-" "Mozilla/5.0 (Windows NT 10.0; Win64; x64) AppleWebKit/537.36 (KHTML, like Gecko) Chrome/91.0.4472.124 Safari/537.36"
185.177.72.106 - - [20/Jul/2025:16:47:05 -0300] "GET /phpinfo.php HTTP/1.1" 404 - "-" "Mozilla/5.0 (Windows NT 10.0; Win64; x64) AppleWebKit/537.36 (KHTML, like Gecko) Chrome/91.0.4472.124 Safari/537.36"
185.177.72.106 - - [20/Jul/2025:16:47:05 -0300] "GET /phpinfo HTTP/1.1" 404 - "-" "Mozilla/5.0 (Windows NT 10.0; Win64; x64) AppleWebKit/537.36 (KHTML, like Gecko) Chrome/91.0.4472.124 Safari/537.36"
185.177.72.106 - - [20/Jul/2025:16:47:05 -0300] "GET /server-status HTTP/1.1" 404 - "-" "Mozilla/5.0 (Windows NT 10.0; Win64; x64) AppleWebKit/537.36 (KHTML, like Gecko) Chrome/91.0.4472.124 Safari/537.36"
185.177.72.106 - - [20/Jul/2025:16:47:05 -0300] "GET /server-info HTTP/1.1" 404 - "-" "Mozilla/5.0 (Windows NT 10.0; Win64; x64) AppleWebKit/537.36 (KHTML, like Gecko) Chrome/91.0.4472.124 Safari/537.36"
185.177.72.106 - - [20/Jul/2025:16:47:05 -0300] "GET /env HTTP/1.1" 404 - "-" "Mozilla/5.0 (Windows NT 10.0; Win64; x64) AppleWebKit/537.36 (KHTML, like Gecko) Chrome/91.0.4472.124 Safari/537.36"
185.177.72.106 - - [20/Jul/2025:16:47:05 -0300] "GET /webroot_path/.env HTTP/1.1" 404 - "-" "Mozilla/5.0 (Windows NT 10.0; Win64; x64) AppleWebKit/537.36 (KHTML, like Gecko) Chrome/91.0.4472.124 Safari/537.36"
185.177.72.106 - - [20/Jul/2025:16:47:05 -0300] "GET /websocket/.env HTTP/1.1" 404 - "-" "Mozilla/5.0 (Windows NT 10.0; Win64; x64) AppleWebKit/537.36 (KHTML, like Gecko) Chrome/91.0.4472.124 Safari/537.36"
185.177.72.106 - - [20/Jul/2025:16:47:06 -0300] "GET /webstatic/.env HTTP/1.1" 404 - "-" "Mozilla/5.0 (Windows NT 10.0; Win64; x64) AppleWebKit/537.36 (KHTML, like Gecko) Chrome/91.0.4472.124 Safari/537.36"
185.177.72.106 - - [20/Jul/2025:16:47:06 -0300] "GET /webui/.env HTTP/1.1" 404 - "-" "Mozilla/5.0 (Windows NT 10.0; Win64; x64) AppleWebKit/537.36 (KHTML, like Gecko) Chrome/91.0.4472.124 Safari/537.36"
185.177.72.106 - - [20/Jul/2025:16:47:06 -0300] "GET /well-known/.env HTTP/1.1" 404 - "-" "Mozilla/5.0 (Windows NT 10.0; Win64; x64) AppleWebKit/537.36 (KHTML, like Gecko) Chrome/91.0.4472.124 Safari/537.36"
185.177.72.106 - - [20/Jul/2025:16:47:06 -0300] "GET /whturk/.env HTTP/1.1" 404 - "-" "Mozilla/5.0 (Windows NT 10.0; Win64; x64) AppleWebKit/537.36 (KHTML, like Gecko) Chrome/91.0.4472.124 Safari/537.36"
185.177.72.106 - - [20/Jul/2025:16:47:06 -0300] "GET /windows/tests/9.2.x/.env HTTP/1.1" 404 - "-" "Mozilla/5.0 (Windows NT 10.0; Win64; x64) AppleWebKit/537.36 (KHTML, like Gecko) Chrome/91.0.4472.124 Safari/537.36"
185.177.72.106 - - [20/Jul/2025:16:47:07 -0300] "GET /windows/tests/9.3.x/.env HTTP/1.1" 404 - "-" "Mozilla/5.0 (Windows NT 10.0; Win64; x64) AppleWebKit/537.36 (KHTML, like Gecko) Chrome/91.0.4472.124 Safari/537.36"
185.177.72.106 - - [20/Jul/2025:16:47:07 -0300] "GET /wp-content/.env HTTP/1.1" 404 - "-" "Mozilla/5.0 (Windows NT 10.0; Win64; x64) AppleWebKit/537.36 (KHTML, like Gecko) Chrome/91.0.4472.124 Safari/537.36"
185.177.72.106 - - [20/Jul/2025:16:47:07 -0300] "GET /www-data/.env HTTP/1.1" 404 - "-" "Mozilla/5.0 (Windows NT 10.0; Win64; x64) AppleWebKit/537.36 (KHTML, like Gecko) Chrome/91.0.4472.124 Safari/537.36"
185.177.72.106 - - [20/Jul/2025:16:47:07 -0300] "GET /www/.env HTTP/1.1" 404 - "-" "Mozilla/5.0 (Windows NT 10.0; Win64; x64) AppleWebKit/537.36 (KHTML, like Gecko) Chrome/91.0.4472.124 Safari/537.36"
185.177.72.106 - - [20/Jul/2025:16:47:07 -0300] "GET /xx-final/vue-heroes/.env HTTP/1.1" 404 - "-" "Mozilla/5.0 (Windows NT 10.0; Win64; x64) AppleWebKit/537.36 (KHTML, like Gecko) Chrome/91.0.4472.124 Safari/537.36"
185.177.72.106 - - [20/Jul/2025:16:47:07 -0300] "GET /zmusic-frontend/.env HTTP/1.1" 404 - "-" "Mozilla/5.0 (Windows NT 10.0; Win64; x64) AppleWebKit/537.36 (KHTML, like Gecko) Chrome/91.0.4472.124 Safari/537.36"
40.77.167.13 - - [20/Jul/2025:16:47:32 -0300] "GET /?page_id=1039 HTTP/1.1" 304 - "-" "Mozilla/5.0 AppleWebKit/537.36 (KHTML, like Gecko; compatible; bingbot/2.0; +http://www.bing.com/bingbot.htm) Chrome/116.0.1938.76 Safari/537.36"
128.140.41.193 - - [20/Jul/2025:16:50:56 -0300] "HEAD / HTTP/1.1" 200 - "https://vacivitta.com.br/" "Mozilla/5.0+(compatible; UptimeRobot/2.0; http://www.uptimerobot.com/)"
66.249.73.169 - - [20/Jul/2025:16:52:12 -0300] "GET /wp-content/uploads/sites/7/2022/04/A-mudanca-de-estacao-e-suas-doencasPost-Blog-1024x538.png HTTP/1.1" 404 - "-" "Googlebot-Image/1.0"
66.249.73.169 - - [20/Jul/2025:16:52:50 -0300] "GET /pcmypage?callback=/product%2Fdetail%2tomatosarada-106-k18-16m-30g50cm HTTP/1.1" 404 - "-" "Mozilla/5.0 (Linux; Android 6.0.1; Nexus 5X Build/MMB29P) AppleWebKit/537.36 (KHTML, like Gecko) Chrome/137.0.7151.103 Mobile Safari/537.36 (compatible; Googlebot/2.1; +http://www.google.com/bot.html)"
66.249.73.170 - - [20/Jul/2025:16:53:51 -0300] "GET /product/edit/plusyskenchiku-577355 HTTP/1.1" 404 - "-" "Mozilla/5.0 (Linux; Android 6.0.1; Nexus 5X Build/MMB29P) AppleWebKit/537.36 (KHTML, like Gecko) Chrome/137.0.7151.103 Mobile Safari/537.36 (compatible; Googlebot/2.1; +http://www.google.com/bot.html)"
142.132.180.39 - - [20/Jul/2025:16:56:00 -0300] "HEAD / HTTP/1.1" 200 - "https://vacivitta.com.br/" "Mozilla/5.0+(compatible; UptimeRobot/2.0; http://www.uptimerobot.com/)"
128.140.106.114 - - [20/Jul/2025:17:01:06 -0300] "HEAD / HTTP/1.1" 200 - "https://vacivitta.com.br/" "Mozilla/5.0+(compatible; UptimeRobot/2.0; http://www.uptimerobot.com/)"
69.197.135.226 - - [20/Jul/2025:17:01:41 -0300] "GET /wp-content/edit.php HTTP/1.1" 404 - "https://vacivitta.com.br/wp-content/edit.php" "Mozilla/5.0 (Windows NT 10.0; Win64; x64) AppleWebKit/537.36 (KHTML, like Gecko) Chrome/58.0.3029.110 Safari/537.3"
66.249.73.168 - - [20/Jul/2025:17:03:51 -0300] "GET /product/edit/vigoras-33-2359-3 HTTP/1.1" 404 - "-" "Mozilla/5.0 (Linux; Android 6.0.1; Nexus 5X Build/MMB29P) AppleWebKit/537.36 (KHTML, like Gecko) Chrome/137.0.7151.103 Mobile Safari/537.36 (compatible; Googlebot/2.1; +http://www.google.com/bot.html)"
66.249.73.168 - - [20/Jul/2025:17:03:52 -0300] "GET /items/xnsow128/26658?key=inspire HTTP/1.1" 404 - "-" "Mozilla/5.0 (Linux; Android 6.0.1; Nexus 5X Build/MMB29P) AppleWebKit/537.36 (KHTML, like Gecko) Chrome/137.0.7151.103 Mobile Safari/537.36 (compatible; Googlebot/2.1; +http://www.google.com/bot.html)"
208.110.64.178 - - [20/Jul/2025:17:05:11 -0300] "GET /wp-content/edit.php HTTP/1.1" 404 - "https://vacivitta.com.br/wp-content/edit.php" "Mozilla/5.0 (Windows NT 10.0; Win64; x64) AppleWebKit/537.36 (KHTML, like Gecko) Chrome/58.0.3029.110 Safari/537.3"
15.206.73.241 - - [20/Jul/2025:17:05:24 -0300] "GET / HTTP/1.1" 200 488 "-" "Mozilla/5.0 (Windows NT 10.0; Win64; x64) AppleWebKit/537.36 (KHTML, like Gecko) Chrome/80.0.3987.149 Safari/537.36"
15.206.73.241 - - [20/Jul/2025:17:05:25 -0300] "GET //wp-includes/wlwmanifest.xml HTTP/1.1" 404 - "-" "Mozilla/5.0 (Windows NT 10.0; Win64; x64) AppleWebKit/537.36 (KHTML, like Gecko) Chrome/80.0.3987.149 Safari/537.36"
15.206.73.241 - - [20/Jul/2025:17:05:25 -0300] "GET //xmlrpc.php?rsd HTTP/1.1" 404 - "-" "Mozilla/5.0 (Windows NT 10.0; Win64; x64) AppleWebKit/537.36 (KHTML, like Gecko) Chrome/80.0.3987.149 Safari/537.36"
15.206.73.241 - - [20/Jul/2025:17:05:25 -0300] "GET / HTTP/1.1" 200 488 "-" "Mozilla/5.0 (Windows NT 10.0; Win64; x64) AppleWebKit/537.36 (KHTML, like Gecko) Chrome/80.0.3987.149 Safari/537.36"
15.206.73.241 - - [20/Jul/2025:17:05:25 -0300] "GET //blog/wp-includes/wlwmanifest.xml HTTP/1.1" 404 - "-" "Mozilla/5.0 (Windows NT 10.0; Win64; x64) AppleWebKit/537.36 (KHTML, like Gecko) Chrome/80.0.3987.149 Safari/537.36"
15.206.73.241 - - [20/Jul/2025:17:05:26 -0300] "GET //web/wp-includes/wlwmanifest.xml HTTP/1.1" 404 - "-" "Mozilla/5.0 (Windows NT 10.0; Win64; x64) AppleWebKit/537.36 (KHTML, like Gecko) Chrome/80.0.3987.149 Safari/537.36"
15.206.73.241 - - [20/Jul/2025:17:05:26 -0300] "GET //wordpress/wp-includes/wlwmanifest.xml HTTP/1.1" 404 - "-" "Mozilla/5.0 (Windows NT 10.0; Win64; x64) AppleWebKit/537.36 (KHTML, like Gecko) Chrome/80.0.3987.149 Safari/537.36"
15.206.73.241 - - [20/Jul/2025:17:05:26 -0300] "GET //website/wp-includes/wlwmanifest.xml HTTP/1.1" 404 - "-" "Mozilla/5.0 (Windows NT 10.0; Win64; x64) AppleWebKit/537.36 (KHTML, like Gecko) Chrome/80.0.3987.149 Safari/537.36"
15.206.73.241 - - [20/Jul/2025:17:05:26 -0300] "GET //wp/wp-includes/wlwmanifest.xml HTTP/1.1" 404 - "-" "Mozilla/5.0 (Windows NT 10.0; Win64; x64) AppleWebKit/537.36 (KHTML, like Gecko) Chrome/80.0.3987.149 Safari/537.36"
15.206.73.241 - - [20/Jul/2025:17:05:27 -0300] "GET //news/wp-includes/wlwmanifest.xml HTTP/1.1" 404 - "-" "Mozilla/5.0 (Windows NT 10.0; Win64; x64) AppleWebKit/537.36 (KHTML, like Gecko) Chrome/80.0.3987.149 Safari/537.36"
15.206.73.241 - - [20/Jul/2025:17:05:27 -0300] "GET //2018/wp-includes/wlwmanifest.xml HTTP/1.1" 404 - "-" "Mozilla/5.0 (Windows NT 10.0; Win64; x64) AppleWebKit/537.36 (KHTML, like Gecko) Chrome/80.0.3987.149 Safari/537.36"
15.206.73.241 - - [20/Jul/2025:17:05:27 -0300] "GET //2019/wp-includes/wlwmanifest.xml HTTP/1.1" 404 - "-" "Mozilla/5.0 (Windows NT 10.0; Win64; x64) AppleWebKit/537.36 (KHTML, like Gecko) Chrome/80.0.3987.149 Safari/537.36"
15.206.73.241 - - [20/Jul/2025:17:05:28 -0300] "GET //shop/wp-includes/wlwmanifest.xml HTTP/1.1" 404 - "-" "Mozilla/5.0 (Windows NT 10.0; Win64; x64) AppleWebKit/537.36 (KHTML, like Gecko) Chrome/80.0.3987.149 Safari/537.36"
15.206.73.241 - - [20/Jul/2025:17:05:28 -0300] "GET //wp1/wp-includes/wlwmanifest.xml HTTP/1.1" 404 - "-" "Mozilla/5.0 (Windows NT 10.0; Win64; x64) AppleWebKit/537.36 (KHTML, like Gecko) Chrome/80.0.3987.149 Safari/537.36"
15.206.73.241 - - [20/Jul/2025:17:05:28 -0300] "GET //test/wp-includes/wlwmanifest.xml HTTP/1.1" 404 - "-" "Mozilla/5.0 (Windows NT 10.0; Win64; x64) AppleWebKit/537.36 (KHTML, like Gecko) Chrome/80.0.3987.149 Safari/537.36"
15.206.73.241 - - [20/Jul/2025:17:05:28 -0300] "GET //media/wp-includes/wlwmanifest.xml HTTP/1.1" 404 - "-" "Mozilla/5.0 (Windows NT 10.0; Win64; x64) AppleWebKit/537.36 (KHTML, like Gecko) Chrome/80.0.3987.149 Safari/537.36"
15.206.73.241 - - [20/Jul/2025:17:05:29 -0300] "GET //wp2/wp-includes/wlwmanifest.xml HTTP/1.1" 404 - "-" "Mozilla/5.0 (Windows NT 10.0; Win64; x64) AppleWebKit/537.36 (KHTML, like Gecko) Chrome/80.0.3987.149 Safari/537.36"
15.206.73.241 - - [20/Jul/2025:17:05:29 -0300] "GET //site/wp-includes/wlwmanifest.xml HTTP/1.1" 404 - "-" "Mozilla/5.0 (Windows NT 10.0; Win64; x64) AppleWebKit/537.36 (KHTML, like Gecko) Chrome/80.0.3987.149 Safari/537.36"
15.206.73.241 - - [20/Jul/2025:17:05:29 -0300] "GET //cms/wp-includes/wlwmanifest.xml HTTP/1.1" 404 - "-" "Mozilla/5.0 (Windows NT 10.0; Win64; x64) AppleWebKit/537.36 (KHTML, like Gecko) Chrome/80.0.3987.149 Safari/537.36"
15.206.73.241 - - [20/Jul/2025:17:05:29 -0300] "GET //sito/wp-includes/wlwmanifest.xml HTTP/1.1" 404 - "-" "Mozilla/5.0 (Windows NT 10.0; Win64; x64) AppleWebKit/537.36 (KHTML, like Gecko) Chrome/80.0.3987.149 Safari/537.36"
167.235.143.113 - - [20/Jul/2025:17:06:10 -0300] "HEAD / HTTP/1.1" 200 - "https://vacivitta.com.br/" "Mozilla/5.0+(compatible; UptimeRobot/2.0; http://www.uptimerobot.com/)"
66.249.73.169 - - [20/Jul/2025:17:07:52 -0300] "GET /category/128_2146_10390/1/listing HTTP/1.1" 404 - "-" "Mozilla/5.0 (Linux; Android 6.0.1; Nexus 5X Build/MMB29P) AppleWebKit/537.36 (KHTML, like Gecko) Chrome/137.0.7151.103 Mobile Safari/537.36 (compatible; Googlebot/2.1; +http://www.google.com/bot.html)"
208.110.64.178 - - [20/Jul/2025:17:08:40 -0300] "GET /wp-content/edit.php HTTP/1.1" 404 - "https://vacivitta.com.br/wp-content/edit.php" "Mozilla/5.0 (Windows NT 10.0; Win64; x64) AppleWebKit/537.36 (KHTML, like Gecko) Chrome/58.0.3029.110 Safari/537.3"
66.249.73.170 - - [20/Jul/2025:17:08:53 -0300] "GET /pcmypage?callback=/product%2Fdetail%2locondo-shopping-ar1606bw02441 HTTP/1.1" 404 - "-" "Mozilla/5.0 (Linux; Android 6.0.1; Nexus 5X Build/MMB29P) AppleWebKit/537.36 (KHTML, like Gecko) Chrome/137.0.7151.103 Mobile Safari/537.36 (compatible; Googlebot/2.1; +http://www.google.com/bot.html)"
66.249.73.168 - - [20/Jul/2025:17:09:35 -0300] "GET /safe_search/config?return_url=%2Fproduct%2Fdetail%2Fkiro-15377501 HTTP/1.1" 404 - "-" "Mozilla/5.0 (Linux; Android 6.0.1; Nexus 5X Build/MMB29P) AppleWebKit/537.36 (KHTML, like Gecko) Chrome/137.0.7151.103 Mobile Safari/537.36 (compatible; Googlebot/2.1; +http://www.google.com/bot.html)"
38.153.139.108 - - [20/Jul/2025:17:10:32 -0300] "GET / HTTP/1.1" 200 488 "-" "Mozilla/5.0 (Windows NT 10.0) AppleWebKit/537.36 (KHTML, like Gecko) Chrome/79.0.2302.58 Safari/537.36"
38.153.139.108 - - [20/Jul/2025:17:10:33 -0300] "POST /wp-login.php HTTP/1.1" 404 - "-" "Mozilla/5.0 (Windows NT 10.0) AppleWebKit/537.36 (KHTML, like Gecko) Chrome/79.0.2302.58 Safari/537.36"
38.153.139.108 - - [20/Jul/2025:17:10:33 -0300] "POST /xmlrpc.php HTTP/1.1" 404 - "-" "Mozilla/5.0 (Windows NT 10.0) AppleWebKit/537.36 (KHTML, like Gecko) Chrome/79.0.2302.58 Safari/537.36"
38.170.172.77 - - [20/Jul/2025:17:10:35 -0300] "GET / HTTP/1.1" 200 488 "-" "Mozilla/5.0 (Windows NT 10.0; Win64; x64; rv:74.0) Gecko/20100101 Firefox/74.0"
49.13.164.148 - - [20/Jul/2025:17:11:14 -0300] "HEAD / HTTP/1.1" 200 - "https://vacivitta.com.br/" "Mozilla/5.0+(compatible; UptimeRobot/2.0; http://www.uptimerobot.com/)"
66.249.73.168 - - [20/Jul/2025:17:14:23 -0300] "GET /pcmypage?callback=product/review/zozo-80514404 HTTP/1.1" 404 - "-" "Mozilla/5.0 (Linux; Android 6.0.1; Nexus 5X Build/MMB29P) AppleWebKit/537.36 (KHTML, like Gecko) Chrome/137.0.7151.103 Mobile Safari/537.36 (compatible; Googlebot/2.1; +http://www.google.com/bot.html)"
204.12.252.98 - - [20/Jul/2025:17:15:09 -0300] "GET /wp-content/edit.php HTTP/1.1" 404 - "https://vacivitta.com.br/wp-content/edit.php" "Mozilla/5.0 (Windows NT 10.0; Win64; x64) AppleWebKit/537.36 (KHTML, like Gecko) Chrome/58.0.3029.110 Safari/537.3"
45.134.225.250 - - [20/Jul/2025:17:16:01 -0300] "GET /wp-login.php HTTP/1.1" 404 - "-" "Mozilla/5.0 (compatible; MSIE 9.0; Windows NT 6.1; Trident/5.0)"
45.134.225.250 - - [20/Jul/2025:17:16:01 -0300] "GET /safe_search/wp-login.php HTTP/1.1" 404 - "-" "Mozilla/5.0 (compatible; MSIE 9.0; Windows NT 6.1; Trident/5.0)"
78.46.190.63 - - [20/Jul/2025:17:16:18 -0300] "HEAD / HTTP/1.1" 200 - "https://vacivitta.com.br/" "Mozilla/5.0+(compatible; UptimeRobot/2.0; http://www.uptimerobot.com/)"
204.12.252.98 - - [20/Jul/2025:17:16:55 -0300] "GET /wp-content/edit.php HTTP/1.1" 404 - "https://vacivitta.com.br/wp-content/edit.php" "Mozilla/5.0 (Windows NT 10.0; Win64; x64) AppleWebKit/537.36 (KHTML, like Gecko) Chrome/58.0.3029.110 Safari/537.3"
69.197.135.226 - - [20/Jul/2025:17:20:25 -0300] "GET /wp-content/edit.php HTTP/1.1" 404 - "https://vacivitta.com.br/wp-content/edit.php" "Mozilla/5.0 (Windows NT 10.0; Win64; x64) AppleWebKit/537.36 (KHTML, like Gecko) Chrome/58.0.3029.110 Safari/537.3"
185.36.81.36 - - [20/Jul/2025:17:20:38 -0300] "GET / HTTP/1.1" 200 488 "-" "Mozilla/5.0 (Windows NT 10.0; Win64; x64) AppleWebKit/537.36 (KHTML, like Gecko) Chrome/138.0.7204.50 Safari/537.36"
159.69.158.189 - - [20/Jul/2025:17:21:23 -0300] "HEAD / HTTP/1.1" 200 - "https://vacivitta.com.br/" "Mozilla/5.0+(compatible; UptimeRobot/2.0; http://www.uptimerobot.com/)"
43.156.172.59 - - [20/Jul/2025:17:23:12 -0300] "GET /ss.php?f_c=1 HTTP/1.1" 404 - "-" "Mozilla/5.0 (Linux; Android 7.0; SM-G892A Build/NRD90M; wv) AppleWebKit/537.36 (KHTML, like Gecko) Version/4.0 Chrome/60.0.3112.107 Mobile Safari/537.36"
66.249.73.169 - - [20/Jul/2025:17:25:56 -0300] "GET /pcmypage?callback=/product%2Fdetail%2saikou2021-20240214224220-00163 HTTP/1.1" 404 - "-" "Mozilla/5.0 (Linux; Android 6.0.1; Nexus 5X Build/MMB29P) AppleWebKit/537.36 (KHTML, like Gecko) Chrome/137.0.7151.103 Mobile Safari/537.36 (compatible; Googlebot/2.1; +http://www.google.com/bot.html)"
168.119.123.75 - - [20/Jul/2025:17:26:26 -0300] "HEAD / HTTP/1.1" 200 - "https://vacivitta.com.br/" "Mozilla/5.0+(compatible; UptimeRobot/2.0; http://www.uptimerobot.com/)"
208.110.64.178 - - [20/Jul/2025:17:26:52 -0300] "GET /wp-content/edit.php HTTP/1.1" 404 - "https://vacivitta.com.br/wp-content/edit.php" "Mozilla/5.0 (Windows NT 10.0; Win64; x64) AppleWebKit/537.36 (KHTML, like Gecko) Chrome/58.0.3029.110 Safari/537.3"
69.197.182.50 - - [20/Jul/2025:17:30:40 -0300] "GET /wp-content/edit.php HTTP/1.1" 404 - "https://vacivitta.com.br/wp-content/edit.php" "Mozilla/5.0 (Windows NT 10.0; Win64; x64) AppleWebKit/537.36 (KHTML, like Gecko) Chrome/58.0.3029.110 Safari/537.3"
167.235.143.113 - - [20/Jul/2025:17:31:30 -0300] "HEAD / HTTP/1.1" 200 - "https://vacivitta.com.br/" "Mozilla/5.0+(compatible; UptimeRobot/2.0; http://www.uptimerobot.com/)"
34.169.154.178 - - [20/Jul/2025:17:32:36 -0300] "HEAD /wordpress HTTP/1.1" 404 - "http://vacivitta.com.br/wordpress" "Mozilla/5.0 (Windows NT 10.0; Win64; x64) AppleWebKit/537.36 (KHTML, like Gecko) Chrome/74.0.3729.169 Safari/537.36"
34.169.154.178 - - [20/Jul/2025:17:32:37 -0300] "HEAD / HTTP/1.1" 200 - "http://vacivitta.com.br/" "Mozilla/5.0 (Windows NT 10.0; Win64; x64) AppleWebKit/537.36 (KHTML, like Gecko) Chrome/74.0.3729.169 Safari/537.36"
34.169.154.178 - - [20/Jul/2025:17:32:37 -0300] "HEAD /wp HTTP/1.1" 404 - "http://vacivitta.com.br/wp" "Mozilla/5.0 (Windows NT 10.0; Win64; x64) AppleWebKit/537.36 (KHTML, like Gecko) Chrome/74.0.3729.169 Safari/537.36"
34.169.154.178 - - [20/Jul/2025:17:32:37 -0300] "HEAD /bc HTTP/1.1" 404 - "http://vacivitta.com.br/bc" "Mozilla/5.0 (Windows NT 10.0; Win64; x64) AppleWebKit/537.36 (KHTML, like Gecko) Chrome/74.0.3729.169 Safari/537.36"
34.169.154.178 - - [20/Jul/2025:17:32:37 -0300] "HEAD /bk HTTP/1.1" 404 - "http://vacivitta.com.br/bk" "Mozilla/5.0 (Windows NT 10.0; Win64; x64) AppleWebKit/537.36 (KHTML, like Gecko) Chrome/74.0.3729.169 Safari/537.36"
34.169.154.178 - - [20/Jul/2025:17:32:37 -0300] "HEAD /backup HTTP/1.1" 404 - "http://vacivitta.com.br/backup" "Mozilla/5.0 (Windows NT 10.0; Win64; x64) AppleWebKit/537.36 (KHTML, like Gecko) Chrome/74.0.3729.169 Safari/537.36"
34.169.154.178 - - [20/Jul/2025:17:32:37 -0300] "HEAD /old HTTP/1.1" 404 - "http://vacivitta.com.br/old" "Mozilla/5.0 (Windows NT 10.0; Win64; x64) AppleWebKit/537.36 (KHTML, like Gecko) Chrome/74.0.3729.169 Safari/537.36"
34.169.154.178 - - [20/Jul/2025:17:32:37 -0300] "HEAD /new HTTP/1.1" 404 - "http://vacivitta.com.br/new" "Mozilla/5.0 (Windows NT 10.0; Win64; x64) AppleWebKit/537.36 (KHTML, like Gecko) Chrome/74.0.3729.169 Safari/537.36"
34.169.154.178 - - [20/Jul/2025:17:32:37 -0300] "HEAD /main HTTP/1.1" 404 - "http://vacivitta.com.br/main" "Mozilla/5.0 (Windows NT 10.0; Win64; x64) AppleWebKit/537.36 (KHTML, like Gecko) Chrome/74.0.3729.169 Safari/537.36"
34.169.154.178 - - [20/Jul/2025:17:32:37 -0300] "HEAD /home HTTP/1.1" 404 - "http://vacivitta.com.br/home" "Mozilla/5.0 (Windows NT 10.0; Win64; x64) AppleWebKit/537.36 (KHTML, like Gecko) Chrome/74.0.3729.169 Safari/537.36"
188.214.129.131 - - [20/Jul/2025:17:33:12 -0300] "GET / HTTP/1.1" 200 916 "-" "Mozilla/5.0 (Macintosh; Intel Mac OS X 10_15_0) AppleWebKit/537.36 (KHTML, like Gecko) Chrome/75.0.3770.142 Safari/537.36"
69.197.182.50 - - [20/Jul/2025:17:34:03 -0300] "GET /wp-content/edit.php HTTP/1.1" 404 - "https://vacivitta.com.br/wp-content/edit.php" "Mozilla/5.0 (Windows NT 10.0; Win64; x64) AppleWebKit/537.36 (KHTML, like Gecko) Chrome/58.0.3029.110 Safari/537.3"
66.249.73.168 - - [20/Jul/2025:17:35:58 -0300] "GET /items/zfuda43/849?key=angle HTTP/1.1" 404 - "-" "Mozilla/5.0 (Linux; Android 6.0.1; Nexus 5X Build/MMB29P) AppleWebKit/537.36 (KHTML, like Gecko) Chrome/137.0.7151.103 Mobile Safari/537.36 (compatible; Googlebot/2.1; +http://www.google.com/bot.html)"
88.99.80.227 - - [20/Jul/2025:17:36:34 -0300] "HEAD / HTTP/1.1" 200 - "https://vacivitta.com.br/" "Mozilla/5.0+(compatible; UptimeRobot/2.0; http://www.uptimerobot.com/)"
154.195.152.194 - - [20/Jul/2025:17:36:52 -0300] "GET /contato/ HTTP/1.1" 404 - "http://vacivitta.com.br/contato/" "Mozilla/5.0 (X11; Linux x86_64) AppleWebKit/537.36 (KHTML, like Gecko) Chrome/114.0.0.0 Safari/537.36"
154.195.152.194 - - [20/Jul/2025:17:36:53 -0300] "GET / HTTP/1.1" 200 488 "-" "Mozilla/5.0 (X11; Linux x86_64) AppleWebKit/537.36 (KHTML, like Gecko) Chrome/114.0.0.0 Safari/537.36"
66.249.73.168 - - [20/Jul/2025:17:37:00 -0300] "GET /products/61is364 HTTP/1.1" 404 - "-" "Mozilla/5.0 (Linux; Android 6.0.1; Nexus 5X Build/MMB29P) AppleWebKit/537.36 (KHTML, like Gecko) Chrome/137.0.7151.103 Mobile Safari/537.36 (compatible; Googlebot/2.1; +http://www.google.com/bot.html)"
69.197.135.226 - - [20/Jul/2025:17:37:25 -0300] "GET /wp-content/edit.php HTTP/1.1" 404 - "https://vacivitta.com.br/wp-content/edit.php" "Mozilla/5.0 (Windows NT 10.0; Win64; x64) AppleWebKit/537.36 (KHTML, like Gecko) Chrome/58.0.3029.110 Safari/537.3"
49.13.24.81 - - [20/Jul/2025:17:41:38 -0300] "HEAD / HTTP/1.1" 200 - "https://vacivitta.com.br/" "Mozilla/5.0+(compatible; UptimeRobot/2.0; http://www.uptimerobot.com/)"
182.119.228.27 - - [20/Jul/2025:17:43:01 -0300] "GET /favicon.ico HTTP/1.1" 404 - "-" "Mozilla/4.066686748 Mozilla/4.0 (compatible; MSIE 6.0; Windows NT 5.1)"
1.83.125.159 - - [20/Jul/2025:17:43:16 -0300] "GET /favicon.ico?v=2.0 HTTP/1.1" 404 - "-" "Mozilla/5.062334851 Mozilla/5.0 (Windows NT 6.3; Win64; x64) AppleWebKit/537.36 (KHTML, like Gecko) Chrome/68.0.3440.106 Safari/537.36"
204.12.252.98 - - [20/Jul/2025:17:43:43 -0300] "GET /wp-content/edit.php HTTP/1.1" 404 - "https://vacivitta.com.br/wp-content/edit.php" "Mozilla/5.0 (Windows NT 10.0; Win64; x64) AppleWebKit/537.36 (KHTML, like Gecko) Chrome/58.0.3029.110 Safari/537.3"
66.249.73.168 - - [20/Jul/2025:17:43:58 -0300] "GET /pcmypage?callback=product%2Fdetail%2Ftreasure-one-company-sa27r-p-1770-1005-21555-ps31 HTTP/1.1" 404 - "-" "Mozilla/5.0 (Linux; Android 6.0.1; Nexus 5X Build/MMB29P) AppleWebKit/537.36 (KHTML, like Gecko) Chrome/137.0.7151.103 Mobile Safari/537.36 (compatible; Googlebot/2.1; +http://www.google.com/bot.html)"
49.13.24.81 - - [20/Jul/2025:17:46:41 -0300] "HEAD / HTTP/1.1" 200 - "https://vacivitta.com.br/" "Mozilla/5.0+(compatible; UptimeRobot/2.0; http://www.uptimerobot.com/)"
69.197.135.226 - - [20/Jul/2025:17:47:15 -0300] "GET /wp-content/edit.php HTTP/1.1" 404 - "https://vacivitta.com.br/wp-content/edit.php" "Mozilla/5.0 (Windows NT 10.0; Win64; x64) AppleWebKit/537.36 (KHTML, like Gecko) Chrome/58.0.3029.110 Safari/537.3"
47.242.31.34 - - [20/Jul/2025:17:47:21 -0300] "HEAD /itanhaem HTTP/1.1" 404 - "-" "Mozilla/5.0 (Windows NT 6.3; Win64; x64) AppleWebKit/537.36 (KHTML, like Gecko) Chrome/65.0.2120.93 Safari/537.36"
47.242.22.66 - - [20/Jul/2025:17:47:21 -0300] "HEAD /diferenciais HTTP/1.1" 404 - "-" "Mozilla/5.0 (Windows NT 6.1; Win64; x64) AppleWebKit/537.36 (KHTML, like Gecko) Chrome/70.0.3628.147 Safari/537.36"
47.242.16.69 - - [20/Jul/2025:17:47:22 -0300] "HEAD /itu HTTP/1.1" 404 - "-" "Mozilla/5.0 (Windows NT 6.2; Win64; x64) AppleWebKit/537.36 (KHTML, like Gecko) Chrome/72.0.3528.35 Safari/537.36"
47.242.37.200 - - [20/Jul/2025:17:47:22 -0300] "HEAD /exame-toxicologico HTTP/1.1" 404 - "-" "Mozilla/5.0 (Windows NT 10.0; Win64; x64) AppleWebKit/537.36 (KHTML, like Gecko) Chrome/66.0.2195.3 Safari/537.36"
47.242.20.75 - - [20/Jul/2025:17:47:22 -0300] "HEAD /brasilia HTTP/1.1" 404 - "-" "Mozilla/5.0 (Windows NT 6.1; Win64; x64) AppleWebKit/537.36 (KHTML, like Gecko) Chrome/64.0.2606.45 Safari/537.36"
47.242.19.200 - - [20/Jul/2025:17:47:22 -0300] "HEAD /indaiatuba HTTP/1.1" 404 - "-" "Mozilla/5.0 (Windows NT 6.0; Win64; x64) AppleWebKit/537.36 (KHTML, like Gecko) Chrome/64.0.2236.184 Safari/537.36"
47.242.16.69 - - [20/Jul/2025:17:47:22 -0300] "HEAD /parceria-em-condominios HTTP/1.1" 404 - "-" "Mozilla/5.0 (Windows NT 6.0; Win64; x64) AppleWebKit/537.36 (KHTML, like Gecko) Chrome/60.0.2933.5 Safari/537.36"
47.242.23.241 - - [20/Jul/2025:17:47:22 -0300] "HEAD /atendimento-a-grupos-corporativos HTTP/1.1" 404 - "-" "Mozilla/5.0 (Windows NT 10.0; Win64; x64) AppleWebKit/537.36 (KHTML, like Gecko) Chrome/74.0.3894.19 Safari/537.36"
47.242.37.202 - - [20/Jul/2025:17:47:22 -0300] "HEAD / HTTP/1.1" 200 - "-" "Mozilla/5.0 (Windows NT 6.3; Win64; x64) AppleWebKit/537.36 (KHTML, like Gecko) Chrome/72.0.2631.32 Safari/537.36"
47.242.28.55 - - [20/Jul/2025:17:47:22 -0300] "HEAD /clientes HTTP/1.1" 404 - "-" "Mozilla/5.0 (Windows NT 10.0; Win64; x64) AppleWebKit/537.36 (KHTML, like Gecko) Chrome/66.0.3635.43 Safari/537.36"
47.242.37.200 - - [20/Jul/2025:17:47:22 -0300] "HEAD /santos HTTP/1.1" 404 - "-" "Mozilla/5.0 (Windows NT 6.0; Win64; x64) AppleWebKit/537.36 (KHTML, like Gecko) Chrome/79.0.2754.49 Safari/537.36"
47.242.41.14 - - [20/Jul/2025:17:47:22 -0300] "HEAD /exames-clinicos HTTP/1.1" 404 - "-" "Mozilla/5.0 (Windows NT 6.0; Win64; x64) AppleWebKit/537.36 (KHTML, like Gecko) Chrome/76.0.3765.62 Safari/537.36"
47.242.31.34 - - [20/Jul/2025:17:47:22 -0300] "GET /itanhaem HTTP/1.1" 404 - "-" "Mozilla/5.0 (Windows NT 6.3; Win64; x64) AppleWebKit/537.36 (KHTML, like Gecko) Chrome/65.0.2120.93 Safari/537.36"
47.242.41.164 - - [20/Jul/2025:17:47:22 -0300] "HEAD /salto HTTP/1.1" 404 - "-" "Mozilla/5.0 (Windows NT 6.0; Win64; x64) AppleWebKit/537.36 (KHTML, like Gecko) Chrome/72.0.2295.104 Safari/537.36"
47.242.36.193 - - [20/Jul/2025:17:47:22 -0300] "HEAD /vacinas HTTP/1.1" 404 - "-" "Mozilla/5.0 (Windows NT 6.0; Win64; x64) AppleWebKit/537.36 (KHTML, like Gecko) Chrome/71.0.2004.48 Safari/537.36"
47.242.22.66 - - [20/Jul/2025:17:47:22 -0300] "GET /diferenciais HTTP/1.1" 404 - "-" "Mozilla/5.0 (Windows NT 6.1; Win64; x64) AppleWebKit/537.36 (KHTML, like Gecko) Chrome/70.0.3628.147 Safari/537.36"
47.242.20.117 - - [20/Jul/2025:17:47:22 -0300] "HEAD /amamentacao HTTP/1.1" 404 - "-" "Mozilla/5.0 (Windows NT 10.0; Win64; x64) AppleWebKit/537.36 (KHTML, like Gecko) Chrome/73.0.3613.38 Safari/537.36"
47.242.16.69 - - [20/Jul/2025:17:47:22 -0300] "GET /itu HTTP/1.1" 404 - "-" "Mozilla/5.0 (Windows NT 6.2; Win64; x64) AppleWebKit/537.36 (KHTML, like Gecko) Chrome/72.0.3528.35 Safari/537.36"
47.242.37.200 - - [20/Jul/2025:17:47:22 -0300] "GET /exame-toxicologico HTTP/1.1" 404 - "-" "Mozilla/5.0 (Windows NT 10.0; Win64; x64) AppleWebKit/537.36 (KHTML, like Gecko) Chrome/66.0.2195.3 Safari/537.36"
47.242.16.69 - - [20/Jul/2025:17:47:22 -0300] "GET /parceria-em-condominios HTTP/1.1" 404 - "-" "Mozilla/5.0 (Windows NT 6.0; Win64; x64) AppleWebKit/537.36 (KHTML, like Gecko) Chrome/60.0.2933.5 Safari/537.36"
47.242.20.75 - - [20/Jul/2025:17:47:22 -0300] "GET /brasilia HTTP/1.1" 404 - "-" "Mozilla/5.0 (Windows NT 6.1; Win64; x64) AppleWebKit/537.36 (KHTML, like Gecko) Chrome/64.0.2606.45 Safari/537.36"
47.242.23.241 - - [20/Jul/2025:17:47:22 -0300] "GET /atendimento-a-grupos-corporativos HTTP/1.1" 404 - "-" "Mozilla/5.0 (Windows NT 10.0; Win64; x64) AppleWebKit/537.36 (KHTML, like Gecko) Chrome/74.0.3894.19 Safari/537.36"
47.242.19.200 - - [20/Jul/2025:17:47:22 -0300] "GET /indaiatuba HTTP/1.1" 404 - "-" "Mozilla/5.0 (Windows NT 6.0; Win64; x64) AppleWebKit/537.36 (KHTML, like Gecko) Chrome/64.0.2236.184 Safari/537.36"
47.242.37.202 - - [20/Jul/2025:17:47:22 -0300] "GET / HTTP/1.1" 200 488 "-" "Mozilla/5.0 (Windows NT 6.3; Win64; x64) AppleWebKit/537.36 (KHTML, like Gecko) Chrome/72.0.2631.32 Safari/537.36"
47.242.37.200 - - [20/Jul/2025:17:47:22 -0300] "GET /santos HTTP/1.1" 404 - "-" "Mozilla/5.0 (Windows NT 6.0; Win64; x64) AppleWebKit/537.36 (KHTML, like Gecko) Chrome/79.0.2754.49 Safari/537.36"
47.242.28.55 - - [20/Jul/2025:17:47:22 -0300] "GET /clientes HTTP/1.1" 404 - "-" "Mozilla/5.0 (Windows NT 10.0; Win64; x64) AppleWebKit/537.36 (KHTML, like Gecko) Chrome/66.0.3635.43 Safari/537.36"
47.242.41.14 - - [20/Jul/2025:17:47:22 -0300] "GET /exames-clinicos HTTP/1.1" 404 - "-" "Mozilla/5.0 (Windows NT 6.0; Win64; x64) AppleWebKit/537.36 (KHTML, like Gecko) Chrome/76.0.3765.62 Safari/537.36"
47.242.41.164 - - [20/Jul/2025:17:47:22 -0300] "GET /salto HTTP/1.1" 404 - "-" "Mozilla/5.0 (Windows NT 6.0; Win64; x64) AppleWebKit/537.36 (KHTML, like Gecko) Chrome/72.0.2295.104 Safari/537.36"
47.242.36.193 - - [20/Jul/2025:17:47:22 -0300] "GET /vacinas HTTP/1.1" 404 - "-" "Mozilla/5.0 (Windows NT 6.0; Win64; x64) AppleWebKit/537.36 (KHTML, like Gecko) Chrome/71.0.2004.48 Safari/537.36"
47.242.20.117 - - [20/Jul/2025:17:47:22 -0300] "GET /amamentacao HTTP/1.1" 404 - "-" "Mozilla/5.0 (Windows NT 10.0; Win64; x64) AppleWebKit/537.36 (KHTML, like Gecko) Chrome/73.0.3613.38 Safari/537.36"
66.249.73.169 - - [20/Jul/2025:17:47:59 -0300] "GET /pcmypage?callback=product%2Fdetail%2Fsidecar-0154128-1 HTTP/1.1" 404 - "-" "Mozilla/5.0 (Linux; Android 6.0.1; Nexus 5X Build/MMB29P) AppleWebKit/537.36 (KHTML, like Gecko) Chrome/137.0.7151.103 Mobile Safari/537.36 (compatible; Googlebot/2.1; +http://www.google.com/bot.html)"
69.197.135.226 - - [20/Jul/2025:17:48:05 -0300] "GET /wp-content/edit.php HTTP/1.1" 404 - "https://vacivitta.com.br/wp-content/edit.php" "Mozilla/5.0 (Windows NT 10.0; Win64; x64) AppleWebKit/537.36 (KHTML, like Gecko) Chrome/58.0.3029.110 Safari/537.3"
188.214.129.131 - - [20/Jul/2025:17:49:22 -0300] "GET / HTTP/1.1" 503 - "-" "Mozilla/5.0 (Linux; Android 6.0; HTC One M9 Build/MRA58K) AppleWebKit/537.36 (KHTML, like Gecko) Chrome/52.0.2743.98 Mobile Safari/537.36"
78.46.190.63 - - [20/Jul/2025:17:51:45 -0300] "HEAD / HTTP/1.1" 200 - "https://vacivitta.com.br/" "Mozilla/5.0+(compatible; UptimeRobot/2.0; http://www.uptimerobot.com/)"
66.249.73.170 - - [20/Jul/2025:17:52:59 -0300] "GET /zhHant/product/surugaya/kurashinoshoumei-lzw-92356xb?campaign_uid=f64d716db5e979ed2f947dbaf4296895b951ae7f HTTP/1.1" 404 - "-" "Mozilla/5.0 (Linux; Android 6.0.1; Nexus 5X Build/MMB29P) AppleWebKit/537.36 (KHTML, like Gecko) Chrome/137.0.7151.103 Mobile Safari/537.36 (compatible; Googlebot/2.1; +http://www.google.com/bot.html)"
66.249.73.169 - - [20/Jul/2025:17:53:00 -0300] "GET /items/pzzih1/949?key=dog HTTP/1.1" 404 - "-" "Mozilla/5.0 (Linux; Android 6.0.1; Nexus 5X Build/MMB29P) AppleWebKit/537.36 (KHTML, like Gecko) Chrome/137.0.7151.103 Mobile Safari/537.36 (compatible; Googlebot/2.1; +http://www.google.com/bot.html)"
69.197.182.50 - - [20/Jul/2025:17:53:46 -0300] "GET /wp-content/edit.php HTTP/1.1" 404 - "https://vacivitta.com.br/wp-content/edit.php" "Mozilla/5.0 (Windows NT 10.0; Win64; x64) AppleWebKit/537.36 (KHTML, like Gecko) Chrome/58.0.3029.110 Safari/537.3"
168.119.123.75 - - [20/Jul/2025:17:56:48 -0300] "HEAD / HTTP/1.1" 200 - "https://vacivitta.com.br/" "Mozilla/5.0+(compatible; UptimeRobot/2.0; http://www.uptimerobot.com/)"
66.249.73.168 - - [20/Jul/2025:17:58:00 -0300] "GET /product/edit/sanoya777-y020317h HTTP/1.1" 404 - "-" "Mozilla/5.0 (Linux; Android 6.0.1; Nexus 5X Build/MMB29P) AppleWebKit/537.36 (KHTML, like Gecko) Chrome/137.0.7151.103 Mobile Safari/537.36 (compatible; Googlebot/2.1; +http://www.google.com/bot.html)"
69.197.182.50 - - [20/Jul/2025:17:58:54 -0300] "GET /wp-content/edit.php HTTP/1.1" 404 - "https://vacivitta.com.br/wp-content/edit.php" "Mozilla/5.0 (Windows NT 10.0; Win64; x64) AppleWebKit/537.36 (KHTML, like Gecko) Chrome/58.0.3029.110 Safari/537.3"
66.249.73.170 - - [20/Jul/2025:17:59:00 -0300] "GET /product/edit/iisakura39-inaba2018-05721-z HTTP/1.1" 404 - "-" "Mozilla/5.0 (Linux; Android 6.0.1; Nexus 5X Build/MMB29P) AppleWebKit/537.36 (KHTML, like Gecko) Chrome/137.0.7151.103 Mobile Safari/537.36 (compatible; Googlebot/2.1; +http://www.google.com/bot.html)"
74.125.213.8 - - [20/Jul/2025:18:00:42 -0300] "GET /.well-known/traffic-advice HTTP/1.1" 404 - "-" "Chrome Privacy Preserving Prefetch Proxy"
