177.71.22.36 - - [21/Jul/2025:12:04:46 -0300] "GET /fts3.png HTTP/1.1" 200 798280 "https://vacivitta.com.br/" "Mozilla/5.0 (Linux; Android 10; K) AppleWebKit/537.36 (KHTML, like Gecko) Chrome/138.0.0.0 Mobile Safari/537.36"
177.71.22.36 - - [21/Jul/2025:12:04:44 -0300] "GET /3.png HTTP/1.1" 200 1055246 "https://vacivitta.com.br/" "Mozilla/5.0 (Linux; Android 10; K) AppleWebKit/537.36 (KHTML, like Gecko) Chrome/138.0.0.0 Mobile Safari/537.36"
177.71.22.36 - - [21/Jul/2025:12:04:44 -0300] "GET /mobilePage.png HTTP/1.1" 200 1355793 "https://vacivitta.com.br/" "Mozilla/5.0 (Linux; Android 10; K) AppleWebKit/537.36 (KHTML, like Gecko) Chrome/138.0.0.0 Mobile Safari/537.36"
177.71.22.36 - - [21/Jul/2025:12:04:47 -0300] "GET /video.mp4 HTTP/1.1" 206 154015 "https://vacivitta.com.br/" "Mozilla/5.0 (Linux; Android 10; K) AppleWebKit/537.36 (KHTML, like Gecko) Chrome/138.0.0.0 Mobile Safari/537.36"
177.71.22.36 - - [21/Jul/2025:12:04:47 -0300] "GET /homePage2.png HTTP/1.1" 200 227246 "https://vacivitta.com.br/" "Mozilla/5.0 (Linux; Android 10; K) AppleWebKit/537.36 (KHTML, like Gecko) Chrome/138.0.0.0 Mobile Safari/537.36"
177.71.22.36 - - [21/Jul/2025:12:04:45 -0300] "GET /4.png HTTP/1.1" 200 1067791 "https://vacivitta.com.br/" "Mozilla/5.0 (Linux; Android 10; K) AppleWebKit/537.36 (KHTML, like Gecko) Chrome/138.0.0.0 Mobile Safari/537.36"
177.71.22.36 - - [21/Jul/2025:12:04:48 -0300] "GET /video.mp4 HTTP/1.1" 206 636653424 "https://vacivitta.com.br/" "Mozilla/5.0 (Linux; Android 10; K) AppleWebKit/537.36 (KHTML, like Gecko) Chrome/138.0.0.0 Mobile Safari/537.36"
177.71.22.36 - - [21/Jul/2025:12:04:46 -0300] "GET /fts2.png HTTP/1.1" 200 2539592 "https://vacivitta.com.br/" "Mozilla/5.0 (Linux; Android 10; K) AppleWebKit/537.36 (KHTML, like Gecko) Chrome/138.0.0.0 Mobile Safari/537.36"
66.249.73.168 - - [21/Jul/2025:12:04:55 -0300] "GET /pcmypage?callback=product/review/nejikuru-w202i2000240000000 HTTP/1.1" 404 - "-" "Mozilla/5.0 (Linux; Android 6.0.1; Nexus 5X Build/MMB29P) AppleWebKit/537.36 (KHTML, like Gecko) Chrome/137.0.7151.103 Mobile Safari/537.36 (compatible; Googlebot/2.1; +http://www.google.com/bot.html)"
66.249.73.170 - - [21/Jul/2025:12:04:56 -0300] "GET /pcmypage?callback=/product%2Fdetail%2k-tire-et019935ew006051 HTTP/1.1" 404 - "-" "Mozilla/5.0 (Linux; Android 6.0.1; Nexus 5X Build/MMB29P) AppleWebKit/537.36 (KHTML, like Gecko) Chrome/137.0.7151.103 Mobile Safari/537.36 (compatible; Googlebot/2.1; +http://www.google.com/bot.html)"
177.71.22.36 - - [21/Jul/2025:12:04:55 -0300] "GET /video.mp4 HTTP/1.1" 206 636085541 "https://vacivitta.com.br/" "Mozilla/5.0 (Linux; Android 10; K) AppleWebKit/537.36 (KHTML, like Gecko) Chrome/138.0.0.0 Mobile Safari/537.36"
179.215.121.183 - - [21/Jul/2025:12:05:33 -0300] "POST /cpsess4545472276/3rdparty/roundcube/?_task=mail&_action=refresh HTTP/1.1" 200 135 "https://webmail.vacivitta.com.br/cpsess4545472276/3rdparty/roundcube/?_task=mail&_mbox=INBOX" "Mozilla/5.0 (Windows NT 10.0; Win64; x64) AppleWebKit/537.36 (KHTML, like Gecko) Chrome/138.0.0.0 Safari/537.36"
69.197.182.50 - - [21/Jul/2025:12:06:12 -0300] "GET /wp-content/edit.php HTTP/1.1" 404 - "https://vacivitta.com.br/wp-content/edit.php" "Mozilla/5.0 (Windows NT 10.0; Win64; x64) AppleWebKit/537.36 (KHTML, like Gecko) Chrome/58.0.3029.110 Safari/537.3"
179.215.121.183 - - [21/Jul/2025:12:06:33 -0300] "POST /cpsess4545472276/3rdparty/roundcube/?_task=mail&_action=refresh HTTP/1.1" 200 135 "https://webmail.vacivitta.com.br/cpsess4545472276/3rdparty/roundcube/?_task=mail&_mbox=INBOX" "Mozilla/5.0 (Windows NT 10.0; Win64; x64) AppleWebKit/537.36 (KHTML, like Gecko) Chrome/138.0.0.0 Safari/537.36"
142.132.180.39 - - [21/Jul/2025:12:07:14 -0300] "HEAD / HTTP/1.1" 200 - "https://vacivitta.com.br/" "Mozilla/5.0+(compatible; UptimeRobot/2.0; http://www.uptimerobot.com/)"
179.215.121.183 - - [21/Jul/2025:12:07:33 -0300] "POST /cpsess4545472276/3rdparty/roundcube/?_task=mail&_action=refresh HTTP/1.1" 200 135 "https://webmail.vacivitta.com.br/cpsess4545472276/3rdparty/roundcube/?_task=mail&_mbox=INBOX" "Mozilla/5.0 (Windows NT 10.0; Win64; x64) AppleWebKit/537.36 (KHTML, like Gecko) Chrome/138.0.0.0 Safari/537.36"
179.215.121.183 - - [21/Jul/2025:12:08:09 -0300] "POST /cpsess4545472276/3rdparty/roundcube/?_task=mail&_action=refresh HTTP/1.1" 200 135 "https://webmail.vacivitta.com.br/cpsess4545472276/3rdparty/roundcube/?_task=mail&_mbox=INBOX" "Mozilla/5.0 (Windows NT 10.0; Win64; x64) AppleWebKit/537.36 (KHTML, like Gecko) Chrome/138.0.0.0 Safari/537.36"
66.249.73.169 - - [21/Jul/2025:12:08:57 -0300] "GET /pcmypage?callback=product%2Fdetail%2Fnejikuru-a00095300080040010 HTTP/1.1" 404 - "-" "Mozilla/5.0 (Linux; Android 6.0.1; Nexus 5X Build/MMB29P) AppleWebKit/537.36 (KHTML, like Gecko) Chrome/137.0.7151.103 Mobile Safari/537.36 (compatible; Googlebot/2.1; +http://www.google.com/bot.html)"
179.215.121.183 - - [21/Jul/2025:12:09:33 -0300] "POST /cpsess4545472276/3rdparty/roundcube/?_task=mail&_action=refresh HTTP/1.1" 200 135 "https://webmail.vacivitta.com.br/cpsess4545472276/3rdparty/roundcube/?_task=mail&_mbox=INBOX" "Mozilla/5.0 (Windows NT 10.0; Win64; x64) AppleWebKit/537.36 (KHTML, like Gecko) Chrome/138.0.0.0 Safari/537.36"
179.215.121.183 - - [21/Jul/2025:12:10:33 -0300] "POST /cpsess4545472276/3rdparty/roundcube/?_task=mail&_action=refresh HTTP/1.1" 200 135 "https://webmail.vacivitta.com.br/cpsess4545472276/3rdparty/roundcube/?_task=mail&_mbox=INBOX" "Mozilla/5.0 (Windows NT 10.0; Win64; x64) AppleWebKit/537.36 (KHTML, like Gecko) Chrome/138.0.0.0 Safari/537.36"
66.249.73.169 - - [21/Jul/2025:12:10:53 -0300] "GET /items/dazkx38/6694?key=principal HTTP/1.1" 404 - "-" "Mozilla/5.0 (Linux; Android 6.0.1; Nexus 5X Build/MMB29P) AppleWebKit/537.36 (KHTML, like Gecko) Chrome/137.0.7151.103 Mobile Safari/537.36 (compatible; Googlebot/2.1; +http://www.google.com/bot.html)"
179.215.121.183 - - [21/Jul/2025:12:11:33 -0300] "POST /cpsess4545472276/3rdparty/roundcube/?_task=mail&_action=refresh HTTP/1.1" 200 135 "https://webmail.vacivitta.com.br/cpsess4545472276/3rdparty/roundcube/?_task=mail&_mbox=INBOX" "Mozilla/5.0 (Windows NT 10.0; Win64; x64) AppleWebKit/537.36 (KHTML, like Gecko) Chrome/138.0.0.0 Safari/537.36"
168.119.96.239 - - [21/Jul/2025:12:12:20 -0300] "HEAD / HTTP/1.1" 200 - "https://vacivitta.com.br/" "Mozilla/5.0+(compatible; UptimeRobot/2.0; http://www.uptimerobot.com/)"
179.215.121.183 - - [21/Jul/2025:12:12:33 -0300] "POST /cpsess4545472276/3rdparty/roundcube/?_task=mail&_action=refresh HTTP/1.1" 200 135 "https://webmail.vacivitta.com.br/cpsess4545472276/3rdparty/roundcube/?_task=mail&_mbox=INBOX" "Mozilla/5.0 (Windows NT 10.0; Win64; x64) AppleWebKit/537.36 (KHTML, like Gecko) Chrome/138.0.0.0 Safari/537.36"
66.249.73.169 - - [21/Jul/2025:12:12:53 -0300] "GET /pcmypage?callback=/product%2Fdetail%2premiumgolfclub2-012603540153000 HTTP/1.1" 404 - "-" "Mozilla/5.0 (Linux; Android 6.0.1; Nexus 5X Build/MMB29P) AppleWebKit/537.36 (KHTML, like Gecko) Chrome/137.0.7151.103 Mobile Safari/537.36 (compatible; Googlebot/2.1; +http://www.google.com/bot.html)"
207.154.215.236 - - [21/Jul/2025:12:13:27 -0300] "GET / HTTP/1.1" 503 - "-" "Mozilla/5.0 (X11; Linux x86_64; rv:137.0) Gecko/20100101 Firefox/137.0"
207.154.215.236 - - [21/Jul/2025:12:13:30 -0300] "GET /favicon.ico HTTP/1.1" 503 - "https://cpcalendars.vacivitta.com.br/" "Mozilla/5.0 (X11; Linux x86_64; rv:137.0) Gecko/20100101 Firefox/137.0"
179.215.121.183 - - [21/Jul/2025:12:13:33 -0300] "POST /cpsess4545472276/3rdparty/roundcube/?_task=mail&_action=refresh HTTP/1.1" 200 135 "https://webmail.vacivitta.com.br/cpsess4545472276/3rdparty/roundcube/?_task=mail&_mbox=INBOX" "Mozilla/5.0 (Windows NT 10.0; Win64; x64) AppleWebKit/537.36 (KHTML, like Gecko) Chrome/138.0.0.0 Safari/537.36"
179.215.121.183 - - [21/Jul/2025:12:14:33 -0300] "POST /cpsess4545472276/3rdparty/roundcube/?_task=mail&_action=refresh HTTP/1.1" 200 135 "https://webmail.vacivitta.com.br/cpsess4545472276/3rdparty/roundcube/?_task=mail&_mbox=INBOX" "Mozilla/5.0 (Windows NT 10.0; Win64; x64) AppleWebKit/537.36 (KHTML, like Gecko) Chrome/138.0.0.0 Safari/537.36"
208.110.64.178 - - [21/Jul/2025:12:15:04 -0300] "GET /wp-content/edit.php HTTP/1.1" 404 - "https://vacivitta.com.br/wp-content/edit.php" "Mozilla/5.0 (Windows NT 10.0; Win64; x64) AppleWebKit/537.36 (KHTML, like Gecko) Chrome/58.0.3029.110 Safari/537.3"
179.215.121.183 - - [21/Jul/2025:12:15:33 -0300] "POST /cpsess4545472276/3rdparty/roundcube/?_task=mail&_action=refresh HTTP/1.1" 200 135 "https://webmail.vacivitta.com.br/cpsess4545472276/3rdparty/roundcube/?_task=mail&_mbox=INBOX" "Mozilla/5.0 (Windows NT 10.0; Win64; x64) AppleWebKit/537.36 (KHTML, like Gecko) Chrome/138.0.0.0 Safari/537.36"
179.215.121.183 - - [21/Jul/2025:12:16:33 -0300] "POST /cpsess4545472276/3rdparty/roundcube/?_task=mail&_action=refresh HTTP/1.1" 200 135 "https://webmail.vacivitta.com.br/cpsess4545472276/3rdparty/roundcube/?_task=mail&_mbox=INBOX" "Mozilla/5.0 (Windows NT 10.0; Win64; x64) AppleWebKit/537.36 (KHTML, like Gecko) Chrome/138.0.0.0 Safari/537.36"
66.249.73.170 - - [21/Jul/2025:12:16:53 -0300] "GET /pcmypage?callback=/product%2Fdetail%2Allier-store-aus-1185-1083 HTTP/1.1" 404 - "-" "Mozilla/5.0 (Linux; Android 6.0.1; Nexus 5X Build/MMB29P) AppleWebKit/537.36 (KHTML, like Gecko) Chrome/137.0.7151.103 Mobile Safari/537.36 (compatible; Googlebot/2.1; +http://www.google.com/bot.html)"
49.13.134.145 - - [21/Jul/2025:12:17:26 -0300] "HEAD / HTTP/1.1" 200 - "https://vacivitta.com.br/" "Mozilla/5.0+(compatible; UptimeRobot/2.0; http://www.uptimerobot.com/)"
179.215.121.183 - - [21/Jul/2025:12:17:33 -0300] "POST /cpsess4545472276/3rdparty/roundcube/?_task=mail&_action=refresh HTTP/1.1" 200 135 "https://webmail.vacivitta.com.br/cpsess4545472276/3rdparty/roundcube/?_task=mail&_mbox=INBOX" "Mozilla/5.0 (Windows NT 10.0; Win64; x64) AppleWebKit/537.36 (KHTML, like Gecko) Chrome/138.0.0.0 Safari/537.36"
179.215.121.183 - - [21/Jul/2025:12:18:33 -0300] "POST /cpsess4545472276/3rdparty/roundcube/?_task=mail&_action=refresh HTTP/1.1" 200 135 "https://webmail.vacivitta.com.br/cpsess4545472276/3rdparty/roundcube/?_task=mail&_mbox=INBOX" "Mozilla/5.0 (Windows NT 10.0; Win64; x64) AppleWebKit/537.36 (KHTML, like Gecko) Chrome/138.0.0.0 Safari/537.36"
66.249.73.168 - - [21/Jul/2025:12:18:54 -0300] "GET /?_ga=2.193929543.1954859000.1729550949-963870751.1699386649&_bdsid=47u8bn.n~DOXON.1743916948286.1788022705&_bd_prev_page=https://vacivitta.com.br/collect.asp?products/1jw32584 HTTP/1.1" 200 488 "-" "Mozilla/5.0 (Linux; Android 6.0.1; Nexus 5X Build/MMB29P) AppleWebKit/537.36 (KHTML, like Gecko) Chrome/137.0.7151.103 Mobile Safari/537.36 (compatible; Googlebot/2.1; +http://www.google.com/bot.html)"
66.249.73.169 - - [21/Jul/2025:12:18:54 -0300] "GET /pcmypage?callback=product/review/ssol-shopping-2320563183629 HTTP/1.1" 404 - "-" "Mozilla/5.0 (Linux; Android 6.0.1; Nexus 5X Build/MMB29P) AppleWebKit/537.36 (KHTML, like Gecko) Chrome/137.0.7151.103 Mobile Safari/537.36 (compatible; Googlebot/2.1; +http://www.google.com/bot.html)"
66.249.73.170 - - [21/Jul/2025:12:18:54 -0300] "GET /pcmypage?callback=/product%2Fdetail%2kogunohyotan-kh-nikken-ncm-440 HTTP/1.1" 404 - "-" "Mozilla/5.0 (Linux; Android 6.0.1; Nexus 5X Build/MMB29P) AppleWebKit/537.36 (KHTML, like Gecko) Chrome/137.0.7151.103 Mobile Safari/537.36 (compatible; Googlebot/2.1; +http://www.google.com/bot.html)"
179.215.121.183 - - [21/Jul/2025:12:19:33 -0300] "POST /cpsess4545472276/3rdparty/roundcube/?_task=mail&_action=refresh HTTP/1.1" 200 135 "https://webmail.vacivitta.com.br/cpsess4545472276/3rdparty/roundcube/?_task=mail&_mbox=INBOX" "Mozilla/5.0 (Windows NT 10.0; Win64; x64) AppleWebKit/537.36 (KHTML, like Gecko) Chrome/138.0.0.0 Safari/537.36"
66.249.73.168 - - [21/Jul/2025:12:19:55 -0300] "GET /product/edit/y-sf-1295959 HTTP/1.1" 404 - "-" "Mozilla/5.0 (Linux; Android 6.0.1; Nexus 5X Build/MMB29P) AppleWebKit/537.36 (KHTML, like Gecko) Chrome/137.0.7151.103 Mobile Safari/537.36 (compatible; Googlebot/2.1; +http://www.google.com/bot.html)"
159.223.63.24 - - [21/Jul/2025:12:20:09 -0300] "GET / HTTP/1.1" 200 488 "http://vacivitta.com.br/" "Mozilla/5.0 (Windows NT 6.2; WOW64; rv:33.0) Gecko/20100101 Firefox/33.0"
159.223.63.24 - - [21/Jul/2025:12:20:10 -0300] "GET /assets/index-BZLUkikW.js HTTP/1.1" 200 923512 "http://vacivitta.com.br/assets/index-BZLUkikW.js" "Mozilla/5.0 (Windows NT 6.2; WOW64; rv:33.0) Gecko/20100101 Firefox/33.0"
179.215.121.183 - - [21/Jul/2025:12:20:33 -0300] "POST /cpsess4545472276/3rdparty/roundcube/?_task=mail&_action=refresh HTTP/1.1" 200 135 "https://webmail.vacivitta.com.br/cpsess4545472276/3rdparty/roundcube/?_task=mail&_mbox=INBOX" "Mozilla/5.0 (Windows NT 10.0; Win64; x64) AppleWebKit/537.36 (KHTML, like Gecko) Chrome/138.0.0.0 Safari/537.36"
179.215.121.183 - - [21/Jul/2025:12:21:33 -0300] "POST /cpsess4545472276/3rdparty/roundcube/?_task=mail&_action=refresh HTTP/1.1" 200 135 "https://webmail.vacivitta.com.br/cpsess4545472276/3rdparty/roundcube/?_task=mail&_mbox=INBOX" "Mozilla/5.0 (Windows NT 10.0; Win64; x64) AppleWebKit/537.36 (KHTML, like Gecko) Chrome/138.0.0.0 Safari/537.36"
66.249.73.168 - - [21/Jul/2025:12:21:55 -0300] "GET /product/edit/healthy-good-kic-716-90188 HTTP/1.1" 404 - "-" "Mozilla/5.0 (Linux; Android 6.0.1; Nexus 5X Build/MMB29P) AppleWebKit/537.36 (KHTML, like Gecko) Chrome/137.0.7151.103 Mobile Safari/537.36 (compatible; Googlebot/2.1; +http://www.google.com/bot.html)"
49.13.134.145 - - [21/Jul/2025:12:22:30 -0300] "HEAD / HTTP/1.1" 200 - "https://vacivitta.com.br/" "Mozilla/5.0+(compatible; UptimeRobot/2.0; http://www.uptimerobot.com/)"
179.215.121.183 - - [21/Jul/2025:12:22:33 -0300] "POST /cpsess4545472276/3rdparty/roundcube/?_task=mail&_action=refresh HTTP/1.1" 200 135 "https://webmail.vacivitta.com.br/cpsess4545472276/3rdparty/roundcube/?_task=mail&_mbox=INBOX" "Mozilla/5.0 (Windows NT 10.0; Win64; x64) AppleWebKit/537.36 (KHTML, like Gecko) Chrome/138.0.0.0 Safari/537.36"
179.181.147.31 - - [21/Jul/2025:12:22:49 -0300] "GET /?fbclid=PAZXh0bgNhZW0CMTEAAacI5umylr2tQPwQeSDE-xoeX0WX2EvzwpX9W-IrP5ay5tn9AomTx9lztE3feg_aem_5hocV22uhfjfQ4eebBoWng HTTP/1.1" 200 488 "https://l.instagram.com/" "Mozilla/5.0 (iPhone; CPU iPhone OS 18_5 like Mac OS X) AppleWebKit/605.1.15 (KHTML, like Gecko) Mobile/22F76 Instagram 389.0.0.20.89 (iPhone14,7; iOS 18_5; pt_BR; pt; scale=3.00; 1170x2532; 761848126; IABMV/1)"
179.181.147.31 - - [21/Jul/2025:12:22:49 -0300] "GET /assets/index-g8aW3Zx-.css HTTP/1.1" 200 2311 "https://www.vacivitta.com.br/?fbclid=PAZXh0bgNhZW0CMTEAAacI5umylr2tQPwQeSDE-xoeX0WX2EvzwpX9W-IrP5ay5tn9AomTx9lztE3feg_aem_5hocV22uhfjfQ4eebBoWng" "Mozilla/5.0 (iPhone; CPU iPhone OS 18_5 like Mac OS X) AppleWebKit/605.1.15 (KHTML, like Gecko) Mobile/22F76 Instagram 389.0.0.20.89 (iPhone14,7; iOS 18_5; pt_BR; pt; scale=3.00; 1170x2532; 761848126; IABMV/1)"
179.181.147.31 - - [21/Jul/2025:12:22:49 -0300] "GET /assets/index-BZLUkikW.js HTTP/1.1" 200 923512 "https://www.vacivitta.com.br/?fbclid=PAZXh0bgNhZW0CMTEAAacI5umylr2tQPwQeSDE-xoeX0WX2EvzwpX9W-IrP5ay5tn9AomTx9lztE3feg_aem_5hocV22uhfjfQ4eebBoWng" "Mozilla/5.0 (iPhone; CPU iPhone OS 18_5 like Mac OS X) AppleWebKit/605.1.15 (KHTML, like Gecko) Mobile/22F76 Instagram 389.0.0.20.89 (iPhone14,7; iOS 18_5; pt_BR; pt; scale=3.00; 1170x2532; 761848126; IABMV/1)"
179.181.147.31 - - [21/Jul/2025:12:22:50 -0300] "GET /logo.png HTTP/1.1" 200 25613 "https://www.vacivitta.com.br/?fbclid=PAZXh0bgNhZW0CMTEAAacI5umylr2tQPwQeSDE-xoeX0WX2EvzwpX9W-IrP5ay5tn9AomTx9lztE3feg_aem_5hocV22uhfjfQ4eebBoWng" "Mozilla/5.0 (iPhone; CPU iPhone OS 18_5 like Mac OS X) AppleWebKit/605.1.15 (KHTML, like Gecko) Mobile/22F76 Instagram 389.0.0.20.89 (iPhone14,7; iOS 18_5; pt_BR; pt; scale=3.00; 1170x2532; 761848126; IABMV/1)"
179.181.147.31 - - [21/Jul/2025:12:22:51 -0300] "GET /4.png HTTP/1.1" 200 1067791 "https://www.vacivitta.com.br/?fbclid=PAZXh0bgNhZW0CMTEAAacI5umylr2tQPwQeSDE-xoeX0WX2EvzwpX9W-IrP5ay5tn9AomTx9lztE3feg_aem_5hocV22uhfjfQ4eebBoWng" "Mozilla/5.0 (iPhone; CPU iPhone OS 18_5 like Mac OS X) AppleWebKit/605.1.15 (KHTML, like Gecko) Mobile/22F76 Instagram 389.0.0.20.89 (iPhone14,7; iOS 18_5; pt_BR; pt; scale=3.00; 1170x2532; 761848126; IABMV/1)"
179.181.147.31 - - [21/Jul/2025:12:22:52 -0300] "GET /video.mp4 HTTP/1.1" 206 2 "https://www.vacivitta.com.br/?fbclid=PAZXh0bgNhZW0CMTEAAacI5umylr2tQPwQeSDE-xoeX0WX2EvzwpX9W-IrP5ay5tn9AomTx9lztE3feg_aem_5hocV22uhfjfQ4eebBoWng" "Mozilla/5.0 (iPhone; CPU iPhone OS 18_5 like Mac OS X) AppleWebKit/605.1.15 (KHTML, like Gecko) Mobile/22F76 Instagram 389.0.0.20.89 (iPhone14,7; iOS 18_5; pt_BR; pt; scale=3.00; 1170x2532; 761848126; IABMV/1)"
179.181.147.31 - - [21/Jul/2025:12:22:51 -0300] "GET /3.png HTTP/1.1" 200 1055246 "https://www.vacivitta.com.br/?fbclid=PAZXh0bgNhZW0CMTEAAacI5umylr2tQPwQeSDE-xoeX0WX2EvzwpX9W-IrP5ay5tn9AomTx9lztE3feg_aem_5hocV22uhfjfQ4eebBoWng" "Mozilla/5.0 (iPhone; CPU iPhone OS 18_5 like Mac OS X) AppleWebKit/605.1.15 (KHTML, like Gecko) Mobile/22F76 Instagram 389.0.0.20.89 (iPhone14,7; iOS 18_5; pt_BR; pt; scale=3.00; 1170x2532; 761848126; IABMV/1)"
179.181.147.31 - - [21/Jul/2025:12:22:52 -0300] "GET /fts1.png HTTP/1.1" 200 2704287 "https://www.vacivitta.com.br/?fbclid=PAZXh0bgNhZW0CMTEAAacI5umylr2tQPwQeSDE-xoeX0WX2EvzwpX9W-IrP5ay5tn9AomTx9lztE3feg_aem_5hocV22uhfjfQ4eebBoWng" "Mozilla/5.0 (iPhone; CPU iPhone OS 18_5 like Mac OS X) AppleWebKit/605.1.15 (KHTML, like Gecko) Mobile/22F76 Instagram 389.0.0.20.89 (iPhone14,7; iOS 18_5; pt_BR; pt; scale=3.00; 1170x2532; 761848126; IABMV/1)"
179.181.147.31 - - [21/Jul/2025:12:22:52 -0300] "GET /video.mp4 HTTP/1.1" 206 636967327 "https://www.vacivitta.com.br/?fbclid=PAZXh0bgNhZW0CMTEAAacI5umylr2tQPwQeSDE-xoeX0WX2EvzwpX9W-IrP5ay5tn9AomTx9lztE3feg_aem_5hocV22uhfjfQ4eebBoWng" "Mozilla/5.0 (iPhone; CPU iPhone OS 18_5 like Mac OS X) AppleWebKit/605.1.15 (KHTML, like Gecko) Mobile/22F76 Instagram 389.0.0.20.89 (iPhone14,7; iOS 18_5; pt_BR; pt; scale=3.00; 1170x2532; 761848126; IABMV/1)"
179.181.147.31 - - [21/Jul/2025:12:22:52 -0300] "GET /video.mp4 HTTP/1.1" 206 154015 "https://www.vacivitta.com.br/?fbclid=PAZXh0bgNhZW0CMTEAAacI5umylr2tQPwQeSDE-xoeX0WX2EvzwpX9W-IrP5ay5tn9AomTx9lztE3feg_aem_5hocV22uhfjfQ4eebBoWng" "Mozilla/5.0 (iPhone; CPU iPhone OS 18_5 like Mac OS X) AppleWebKit/605.1.15 (KHTML, like Gecko) Mobile/22F76 Instagram 389.0.0.20.89 (iPhone14,7; iOS 18_5; pt_BR; pt; scale=3.00; 1170x2532; 761848126; IABMV/1)"
179.181.147.31 - - [21/Jul/2025:12:22:53 -0300] "GET /fts3.png HTTP/1.1" 200 798280 "https://www.vacivitta.com.br/?fbclid=PAZXh0bgNhZW0CMTEAAacI5umylr2tQPwQeSDE-xoeX0WX2EvzwpX9W-IrP5ay5tn9AomTx9lztE3feg_aem_5hocV22uhfjfQ4eebBoWng" "Mozilla/5.0 (iPhone; CPU iPhone OS 18_5 like Mac OS X) AppleWebKit/605.1.15 (KHTML, like Gecko) Mobile/22F76 Instagram 389.0.0.20.89 (iPhone14,7; iOS 18_5; pt_BR; pt; scale=3.00; 1170x2532; 761848126; IABMV/1)"
179.181.147.31 - - [21/Jul/2025:12:22:51 -0300] "GET /vaci.jpg HTTP/1.1" 200 155283 "https://www.vacivitta.com.br/?fbclid=PAZXh0bgNhZW0CMTEAAacI5umylr2tQPwQeSDE-xoeX0WX2EvzwpX9W-IrP5ay5tn9AomTx9lztE3feg_aem_5hocV22uhfjfQ4eebBoWng" "Mozilla/5.0 (iPhone; CPU iPhone OS 18_5 like Mac OS X) AppleWebKit/605.1.15 (KHTML, like Gecko) Mobile/22F76 Instagram 389.0.0.20.89 (iPhone14,7; iOS 18_5; pt_BR; pt; scale=3.00; 1170x2532; 761848126; IABMV/1)"
179.181.147.31 - - [21/Jul/2025:12:22:53 -0300] "GET /walp.png HTTP/1.1" 200 26312 "https://www.vacivitta.com.br/?fbclid=PAZXh0bgNhZW0CMTEAAacI5umylr2tQPwQeSDE-xoeX0WX2EvzwpX9W-IrP5ay5tn9AomTx9lztE3feg_aem_5hocV22uhfjfQ4eebBoWng" "Mozilla/5.0 (iPhone; CPU iPhone OS 18_5 like Mac OS X) AppleWebKit/605.1.15 (KHTML, like Gecko) Mobile/22F76 Instagram 389.0.0.20.89 (iPhone14,7; iOS 18_5; pt_BR; pt; scale=3.00; 1170x2532; 761848126; IABMV/1)"
179.181.147.31 - - [21/Jul/2025:12:22:53 -0300] "GET /mobilePage.png HTTP/1.1" 200 1355793 "https://www.vacivitta.com.br/?fbclid=PAZXh0bgNhZW0CMTEAAacI5umylr2tQPwQeSDE-xoeX0WX2EvzwpX9W-IrP5ay5tn9AomTx9lztE3feg_aem_5hocV22uhfjfQ4eebBoWng" "Mozilla/5.0 (iPhone; CPU iPhone OS 18_5 like Mac OS X) AppleWebKit/605.1.15 (KHTML, like Gecko) Mobile/22F76 Instagram 389.0.0.20.89 (iPhone14,7; iOS 18_5; pt_BR; pt; scale=3.00; 1170x2532; 761848126; IABMV/1)"
179.181.147.31 - - [21/Jul/2025:12:22:54 -0300] "GET /homePage2.png HTTP/1.1" 200 227246 "https://www.vacivitta.com.br/?fbclid=PAZXh0bgNhZW0CMTEAAacI5umylr2tQPwQeSDE-xoeX0WX2EvzwpX9W-IrP5ay5tn9AomTx9lztE3feg_aem_5hocV22uhfjfQ4eebBoWng" "Mozilla/5.0 (iPhone; CPU iPhone OS 18_5 like Mac OS X) AppleWebKit/605.1.15 (KHTML, like Gecko) Mobile/22F76 Instagram 389.0.0.20.89 (iPhone14,7; iOS 18_5; pt_BR; pt; scale=3.00; 1170x2532; 761848126; IABMV/1)"
179.181.147.31 - - [21/Jul/2025:12:22:51 -0300] "GET /2.png HTTP/1.1" 200 1052379 "https://www.vacivitta.com.br/?fbclid=PAZXh0bgNhZW0CMTEAAacI5umylr2tQPwQeSDE-xoeX0WX2EvzwpX9W-IrP5ay5tn9AomTx9lztE3feg_aem_5hocV22uhfjfQ4eebBoWng" "Mozilla/5.0 (iPhone; CPU iPhone OS 18_5 like Mac OS X) AppleWebKit/605.1.15 (KHTML, like Gecko) Mobile/22F76 Instagram 389.0.0.20.89 (iPhone14,7; iOS 18_5; pt_BR; pt; scale=3.00; 1170x2532; 761848126; IABMV/1)"
179.181.147.31 - - [21/Jul/2025:12:22:51 -0300] "GET /1.png HTTP/1.1" 200 1041468 "https://www.vacivitta.com.br/?fbclid=PAZXh0bgNhZW0CMTEAAacI5umylr2tQPwQeSDE-xoeX0WX2EvzwpX9W-IrP5ay5tn9AomTx9lztE3feg_aem_5hocV22uhfjfQ4eebBoWng" "Mozilla/5.0 (iPhone; CPU iPhone OS 18_5 like Mac OS X) AppleWebKit/605.1.15 (KHTML, like Gecko) Mobile/22F76 Instagram 389.0.0.20.89 (iPhone14,7; iOS 18_5; pt_BR; pt; scale=3.00; 1170x2532; 761848126; IABMV/1)"
179.181.147.31 - - [21/Jul/2025:12:22:50 -0300] "GET /mapa.png HTTP/1.1" 200 1787231 "https://www.vacivitta.com.br/?fbclid=PAZXh0bgNhZW0CMTEAAacI5umylr2tQPwQeSDE-xoeX0WX2EvzwpX9W-IrP5ay5tn9AomTx9lztE3feg_aem_5hocV22uhfjfQ4eebBoWng" "Mozilla/5.0 (iPhone; CPU iPhone OS 18_5 like Mac OS X) AppleWebKit/605.1.15 (KHTML, like Gecko) Mobile/22F76 Instagram 389.0.0.20.89 (iPhone14,7; iOS 18_5; pt_BR; pt; scale=3.00; 1170x2532; 761848126; IABMV/1)"
179.181.147.31 - - [21/Jul/2025:12:22:53 -0300] "GET /fts2.png HTTP/1.1" 200 2539592 "https://www.vacivitta.com.br/?fbclid=PAZXh0bgNhZW0CMTEAAacI5umylr2tQPwQeSDE-xoeX0WX2EvzwpX9W-IrP5ay5tn9AomTx9lztE3feg_aem_5hocV22uhfjfQ4eebBoWng" "Mozilla/5.0 (iPhone; CPU iPhone OS 18_5 like Mac OS X) AppleWebKit/605.1.15 (KHTML, like Gecko) Mobile/22F76 Instagram 389.0.0.20.89 (iPhone14,7; iOS 18_5; pt_BR; pt; scale=3.00; 1170x2532; 761848126; IABMV/1)"
179.215.121.183 - - [21/Jul/2025:12:23:33 -0300] "POST /cpsess4545472276/3rdparty/roundcube/?_task=mail&_action=refresh HTTP/1.1" 200 135 "https://webmail.vacivitta.com.br/cpsess4545472276/3rdparty/roundcube/?_task=mail&_mbox=INBOX" "Mozilla/5.0 (Windows NT 10.0; Win64; x64) AppleWebKit/537.36 (KHTML, like Gecko) Chrome/138.0.0.0 Safari/537.36"
66.249.73.169 - - [21/Jul/2025:12:23:55 -0300] "GET /items/sryru37/31635?key=ahead HTTP/1.1" 404 - "-" "Mozilla/5.0 (Linux; Android 6.0.1; Nexus 5X Build/MMB29P) AppleWebKit/537.36 (KHTML, like Gecko) Chrome/137.0.7151.103 Mobile Safari/537.36 (compatible; Googlebot/2.1; +http://www.google.com/bot.html)"
179.215.121.183 - - [21/Jul/2025:12:24:33 -0300] "POST /cpsess4545472276/3rdparty/roundcube/?_task=mail&_action=refresh HTTP/1.1" 200 135 "https://webmail.vacivitta.com.br/cpsess4545472276/3rdparty/roundcube/?_task=mail&_mbox=INBOX" "Mozilla/5.0 (Windows NT 10.0; Win64; x64) AppleWebKit/537.36 (KHTML, like Gecko) Chrome/138.0.0.0 Safari/537.36"
3.236.157.71 - - [21/Jul/2025:12:25:25 -0300] "GET / HTTP/1.1" 200 488 "https://vacivitta.com.br" "Mozilla/5.0 (Macintosh; Intel Mac OS X 10.15; rv:94.0) Gecko/20100101 Firefox/94.0"
204.12.252.98 - - [21/Jul/2025:12:25:37 -0300] "GET /wp-content/edit.php HTTP/1.1" 404 - "https://vacivitta.com.br/wp-content/edit.php" "Mozilla/5.0 (Windows NT 10.0; Win64; x64) AppleWebKit/537.36 (KHTML, like Gecko) Chrome/58.0.3029.110 Safari/537.3"
179.215.121.183 - - [21/Jul/2025:12:25:33 -0300] "POST /cpsess4545472276/3rdparty/roundcube/?_task=mail&_action=refresh HTTP/1.1" 200 135 "https://webmail.vacivitta.com.br/cpsess4545472276/3rdparty/roundcube/?_task=mail&_mbox=INBOX" "Mozilla/5.0 (Windows NT 10.0; Win64; x64) AppleWebKit/537.36 (KHTML, like Gecko) Chrome/138.0.0.0 Safari/537.36"
179.215.121.183 - - [21/Jul/2025:12:26:33 -0300] "POST /cpsess4545472276/3rdparty/roundcube/?_task=mail&_action=refresh HTTP/1.1" 200 135 "https://webmail.vacivitta.com.br/cpsess4545472276/3rdparty/roundcube/?_task=mail&_mbox=INBOX" "Mozilla/5.0 (Windows NT 10.0; Win64; x64) AppleWebKit/537.36 (KHTML, like Gecko) Chrome/138.0.0.0 Safari/537.36"
128.140.41.193 - - [21/Jul/2025:12:27:34 -0300] "HEAD / HTTP/1.1" 200 - "https://vacivitta.com.br/" "Mozilla/5.0+(compatible; UptimeRobot/2.0; http://www.uptimerobot.com/)"
179.215.121.183 - - [21/Jul/2025:12:27:33 -0300] "POST /cpsess4545472276/3rdparty/roundcube/?_task=mail&_action=refresh HTTP/1.1" 200 135 "https://webmail.vacivitta.com.br/cpsess4545472276/3rdparty/roundcube/?_task=mail&_mbox=INBOX" "Mozilla/5.0 (Windows NT 10.0; Win64; x64) AppleWebKit/537.36 (KHTML, like Gecko) Chrome/138.0.0.0 Safari/537.36"
66.249.73.170 - - [21/Jul/2025:12:27:56 -0300] "GET /items/sexxz161/33751?key=male HTTP/1.1" 404 - "-" "Mozilla/5.0 (Linux; Android 6.0.1; Nexus 5X Build/MMB29P) AppleWebKit/537.36 (KHTML, like Gecko) Chrome/137.0.7151.103 Mobile Safari/537.36 (compatible; Googlebot/2.1; +http://www.google.com/bot.html)"
179.215.121.183 - - [21/Jul/2025:12:28:33 -0300] "POST /cpsess4545472276/3rdparty/roundcube/?_task=mail&_action=refresh HTTP/1.1" 200 135 "https://webmail.vacivitta.com.br/cpsess4545472276/3rdparty/roundcube/?_task=mail&_mbox=INBOX" "Mozilla/5.0 (Windows NT 10.0; Win64; x64) AppleWebKit/537.36 (KHTML, like Gecko) Chrome/138.0.0.0 Safari/537.36"
66.249.73.170 - - [21/Jul/2025:12:28:56 -0300] "GET /zhHant/product/surugaya/ysysstore-ys0000018319986935?campaign_uid=f64d716db5e979ed2f947dbaf4296895b951ae7f HTTP/1.1" 404 - "-" "Mozilla/5.0 (Linux; Android 6.0.1; Nexus 5X Build/MMB29P) AppleWebKit/537.36 (KHTML, like Gecko) Chrome/137.0.7151.103 Mobile Safari/537.36 (compatible; Googlebot/2.1; +http://www.google.com/bot.html)"
179.215.121.183 - - [21/Jul/2025:12:29:33 -0300] "POST /cpsess4545472276/3rdparty/roundcube/?_task=mail&_action=refresh HTTP/1.1" 200 135 "https://webmail.vacivitta.com.br/cpsess4545472276/3rdparty/roundcube/?_task=mail&_mbox=INBOX" "Mozilla/5.0 (Windows NT 10.0; Win64; x64) AppleWebKit/537.36 (KHTML, like Gecko) Chrome/138.0.0.0 Safari/537.36"
66.249.73.170 - - [21/Jul/2025:12:29:56 -0300] "GET /safe_search/config?return_url=%2Fproduct%2Fdetail%2Fcarus-ap-rays17hex25rns-laurel-c35 HTTP/1.1" 404 - "-" "Mozilla/5.0 (Linux; Android 6.0.1; Nexus 5X Build/MMB29P) AppleWebKit/537.36 (KHTML, like Gecko) Chrome/137.0.7151.103 Mobile Safari/537.36 (compatible; Googlebot/2.1; +http://www.google.com/bot.html)"
179.215.121.183 - - [21/Jul/2025:12:30:33 -0300] "POST /cpsess4545472276/3rdparty/roundcube/?_task=mail&_action=refresh HTTP/1.1" 200 135 "https://webmail.vacivitta.com.br/cpsess4545472276/3rdparty/roundcube/?_task=mail&_mbox=INBOX" "Mozilla/5.0 (Windows NT 10.0; Win64; x64) AppleWebKit/537.36 (KHTML, like Gecko) Chrome/138.0.0.0 Safari/537.36"
177.71.22.36 - - [21/Jul/2025:12:31:24 -0300] "GET / HTTP/1.1" 200 488 "https://www.google.com/" "Mozilla/5.0 (Linux; Android 10; K) AppleWebKit/537.36 (KHTML, like Gecko) Chrome/138.0.0.0 Mobile Safari/537.36"
177.71.22.36 - - [21/Jul/2025:12:31:25 -0300] "GET /video.mp4 HTTP/1.1" 206 635269659 "https://vacivitta.com.br/" "Mozilla/5.0 (Linux; Android 10; K) AppleWebKit/537.36 (KHTML, like Gecko) Chrome/138.0.0.0 Mobile Safari/537.36"
179.215.121.183 - - [21/Jul/2025:12:31:33 -0300] "POST /cpsess4545472276/3rdparty/roundcube/?_task=mail&_action=refresh HTTP/1.1" 200 135 "https://webmail.vacivitta.com.br/cpsess4545472276/3rdparty/roundcube/?_task=mail&_mbox=INBOX" "Mozilla/5.0 (Windows NT 10.0; Win64; x64) AppleWebKit/537.36 (KHTML, like Gecko) Chrome/138.0.0.0 Safari/537.36"
66.249.73.169 - - [21/Jul/2025:12:31:57 -0300] "GET /items/zwcpx12/2498?key=devote HTTP/1.1" 404 - "-" "Mozilla/5.0 (Linux; Android 6.0.1; Nexus 5X Build/MMB29P) AppleWebKit/537.36 (KHTML, like Gecko) Chrome/137.0.7151.103 Mobile Safari/537.36 (compatible; Googlebot/2.1; +http://www.google.com/bot.html)"
179.215.121.183 - - [21/Jul/2025:12:32:33 -0300] "POST /cpsess4545472276/3rdparty/roundcube/?_task=mail&_action=refresh HTTP/1.1" 200 135 "https://webmail.vacivitta.com.br/cpsess4545472276/3rdparty/roundcube/?_task=mail&_mbox=INBOX" "Mozilla/5.0 (Windows NT 10.0; Win64; x64) AppleWebKit/537.36 (KHTML, like Gecko) Chrome/138.0.0.0 Safari/537.36"
49.13.24.81 - - [21/Jul/2025:12:32:39 -0300] "HEAD / HTTP/1.1" 200 - "https://vacivitta.com.br/" "Mozilla/5.0+(compatible; UptimeRobot/2.0; http://www.uptimerobot.com/)"
204.8.96.89 - - [21/Jul/2025:12:32:39 -0300] "POST /xmlrpc.php HTTP/1.1" 404 - "https://www.google.com/" "Mozilla/5.0 (Windows NT 10.0; Win64; x64) AppleWebKit/537.36 (KHTML, like Gecko) Chrome/78.0.3904.108 Safari/537.36"
72.235.129.116 - - [21/Jul/2025:12:32:41 -0300] "POST /xmlrpc.php HTTP/1.1" 404 - "https://www.google.com/" "Mozilla/5.0 (Macintosh; Intel Mac OS X 10_11_6) AppleWebKit/605.1.15 (KHTML, like Gecko) Version/11.1.2 Safari/605.1.15"
179.215.121.183 - - [21/Jul/2025:12:33:33 -0300] "POST /cpsess4545472276/3rdparty/roundcube/?_task=mail&_action=refresh HTTP/1.1" 200 135 "https://webmail.vacivitta.com.br/cpsess4545472276/3rdparty/roundcube/?_task=mail&_mbox=INBOX" "Mozilla/5.0 (Windows NT 10.0; Win64; x64) AppleWebKit/537.36 (KHTML, like Gecko) Chrome/138.0.0.0 Safari/537.36"
69.197.182.50 - - [21/Jul/2025:12:33:50 -0300] "GET /wp-content/edit.php HTTP/1.1" 404 - "https://vacivitta.com.br/wp-content/edit.php" "Mozilla/5.0 (Windows NT 10.0; Win64; x64) AppleWebKit/537.36 (KHTML, like Gecko) Chrome/58.0.3029.110 Safari/537.3"
179.215.121.183 - - [21/Jul/2025:12:34:33 -0300] "POST /cpsess4545472276/3rdparty/roundcube/?_task=mail&_action=refresh HTTP/1.1" 200 135 "https://webmail.vacivitta.com.br/cpsess4545472276/3rdparty/roundcube/?_task=mail&_mbox=INBOX" "Mozilla/5.0 (Windows NT 10.0; Win64; x64) AppleWebKit/537.36 (KHTML, like Gecko) Chrome/138.0.0.0 Safari/537.36"
179.215.121.183 - - [21/Jul/2025:12:35:33 -0300] "POST /cpsess4545472276/3rdparty/roundcube/?_task=mail&_action=refresh HTTP/1.1" 200 135 "https://webmail.vacivitta.com.br/cpsess4545472276/3rdparty/roundcube/?_task=mail&_mbox=INBOX" "Mozilla/5.0 (Windows NT 10.0; Win64; x64) AppleWebKit/537.36 (KHTML, like Gecko) Chrome/138.0.0.0 Safari/537.36"
66.249.73.168 - - [21/Jul/2025:12:35:57 -0300] "GET /safe_search/config?return_url=%2Fproduct%2Fdetail%2Foffic-one-cc---33841---1 HTTP/1.1" 404 - "-" "Mozilla/5.0 (Linux; Android 6.0.1; Nexus 5X Build/MMB29P) AppleWebKit/537.36 (KHTML, like Gecko) Chrome/137.0.7151.103 Mobile Safari/537.36 (compatible; Googlebot/2.1; +http://www.google.com/bot.html)"
66.249.73.170 - - [21/Jul/2025:12:35:58 -0300] "GET /pcmypage?callback=product%2Fdetail%2Fapagency-458642450 HTTP/1.1" 404 - "-" "Mozilla/5.0 (Linux; Android 6.0.1; Nexus 5X Build/MMB29P) AppleWebKit/537.36 (KHTML, like Gecko) Chrome/137.0.7151.103 Mobile Safari/537.36 (compatible; Googlebot/2.1; +http://www.google.com/bot.html)"
179.215.121.183 - - [21/Jul/2025:12:36:33 -0300] "POST /cpsess4545472276/3rdparty/roundcube/?_task=mail&_action=refresh HTTP/1.1" 200 135 "https://webmail.vacivitta.com.br/cpsess4545472276/3rdparty/roundcube/?_task=mail&_mbox=INBOX" "Mozilla/5.0 (Windows NT 10.0; Win64; x64) AppleWebKit/537.36 (KHTML, like Gecko) Chrome/138.0.0.0 Safari/537.36"
179.215.121.183 - - [21/Jul/2025:12:37:33 -0300] "POST /cpsess4545472276/3rdparty/roundcube/?_task=mail&_action=refresh HTTP/1.1" 200 135 "https://webmail.vacivitta.com.br/cpsess4545472276/3rdparty/roundcube/?_task=mail&_mbox=INBOX" "Mozilla/5.0 (Windows NT 10.0; Win64; x64) AppleWebKit/537.36 (KHTML, like Gecko) Chrome/138.0.0.0 Safari/537.36"
78.47.98.55 - - [21/Jul/2025:12:37:43 -0300] "HEAD / HTTP/1.1" 200 - "https://vacivitta.com.br/" "Mozilla/5.0+(compatible; UptimeRobot/2.0; http://www.uptimerobot.com/)"
179.215.121.183 - - [21/Jul/2025:12:38:33 -0300] "POST /cpsess4545472276/3rdparty/roundcube/?_task=mail&_action=refresh HTTP/1.1" 200 135 "https://webmail.vacivitta.com.br/cpsess4545472276/3rdparty/roundcube/?_task=mail&_mbox=INBOX" "Mozilla/5.0 (Windows NT 10.0; Win64; x64) AppleWebKit/537.36 (KHTML, like Gecko) Chrome/138.0.0.0 Safari/537.36"
204.12.252.98 - - [21/Jul/2025:12:38:51 -0300] "GET /wp-content/edit.php HTTP/1.1" 404 - "https://vacivitta.com.br/wp-content/edit.php" "Mozilla/5.0 (Windows NT 10.0; Win64; x64) AppleWebKit/537.36 (KHTML, like Gecko) Chrome/58.0.3029.110 Safari/537.3"
43.153.74.75 - - [21/Jul/2025:12:38:54 -0300] "GET / HTTP/1.1" 200 488 "http://vacivitta.com.br" "Mozilla/5.0 (iPhone; CPU iPhone OS 13_2_3 like Mac OS X) AppleWebKit/605.1.15 (KHTML, like Gecko) Version/13.0.3 Mobile/15E148 Safari/604.1"
66.249.73.170 - - [21/Jul/2025:12:38:59 -0300] "GET /pcmypage?callback=/product%2Fdetail%2E-hakaru-490-1801 HTTP/1.1" 404 - "-" "Mozilla/5.0 (Linux; Android 6.0.1; Nexus 5X Build/MMB29P) AppleWebKit/537.36 (KHTML, like Gecko) Chrome/137.0.7151.103 Mobile Safari/537.36 (compatible; Googlebot/2.1; +http://www.google.com/bot.html)"
179.215.121.183 - - [21/Jul/2025:12:39:33 -0300] "POST /cpsess4545472276/3rdparty/roundcube/?_task=mail&_action=refresh HTTP/1.1" 200 135 "https://webmail.vacivitta.com.br/cpsess4545472276/3rdparty/roundcube/?_task=mail&_mbox=INBOX" "Mozilla/5.0 (Windows NT 10.0; Win64; x64) AppleWebKit/537.36 (KHTML, like Gecko) Chrome/138.0.0.0 Safari/537.36"
66.249.83.71 - - [21/Jul/2025:12:39:44 -0300] "GET /.well-known/traffic-advice HTTP/1.1" 404 - "-" "Chrome Privacy Preserving Prefetch Proxy"
193.186.4.241 - - [21/Jul/2025:12:39:44 -0300] "GET / HTTP/1.1" 200 488 "https://www.google.com/" "Mozilla/5.0 (Linux; Android 10; K) AppleWebKit/537.36 (KHTML, like Gecko) Chrome/138.0.0.0 Mobile Safari/537.36"
179.215.121.183 - - [21/Jul/2025:12:40:33 -0300] "POST /cpsess4545472276/3rdparty/roundcube/?_task=mail&_action=refresh HTTP/1.1" 200 135 "https://webmail.vacivitta.com.br/cpsess4545472276/3rdparty/roundcube/?_task=mail&_mbox=INBOX" "Mozilla/5.0 (Windows NT 10.0; Win64; x64) AppleWebKit/537.36 (KHTML, like Gecko) Chrome/138.0.0.0 Safari/537.36"
66.249.73.168 - - [21/Jul/2025:12:40:51 -0300] "GET /items/lowyy56/12390?key=cling HTTP/1.1" 404 - "-" "Mozilla/5.0 (Linux; Android 6.0.1; Nexus 5X Build/MMB29P) AppleWebKit/537.36 (KHTML, like Gecko) Chrome/137.0.7151.103 Mobile Safari/537.36 (compatible; Googlebot/2.1; +http://www.google.com/bot.html)"
179.215.121.183 - - [21/Jul/2025:12:41:33 -0300] "POST /cpsess4545472276/3rdparty/roundcube/?_task=mail&_action=refresh HTTP/1.1" 200 135 "https://webmail.vacivitta.com.br/cpsess4545472276/3rdparty/roundcube/?_task=mail&_mbox=INBOX" "Mozilla/5.0 (Windows NT 10.0; Win64; x64) AppleWebKit/537.36 (KHTML, like Gecko) Chrome/138.0.0.0 Safari/537.36"
179.215.121.183 - - [21/Jul/2025:12:42:33 -0300] "POST /cpsess4545472276/3rdparty/roundcube/?_task=mail&_action=refresh HTTP/1.1" 200 135 "https://webmail.vacivitta.com.br/cpsess4545472276/3rdparty/roundcube/?_task=mail&_mbox=INBOX" "Mozilla/5.0 (Windows NT 10.0; Win64; x64) AppleWebKit/537.36 (KHTML, like Gecko) Chrome/138.0.0.0 Safari/537.36"
128.140.41.193 - - [21/Jul/2025:12:42:48 -0300] "HEAD / HTTP/1.1" 200 - "https://vacivitta.com.br/" "Mozilla/5.0+(compatible; UptimeRobot/2.0; http://www.uptimerobot.com/)"
66.249.73.168 - - [21/Jul/2025:12:42:51 -0300] "GET /product/edit/awa-outdoor-b00i3wdvh6 HTTP/1.1" 404 - "-" "Mozilla/5.0 (Linux; Android 6.0.1; Nexus 5X Build/MMB29P) AppleWebKit/537.36 (KHTML, like Gecko) Chrome/137.0.7151.103 Mobile Safari/537.36 (compatible; Googlebot/2.1; +http://www.google.com/bot.html)"
179.215.121.183 - - [21/Jul/2025:12:43:33 -0300] "POST /cpsess4545472276/3rdparty/roundcube/?_task=mail&_action=refresh HTTP/1.1" 200 135 "https://webmail.vacivitta.com.br/cpsess4545472276/3rdparty/roundcube/?_task=mail&_mbox=INBOX" "Mozilla/5.0 (Windows NT 10.0; Win64; x64) AppleWebKit/537.36 (KHTML, like Gecko) Chrome/138.0.0.0 Safari/537.36"
69.197.135.226 - - [21/Jul/2025:12:44:02 -0300] "GET /wp-content/edit.php HTTP/1.1" 404 - "https://vacivitta.com.br/wp-content/edit.php" "Mozilla/5.0 (Windows NT 10.0; Win64; x64) AppleWebKit/537.36 (KHTML, like Gecko) Chrome/58.0.3029.110 Safari/537.3"
179.215.121.183 - - [21/Jul/2025:12:44:33 -0300] "POST /cpsess4545472276/3rdparty/roundcube/?_task=mail&_action=refresh HTTP/1.1" 200 135 "https://webmail.vacivitta.com.br/cpsess4545472276/3rdparty/roundcube/?_task=mail&_mbox=INBOX" "Mozilla/5.0 (Windows NT 10.0; Win64; x64) AppleWebKit/537.36 (KHTML, like Gecko) Chrome/138.0.0.0 Safari/537.36"
179.215.121.183 - - [21/Jul/2025:12:45:33 -0300] "POST /cpsess4545472276/3rdparty/roundcube/?_task=mail&_action=refresh HTTP/1.1" 200 135 "https://webmail.vacivitta.com.br/cpsess4545472276/3rdparty/roundcube/?_task=mail&_mbox=INBOX" "Mozilla/5.0 (Windows NT 10.0; Win64; x64) AppleWebKit/537.36 (KHTML, like Gecko) Chrome/138.0.0.0 Safari/537.36"
179.215.121.183 - - [21/Jul/2025:12:46:33 -0300] "POST /cpsess4545472276/3rdparty/roundcube/?_task=mail&_action=refresh HTTP/1.1" 200 135 "https://webmail.vacivitta.com.br/cpsess4545472276/3rdparty/roundcube/?_task=mail&_mbox=INBOX" "Mozilla/5.0 (Windows NT 10.0; Win64; x64) AppleWebKit/537.36 (KHTML, like Gecko) Chrome/138.0.0.0 Safari/537.36"
66.249.73.169 - - [21/Jul/2025:12:46:52 -0300] "GET /pcmypage?callback=/product%2Fdetail%2ss-style8-mi-pjm06-su03002 HTTP/1.1" 404 - "-" "Mozilla/5.0 (Linux; Android 6.0.1; Nexus 5X Build/MMB29P) AppleWebKit/537.36 (KHTML, like Gecko) Chrome/137.0.7151.103 Mobile Safari/537.36 (compatible; Googlebot/2.1; +http://www.google.com/bot.html)"
54.36.148.101 - - [21/Jul/2025:12:47:17 -0300] "GET /robots.txt HTTP/1.1" 404 - "-" "Mozilla/5.0 (compatible; AhrefsBot/7.0; +http://ahrefs.com/robot/)"
51.222.253.19 - - [21/Jul/2025:12:47:18 -0300] "GET / HTTP/1.1" 304 - "-" "Mozilla/5.0 (compatible; AhrefsBot/7.0; +http://ahrefs.com/robot/)"
179.215.121.183 - - [21/Jul/2025:12:47:33 -0300] "POST /cpsess4545472276/3rdparty/roundcube/?_task=mail&_action=refresh HTTP/1.1" 200 135 "https://webmail.vacivitta.com.br/cpsess4545472276/3rdparty/roundcube/?_task=mail&_mbox=INBOX" "Mozilla/5.0 (Windows NT 10.0; Win64; x64) AppleWebKit/537.36 (KHTML, like Gecko) Chrome/138.0.0.0 Safari/537.36"
157.90.155.240 - - [21/Jul/2025:12:47:53 -0300] "HEAD / HTTP/1.1" 200 - "https://vacivitta.com.br/" "Mozilla/5.0+(compatible; UptimeRobot/2.0; http://www.uptimerobot.com/)"
179.215.121.183 - - [21/Jul/2025:12:48:33 -0300] "POST /cpsess4545472276/3rdparty/roundcube/?_task=mail&_action=refresh HTTP/1.1" 200 135 "https://webmail.vacivitta.com.br/cpsess4545472276/3rdparty/roundcube/?_task=mail&_mbox=INBOX" "Mozilla/5.0 (Windows NT 10.0; Win64; x64) AppleWebKit/537.36 (KHTML, like Gecko) Chrome/138.0.0.0 Safari/537.36"
66.249.73.170 - - [21/Jul/2025:12:48:52 -0300] "GET /pcmypage?callback=/product%2Fdetail%2E-connect-e-232 HTTP/1.1" 404 - "-" "Mozilla/5.0 (Linux; Android 6.0.1; Nexus 5X Build/MMB29P) AppleWebKit/537.36 (KHTML, like Gecko) Chrome/137.0.7151.103 Mobile Safari/537.36 (compatible; Googlebot/2.1; +http://www.google.com/bot.html)"
66.249.73.170 - - [21/Jul/2025:12:48:52 -0300] "GET /pcmypage?callback=product%2Fdetail%2Fn-fine-20240210094338-00160 HTTP/1.1" 404 - "-" "Mozilla/5.0 (Linux; Android 6.0.1; Nexus 5X Build/MMB29P) AppleWebKit/537.36 (KHTML, like Gecko) Chrome/137.0.7151.103 Mobile Safari/537.36 (compatible; Googlebot/2.1; +http://www.google.com/bot.html)"
179.215.121.183 - - [21/Jul/2025:12:49:33 -0300] "POST /cpsess4545472276/3rdparty/roundcube/?_task=mail&_action=refresh HTTP/1.1" 200 135 "https://webmail.vacivitta.com.br/cpsess4545472276/3rdparty/roundcube/?_task=mail&_mbox=INBOX" "Mozilla/5.0 (Windows NT 10.0; Win64; x64) AppleWebKit/537.36 (KHTML, like Gecko) Chrome/138.0.0.0 Safari/537.36"
66.249.73.169 - - [21/Jul/2025:12:49:52 -0300] "GET /?_ga=2.193929543.1954859000.1729550949-963870751.1699386649&_bdsid=47u8bn.n~DOXON.1743916948286.1788022705&_bd_prev_page=https://vacivitta.com.br/collect.asp?products/175py19086 HTTP/1.1" 200 488 "-" "Mozilla/5.0 (Linux; Android 6.0.1; Nexus 5X Build/MMB29P) AppleWebKit/537.36 (KHTML, like Gecko) Chrome/137.0.7151.103 Mobile Safari/537.36 (compatible; Googlebot/2.1; +http://www.google.com/bot.html)"
179.215.121.183 - - [21/Jul/2025:12:50:33 -0300] "POST /cpsess4545472276/3rdparty/roundcube/?_task=mail&_action=refresh HTTP/1.1" 200 135 "https://webmail.vacivitta.com.br/cpsess4545472276/3rdparty/roundcube/?_task=mail&_mbox=INBOX" "Mozilla/5.0 (Windows NT 10.0; Win64; x64) AppleWebKit/537.36 (KHTML, like Gecko) Chrome/138.0.0.0 Safari/537.36"
66.249.73.169 - - [21/Jul/2025:12:50:53 -0300] "GET /pcmypage?callback=/product%2Fdetail%2lachance-4014700 HTTP/1.1" 404 - "-" "Mozilla/5.0 (Linux; Android 6.0.1; Nexus 5X Build/MMB29P) AppleWebKit/537.36 (KHTML, like Gecko) Chrome/137.0.7151.103 Mobile Safari/537.36 (compatible; Googlebot/2.1; +http://www.google.com/bot.html)"
179.215.121.183 - - [21/Jul/2025:12:51:33 -0300] "POST /cpsess4545472276/3rdparty/roundcube/?_task=mail&_action=refresh HTTP/1.1" 200 135 "https://webmail.vacivitta.com.br/cpsess4545472276/3rdparty/roundcube/?_task=mail&_mbox=INBOX" "Mozilla/5.0 (Windows NT 10.0; Win64; x64) AppleWebKit/537.36 (KHTML, like Gecko) Chrome/138.0.0.0 Safari/537.36"
66.249.73.168 - - [21/Jul/2025:12:51:53 -0300] "GET /pcmypage?callback=/product%2Fdetail%2Ecjoyecj22-7670589 HTTP/1.1" 404 - "-" "Mozilla/5.0 (Linux; Android 6.0.1; Nexus 5X Build/MMB29P) AppleWebKit/537.36 (KHTML, like Gecko) Chrome/137.0.7151.103 Mobile Safari/537.36 (compatible; Googlebot/2.1; +http://www.google.com/bot.html)"
208.110.64.178 - - [21/Jul/2025:12:52:34 -0300] "GET /wp-content/edit.php HTTP/1.1" 404 - "https://vacivitta.com.br/wp-content/edit.php" "Mozilla/5.0 (Windows NT 10.0; Win64; x64) AppleWebKit/537.36 (KHTML, like Gecko) Chrome/58.0.3029.110 Safari/537.3"
179.215.121.183 - - [21/Jul/2025:12:52:33 -0300] "POST /cpsess4545472276/3rdparty/roundcube/?_task=mail&_action=refresh HTTP/1.1" 200 135 "https://webmail.vacivitta.com.br/cpsess4545472276/3rdparty/roundcube/?_task=mail&_mbox=INBOX" "Mozilla/5.0 (Windows NT 10.0; Win64; x64) AppleWebKit/537.36 (KHTML, like Gecko) Chrome/138.0.0.0 Safari/537.36"
157.90.155.240 - - [21/Jul/2025:12:52:58 -0300] "HEAD / HTTP/1.1" 200 - "https://vacivitta.com.br/" "Mozilla/5.0+(compatible; UptimeRobot/2.0; http://www.uptimerobot.com/)"
179.215.121.183 - - [21/Jul/2025:12:53:33 -0300] "POST /cpsess4545472276/3rdparty/roundcube/?_task=mail&_action=refresh HTTP/1.1" 200 135 "https://webmail.vacivitta.com.br/cpsess4545472276/3rdparty/roundcube/?_task=mail&_mbox=INBOX" "Mozilla/5.0 (Windows NT 10.0; Win64; x64) AppleWebKit/537.36 (KHTML, like Gecko) Chrome/138.0.0.0 Safari/537.36"
66.249.73.168 - - [21/Jul/2025:12:53:53 -0300] "GET /products/261wh46662 HTTP/1.1" 404 - "-" "Mozilla/5.0 (Linux; Android 6.0.1; Nexus 5X Build/MMB29P) AppleWebKit/537.36 (KHTML, like Gecko) Chrome/137.0.7151.103 Mobile Safari/537.36 (compatible; Googlebot/2.1; +http://www.google.com/bot.html)"
198.235.24.53 - - [21/Jul/2025:12:54:16 -0300] "GET / HTTP/1.1" 308 85 "-" "-"
66.249.73.168 - - [21/Jul/2025:12:54:54 -0300] "GET /items/leewr107/43493?key=my HTTP/1.1" 404 - "-" "Mozilla/5.0 (Linux; Android 6.0.1; Nexus 5X Build/MMB29P) AppleWebKit/537.36 (KHTML, like Gecko) Chrome/137.0.7151.103 Mobile Safari/537.36 (compatible; Googlebot/2.1; +http://www.google.com/bot.html)"
66.249.73.168 - - [21/Jul/2025:12:54:54 -0300] "GET /items/bmxnl84/6862?key=withdraw HTTP/1.1" 404 - "-" "Mozilla/5.0 (Linux; Android 6.0.1; Nexus 5X Build/MMB29P) AppleWebKit/537.36 (KHTML, like Gecko) Chrome/137.0.7151.103 Mobile Safari/537.36 (compatible; Googlebot/2.1; +http://www.google.com/bot.html)"
66.249.73.169 - - [21/Jul/2025:12:57:55 -0300] "GET /pcmypage?callback=/product%2Fdetail%2Chaco-2-20231016032058-00424 HTTP/1.1" 404 - "-" "Mozilla/5.0 (Linux; Android 6.0.1; Nexus 5X Build/MMB29P) AppleWebKit/537.36 (KHTML, like Gecko) Chrome/137.0.7151.103 Mobile Safari/537.36 (compatible; Googlebot/2.1; +http://www.google.com/bot.html)"
168.119.123.75 - - [21/Jul/2025:12:58:02 -0300] "HEAD / HTTP/1.1" 200 - "https://vacivitta.com.br/" "Mozilla/5.0+(compatible; UptimeRobot/2.0; http://www.uptimerobot.com/)"
179.215.121.183 - - [21/Jul/2025:12:54:33 -0300] "POST /cpsess4545472276/3rdparty/roundcube/?_task=mail&_action=refresh HTTP/1.1" 200 135 "https://webmail.vacivitta.com.br/cpsess4545472276/3rdparty/roundcube/?_task=mail&_mbox=INBOX" "Mozilla/5.0 (Windows NT 10.0; Win64; x64) AppleWebKit/537.36 (KHTML, like Gecko) Chrome/138.0.0.0 Safari/537.36"
179.215.121.183 - - [21/Jul/2025:12:58:33 -0300] "POST /cpsess4545472276/3rdparty/roundcube/?_task=mail&_action=refresh HTTP/1.1" 200 135 "https://webmail.vacivitta.com.br/cpsess4545472276/3rdparty/roundcube/?_task=mail&_mbox=INBOX" "Mozilla/5.0 (Windows NT 10.0; Win64; x64) AppleWebKit/537.36 (KHTML, like Gecko) Chrome/138.0.0.0 Safari/537.36"
179.215.121.183 - - [21/Jul/2025:13:00:33 -0300] "POST /cpsess4545472276/3rdparty/roundcube/?_task=mail&_action=refresh HTTP/1.1" 200 135 "https://webmail.vacivitta.com.br/cpsess4545472276/3rdparty/roundcube/?_task=mail&_mbox=INBOX" "Mozilla/5.0 (Windows NT 10.0; Win64; x64) AppleWebKit/537.36 (KHTML, like Gecko) Chrome/138.0.0.0 Safari/537.36"
72.14.201.237 - - [21/Jul/2025:13:00:50 -0300] "GET / HTTP/1.1" 200 488 "https://www.google.com/" "Mozilla/5.0 (Windows NT 10.0; Win64; x64) AppleWebKit/537.36 (KHTML, like Gecko) Chrome/138.0.0.0 Safari/537.36"
179.215.121.183 - - [21/Jul/2025:13:01:34 -0300] "POST /cpsess4545472276/3rdparty/roundcube/?_task=mail&_action=refresh HTTP/1.1" 200 135 "https://webmail.vacivitta.com.br/cpsess4545472276/3rdparty/roundcube/?_task=mail&_mbox=INBOX" "Mozilla/5.0 (Windows NT 10.0; Win64; x64) AppleWebKit/537.36 (KHTML, like Gecko) Chrome/138.0.0.0 Safari/537.36"
66.249.73.170 - - [21/Jul/2025:13:01:55 -0300] "GET /items/spxnm5/18637?key=roof HTTP/1.1" 404 - "-" "Mozilla/5.0 (Linux; Android 6.0.1; Nexus 5X Build/MMB29P) AppleWebKit/537.36 (KHTML, like Gecko) Chrome/137.0.7151.103 Mobile Safari/537.36 (compatible; Googlebot/2.1; +http://www.google.com/bot.html)"
179.215.121.183 - - [21/Jul/2025:13:02:35 -0300] "POST /cpsess4545472276/3rdparty/roundcube/?_task=mail&_action=refresh HTTP/1.1" 200 135 "https://webmail.vacivitta.com.br/cpsess4545472276/3rdparty/roundcube/?_task=mail&_mbox=INBOX" "Mozilla/5.0 (Windows NT 10.0; Win64; x64) AppleWebKit/537.36 (KHTML, like Gecko) Chrome/138.0.0.0 Safari/537.36"
157.90.156.63 - - [21/Jul/2025:13:03:06 -0300] "HEAD / HTTP/1.1" 200 - "https://vacivitta.com.br/" "Mozilla/5.0+(compatible; UptimeRobot/2.0; http://www.uptimerobot.com/)"
179.215.121.183 - - [21/Jul/2025:13:03:36 -0300] "POST /cpsess4545472276/3rdparty/roundcube/?_task=mail&_action=refresh HTTP/1.1" 200 135 "https://webmail.vacivitta.com.br/cpsess4545472276/3rdparty/roundcube/?_task=mail&_mbox=INBOX" "Mozilla/5.0 (Windows NT 10.0; Win64; x64) AppleWebKit/537.36 (KHTML, like Gecko) Chrome/138.0.0.0 Safari/537.36"
69.197.182.50 - - [21/Jul/2025:13:03:49 -0300] "GET /wp-content/edit.php HTTP/1.1" 404 - "https://vacivitta.com.br/wp-content/edit.php" "Mozilla/5.0 (Windows NT 10.0; Win64; x64) AppleWebKit/537.36 (KHTML, like Gecko) Chrome/58.0.3029.110 Safari/537.3"
179.215.121.183 - - [21/Jul/2025:13:04:37 -0300] "POST /cpsess4545472276/3rdparty/roundcube/?_task=mail&_action=refresh HTTP/1.1" 200 135 "https://webmail.vacivitta.com.br/cpsess4545472276/3rdparty/roundcube/?_task=mail&_mbox=INBOX" "Mozilla/5.0 (Windows NT 10.0; Win64; x64) AppleWebKit/537.36 (KHTML, like Gecko) Chrome/138.0.0.0 Safari/537.36"
66.249.73.168 - - [21/Jul/2025:13:04:55 -0300] "GET /product/edit/poupelle-mart-20231201160019-00493 HTTP/1.1" 404 - "-" "Mozilla/5.0 (Linux; Android 6.0.1; Nexus 5X Build/MMB29P) AppleWebKit/537.36 (KHTML, like Gecko) Chrome/137.0.7151.103 Mobile Safari/537.36 (compatible; Googlebot/2.1; +http://www.google.com/bot.html)"
179.215.121.183 - - [21/Jul/2025:13:05:38 -0300] "POST /cpsess4545472276/3rdparty/roundcube/?_task=mail&_action=refresh HTTP/1.1" 200 135 "https://webmail.vacivitta.com.br/cpsess4545472276/3rdparty/roundcube/?_task=mail&_mbox=INBOX" "Mozilla/5.0 (Windows NT 10.0; Win64; x64) AppleWebKit/537.36 (KHTML, like Gecko) Chrome/138.0.0.0 Safari/537.36"
66.249.73.168 - - [21/Jul/2025:13:05:55 -0300] "GET /pcmypage?callback=product/review/onepiecetire-kc3ob3936 HTTP/1.1" 404 - "-" "Mozilla/5.0 (Linux; Android 6.0.1; Nexus 5X Build/MMB29P) AppleWebKit/537.36 (KHTML, like Gecko) Chrome/137.0.7151.103 Mobile Safari/537.36 (compatible; Googlebot/2.1; +http://www.google.com/bot.html)"
179.215.121.183 - - [21/Jul/2025:13:06:39 -0300] "POST /cpsess4545472276/3rdparty/roundcube/?_task=mail&_action=refresh HTTP/1.1" 200 135 "https://webmail.vacivitta.com.br/cpsess4545472276/3rdparty/roundcube/?_task=mail&_mbox=INBOX" "Mozilla/5.0 (Windows NT 10.0; Win64; x64) AppleWebKit/537.36 (KHTML, like Gecko) Chrome/138.0.0.0 Safari/537.36"
179.215.121.183 - - [21/Jul/2025:13:07:40 -0300] "POST /cpsess4545472276/3rdparty/roundcube/?_task=mail&_action=refresh HTTP/1.1" 200 135 "https://webmail.vacivitta.com.br/cpsess4545472276/3rdparty/roundcube/?_task=mail&_mbox=INBOX" "Mozilla/5.0 (Windows NT 10.0; Win64; x64) AppleWebKit/537.36 (KHTML, like Gecko) Chrome/138.0.0.0 Safari/537.36"
66.249.73.169 - - [21/Jul/2025:13:07:56 -0300] "GET /products/177hg7646 HTTP/1.1" 404 - "-" "Mozilla/5.0 (Linux; Android 6.0.1; Nexus 5X Build/MMB29P) AppleWebKit/537.36 (KHTML, like Gecko) Chrome/137.0.7151.103 Mobile Safari/537.36 (compatible; Googlebot/2.1; +http://www.google.com/bot.html)"
