185.220.100.254 - - [21/Jul/2025:16:50:53 -0300] "POST /xmlrpc.php HTTP/1.1" 404 - "https://www.google.com/" "Mozilla/5.0 (Macintosh; Intel Mac OS X 10_9_5) AppleWebKit/601.7.8 (KHTML, like Gecko) Version/9.1.3 Safari/537.86.7"
193.189.100.198 - - [21/Jul/2025:16:50:55 -0300] "POST /xmlrpc.php HTTP/1.1" 404 - "https://www.google.com/" "Mozilla/5.0 (Windows NT 10.0; Win64; x64) AppleWebKit/537.36 (KHTML, like Gecko) Chrome/60.0.3112.113 Safari/537.36"
78.47.173.76 - - [21/Jul/2025:16:50:57 -0300] "HEAD / HTTP/1.1" 200 - "https://vacivitta.com.br/" "Mozilla/5.0+(compatible; UptimeRobot/2.0; http://www.uptimerobot.com/)"
66.249.73.168 - - [21/Jul/2025:16:51:05 -0300] "GET /pcmypage?callback=product%2Fdetail%2Fplum-shop-net-p00000106563 HTTP/1.1" 404 - "-" "Mozilla/5.0 (Linux; Android 6.0.1; Nexus 5X Build/MMB29P) AppleWebKit/537.36 (KHTML, like Gecko) Chrome/137.0.7151.103 Mobile Safari/537.36 (compatible; Googlebot/2.1; +http://www.google.com/bot.html)"
13.65.138.116 - - [21/Jul/2025:16:51:33 -0300] "GET / HTTP/1.1" 200 488 "-" "Mozilla/5.0 AppleWebKit/537.36 (KHTML, like Gecko); compatible; ChatGPT-User/1.0; +https://openai.com/bot"
179.215.121.183 - - [21/Jul/2025:16:51:33 -0300] "POST /cpsess0618959862/3rdparty/roundcube/?_task=mail&_action=refresh HTTP/1.1" 200 135 "https://webmail.vacivitta.com.br/cpsess0618959862/3rdparty/roundcube/?_task=mail&_mbox=INBOX" "Mozilla/5.0 (Windows NT 10.0; Win64; x64) AppleWebKit/537.36 (KHTML, like Gecko) Chrome/138.0.0.0 Safari/537.36"
23.239.11.118 - - [21/Jul/2025:16:52:19 -0300] "GET / HTTP/1.1" 200 488 "-" "Mozilla/5.0 (Windows NT 10.0; Win64; x64) AppleWebKit/537.36 (KHTML, like Gecko) Chrome/80.0.3987.132 Safari/537.36"
179.215.121.183 - - [21/Jul/2025:16:52:33 -0300] "POST /cpsess0618959862/3rdparty/roundcube/?_task=mail&_action=refresh HTTP/1.1" 200 135 "https://webmail.vacivitta.com.br/cpsess0618959862/3rdparty/roundcube/?_task=mail&_mbox=INBOX" "Mozilla/5.0 (Windows NT 10.0; Win64; x64) AppleWebKit/537.36 (KHTML, like Gecko) Chrome/138.0.0.0 Safari/537.36"
159.223.54.37 - - [21/Jul/2025:16:52:43 -0300] "GET /wp-login.php HTTP/1.1" 404 - "-" "Mozila/5.0"
179.215.121.183 - - [21/Jul/2025:16:53:33 -0300] "POST /cpsess0618959862/3rdparty/roundcube/?_task=mail&_action=refresh HTTP/1.1" 200 135 "https://webmail.vacivitta.com.br/cpsess0618959862/3rdparty/roundcube/?_task=mail&_mbox=INBOX" "Mozilla/5.0 (Windows NT 10.0; Win64; x64) AppleWebKit/537.36 (KHTML, like Gecko) Chrome/138.0.0.0 Safari/537.36"
66.249.73.170 - - [21/Jul/2025:16:54:05 -0300] "GET /category/1_2_13877_13893_14077/1/listing HTTP/1.1" 404 - "-" "Mozilla/5.0 (Linux; Android 6.0.1; Nexus 5X Build/MMB29P) AppleWebKit/537.36 (KHTML, like Gecko) Chrome/137.0.7151.103 Mobile Safari/537.36 (compatible; Googlebot/2.1; +http://www.google.com/bot.html)"
66.249.73.169 - - [21/Jul/2025:16:54:05 -0300] "GET /pcmypage?callback=/product%2Fdetail%2hyogoparts-1k7j38010 HTTP/1.1" 404 - "-" "Mozilla/5.0 (Linux; Android 6.0.1; Nexus 5X Build/MMB29P) AppleWebKit/537.36 (KHTML, like Gecko) Chrome/137.0.7151.103 Mobile Safari/537.36 (compatible; Googlebot/2.1; +http://www.google.com/bot.html)"
66.249.73.170 - - [21/Jul/2025:16:54:06 -0300] "GET /pcmypage?callback=product%2Fdetail%2Fmusicfarm-mfm0062821 HTTP/1.1" 404 - "-" "Mozilla/5.0 (Linux; Android 6.0.1; Nexus 5X Build/MMB29P) AppleWebKit/537.36 (KHTML, like Gecko) Chrome/137.0.7151.103 Mobile Safari/537.36 (compatible; Googlebot/2.1; +http://www.google.com/bot.html)"
208.110.64.178 - - [21/Jul/2025:16:54:17 -0300] "GET /wp-content/edit.php HTTP/1.1" 404 - "https://vacivitta.com.br/wp-content/edit.php" "Mozilla/5.0 (Windows NT 10.0; Win64; x64) AppleWebKit/537.36 (KHTML, like Gecko) Chrome/58.0.3029.110 Safari/537.3"
179.215.121.183 - - [21/Jul/2025:16:54:33 -0300] "POST /cpsess0618959862/3rdparty/roundcube/?_task=mail&_action=refresh HTTP/1.1" 200 135 "https://webmail.vacivitta.com.br/cpsess0618959862/3rdparty/roundcube/?_task=mail&_mbox=INBOX" "Mozilla/5.0 (Windows NT 10.0; Win64; x64) AppleWebKit/537.36 (KHTML, like Gecko) Chrome/138.0.0.0 Safari/537.36"
216.81.248.38 - - [21/Jul/2025:16:55:04 -0300] "GET /.git/config HTTP/1.1" 404 - "-" "Opera/7.50 (Windows XP; U)"
179.215.121.183 - - [21/Jul/2025:16:55:33 -0300] "POST /cpsess0618959862/3rdparty/roundcube/?_task=mail&_action=refresh HTTP/1.1" 200 135 "https://webmail.vacivitta.com.br/cpsess0618959862/3rdparty/roundcube/?_task=mail&_mbox=INBOX" "Mozilla/5.0 (Windows NT 10.0; Win64; x64) AppleWebKit/537.36 (KHTML, like Gecko) Chrome/138.0.0.0 Safari/537.36"
78.46.190.63 - - [21/Jul/2025:16:56:00 -0300] "HEAD / HTTP/1.1" 200 - "https://vacivitta.com.br/" "Mozilla/5.0+(compatible; UptimeRobot/2.0; http://www.uptimerobot.com/)"
179.215.121.183 - - [21/Jul/2025:16:56:33 -0300] "POST /cpsess0618959862/3rdparty/roundcube/?_task=mail&_action=refresh HTTP/1.1" 200 135 "https://webmail.vacivitta.com.br/cpsess0618959862/3rdparty/roundcube/?_task=mail&_mbox=INBOX" "Mozilla/5.0 (Windows NT 10.0; Win64; x64) AppleWebKit/537.36 (KHTML, like Gecko) Chrome/138.0.0.0 Safari/537.36"
66.249.73.168 - - [21/Jul/2025:16:57:06 -0300] "GET /pcmypage?callback=/product%2Fdetail%2grip-e-mesh-2085-1145-23535-r330 HTTP/1.1" 404 - "-" "Mozilla/5.0 (Linux; Android 6.0.1; Nexus 5X Build/MMB29P) AppleWebKit/537.36 (KHTML, like Gecko) Chrome/137.0.7151.103 Mobile Safari/537.36 (compatible; Googlebot/2.1; +http://www.google.com/bot.html)"
66.249.73.168 - - [21/Jul/2025:16:57:07 -0300] "GET /product/edit/mary-b-pgl-20mb2 HTTP/1.1" 404 - "-" "Mozilla/5.0 (Linux; Android 6.0.1; Nexus 5X Build/MMB29P) AppleWebKit/537.36 (KHTML, like Gecko) Chrome/137.0.7151.103 Mobile Safari/537.36 (compatible; Googlebot/2.1; +http://www.google.com/bot.html)"
172.178.140.158 - - [21/Jul/2025:16:57:27 -0300] "GET / HTTP/1.1" 200 488 "-" "Mozilla/5.0 AppleWebKit/537.36 (KHTML, like Gecko); compatible; ChatGPT-User/1.0; +https://openai.com/bot"
179.215.121.183 - - [21/Jul/2025:16:57:33 -0300] "POST /cpsess0618959862/3rdparty/roundcube/?_task=mail&_action=refresh HTTP/1.1" 200 135 "https://webmail.vacivitta.com.br/cpsess0618959862/3rdparty/roundcube/?_task=mail&_mbox=INBOX" "Mozilla/5.0 (Windows NT 10.0; Win64; x64) AppleWebKit/537.36 (KHTML, like Gecko) Chrome/138.0.0.0 Safari/537.36"
179.215.121.183 - - [21/Jul/2025:16:58:33 -0300] "POST /cpsess0618959862/3rdparty/roundcube/?_task=mail&_action=refresh HTTP/1.1" 200 135 "https://webmail.vacivitta.com.br/cpsess0618959862/3rdparty/roundcube/?_task=mail&_mbox=INBOX" "Mozilla/5.0 (Windows NT 10.0; Win64; x64) AppleWebKit/537.36 (KHTML, like Gecko) Chrome/138.0.0.0 Safari/537.36"
179.215.121.183 - - [21/Jul/2025:16:59:33 -0300] "POST /cpsess0618959862/3rdparty/roundcube/?_task=mail&_action=refresh HTTP/1.1" 200 135 "https://webmail.vacivitta.com.br/cpsess0618959862/3rdparty/roundcube/?_task=mail&_mbox=INBOX" "Mozilla/5.0 (Windows NT 10.0; Win64; x64) AppleWebKit/537.36 (KHTML, like Gecko) Chrome/138.0.0.0 Safari/537.36"
179.215.121.183 - - [21/Jul/2025:17:00:33 -0300] "POST /cpsess0618959862/3rdparty/roundcube/?_task=mail&_action=refresh HTTP/1.1" 200 135 "https://webmail.vacivitta.com.br/cpsess0618959862/3rdparty/roundcube/?_task=mail&_mbox=INBOX" "Mozilla/5.0 (Windows NT 10.0; Win64; x64) AppleWebKit/537.36 (KHTML, like Gecko) Chrome/138.0.0.0 Safari/537.36"
157.90.156.63 - - [21/Jul/2025:17:01:04 -0300] "HEAD / HTTP/1.1" 200 - "https://vacivitta.com.br/" "Mozilla/5.0+(compatible; UptimeRobot/2.0; http://www.uptimerobot.com/)"
179.215.121.183 - - [21/Jul/2025:17:01:33 -0300] "POST /cpsess0618959862/3rdparty/roundcube/?_task=mail&_action=refresh HTTP/1.1" 200 135 "https://webmail.vacivitta.com.br/cpsess0618959862/3rdparty/roundcube/?_task=mail&_mbox=INBOX" "Mozilla/5.0 (Windows NT 10.0; Win64; x64) AppleWebKit/537.36 (KHTML, like Gecko) Chrome/138.0.0.0 Safari/537.36"
179.215.121.183 - - [21/Jul/2025:17:02:33 -0300] "POST /cpsess0618959862/3rdparty/roundcube/?_task=mail&_action=refresh HTTP/1.1" 200 135 "https://webmail.vacivitta.com.br/cpsess0618959862/3rdparty/roundcube/?_task=mail&_mbox=INBOX" "Mozilla/5.0 (Windows NT 10.0; Win64; x64) AppleWebKit/537.36 (KHTML, like Gecko) Chrome/138.0.0.0 Safari/537.36"
179.215.121.183 - - [21/Jul/2025:17:03:33 -0300] "POST /cpsess0618959862/3rdparty/roundcube/?_task=mail&_action=refresh HTTP/1.1" 200 135 "https://webmail.vacivitta.com.br/cpsess0618959862/3rdparty/roundcube/?_task=mail&_mbox=INBOX" "Mozilla/5.0 (Windows NT 10.0; Win64; x64) AppleWebKit/537.36 (KHTML, like Gecko) Chrome/138.0.0.0 Safari/537.36"
64.188.3.86 - - [21/Jul/2025:17:03:37 -0300] "GET /contato/ HTTP/1.1" 404 - "-" "Mozilla/5.0 (X11; Linux x86_64) AppleWebKit/537.36 (KHTML, like Gecko) Chrome/114.0.0.0 Safari/537.36 OPR/89.0.4447.51"
64.188.3.86 - - [21/Jul/2025:17:03:38 -0300] "GET / HTTP/1.1" 200 488 "-" "Mozilla/5.0 (X11; Linux x86_64) AppleWebKit/537.36 (KHTML, like Gecko) Chrome/114.0.0.0 Safari/537.36 OPR/89.0.4447.51"
179.215.121.183 - - [21/Jul/2025:17:04:33 -0300] "POST /cpsess0618959862/3rdparty/roundcube/?_task=mail&_action=refresh HTTP/1.1" 200 135 "https://webmail.vacivitta.com.br/cpsess0618959862/3rdparty/roundcube/?_task=mail&_mbox=INBOX" "Mozilla/5.0 (Windows NT 10.0; Win64; x64) AppleWebKit/537.36 (KHTML, like Gecko) Chrome/138.0.0.0 Safari/537.36"
69.197.182.50 - - [21/Jul/2025:17:04:54 -0300] "GET /wp-content/edit.php HTTP/1.1" 404 - "https://vacivitta.com.br/wp-content/edit.php" "Mozilla/5.0 (Windows NT 10.0; Win64; x64) AppleWebKit/537.36 (KHTML, like Gecko) Chrome/58.0.3029.110 Safari/537.3"
66.249.73.168 - - [21/Jul/2025:17:05:08 -0300] "GET /pcmypage?callback=/product%2Fdetail%2tireprice-710297-m16a-sgb HTTP/1.1" 404 - "-" "Mozilla/5.0 (Linux; Android 6.0.1; Nexus 5X Build/MMB29P) AppleWebKit/537.36 (KHTML, like Gecko) Chrome/137.0.7151.103 Mobile Safari/537.36 (compatible; Googlebot/2.1; +http://www.google.com/bot.html)"
179.215.121.183 - - [21/Jul/2025:17:05:33 -0300] "POST /cpsess0618959862/3rdparty/roundcube/?_task=mail&_action=refresh HTTP/1.1" 200 135 "https://webmail.vacivitta.com.br/cpsess0618959862/3rdparty/roundcube/?_task=mail&_mbox=INBOX" "Mozilla/5.0 (Windows NT 10.0; Win64; x64) AppleWebKit/537.36 (KHTML, like Gecko) Chrome/138.0.0.0 Safari/537.36"
168.119.123.75 - - [21/Jul/2025:17:06:07 -0300] "HEAD / HTTP/1.1" 200 - "https://vacivitta.com.br/" "Mozilla/5.0+(compatible; UptimeRobot/2.0; http://www.uptimerobot.com/)"
154.21.239.96 - - [21/Jul/2025:17:06:21 -0300] "GET /contato/ HTTP/1.1" 404 - "-" "Mozilla/5.0 (X11; Linux x86_64) AppleWebKit/537.36 (KHTML, like Gecko) Chrome/114.0.0.0 Safari/537.36 OPR/89.0.4447.51"
154.21.239.96 - - [21/Jul/2025:17:06:21 -0300] "GET / HTTP/1.1" 200 488 "-" "Mozilla/5.0 (X11; Linux x86_64) AppleWebKit/537.36 (KHTML, like Gecko) Chrome/114.0.0.0 Safari/537.36 OPR/89.0.4447.51"
179.215.121.183 - - [21/Jul/2025:17:06:33 -0300] "POST /cpsess0618959862/3rdparty/roundcube/?_task=mail&_action=refresh HTTP/1.1" 200 135 "https://webmail.vacivitta.com.br/cpsess0618959862/3rdparty/roundcube/?_task=mail&_mbox=INBOX" "Mozilla/5.0 (Windows NT 10.0; Win64; x64) AppleWebKit/537.36 (KHTML, like Gecko) Chrome/138.0.0.0 Safari/537.36"
66.249.73.170 - - [21/Jul/2025:17:07:09 -0300] "GET /products/9hf35998 HTTP/1.1" 404 - "-" "Mozilla/5.0 (Linux; Android 6.0.1; Nexus 5X Build/MMB29P) AppleWebKit/537.36 (KHTML, like Gecko) Chrome/137.0.7151.103 Mobile Safari/537.36 (compatible; Googlebot/2.1; +http://www.google.com/bot.html)"
179.215.121.183 - - [21/Jul/2025:17:07:33 -0300] "POST /cpsess0618959862/3rdparty/roundcube/?_task=mail&_action=refresh HTTP/1.1" 200 135 "https://webmail.vacivitta.com.br/cpsess0618959862/3rdparty/roundcube/?_task=mail&_mbox=INBOX" "Mozilla/5.0 (Windows NT 10.0; Win64; x64) AppleWebKit/537.36 (KHTML, like Gecko) Chrome/138.0.0.0 Safari/537.36"
146.19.215.12 - - [21/Jul/2025:17:07:43 -0300] "GET /wp-login.php HTTP/1.1" 404 - "" "Mozilla/5.0 (Macintosh; Intel Mac OS X 10_15_7) AppleWebKit/605.1.15 (KHTML, like Gecko) Version/17.2 Safari/605.1.15"
146.19.215.12 - - [21/Jul/2025:17:07:44 -0300] "GET /wp-login.php HTTP/1.1" 404 - "https://www.google.com/" "Mozilla/5.0 (Windows NT 11.0; Win64; x64; rv:121.0) Gecko/20100101 Firefox/121.0"
146.19.215.12 - - [21/Jul/2025:17:07:44 -0300] "GET /wp-admin/ HTTP/1.1" 404 - "https://www.google.com/" "Mozilla/5.0 (X11; Linux x86_64) AppleWebKit/537.36 (KHTML, like Gecko) Chrome/120.0.0.0 Safari/537.36"
69.197.135.226 - - [21/Jul/2025:17:07:53 -0300] "GET /wp-content/edit.php HTTP/1.1" 404 - "https://vacivitta.com.br/wp-content/edit.php" "Mozilla/5.0 (Windows NT 10.0; Win64; x64) AppleWebKit/537.36 (KHTML, like Gecko) Chrome/58.0.3029.110 Safari/537.3"
66.249.73.168 - - [21/Jul/2025:17:08:09 -0300] "GET /pcmypage?callback=/product%2Fdetail%2norauto-10190701 HTTP/1.1" 404 - "-" "Mozilla/5.0 (Linux; Android 6.0.1; Nexus 5X Build/MMB29P) AppleWebKit/537.36 (KHTML, like Gecko) Chrome/137.0.7151.103 Mobile Safari/537.36 (compatible; Googlebot/2.1; +http://www.google.com/bot.html)"
179.215.121.183 - - [21/Jul/2025:17:08:33 -0300] "POST /cpsess0618959862/3rdparty/roundcube/?_task=mail&_action=refresh HTTP/1.1" 200 135 "https://webmail.vacivitta.com.br/cpsess0618959862/3rdparty/roundcube/?_task=mail&_mbox=INBOX" "Mozilla/5.0 (Windows NT 10.0; Win64; x64) AppleWebKit/537.36 (KHTML, like Gecko) Chrome/138.0.0.0 Safari/537.36"
74.125.213.6 - - [21/Jul/2025:17:09:07 -0300] "GET /.well-known/traffic-advice HTTP/1.1" 404 - "-" "Chrome Privacy Preserving Prefetch Proxy"
72.14.201.240 - - [21/Jul/2025:17:09:07 -0300] "GET / HTTP/1.1" 200 488 "https://www.google.com/" "Mozilla/5.0 (Windows NT 10.0; Win64; x64) AppleWebKit/537.36 (KHTML, like Gecko) Chrome/138.0.0.0 Safari/537.36"
179.102.58.13 - - [21/Jul/2025:17:09:12 -0300] "GET /assets/index-g8aW3Zx-.css HTTP/1.1" 200 2311 "https://vacivitta.com.br/" "Mozilla/5.0 (Windows NT 10.0; Win64; x64) AppleWebKit/537.36 (KHTML, like Gecko) Chrome/138.0.0.0 Safari/537.36"
179.102.58.13 - - [21/Jul/2025:17:09:12 -0300] "GET /assets/index-BZLUkikW.js HTTP/1.1" 200 923512 "https://vacivitta.com.br/" "Mozilla/5.0 (Windows NT 10.0; Win64; x64) AppleWebKit/537.36 (KHTML, like Gecko) Chrome/138.0.0.0 Safari/537.36"
179.102.58.13 - - [21/Jul/2025:17:09:13 -0300] "GET /logo.png HTTP/1.1" 200 25613 "https://vacivitta.com.br/" "Mozilla/5.0 (Windows NT 10.0; Win64; x64) AppleWebKit/537.36 (KHTML, like Gecko) Chrome/138.0.0.0 Safari/537.36"
179.102.58.13 - - [21/Jul/2025:17:09:14 -0300] "GET /homePage.png HTTP/1.1" 200 1495045 "https://vacivitta.com.br/" "Mozilla/5.0 (Windows NT 10.0; Win64; x64) AppleWebKit/537.36 (KHTML, like Gecko) Chrome/138.0.0.0 Safari/537.36"
179.102.58.13 - - [21/Jul/2025:17:09:14 -0300] "GET /vaci.jpg HTTP/1.1" 200 155283 "https://vacivitta.com.br/" "Mozilla/5.0 (Windows NT 10.0; Win64; x64) AppleWebKit/537.36 (KHTML, like Gecko) Chrome/138.0.0.0 Safari/537.36"
179.102.58.13 - - [21/Jul/2025:17:09:14 -0300] "GET /4.png HTTP/1.1" 200 1067791 "https://vacivitta.com.br/" "Mozilla/5.0 (Windows NT 10.0; Win64; x64) AppleWebKit/537.36 (KHTML, like Gecko) Chrome/138.0.0.0 Safari/537.36"
179.102.58.13 - - [21/Jul/2025:17:09:14 -0300] "GET /1.png HTTP/1.1" 200 1041468 "https://vacivitta.com.br/" "Mozilla/5.0 (Windows NT 10.0; Win64; x64) AppleWebKit/537.36 (KHTML, like Gecko) Chrome/138.0.0.0 Safari/537.36"
179.102.58.13 - - [21/Jul/2025:17:09:14 -0300] "GET /3.png HTTP/1.1" 200 1055246 "https://vacivitta.com.br/" "Mozilla/5.0 (Windows NT 10.0; Win64; x64) AppleWebKit/537.36 (KHTML, like Gecko) Chrome/138.0.0.0 Safari/537.36"
179.102.58.13 - - [21/Jul/2025:17:09:14 -0300] "GET /2.png HTTP/1.1" 200 1052379 "https://vacivitta.com.br/" "Mozilla/5.0 (Windows NT 10.0; Win64; x64) AppleWebKit/537.36 (KHTML, like Gecko) Chrome/138.0.0.0 Safari/537.36"
179.102.58.13 - - [21/Jul/2025:17:09:13 -0300] "GET /mapa.png HTTP/1.1" 200 1787231 "https://vacivitta.com.br/" "Mozilla/5.0 (Windows NT 10.0; Win64; x64) AppleWebKit/537.36 (KHTML, like Gecko) Chrome/138.0.0.0 Safari/537.36"
179.102.58.13 - - [21/Jul/2025:17:09:16 -0300] "GET /walp.png HTTP/1.1" 200 26312 "https://vacivitta.com.br/" "Mozilla/5.0 (Windows NT 10.0; Win64; x64) AppleWebKit/537.36 (KHTML, like Gecko) Chrome/138.0.0.0 Safari/537.36"
179.102.58.13 - - [21/Jul/2025:17:09:16 -0300] "GET /fts3.png HTTP/1.1" 200 798280 "https://vacivitta.com.br/" "Mozilla/5.0 (Windows NT 10.0; Win64; x64) AppleWebKit/537.36 (KHTML, like Gecko) Chrome/138.0.0.0 Safari/537.36"
179.102.58.13 - - [21/Jul/2025:17:09:15 -0300] "GET /fts1.png HTTP/1.1" 200 2704287 "https://vacivitta.com.br/" "Mozilla/5.0 (Windows NT 10.0; Win64; x64) AppleWebKit/537.36 (KHTML, like Gecko) Chrome/138.0.0.0 Safari/537.36"
179.102.58.13 - - [21/Jul/2025:17:09:16 -0300] "GET /homePage2.png HTTP/1.1" 200 227246 "https://vacivitta.com.br/" "Mozilla/5.0 (Windows NT 10.0; Win64; x64) AppleWebKit/537.36 (KHTML, like Gecko) Chrome/138.0.0.0 Safari/537.36"
179.102.58.13 - - [21/Jul/2025:17:09:16 -0300] "GET /video.mp4 HTTP/1.1" 206 636967327 "https://vacivitta.com.br/" "Mozilla/5.0 (Windows NT 10.0; Win64; x64) AppleWebKit/537.36 (KHTML, like Gecko) Chrome/138.0.0.0 Safari/537.36"
179.102.58.13 - - [21/Jul/2025:17:09:16 -0300] "GET /fts2.png HTTP/1.1" 200 2539592 "https://vacivitta.com.br/" "Mozilla/5.0 (Windows NT 10.0; Win64; x64) AppleWebKit/537.36 (KHTML, like Gecko) Chrome/138.0.0.0 Safari/537.36"
179.102.58.13 - - [21/Jul/2025:17:09:17 -0300] "GET /video.mp4 HTTP/1.1" 206 154015 "https://vacivitta.com.br/" "Mozilla/5.0 (Windows NT 10.0; Win64; x64) AppleWebKit/537.36 (KHTML, like Gecko) Chrome/138.0.0.0 Safari/537.36"
179.102.58.13 - - [21/Jul/2025:17:09:17 -0300] "GET /video.mp4 HTTP/1.1" 206 58132 "https://vacivitta.com.br/" "Mozilla/5.0 (Windows NT 10.0; Win64; x64) AppleWebKit/537.36 (KHTML, like Gecko) Chrome/138.0.0.0 Safari/537.36"
179.102.58.13 - - [21/Jul/2025:17:09:18 -0300] "GET /ico.ico HTTP/1.1" 200 100526 "https://vacivitta.com.br/" "Mozilla/5.0 (Windows NT 10.0; Win64; x64) AppleWebKit/537.36 (KHTML, like Gecko) Chrome/138.0.0.0 Safari/537.36"
179.215.121.183 - - [21/Jul/2025:17:09:33 -0300] "POST /cpsess0618959862/3rdparty/roundcube/?_task=mail&_action=refresh HTTP/1.1" 200 135 "https://webmail.vacivitta.com.br/cpsess0618959862/3rdparty/roundcube/?_task=mail&_mbox=INBOX" "Mozilla/5.0 (Windows NT 10.0; Win64; x64) AppleWebKit/537.36 (KHTML, like Gecko) Chrome/138.0.0.0 Safari/537.36"
179.102.58.13 - - [21/Jul/2025:17:10:29 -0300] "GET /abrysvo.png HTTP/1.1" 200 393567 "https://vacivitta.com.br/" "Mozilla/5.0 (Windows NT 10.0; Win64; x64) AppleWebKit/537.36 (KHTML, like Gecko) Chrome/138.0.0.0 Safari/537.36"
179.215.121.183 - - [21/Jul/2025:17:10:33 -0300] "POST /cpsess0618959862/3rdparty/roundcube/?_task=mail&_action=refresh HTTP/1.1" 200 135 "https://webmail.vacivitta.com.br/cpsess0618959862/3rdparty/roundcube/?_task=mail&_mbox=INBOX" "Mozilla/5.0 (Windows NT 10.0; Win64; x64) AppleWebKit/537.36 (KHTML, like Gecko) Chrome/138.0.0.0 Safari/537.36"
66.249.73.168 - - [21/Jul/2025:17:10:57 -0300] "GET /pcmypage?callback=/product%2Fdetail%2haikanbuhin-43082103 HTTP/1.1" 404 - "-" "Mozilla/5.0 (Linux; Android 6.0.1; Nexus 5X Build/MMB29P) AppleWebKit/537.36 (KHTML, like Gecko) Chrome/137.0.7151.103 Mobile Safari/537.36 (compatible; Googlebot/2.1; +http://www.google.com/bot.html)"
66.249.73.168 - - [21/Jul/2025:17:10:58 -0300] "GET /pcmypage?callback=product%2Fdetail%2Ftruetools-tnob-4667387 HTTP/1.1" 404 - "-" "Mozilla/5.0 (Linux; Android 6.0.1; Nexus 5X Build/MMB29P) AppleWebKit/537.36 (KHTML, like Gecko) Chrome/137.0.7151.103 Mobile Safari/537.36 (compatible; Googlebot/2.1; +http://www.google.com/bot.html)"
66.249.73.170 - - [21/Jul/2025:17:10:58 -0300] "GET /products/95kt328 HTTP/1.1" 404 - "-" "Mozilla/5.0 (Linux; Android 6.0.1; Nexus 5X Build/MMB29P) AppleWebKit/537.36 (KHTML, like Gecko) Chrome/137.0.7151.103 Mobile Safari/537.36 (compatible; Googlebot/2.1; +http://www.google.com/bot.html)"
168.119.96.239 - - [21/Jul/2025:17:11:12 -0300] "HEAD / HTTP/1.1" 200 - "https://vacivitta.com.br/" "Mozilla/5.0+(compatible; UptimeRobot/2.0; http://www.uptimerobot.com/)"
179.215.121.183 - - [21/Jul/2025:17:11:14 -0300] "POST /cpsess0618959862/3rdparty/roundcube/?_task=mail&_action=refresh HTTP/1.1" 200 135 "https://webmail.vacivitta.com.br/cpsess0618959862/3rdparty/roundcube/?_task=mail&_mbox=INBOX" "Mozilla/5.0 (Windows NT 10.0; Win64; x64) AppleWebKit/537.36 (KHTML, like Gecko) Chrome/138.0.0.0 Safari/537.36"
204.12.252.98 - - [21/Jul/2025:17:12:51 -0300] "GET /wp-content/edit.php HTTP/1.1" 404 - "https://vacivitta.com.br/wp-content/edit.php" "Mozilla/5.0 (Windows NT 10.0; Win64; x64) AppleWebKit/537.36 (KHTML, like Gecko) Chrome/58.0.3029.110 Safari/537.3"
66.249.73.169 - - [21/Jul/2025:17:12:59 -0300] "GET /items/ewjgd220/21110?key=damage HTTP/1.1" 404 - "-" "Mozilla/5.0 (Linux; Android 6.0.1; Nexus 5X Build/MMB29P) AppleWebKit/537.36 (KHTML, like Gecko) Chrome/137.0.7151.103 Mobile Safari/537.36 (compatible; Googlebot/2.1; +http://www.google.com/bot.html)"
179.102.58.13 - - [21/Jul/2025:17:09:17 -0300] "GET /video.mp4 HTTP/1.1" 206 636757424 "https://vacivitta.com.br/" "Mozilla/5.0 (Windows NT 10.0; Win64; x64) AppleWebKit/537.36 (KHTML, like Gecko) Chrome/138.0.0.0 Safari/537.36"
179.215.121.183 - - [21/Jul/2025:17:12:33 -0300] "POST /cpsess0618959862/3rdparty/roundcube/?_task=mail&_action=refresh HTTP/1.1" 200 135 "https://webmail.vacivitta.com.br/cpsess0618959862/3rdparty/roundcube/?_task=mail&_mbox=INBOX" "Mozilla/5.0 (Windows NT 10.0; Win64; x64) AppleWebKit/537.36 (KHTML, like Gecko) Chrome/138.0.0.0 Safari/537.36"
78.47.98.55 - - [21/Jul/2025:17:16:16 -0300] "HEAD / HTTP/1.1" 200 - "https://vacivitta.com.br/" "Mozilla/5.0+(compatible; UptimeRobot/2.0; http://www.uptimerobot.com/)"
179.215.121.183 - - [21/Jul/2025:17:15:33 -0300] "POST /cpsess0618959862/3rdparty/roundcube/?_task=mail&_action=refresh HTTP/1.1" 200 135 "https://webmail.vacivitta.com.br/cpsess0618959862/3rdparty/roundcube/?_task=mail&_mbox=INBOX" "Mozilla/5.0 (Windows NT 10.0; Win64; x64) AppleWebKit/537.36 (KHTML, like Gecko) Chrome/138.0.0.0 Safari/537.36"
20.14.99.101 - - [21/Jul/2025:17:16:54 -0300] "GET /product/edit/sakuya-stone-jyu-g07 HTTP/1.1" 404 - "-" "Mozilla/5.0 (Macintosh; Intel Mac OS X 10_15_7) AppleWebKit/537.36 (KHTML, like Gecko) Chrome/131.0.0.0 Safari/537.36; compatible; OAI-SearchBot/1.0; +https://openai.com/searchbot"
4.227.36.94 - - [21/Jul/2025:17:16:54 -0300] "GET /robots.txt HTTP/1.1" 404 - "-" "Mozilla/5.0 AppleWebKit/537.36 (KHTML, like Gecko; compatible; GPTBot/1.2; +https://openai.com/gptbot)"
179.215.121.183 - - [21/Jul/2025:17:16:53 -0300] "POST /cpsess0618959862/3rdparty/roundcube/?_task=mail&_action=refresh HTTP/1.1" 200 135 "https://webmail.vacivitta.com.br/cpsess0618959862/3rdparty/roundcube/?_task=mail&_mbox=INBOX" "Mozilla/5.0 (Windows NT 10.0; Win64; x64) AppleWebKit/537.36 (KHTML, like Gecko) Chrome/138.0.0.0 Safari/537.36"
204.12.252.98 - - [21/Jul/2025:17:17:52 -0300] "GET /wp-content/edit.php HTTP/1.1" 404 - "https://vacivitta.com.br/wp-content/edit.php" "Mozilla/5.0 (Windows NT 10.0; Win64; x64) AppleWebKit/537.36 (KHTML, like Gecko) Chrome/58.0.3029.110 Safari/537.3"
179.215.121.183 - - [21/Jul/2025:17:17:53 -0300] "POST /cpsess0618959862/3rdparty/roundcube/?_task=mail&_action=refresh HTTP/1.1" 200 135 "https://webmail.vacivitta.com.br/cpsess0618959862/3rdparty/roundcube/?_task=mail&_mbox=INBOX" "Mozilla/5.0 (Windows NT 10.0; Win64; x64) AppleWebKit/537.36 (KHTML, like Gecko) Chrome/138.0.0.0 Safari/537.36"
179.215.121.183 - - [21/Jul/2025:17:18:53 -0300] "POST /cpsess0618959862/3rdparty/roundcube/?_task=mail&_action=refresh HTTP/1.1" 200 135 "https://webmail.vacivitta.com.br/cpsess0618959862/3rdparty/roundcube/?_task=mail&_mbox=INBOX" "Mozilla/5.0 (Windows NT 10.0; Win64; x64) AppleWebKit/537.36 (KHTML, like Gecko) Chrome/138.0.0.0 Safari/537.36"
179.215.121.183 - - [21/Jul/2025:17:19:54 -0300] "POST /cpsess0618959862/3rdparty/roundcube/?_task=mail&_action=refresh HTTP/1.1" 200 135 "https://webmail.vacivitta.com.br/cpsess0618959862/3rdparty/roundcube/?_task=mail&_mbox=INBOX" "Mozilla/5.0 (Windows NT 10.0; Win64; x64) AppleWebKit/537.36 (KHTML, like Gecko) Chrome/138.0.0.0 Safari/537.36"
66.249.73.169 - - [21/Jul/2025:17:19:59 -0300] "GET /items/mbwaa39/17047?key=spite HTTP/1.1" 404 - "-" "Mozilla/5.0 (Linux; Android 6.0.1; Nexus 5X Build/MMB29P) AppleWebKit/537.36 (KHTML, like Gecko) Chrome/137.0.7151.103 Mobile Safari/537.36 (compatible; Googlebot/2.1; +http://www.google.com/bot.html)"
66.249.73.169 - - [21/Jul/2025:17:19:59 -0300] "GET /pcmypage?callback=product/review/anaheimshop-916097479 HTTP/1.1" 404 - "-" "Mozilla/5.0 (Linux; Android 6.0.1; Nexus 5X Build/MMB29P) AppleWebKit/537.36 (KHTML, like Gecko) Chrome/137.0.7151.103 Mobile Safari/537.36 (compatible; Googlebot/2.1; +http://www.google.com/bot.html)"
179.215.121.183 - - [21/Jul/2025:17:20:55 -0300] "POST /cpsess0618959862/3rdparty/roundcube/?_task=mail&_action=refresh HTTP/1.1" 200 135 "https://webmail.vacivitta.com.br/cpsess0618959862/3rdparty/roundcube/?_task=mail&_mbox=INBOX" "Mozilla/5.0 (Windows NT 10.0; Win64; x64) AppleWebKit/537.36 (KHTML, like Gecko) Chrome/138.0.0.0 Safari/537.36"
69.197.182.50 - - [21/Jul/2025:17:21:07 -0300] "GET /wp-content/edit.php HTTP/1.1" 404 - "https://vacivitta.com.br/wp-content/edit.php" "Mozilla/5.0 (Windows NT 10.0; Win64; x64) AppleWebKit/537.36 (KHTML, like Gecko) Chrome/58.0.3029.110 Safari/537.3"
88.99.80.227 - - [21/Jul/2025:17:21:19 -0300] "HEAD / HTTP/1.1" 200 - "https://vacivitta.com.br/" "Mozilla/5.0+(compatible; UptimeRobot/2.0; http://www.uptimerobot.com/)"
179.215.121.183 - - [21/Jul/2025:17:21:56 -0300] "POST /cpsess0618959862/3rdparty/roundcube/?_task=mail&_action=refresh HTTP/1.1" 200 135 "https://webmail.vacivitta.com.br/cpsess0618959862/3rdparty/roundcube/?_task=mail&_mbox=INBOX" "Mozilla/5.0 (Windows NT 10.0; Win64; x64) AppleWebKit/537.36 (KHTML, like Gecko) Chrome/138.0.0.0 Safari/537.36"
54.36.148.47 - - [21/Jul/2025:17:22:05 -0300] "GET /robots.txt HTTP/1.1" 404 - "-" "Mozilla/5.0 (compatible; AhrefsBot/7.0; +http://ahrefs.com/robot/)"
51.222.253.14 - - [21/Jul/2025:17:22:06 -0300] "GET / HTTP/1.1" 304 - "-" "Mozilla/5.0 (compatible; AhrefsBot/7.0; +http://ahrefs.com/robot/)"
179.215.121.183 - - [21/Jul/2025:17:22:57 -0300] "POST /cpsess0618959862/3rdparty/roundcube/?_task=mail&_action=refresh HTTP/1.1" 200 135 "https://webmail.vacivitta.com.br/cpsess0618959862/3rdparty/roundcube/?_task=mail&_mbox=INBOX" "Mozilla/5.0 (Windows NT 10.0; Win64; x64) AppleWebKit/537.36 (KHTML, like Gecko) Chrome/138.0.0.0 Safari/537.36"
179.215.121.183 - - [21/Jul/2025:17:23:58 -0300] "POST /cpsess0618959862/3rdparty/roundcube/?_task=mail&_action=refresh HTTP/1.1" 200 135 "https://webmail.vacivitta.com.br/cpsess0618959862/3rdparty/roundcube/?_task=mail&_mbox=INBOX" "Mozilla/5.0 (Windows NT 10.0; Win64; x64) AppleWebKit/537.36 (KHTML, like Gecko) Chrome/138.0.0.0 Safari/537.36"
186.202.163.107 - - [21/Jul/2025:17:24:20 -0300] "GET / HTTP/1.1" 200 488 "-" "Mozilla/5.0 (Windows NT 10.0; Win64; x64) AppleWebKit/537.36 (KHTML, like Gecko) Chrome/90.0 Safari/537.36"
216.81.248.38 - - [21/Jul/2025:17:24:58 -0300] "GET /.git/config HTTP/1.1" 503 - "-" "Mozilla/5.0 (iPhone; CPU iPhone OS 12_3 like Mac OS X) AppleWebKit/605.1.15 (KHTML, like Gecko) CriOS/71.0.3578.89 Mobile/15E148 Safari/605.1"
179.215.121.183 - - [21/Jul/2025:17:24:59 -0300] "POST /cpsess0618959862/3rdparty/roundcube/?_task=mail&_action=refresh HTTP/1.1" 200 135 "https://webmail.vacivitta.com.br/cpsess0618959862/3rdparty/roundcube/?_task=mail&_mbox=INBOX" "Mozilla/5.0 (Windows NT 10.0; Win64; x64) AppleWebKit/537.36 (KHTML, like Gecko) Chrome/138.0.0.0 Safari/537.36"
208.110.64.178 - - [21/Jul/2025:17:25:17 -0300] "GET /wp-content/edit.php HTTP/1.1" 404 - "https://vacivitta.com.br/wp-content/edit.php" "Mozilla/5.0 (Windows NT 10.0; Win64; x64) AppleWebKit/537.36 (KHTML, like Gecko) Chrome/58.0.3029.110 Safari/537.3"
179.215.121.183 - - [21/Jul/2025:17:26:00 -0300] "POST /cpsess0618959862/3rdparty/roundcube/?_task=mail&_action=refresh HTTP/1.1" 200 135 "https://webmail.vacivitta.com.br/cpsess0618959862/3rdparty/roundcube/?_task=mail&_mbox=INBOX" "Mozilla/5.0 (Windows NT 10.0; Win64; x64) AppleWebKit/537.36 (KHTML, like Gecko) Chrome/138.0.0.0 Safari/537.36"
168.119.96.239 - - [21/Jul/2025:17:26:23 -0300] "HEAD / HTTP/1.1" 200 - "https://vacivitta.com.br/" "Mozilla/5.0+(compatible; UptimeRobot/2.0; http://www.uptimerobot.com/)"
66.249.73.170 - - [21/Jul/2025:17:27:00 -0300] "GET /?_ga=2.193929543.1954859000.1729550949-963870751.1699386649&_bdsid=47u8bn.n~DOXON.1743916948286.1788022705&_bd_prev_page=https://vacivitta.com.br/collect.asp?products/75yu74 HTTP/1.1" 200 488 "-" "Mozilla/5.0 (Linux; Android 6.0.1; Nexus 5X Build/MMB29P) AppleWebKit/537.36 (KHTML, like Gecko) Chrome/137.0.7151.103 Mobile Safari/537.36 (compatible; Googlebot/2.1; +http://www.google.com/bot.html)"
179.215.121.183 - - [21/Jul/2025:17:27:01 -0300] "POST /cpsess0618959862/3rdparty/roundcube/?_task=mail&_action=refresh HTTP/1.1" 200 135 "https://webmail.vacivitta.com.br/cpsess0618959862/3rdparty/roundcube/?_task=mail&_mbox=INBOX" "Mozilla/5.0 (Windows NT 10.0; Win64; x64) AppleWebKit/537.36 (KHTML, like Gecko) Chrome/138.0.0.0 Safari/537.36"
69.197.135.226 - - [21/Jul/2025:17:27:22 -0300] "GET /wp-content/edit.php HTTP/1.1" 404 - "https://vacivitta.com.br/wp-content/edit.php" "Mozilla/5.0 (Windows NT 10.0; Win64; x64) AppleWebKit/537.36 (KHTML, like Gecko) Chrome/58.0.3029.110 Safari/537.3"
179.215.121.183 - - [21/Jul/2025:17:28:02 -0300] "POST /cpsess0618959862/3rdparty/roundcube/?_task=mail&_action=refresh HTTP/1.1" 200 135 "https://webmail.vacivitta.com.br/cpsess0618959862/3rdparty/roundcube/?_task=mail&_mbox=INBOX" "Mozilla/5.0 (Windows NT 10.0; Win64; x64) AppleWebKit/537.36 (KHTML, like Gecko) Chrome/138.0.0.0 Safari/537.36"
179.215.121.183 - - [21/Jul/2025:17:29:03 -0300] "POST /cpsess0618959862/3rdparty/roundcube/?_task=mail&_action=refresh HTTP/1.1" 200 135 "https://webmail.vacivitta.com.br/cpsess0618959862/3rdparty/roundcube/?_task=mail&_mbox=INBOX" "Mozilla/5.0 (Windows NT 10.0; Win64; x64) AppleWebKit/537.36 (KHTML, like Gecko) Chrome/138.0.0.0 Safari/537.36"
179.215.121.183 - - [21/Jul/2025:17:30:04 -0300] "POST /cpsess0618959862/3rdparty/roundcube/?_task=mail&_action=refresh HTTP/1.1" 200 135 "https://webmail.vacivitta.com.br/cpsess0618959862/3rdparty/roundcube/?_task=mail&_mbox=INBOX" "Mozilla/5.0 (Windows NT 10.0; Win64; x64) AppleWebKit/537.36 (KHTML, like Gecko) Chrome/138.0.0.0 Safari/537.36"
179.215.121.183 - - [21/Jul/2025:17:31:05 -0300] "POST /cpsess0618959862/3rdparty/roundcube/?_task=mail&_action=refresh HTTP/1.1" 200 135 "https://webmail.vacivitta.com.br/cpsess0618959862/3rdparty/roundcube/?_task=mail&_mbox=INBOX" "Mozilla/5.0 (Windows NT 10.0; Win64; x64) AppleWebKit/537.36 (KHTML, like Gecko) Chrome/138.0.0.0 Safari/537.36"
168.119.123.75 - - [21/Jul/2025:17:31:27 -0300] "HEAD / HTTP/1.1" 200 - "https://vacivitta.com.br/" "Mozilla/5.0+(compatible; UptimeRobot/2.0; http://www.uptimerobot.com/)"
69.197.135.226 - - [21/Jul/2025:17:32:47 -0300] "GET /wp-content/edit.php HTTP/1.1" 404 - "https://vacivitta.com.br/wp-content/edit.php" "Mozilla/5.0 (Windows NT 10.0; Win64; x64) AppleWebKit/537.36 (KHTML, like Gecko) Chrome/58.0.3029.110 Safari/537.3"
66.249.73.170 - - [21/Jul/2025:17:33:00 -0300] "GET /pcmypage?callback=/product%2Fdetail%2saikou2021-20240214224220-00163 HTTP/1.1" 404 - "-" "Mozilla/5.0 (Linux; Android 6.0.1; Nexus 5X Build/MMB29P) AppleWebKit/537.36 (KHTML, like Gecko) Chrome/137.0.7151.103 Mobile Safari/537.36 (compatible; Googlebot/2.1; +http://www.google.com/bot.html)"
66.249.73.169 - - [21/Jul/2025:17:34:01 -0300] "GET /pcmypage?callback=product/review/yorozu4-b08hvqnk4y HTTP/1.1" 404 - "-" "Mozilla/5.0 (Linux; Android 6.0.1; Nexus 5X Build/MMB29P) AppleWebKit/537.36 (KHTML, like Gecko) Chrome/137.0.7151.103 Mobile Safari/537.36 (compatible; Googlebot/2.1; +http://www.google.com/bot.html)"
69.197.182.50 - - [21/Jul/2025:17:35:25 -0300] "GET /wp-content/edit.php HTTP/1.1" 404 - "https://vacivitta.com.br/wp-content/edit.php" "Mozilla/5.0 (Windows NT 10.0; Win64; x64) AppleWebKit/537.36 (KHTML, like Gecko) Chrome/58.0.3029.110 Safari/537.3"
78.46.190.63 - - [21/Jul/2025:17:36:30 -0300] "HEAD / HTTP/1.1" 200 - "https://vacivitta.com.br/" "Mozilla/5.0+(compatible; UptimeRobot/2.0; http://www.uptimerobot.com/)"
66.249.73.169 - - [21/Jul/2025:17:37:01 -0300] "GET /items/zters14/46?key=telephone HTTP/1.1" 404 - "-" "Mozilla/5.0 (Linux; Android 6.0.1; Nexus 5X Build/MMB29P) AppleWebKit/537.36 (KHTML, like Gecko) Chrome/137.0.7151.103 Mobile Safari/537.36 (compatible; Googlebot/2.1; +http://www.google.com/bot.html)"
204.12.252.98 - - [21/Jul/2025:17:39:26 -0300] "GET /wp-content/edit.php HTTP/1.1" 404 - "https://vacivitta.com.br/wp-content/edit.php" "Mozilla/5.0 (Windows NT 10.0; Win64; x64) AppleWebKit/537.36 (KHTML, like Gecko) Chrome/58.0.3029.110 Safari/537.3"
66.249.73.170 - - [21/Jul/2025:17:40:01 -0300] "GET /pcmypage?callback=product/review/zozo-80514404 HTTP/1.1" 404 - "-" "Mozilla/5.0 (Linux; Android 6.0.1; Nexus 5X Build/MMB29P) AppleWebKit/537.36 (KHTML, like Gecko) Chrome/137.0.7151.103 Mobile Safari/537.36 (compatible; Googlebot/2.1; +http://www.google.com/bot.html)"
74.208.58.37 - - [21/Jul/2025:17:40:48 -0300] "HEAD /web.zip HTTP/1.1" 404 - "-" "-"
74.208.58.37 - - [21/Jul/2025:17:40:48 -0300] "HEAD /site.zip HTTP/1.1" 404 - "-" "-"
74.208.58.37 - - [21/Jul/2025:17:40:49 -0300] "HEAD /public_html.zip HTTP/1.1" 404 - "-" "-"
74.208.58.37 - - [21/Jul/2025:17:40:49 -0300] "HEAD /wordpress.zip HTTP/1.1" 404 - "-" "-"
74.208.58.37 - - [21/Jul/2025:17:40:49 -0300] "HEAD /archive.zip HTTP/1.1" 404 - "-" "-"
157.90.156.63 - - [21/Jul/2025:17:41:35 -0300] "HEAD / HTTP/1.1" 200 - "https://vacivitta.com.br/" "Mozilla/5.0+(compatible; UptimeRobot/2.0; http://www.uptimerobot.com/)"
66.249.73.169 - - [21/Jul/2025:17:41:58 -0300] "GET /products/238pb29365 HTTP/1.1" 404 - "-" "Mozilla/5.0 (Linux; Android 6.0.1; Nexus 5X Build/MMB29P) AppleWebKit/537.36 (KHTML, like Gecko) Chrome/137.0.7151.103 Mobile Safari/537.36 (compatible; Googlebot/2.1; +http://www.google.com/bot.html)"
204.12.252.98 - - [21/Jul/2025:17:44:26 -0300] "GET /wp-content/edit.php HTTP/1.1" 404 - "https://vacivitta.com.br/wp-content/edit.php" "Mozilla/5.0 (Windows NT 10.0; Win64; x64) AppleWebKit/537.36 (KHTML, like Gecko) Chrome/58.0.3029.110 Safari/537.3"
66.249.73.169 - - [21/Jul/2025:17:45:59 -0300] "GET /safe_search/config?return_url=%2Fproduct%2Fdetail%2Ffirstfactory-ykdn-jgm-1008 HTTP/1.1" 404 - "-" "Mozilla/5.0 (Linux; Android 6.0.1; Nexus 5X Build/MMB29P) AppleWebKit/537.36 (KHTML, like Gecko) Chrome/137.0.7151.103 Mobile Safari/537.36 (compatible; Googlebot/2.1; +http://www.google.com/bot.html)"
88.99.80.227 - - [21/Jul/2025:17:46:41 -0300] "HEAD / HTTP/1.1" 200 - "https://vacivitta.com.br/" "Mozilla/5.0+(compatible; UptimeRobot/2.0; http://www.uptimerobot.com/)"
69.197.182.50 - - [21/Jul/2025:17:48:48 -0300] "GET /wp-content/edit.php HTTP/1.1" 404 - "https://vacivitta.com.br/wp-content/edit.php" "Mozilla/5.0 (Windows NT 10.0; Win64; x64) AppleWebKit/537.36 (KHTML, like Gecko) Chrome/58.0.3029.110 Safari/537.3"
168.119.123.75 - - [21/Jul/2025:17:51:45 -0300] "HEAD / HTTP/1.1" 200 - "https://vacivitta.com.br/" "Mozilla/5.0+(compatible; UptimeRobot/2.0; http://www.uptimerobot.com/)"
66.249.73.168 - - [21/Jul/2025:17:51:59 -0300] "GET /items/gufhi242/39150?key=classroom HTTP/1.1" 404 - "-" "Mozilla/5.0 (Linux; Android 6.0.1; Nexus 5X Build/MMB29P) AppleWebKit/537.36 (KHTML, like Gecko) Chrome/137.0.7151.103 Mobile Safari/537.36 (compatible; Googlebot/2.1; +http://www.google.com/bot.html)"
66.249.73.170 - - [21/Jul/2025:17:52:59 -0300] "GET /items/cgcqj229/5065?key=inspector HTTP/1.1" 404 - "-" "Mozilla/5.0 (Linux; Android 6.0.1; Nexus 5X Build/MMB29P) AppleWebKit/537.36 (KHTML, like Gecko) Chrome/137.0.7151.103 Mobile Safari/537.36 (compatible; Googlebot/2.1; +http://www.google.com/bot.html)"
204.12.252.98 - - [21/Jul/2025:17:53:11 -0300] "GET /wp-content/edit.php HTTP/1.1" 404 - "https://vacivitta.com.br/wp-content/edit.php" "Mozilla/5.0 (Windows NT 10.0; Win64; x64) AppleWebKit/537.36 (KHTML, like Gecko) Chrome/58.0.3029.110 Safari/537.3"
40.81.243.134 - - [21/Jul/2025:17:54:41 -0300] "GET /wp-admin/css/ HTTP/1.1" 404 - "binance.com" "Mozilla/5.0 (Windows NT 10.0; Win64; x64) AppleWebKit/537.36 (KHTML, like Gecko) Chrome/90.0.4430.85 Safari/537.36"
40.81.243.134 - - [21/Jul/2025:17:54:58 -0300] "GET /.well-known/ HTTP/1.1" 404 - "binance.com" "Mozilla/5.0 (Windows NT 10.0; Win64; x64) AppleWebKit/537.36 (KHTML, like Gecko) Chrome/90.0.4430.85 Safari/537.36"
49.13.167.123 - - [21/Jul/2025:17:56:49 -0300] "HEAD / HTTP/1.1" 200 - "https://vacivitta.com.br/" "Mozilla/5.0+(compatible; UptimeRobot/2.0; http://www.uptimerobot.com/)"
66.249.73.170 - - [21/Jul/2025:17:57:00 -0300] "GET /pcmypage?callback=product%2Fdetail%2Foishiimikana-20231018112233-02158 HTTP/1.1" 404 - "-" "Mozilla/5.0 (Linux; Android 6.0.1; Nexus 5X Build/MMB29P) AppleWebKit/537.36 (KHTML, like Gecko) Chrome/137.0.7151.103 Mobile Safari/537.36 (compatible; Googlebot/2.1; +http://www.google.com/bot.html)"
40.77.167.149 - - [21/Jul/2025:17:57:04 -0300] "GET /2023/10/31/voltando-ao-trabalho-dicas-para-maes-que-amamentam/ HTTP/1.1" 404 - "-" "Mozilla/5.0 AppleWebKit/537.36 (KHTML, like Gecko; compatible; bingbot/2.0; +http://www.bing.com/bingbot.htm) Chrome/116.0.1938.76 Safari/537.36"
66.249.73.169 - - [21/Jul/2025:17:59:00 -0300] "GET /items/nbkpi254/1406?key=per HTTP/1.1" 404 - "-" "Mozilla/5.0 (Linux; Android 6.0.1; Nexus 5X Build/MMB29P) AppleWebKit/537.36 (KHTML, like Gecko) Chrome/137.0.7151.103 Mobile Safari/537.36 (compatible; Googlebot/2.1; +http://www.google.com/bot.html)"
204.12.252.98 - - [21/Jul/2025:17:59:34 -0300] "GET /wp-content/edit.php HTTP/1.1" 404 - "https://vacivitta.com.br/wp-content/edit.php" "Mozilla/5.0 (Windows NT 10.0; Win64; x64) AppleWebKit/537.36 (KHTML, like Gecko) Chrome/58.0.3029.110 Safari/537.3"
69.197.182.50 - - [21/Jul/2025:18:01:27 -0300] "GET /wp-content/edit.php HTTP/1.1" 404 - "https://vacivitta.com.br/wp-content/edit.php" "Mozilla/5.0 (Windows NT 10.0; Win64; x64) AppleWebKit/537.36 (KHTML, like Gecko) Chrome/58.0.3029.110 Safari/537.3"
168.119.123.75 - - [21/Jul/2025:18:01:53 -0300] "HEAD / HTTP/1.1" 200 - "https://vacivitta.com.br/" "Mozilla/5.0+(compatible; UptimeRobot/2.0; http://www.uptimerobot.com/)"
162.120.186.82 - - [21/Jul/2025:18:02:52 -0300] "GET / HTTP/1.1" 200 488 "https://www.google.com/" "Mozilla/5.0 (Linux; Android 10; K) AppleWebKit/537.36 (KHTML, like Gecko) Chrome/138.0.0.0 Mobile Safari/537.36"
57.141.2.21 - - [21/Jul/2025:18:04:40 -0300] "GET /?sitemapindex.xml HTTP/1.1" 200 488 "-" "meta-externalagent/1.1 (+https://developers.facebook.com/docs/sharing/webmasters/crawler)"
49.13.24.81 - - [21/Jul/2025:18:06:57 -0300] "HEAD / HTTP/1.1" 200 - "https://vacivitta.com.br/" "Mozilla/5.0+(compatible; UptimeRobot/2.0; http://www.uptimerobot.com/)"
31.13.115.9 - - [21/Jul/2025:18:07:28 -0300] "GET / HTTP/1.1" 200 488 "-" "facebookexternalhit/1.1 (+http://www.facebook.com/externalhit_uatext.php)"
204.12.252.98 - - [21/Jul/2025:18:07:32 -0300] "GET /wp-content/edit.php HTTP/1.1" 404 - "https://vacivitta.com.br/wp-content/edit.php" "Mozilla/5.0 (Windows NT 10.0; Win64; x64) AppleWebKit/537.36 (KHTML, like Gecko) Chrome/58.0.3029.110 Safari/537.3"
173.252.127.6 - - [21/Jul/2025:18:09:52 -0300] "GET /?fbclid=IwZXh0bgNhZW0CMTEAAR7tV8OOFlUWwWwHlnuxmrY3blN_w20Q1rr_2KUzykcfUZXoG577K0B0SV9zpw_aem_0gqHedAJYiBo2aMWu5lgIQ HTTP/1.1" 200 488 "-" "Mozilla/5.0 (Linux; Android 12; CPH2477 Build/SP1A.210812.016; wv) AppleWebKit/537.36 (KHTML, like Gecko) Version/4.0 Chrome/138.0.7204.153 Mobile Safari/537.36 [FBAN/FB4A;FBAV/522.0.0.52.96;FBBV/763258997;FBDM/{density=2.0,width=720,height=1516};FBLC/en_US;FBRV/0;FB_FW/2;FBCR/FSM Telecom;FBMF/OPPO;FBBD/OPPO;FBPN/com.facebook.katana;FBDV/CPH2477;FBSV/12;FBOP/1;FBCA/arm64-v8a:;]"
173.252.127.62 - - [21/Jul/2025:18:09:52 -0300] "GET /assets/index-g8aW3Zx-.css HTTP/1.1" 200 2311 "https://vacivitta.com.br/?fbclid=IwZXh0bgNhZW0CMTEAAR7tV8OOFlUWwWwHlnuxmrY3blN_w20Q1rr_2KUzykcfUZXoG577K0B0SV9zpw_aem_0gqHedAJYiBo2aMWu5lgIQ" "Mozilla/5.0 (Linux; Android 12; CPH2477 Build/SP1A.210812.016; wv) AppleWebKit/537.36 (KHTML, like Gecko) Version/4.0 Chrome/138.0.7204.153 Mobile Safari/537.36 [FBAN/FB4A;FBAV/522.0.0.52.96;FBBV/763258997;FBDM/{density=2.0,width=720,height=1516};FBLC/en_US;FBRV/0;FB_FW/2;FBCR/FSM Telecom;FBMF/OPPO;FBBD/OPPO;FBPN/com.facebook.katana;FBDV/CPH2477;FBSV/12;FBOP/1;FBCA/arm64-v8a:;]"
173.252.127.6 - - [21/Jul/2025:18:09:52 -0300] "GET /assets/index-BZLUkikW.js HTTP/1.1" 200 923512 "https://vacivitta.com.br/?fbclid=IwZXh0bgNhZW0CMTEAAR7tV8OOFlUWwWwHlnuxmrY3blN_w20Q1rr_2KUzykcfUZXoG577K0B0SV9zpw_aem_0gqHedAJYiBo2aMWu5lgIQ" "Mozilla/5.0 (Linux; Android 12; CPH2477 Build/SP1A.210812.016; wv) AppleWebKit/537.36 (KHTML, like Gecko) Version/4.0 Chrome/138.0.7204.153 Mobile Safari/537.36 [FBAN/FB4A;FBAV/522.0.0.52.96;FBBV/763258997;FBDM/{density=2.0,width=720,height=1516};FBLC/en_US;FBRV/0;FB_FW/2;FBCR/FSM Telecom;FBMF/OPPO;FBBD/OPPO;FBPN/com.facebook.katana;FBDV/CPH2477;FBSV/12;FBOP/1;FBCA/arm64-v8a:;]"
173.252.127.6 - - [21/Jul/2025:18:09:52 -0300] "GET /logo.png HTTP/1.1" 200 25613 "https://vacivitta.com.br/?fbclid=IwZXh0bgNhZW0CMTEAAR7tV8OOFlUWwWwHlnuxmrY3blN_w20Q1rr_2KUzykcfUZXoG577K0B0SV9zpw_aem_0gqHedAJYiBo2aMWu5lgIQ" "Mozilla/5.0 (Linux; Android 12; CPH2477 Build/SP1A.210812.016; wv) AppleWebKit/537.36 (KHTML, like Gecko) Version/4.0 Chrome/138.0.7204.153 Mobile Safari/537.36 [FBAN/FB4A;FBAV/522.0.0.52.96;FBBV/763258997;FBDM/{density=2.0,width=720,height=1516};FBLC/en_US;FBRV/0;FB_FW/2;FBCR/FSM Telecom;FBMF/OPPO;FBBD/OPPO;FBPN/com.facebook.katana;FBDV/CPH2477;FBSV/12;FBOP/1;FBCA/arm64-v8a:;]"
173.252.127.6 - - [21/Jul/2025:18:09:53 -0300] "GET /vaci.jpg HTTP/1.1" 200 155283 "https://vacivitta.com.br/?fbclid=IwZXh0bgNhZW0CMTEAAR7tV8OOFlUWwWwHlnuxmrY3blN_w20Q1rr_2KUzykcfUZXoG577K0B0SV9zpw_aem_0gqHedAJYiBo2aMWu5lgIQ" "Mozilla/5.0 (Linux; Android 12; CPH2477 Build/SP1A.210812.016; wv) AppleWebKit/537.36 (KHTML, like Gecko) Version/4.0 Chrome/138.0.7204.153 Mobile Safari/537.36 [FBAN/FB4A;FBAV/522.0.0.52.96;FBBV/763258997;FBDM/{density=2.0,width=720,height=1516};FBLC/en_US;FBRV/0;FB_FW/2;FBCR/FSM Telecom;FBMF/OPPO;FBBD/OPPO;FBPN/com.facebook.katana;FBDV/CPH2477;FBSV/12;FBOP/1;FBCA/arm64-v8a:;]"
173.252.127.62 - - [21/Jul/2025:18:09:52 -0300] "GET /mapa.png HTTP/1.1" 200 1787231 "https://vacivitta.com.br/?fbclid=IwZXh0bgNhZW0CMTEAAR7tV8OOFlUWwWwHlnuxmrY3blN_w20Q1rr_2KUzykcfUZXoG577K0B0SV9zpw_aem_0gqHedAJYiBo2aMWu5lgIQ" "Mozilla/5.0 (Linux; Android 12; CPH2477 Build/SP1A.210812.016; wv) AppleWebKit/537.36 (KHTML, like Gecko) Version/4.0 Chrome/138.0.7204.153 Mobile Safari/537.36 [FBAN/FB4A;FBAV/522.0.0.52.96;FBBV/763258997;FBDM/{density=2.0,width=720,height=1516};FBLC/en_US;FBRV/0;FB_FW/2;FBCR/FSM Telecom;FBMF/OPPO;FBBD/OPPO;FBPN/com.facebook.katana;FBDV/CPH2477;FBSV/12;FBOP/1;FBCA/arm64-v8a:;]"
173.252.127.6 - - [21/Jul/2025:18:09:53 -0300] "GET /homePage.png HTTP/1.1" 200 1495045 "https://vacivitta.com.br/?fbclid=IwZXh0bgNhZW0CMTEAAR7tV8OOFlUWwWwHlnuxmrY3blN_w20Q1rr_2KUzykcfUZXoG577K0B0SV9zpw_aem_0gqHedAJYiBo2aMWu5lgIQ" "Mozilla/5.0 (Linux; Android 12; CPH2477 Build/SP1A.210812.016; wv) AppleWebKit/537.36 (KHTML, like Gecko) Version/4.0 Chrome/138.0.7204.153 Mobile Safari/537.36 [FBAN/FB4A;FBAV/522.0.0.52.96;FBBV/763258997;FBDM/{density=2.0,width=720,height=1516};FBLC/en_US;FBRV/0;FB_FW/2;FBCR/FSM Telecom;FBMF/OPPO;FBBD/OPPO;FBPN/com.facebook.katana;FBDV/CPH2477;FBSV/12;FBOP/1;FBCA/arm64-v8a:;]"
173.252.127.6 - - [21/Jul/2025:18:09:53 -0300] "GET /homePage2.png HTTP/1.1" 200 227246 "https://vacivitta.com.br/?fbclid=IwZXh0bgNhZW0CMTEAAR7tV8OOFlUWwWwHlnuxmrY3blN_w20Q1rr_2KUzykcfUZXoG577K0B0SV9zpw_aem_0gqHedAJYiBo2aMWu5lgIQ" "Mozilla/5.0 (Linux; Android 12; CPH2477 Build/SP1A.210812.016; wv) AppleWebKit/537.36 (KHTML, like Gecko) Version/4.0 Chrome/138.0.7204.153 Mobile Safari/537.36 [FBAN/FB4A;FBAV/522.0.0.52.96;FBBV/763258997;FBDM/{density=2.0,width=720,height=1516};FBLC/en_US;FBRV/0;FB_FW/2;FBCR/FSM Telecom;FBMF/OPPO;FBBD/OPPO;FBPN/com.facebook.katana;FBDV/CPH2477;FBSV/12;FBOP/1;FBCA/arm64-v8a:;]"
173.252.127.62 - - [21/Jul/2025:18:09:53 -0300] "GET /2.png HTTP/1.1" 200 1052379 "https://vacivitta.com.br/?fbclid=IwZXh0bgNhZW0CMTEAAR7tV8OOFlUWwWwHlnuxmrY3blN_w20Q1rr_2KUzykcfUZXoG577K0B0SV9zpw_aem_0gqHedAJYiBo2aMWu5lgIQ" "Mozilla/5.0 (Linux; Android 12; CPH2477 Build/SP1A.210812.016; wv) AppleWebKit/537.36 (KHTML, like Gecko) Version/4.0 Chrome/138.0.7204.153 Mobile Safari/537.36 [FBAN/FB4A;FBAV/522.0.0.52.96;FBBV/763258997;FBDM/{density=2.0,width=720,height=1516};FBLC/en_US;FBRV/0;FB_FW/2;FBCR/FSM Telecom;FBMF/OPPO;FBBD/OPPO;FBPN/com.facebook.katana;FBDV/CPH2477;FBSV/12;FBOP/1;FBCA/arm64-v8a:;]"
173.252.127.6 - - [21/Jul/2025:18:09:53 -0300] "GET /3.png HTTP/1.1" 200 1055246 "https://vacivitta.com.br/?fbclid=IwZXh0bgNhZW0CMTEAAR7tV8OOFlUWwWwHlnuxmrY3blN_w20Q1rr_2KUzykcfUZXoG577K0B0SV9zpw_aem_0gqHedAJYiBo2aMWu5lgIQ" "Mozilla/5.0 (Linux; Android 12; CPH2477 Build/SP1A.210812.016; wv) AppleWebKit/537.36 (KHTML, like Gecko) Version/4.0 Chrome/138.0.7204.153 Mobile Safari/537.36 [FBAN/FB4A;FBAV/522.0.0.52.96;FBBV/763258997;FBDM/{density=2.0,width=720,height=1516};FBLC/en_US;FBRV/0;FB_FW/2;FBCR/FSM Telecom;FBMF/OPPO;FBBD/OPPO;FBPN/com.facebook.katana;FBDV/CPH2477;FBSV/12;FBOP/1;FBCA/arm64-v8a:;]"
173.252.127.26 - - [21/Jul/2025:18:09:53 -0300] "GET /1.png HTTP/1.1" 200 1041468 "https://vacivitta.com.br/?fbclid=IwZXh0bgNhZW0CMTEAAR7tV8OOFlUWwWwHlnuxmrY3blN_w20Q1rr_2KUzykcfUZXoG577K0B0SV9zpw_aem_0gqHedAJYiBo2aMWu5lgIQ" "Mozilla/5.0 (Linux; Android 12; CPH2477 Build/SP1A.210812.016; wv) AppleWebKit/537.36 (KHTML, like Gecko) Version/4.0 Chrome/138.0.7204.153 Mobile Safari/537.36 [FBAN/FB4A;FBAV/522.0.0.52.96;FBBV/763258997;FBDM/{density=2.0,width=720,height=1516};FBLC/en_US;FBRV/0;FB_FW/2;FBCR/FSM Telecom;FBMF/OPPO;FBBD/OPPO;FBPN/com.facebook.katana;FBDV/CPH2477;FBSV/12;FBOP/1;FBCA/arm64-v8a:;]"
173.252.127.6 - - [21/Jul/2025:18:09:53 -0300] "GET /4.png HTTP/1.1" 200 1067791 "https://vacivitta.com.br/?fbclid=IwZXh0bgNhZW0CMTEAAR7tV8OOFlUWwWwHlnuxmrY3blN_w20Q1rr_2KUzykcfUZXoG577K0B0SV9zpw_aem_0gqHedAJYiBo2aMWu5lgIQ" "Mozilla/5.0 (Linux; Android 12; CPH2477 Build/SP1A.210812.016; wv) AppleWebKit/537.36 (KHTML, like Gecko) Version/4.0 Chrome/138.0.7204.153 Mobile Safari/537.36 [FBAN/FB4A;FBAV/522.0.0.52.96;FBBV/763258997;FBDM/{density=2.0,width=720,height=1516};FBLC/en_US;FBRV/0;FB_FW/2;FBCR/FSM Telecom;FBMF/OPPO;FBBD/OPPO;FBPN/com.facebook.katana;FBDV/CPH2477;FBSV/12;FBOP/1;FBCA/arm64-v8a:;]"
173.252.127.62 - - [21/Jul/2025:18:09:53 -0300] "GET /fts1.png HTTP/1.1" 200 2704287 "https://vacivitta.com.br/?fbclid=IwZXh0bgNhZW0CMTEAAR7tV8OOFlUWwWwHlnuxmrY3blN_w20Q1rr_2KUzykcfUZXoG577K0B0SV9zpw_aem_0gqHedAJYiBo2aMWu5lgIQ" "Mozilla/5.0 (Linux; Android 12; CPH2477 Build/SP1A.210812.016; wv) AppleWebKit/537.36 (KHTML, like Gecko) Version/4.0 Chrome/138.0.7204.153 Mobile Safari/537.36 [FBAN/FB4A;FBAV/522.0.0.52.96;FBBV/763258997;FBDM/{density=2.0,width=720,height=1516};FBLC/en_US;FBRV/0;FB_FW/2;FBCR/FSM Telecom;FBMF/OPPO;FBBD/OPPO;FBPN/com.facebook.katana;FBDV/CPH2477;FBSV/12;FBOP/1;FBCA/arm64-v8a:;]"
173.252.127.6 - - [21/Jul/2025:18:09:53 -0300] "GET /fts2.png HTTP/1.1" 200 2539592 "https://vacivitta.com.br/?fbclid=IwZXh0bgNhZW0CMTEAAR7tV8OOFlUWwWwHlnuxmrY3blN_w20Q1rr_2KUzykcfUZXoG577K0B0SV9zpw_aem_0gqHedAJYiBo2aMWu5lgIQ" "Mozilla/5.0 (Linux; Android 12; CPH2477 Build/SP1A.210812.016; wv) AppleWebKit/537.36 (KHTML, like Gecko) Version/4.0 Chrome/138.0.7204.153 Mobile Safari/537.36 [FBAN/FB4A;FBAV/522.0.0.52.96;FBBV/763258997;FBDM/{density=2.0,width=720,height=1516};FBLC/en_US;FBRV/0;FB_FW/2;FBCR/FSM Telecom;FBMF/OPPO;FBBD/OPPO;FBPN/com.facebook.katana;FBDV/CPH2477;FBSV/12;FBOP/1;FBCA/arm64-v8a:;]"
173.252.127.26 - - [21/Jul/2025:18:09:53 -0300] "GET /walp.png HTTP/1.1" 200 26312 "https://vacivitta.com.br/?fbclid=IwZXh0bgNhZW0CMTEAAR7tV8OOFlUWwWwHlnuxmrY3blN_w20Q1rr_2KUzykcfUZXoG577K0B0SV9zpw_aem_0gqHedAJYiBo2aMWu5lgIQ" "Mozilla/5.0 (Linux; Android 12; CPH2477 Build/SP1A.210812.016; wv) AppleWebKit/537.36 (KHTML, like Gecko) Version/4.0 Chrome/138.0.7204.153 Mobile Safari/537.36 [FBAN/FB4A;FBAV/522.0.0.52.96;FBBV/763258997;FBDM/{density=2.0,width=720,height=1516};FBLC/en_US;FBRV/0;FB_FW/2;FBCR/FSM Telecom;FBMF/OPPO;FBBD/OPPO;FBPN/com.facebook.katana;FBDV/CPH2477;FBSV/12;FBOP/1;FBCA/arm64-v8a:;]"
173.252.127.62 - - [21/Jul/2025:18:09:53 -0300] "GET /fts3.png HTTP/1.1" 200 798280 "https://vacivitta.com.br/?fbclid=IwZXh0bgNhZW0CMTEAAR7tV8OOFlUWwWwHlnuxmrY3blN_w20Q1rr_2KUzykcfUZXoG577K0B0SV9zpw_aem_0gqHedAJYiBo2aMWu5lgIQ" "Mozilla/5.0 (Linux; Android 12; CPH2477 Build/SP1A.210812.016; wv) AppleWebKit/537.36 (KHTML, like Gecko) Version/4.0 Chrome/138.0.7204.153 Mobile Safari/537.36 [FBAN/FB4A;FBAV/522.0.0.52.96;FBBV/763258997;FBDM/{density=2.0,width=720,height=1516};FBLC/en_US;FBRV/0;FB_FW/2;FBCR/FSM Telecom;FBMF/OPPO;FBBD/OPPO;FBPN/com.facebook.katana;FBDV/CPH2477;FBSV/12;FBOP/1;FBCA/arm64-v8a:;]"
173.252.127.62 - - [21/Jul/2025:18:09:53 -0300] "GET /ico.ico HTTP/1.1" 200 100526 "https://vacivitta.com.br/?fbclid=IwZXh0bgNhZW0CMTEAAR7tV8OOFlUWwWwHlnuxmrY3blN_w20Q1rr_2KUzykcfUZXoG577K0B0SV9zpw_aem_0gqHedAJYiBo2aMWu5lgIQ" "Mozilla/5.0 (Linux; Android 12; CPH2477 Build/SP1A.210812.016; wv) AppleWebKit/537.36 (KHTML, like Gecko) Version/4.0 Chrome/138.0.7204.153 Mobile Safari/537.36 [FBAN/FB4A;FBAV/522.0.0.52.96;FBBV/763258997;FBDM/{density=2.0,width=720,height=1516};FBLC/en_US;FBRV/0;FB_FW/2;FBCR/FSM Telecom;FBMF/OPPO;FBBD/OPPO;FBPN/com.facebook.katana;FBDV/CPH2477;FBSV/12;FBOP/1;FBCA/arm64-v8a:;]"
198.235.24.106 - - [21/Jul/2025:18:10:34 -0300] "GET / HTTP/1.1" 200 488 "-" "Hello from Palo Alto Networks, find out more about our scans in https://docs-cortex.paloaltonetworks.com/r/1/Cortex-Xpanse/Scanning-activity"
