66.249.73.169 - - [22/Jul/2025:17:04:32 -0300] "GET /items/ldtqn126/41432?key=otherwise HTTP/1.1" 404 - "-" "Mozilla/5.0 (Linux; Android 6.0.1; Nexus 5X Build/MMB29P) AppleWebKit/537.36 (KHTML, like Gecko) Chrome/137.0.7151.103 Mobile Safari/537.36 (compatible; Googlebot/2.1; +http://www.google.com/bot.html)"
168.119.123.75 - - [22/Jul/2025:17:05:03 -0300] "HEAD / HTTP/1.1" 200 - "https://vacivitta.com.br/" "Mozilla/5.0+(compatible; UptimeRobot/2.0; http://www.uptimerobot.com/)"
66.249.73.169 - - [22/Jul/2025:17:05:49 -0300] "GET /pcmypage?callback=product/review/k-tire-eg001107005 HTTP/1.1" 404 - "-" "Mozilla/5.0 (Linux; Android 6.0.1; Nexus 5X Build/MMB29P) AppleWebKit/537.36 (KHTML, like Gecko) Chrome/137.0.7151.103 Mobile Safari/537.36 (compatible; Googlebot/2.1; +http://www.google.com/bot.html)"
66.249.73.170 - - [22/Jul/2025:17:06:48 -0300] "GET /product/edit/satya-k-20230215-027 HTTP/1.1" 404 - "-" "Mozilla/5.0 (Linux; Android 6.0.1; Nexus 5X Build/MMB29P) AppleWebKit/537.36 (KHTML, like Gecko) Chrome/137.0.7151.103 Mobile Safari/537.36 (compatible; Googlebot/2.1; +http://www.google.com/bot.html)"
208.110.64.178 - - [22/Jul/2025:17:06:55 -0300] "GET /wp-content/edit.php HTTP/1.1" 404 - "https://vacivitta.com.br/wp-content/edit.php" "Mozilla/5.0 (Windows NT 10.0; Win64; x64) AppleWebKit/537.36 (KHTML, like Gecko) Chrome/58.0.3029.110 Safari/537.3"
66.249.73.168 - - [22/Jul/2025:17:07:46 -0300] "GET /pcmypage?callback=/product%2Fdetail%2y-sf-1397471 HTTP/1.1" 404 - "-" "Mozilla/5.0 (Linux; Android 6.0.1; Nexus 5X Build/MMB29P) AppleWebKit/537.36 (KHTML, like Gecko) Chrome/137.0.7151.103 Mobile Safari/537.36 (compatible; Googlebot/2.1; +http://www.google.com/bot.html)"
208.110.64.178 - - [22/Jul/2025:17:09:27 -0300] "GET /wp-content/edit.php HTTP/1.1" 404 - "https://vacivitta.com.br/wp-content/edit.php" "Mozilla/5.0 (Windows NT 10.0; Win64; x64) AppleWebKit/537.36 (KHTML, like Gecko) Chrome/58.0.3029.110 Safari/537.3"
66.249.73.170 - - [22/Jul/2025:17:09:43 -0300] "GET /items/nktej267/33579?key=criminal HTTP/1.1" 404 - "-" "Mozilla/5.0 (Linux; Android 6.0.1; Nexus 5X Build/MMB29P) AppleWebKit/537.36 (KHTML, like Gecko) Chrome/137.0.7151.103 Mobile Safari/537.36 (compatible; Googlebot/2.1; +http://www.google.com/bot.html)"
128.140.106.114 - - [22/Jul/2025:17:10:06 -0300] "HEAD / HTTP/1.1" 200 - "https://vacivitta.com.br/" "Mozilla/5.0+(compatible; UptimeRobot/2.0; http://www.uptimerobot.com/)"
47.82.11.81 - - [22/Jul/2025:17:10:19 -0300] "GET /pcmypage?callback=/product/detail%252motoji-store-ds-1736012 HTTP/1.1" 404 - "https://vacivitta.com.br/pcmypage?callback=/product%2Fdetail%2motoji-store-ds-1736012" "Mozilla/5.0 (Windows NT 10.0; Win64; x64) AppleWebKit/537.36 (KHTML, like Gecko) Chrome/114.0.0.0 Safari/537.36 Edg/114.0.1823.43"
66.249.73.169 - - [22/Jul/2025:17:10:41 -0300] "GET /product/edit/bousui-must-ht-frp-fsi18kg-s HTTP/1.1" 404 - "-" "Mozilla/5.0 (Linux; Android 6.0.1; Nexus 5X Build/MMB29P) AppleWebKit/537.36 (KHTML, like Gecko) Chrome/137.0.7151.103 Mobile Safari/537.36 (compatible; Googlebot/2.1; +http://www.google.com/bot.html)"
66.249.73.168 - - [22/Jul/2025:17:11:40 -0300] "GET /product/edit/shiningstore-next-auc-no-14473-072 HTTP/1.1" 404 - "-" "Mozilla/5.0 (Linux; Android 6.0.1; Nexus 5X Build/MMB29P) AppleWebKit/537.36 (KHTML, like Gecko) Chrome/137.0.7151.103 Mobile Safari/537.36 (compatible; Googlebot/2.1; +http://www.google.com/bot.html)"
66.249.73.169 - - [22/Jul/2025:17:12:44 -0300] "GET /products/249zo14528 HTTP/1.1" 404 - "-" "Mozilla/5.0 (Linux; Android 6.0.1; Nexus 5X Build/MMB29P) AppleWebKit/537.36 (KHTML, like Gecko) Chrome/137.0.7151.103 Mobile Safari/537.36 (compatible; Googlebot/2.1; +http://www.google.com/bot.html)"
4.227.36.94 - - [22/Jul/2025:17:13:28 -0300] "GET /robots.txt HTTP/1.1" 404 - "-" "Mozilla/5.0 AppleWebKit/537.36 (KHTML, like Gecko; compatible; GPTBot/1.2; +https://openai.com/gptbot)"
66.249.73.170 - - [22/Jul/2025:17:13:43 -0300] "GET /items/pegmi239/48643?key=smoke HTTP/1.1" 404 - "-" "Mozilla/5.0 (Linux; Android 6.0.1; Nexus 5X Build/MMB29P) AppleWebKit/537.36 (KHTML, like Gecko) Chrome/137.0.7151.103 Mobile Safari/537.36 (compatible; Googlebot/2.1; +http://www.google.com/bot.html)"
208.110.64.178 - - [22/Jul/2025:17:13:44 -0300] "GET /wp-content/edit.php HTTP/1.1" 404 - "https://vacivitta.com.br/wp-content/edit.php" "Mozilla/5.0 (Windows NT 10.0; Win64; x64) AppleWebKit/537.36 (KHTML, like Gecko) Chrome/58.0.3029.110 Safari/537.3"
172.178.140.156 - - [22/Jul/2025:17:13:56 -0300] "GET / HTTP/1.1" 200 488 "-" "Mozilla/5.0 AppleWebKit/537.36 (KHTML, like Gecko); compatible; ChatGPT-User/1.0; +https://openai.com/bot"
157.90.155.240 - - [22/Jul/2025:17:15:10 -0300] "HEAD / HTTP/1.1" 200 - "https://vacivitta.com.br/" "Mozilla/5.0+(compatible; UptimeRobot/2.0; http://www.uptimerobot.com/)"
66.249.73.169 - - [22/Jul/2025:17:15:39 -0300] "GET /pcmypage?callback=product%2Fdetail%2Fpartsdepotys3-revo-kc-sbrp-4514-4-100-45 HTTP/1.1" 404 - "-" "Mozilla/5.0 (Linux; Android 6.0.1; Nexus 5X Build/MMB29P) AppleWebKit/537.36 (KHTML, like Gecko) Chrome/137.0.7151.103 Mobile Safari/537.36 (compatible; Googlebot/2.1; +http://www.google.com/bot.html)"
66.249.73.170 - - [22/Jul/2025:17:16:38 -0300] "GET /items/cegol160/10696?key=part HTTP/1.1" 404 - "-" "Mozilla/5.0 (Linux; Android 6.0.1; Nexus 5X Build/MMB29P) AppleWebKit/537.36 (KHTML, like Gecko) Chrome/137.0.7151.103 Mobile Safari/537.36 (compatible; Googlebot/2.1; +http://www.google.com/bot.html)"
66.249.73.168 - - [22/Jul/2025:17:17:37 -0300] "GET /items/nessu28/39102?key=cloth HTTP/1.1" 404 - "-" "Mozilla/5.0 (Linux; Android 6.0.1; Nexus 5X Build/MMB29P) AppleWebKit/537.36 (KHTML, like Gecko) Chrome/137.0.7151.103 Mobile Safari/537.36 (compatible; Googlebot/2.1; +http://www.google.com/bot.html)"
66.249.73.169 - - [22/Jul/2025:17:17:37 -0300] "GET /pcmypage?callback=product/review/kagucyoku-4511451269503 HTTP/1.1" 404 - "-" "Mozilla/5.0 (Linux; Android 6.0.1; Nexus 5X Build/MMB29P) AppleWebKit/537.36 (KHTML, like Gecko) Chrome/137.0.7151.103 Mobile Safari/537.36 (compatible; Googlebot/2.1; +http://www.google.com/bot.html)"
208.110.64.178 - - [22/Jul/2025:17:19:00 -0300] "GET /wp-content/edit.php HTTP/1.1" 404 - "https://vacivitta.com.br/wp-content/edit.php" "Mozilla/5.0 (Windows NT 10.0; Win64; x64) AppleWebKit/537.36 (KHTML, like Gecko) Chrome/58.0.3029.110 Safari/537.3"
66.249.73.168 - - [22/Jul/2025:17:19:34 -0300] "GET /pcmypage?callback=product/review/nejikuru-w202i2000240000000 HTTP/1.1" 404 - "-" "Mozilla/5.0 (Linux; Android 6.0.1; Nexus 5X Build/MMB29P) AppleWebKit/537.36 (KHTML, like Gecko) Chrome/137.0.7151.103 Mobile Safari/537.36 (compatible; Googlebot/2.1; +http://www.google.com/bot.html)"
66.249.73.170 - - [22/Jul/2025:17:19:34 -0300] "GET /product/edit/kogunohyotan-kh-eiko-slem-380 HTTP/1.1" 404 - "-" "Mozilla/5.0 (Linux; Android 6.0.1; Nexus 5X Build/MMB29P) AppleWebKit/537.36 (KHTML, like Gecko) Chrome/137.0.7151.103 Mobile Safari/537.36 (compatible; Googlebot/2.1; +http://www.google.com/bot.html)"
66.249.73.168 - - [22/Jul/2025:17:20:11 -0300] "GET /pcmypage?callback=/product%2Fdetail%2twilight-shop-20190424184338-00095-b HTTP/1.1" 404 - "-" "Mozilla/5.0 (Linux; Android 6.0.1; Nexus 5X Build/MMB29P) AppleWebKit/537.36 (KHTML, like Gecko) Chrome/137.0.7151.103 Mobile Safari/537.36 (compatible; Googlebot/2.1; +http://www.google.com/bot.html)"
49.13.134.145 - - [22/Jul/2025:17:20:14 -0300] "HEAD / HTTP/1.1" 200 - "https://vacivitta.com.br/" "Mozilla/5.0+(compatible; UptimeRobot/2.0; http://www.uptimerobot.com/)"
66.249.73.170 - - [22/Jul/2025:17:21:04 -0300] "GET /pcmypage?callback=/product%2Fdetail%2gemstoneking-mgz-1639-rd-ox-blc-plq2-rpss HTTP/1.1" 404 - "-" "Mozilla/5.0 (Linux; Android 6.0.1; Nexus 5X Build/MMB29P) AppleWebKit/537.36 (KHTML, like Gecko) Chrome/137.0.7151.103 Mobile Safari/537.36 (compatible; Googlebot/2.1; +http://www.google.com/bot.html)"
66.249.73.170 - - [22/Jul/2025:17:22:18 -0300] "GET /items/vcwci4/38446?key=horrible HTTP/1.1" 404 - "-" "Mozilla/5.0 (Linux; Android 6.0.1; Nexus 5X Build/MMB29P) AppleWebKit/537.36 (KHTML, like Gecko) Chrome/137.0.7151.103 Mobile Safari/537.36 (compatible; Googlebot/2.1; +http://www.google.com/bot.html)"
69.197.182.50 - - [22/Jul/2025:17:23:03 -0300] "GET /wp-content/edit.php HTTP/1.1" 404 - "https://vacivitta.com.br/wp-content/edit.php" "Mozilla/5.0 (Windows NT 10.0; Win64; x64) AppleWebKit/537.36 (KHTML, like Gecko) Chrome/58.0.3029.110 Safari/537.3"
66.249.73.170 - - [22/Jul/2025:17:23:32 -0300] "GET /pcmypage?callback=product%2Fdetail%2Fkirakira-cyura-shop3-20240122105259-01910 HTTP/1.1" 404 - "-" "Mozilla/5.0 (Linux; Android 6.0.1; Nexus 5X Build/MMB29P) AppleWebKit/537.36 (KHTML, like Gecko) Chrome/137.0.7151.103 Mobile Safari/537.36 (compatible; Googlebot/2.1; +http://www.google.com/bot.html)"
66.249.73.168 - - [22/Jul/2025:17:24:46 -0300] "GET /product/edit/procure-a-257-2280 HTTP/1.1" 404 - "-" "Mozilla/5.0 (Linux; Android 6.0.1; Nexus 5X Build/MMB29P) AppleWebKit/537.36 (KHTML, like Gecko) Chrome/137.0.7151.103 Mobile Safari/537.36 (compatible; Googlebot/2.1; +http://www.google.com/bot.html)"
49.13.167.123 - - [22/Jul/2025:17:25:18 -0300] "HEAD / HTTP/1.1" 200 - "https://vacivitta.com.br/" "Mozilla/5.0+(compatible; UptimeRobot/2.0; http://www.uptimerobot.com/)"
66.249.73.169 - - [22/Jul/2025:17:26:00 -0300] "GET /zhHant/product/surugaya/konishi-tire-et022811ew027074?campaign_uid=f64d716db5e979ed2f947dbaf4296895b951ae7f HTTP/1.1" 404 - "-" "Mozilla/5.0 (Linux; Android 6.0.1; Nexus 5X Build/MMB29P) AppleWebKit/537.36 (KHTML, like Gecko) Chrome/137.0.7151.103 Mobile Safari/537.36 (compatible; Googlebot/2.1; +http://www.google.com/bot.html)"
66.249.73.169 - - [22/Jul/2025:17:27:14 -0300] "GET /items/ntftd96/14728?key=lobby HTTP/1.1" 404 - "-" "Mozilla/5.0 (Linux; Android 6.0.1; Nexus 5X Build/MMB29P) AppleWebKit/537.36 (KHTML, like Gecko) Chrome/137.0.7151.103 Mobile Safari/537.36 (compatible; Googlebot/2.1; +http://www.google.com/bot.html)"
66.249.73.170 - - [22/Jul/2025:17:28:27 -0300] "GET /items/wwzoi17/14369?key=independent HTTP/1.1" 404 - "-" "Mozilla/5.0 (Linux; Android 6.0.1; Nexus 5X Build/MMB29P) AppleWebKit/537.36 (KHTML, like Gecko) Chrome/137.0.7151.103 Mobile Safari/537.36 (compatible; Googlebot/2.1; +http://www.google.com/bot.html)"
69.197.135.226 - - [22/Jul/2025:17:28:35 -0300] "GET /wp-content/edit.php HTTP/1.1" 404 - "https://vacivitta.com.br/wp-content/edit.php" "Mozilla/5.0 (Windows NT 10.0; Win64; x64) AppleWebKit/537.36 (KHTML, like Gecko) Chrome/58.0.3029.110 Safari/537.3"
204.12.252.98 - - [22/Jul/2025:17:29:07 -0300] "GET /wp-content/edit.php HTTP/1.1" 404 - "https://vacivitta.com.br/wp-content/edit.php" "Mozilla/5.0 (Windows NT 10.0; Win64; x64) AppleWebKit/537.36 (KHTML, like Gecko) Chrome/58.0.3029.110 Safari/537.3"
66.249.73.169 - - [22/Jul/2025:17:29:55 -0300] "GET /items/azqrs78/4634?key=medication HTTP/1.1" 404 - "-" "Mozilla/5.0 (Linux; Android 6.0.1; Nexus 5X Build/MMB29P) AppleWebKit/537.36 (KHTML, like Gecko) Chrome/137.0.7151.103 Mobile Safari/537.36 (compatible; Googlebot/2.1; +http://www.google.com/bot.html)"
66.249.73.169 - - [22/Jul/2025:17:29:55 -0300] "GET /pcmypage?callback=/product%2Fdetail%2haikanbuhin-43082103 HTTP/1.1" 404 - "-" "Mozilla/5.0 (Linux; Android 6.0.1; Nexus 5X Build/MMB29P) AppleWebKit/537.36 (KHTML, like Gecko) Chrome/137.0.7151.103 Mobile Safari/537.36 (compatible; Googlebot/2.1; +http://www.google.com/bot.html)"
66.249.73.168 - - [22/Jul/2025:17:30:19 -0300] "GET /items/bpnvz258/19322?key=wildlife HTTP/1.1" 404 - "-" "Mozilla/5.0 (Linux; Android 6.0.1; Nexus 5X Build/MMB29P) AppleWebKit/537.36 (KHTML, like Gecko) Chrome/137.0.7151.103 Mobile Safari/537.36 (compatible; Googlebot/2.1; +http://www.google.com/bot.html)"
78.46.190.63 - - [22/Jul/2025:17:30:24 -0300] "HEAD / HTTP/1.1" 200 - "https://vacivitta.com.br/" "Mozilla/5.0+(compatible; UptimeRobot/2.0; http://www.uptimerobot.com/)"
66.249.73.168 - - [22/Jul/2025:17:31:21 -0300] "GET /pcmypage?callback=product/review/zozo-80514404 HTTP/1.1" 404 - "-" "Mozilla/5.0 (Linux; Android 6.0.1; Nexus 5X Build/MMB29P) AppleWebKit/537.36 (KHTML, like Gecko) Chrome/137.0.7151.103 Mobile Safari/537.36 (compatible; Googlebot/2.1; +http://www.google.com/bot.html)"
66.249.73.169 - - [22/Jul/2025:17:32:20 -0300] "GET /items/dkziu13/145?key=protective HTTP/1.1" 404 - "-" "Mozilla/5.0 (Linux; Android 6.0.1; Nexus 5X Build/MMB29P) AppleWebKit/537.36 (KHTML, like Gecko) Chrome/137.0.7151.103 Mobile Safari/537.36 (compatible; Googlebot/2.1; +http://www.google.com/bot.html)"
66.249.73.169 - - [22/Jul/2025:17:32:20 -0300] "GET /product/edit/dinos-1273900823 HTTP/1.1" 404 - "-" "Mozilla/5.0 (Linux; Android 6.0.1; Nexus 5X Build/MMB29P) AppleWebKit/537.36 (KHTML, like Gecko) Chrome/137.0.7151.103 Mobile Safari/537.36 (compatible; Googlebot/2.1; +http://www.google.com/bot.html)"
66.249.73.168 - - [22/Jul/2025:17:32:21 -0300] "GET /indaiatuba/ HTTP/1.1" 404 - "-" "Mozilla/5.0 (Linux; Android 6.0.1; Nexus 5X Build/MMB29P) AppleWebKit/537.36 (KHTML, like Gecko) Chrome/137.0.7151.103 Mobile Safari/537.36 (compatible; Googlebot/2.1; +http://www.google.com/bot.html)"
66.249.73.168 - - [22/Jul/2025:17:33:23 -0300] "GET /pcmypage?callback=product%2Fdetail%2Fkonishi-tire-eg003256879 HTTP/1.1" 404 - "-" "Mozilla/5.0 (Linux; Android 6.0.1; Nexus 5X Build/MMB29P) AppleWebKit/537.36 (KHTML, like Gecko) Chrome/137.0.7151.103 Mobile Safari/537.36 (compatible; Googlebot/2.1; +http://www.google.com/bot.html)"
78.46.190.63 - - [22/Jul/2025:17:35:28 -0300] "HEAD / HTTP/1.1" 200 - "https://vacivitta.com.br/" "Mozilla/5.0+(compatible; UptimeRobot/2.0; http://www.uptimerobot.com/)"
66.249.73.169 - - [22/Jul/2025:17:35:29 -0300] "GET /pcmypage?callback=product/review/takagami-and-b19 HTTP/1.1" 404 - "-" "Mozilla/5.0 (Linux; Android 6.0.1; Nexus 5X Build/MMB29P) AppleWebKit/537.36 (KHTML, like Gecko) Chrome/137.0.7151.103 Mobile Safari/537.36 (compatible; Googlebot/2.1; +http://www.google.com/bot.html)"
66.249.73.170 - - [22/Jul/2025:17:35:29 -0300] "GET /pcmypage?callback=/product%2Fdetail%2kyasya-ns161-50cm HTTP/1.1" 404 - "-" "Mozilla/5.0 (Linux; Android 6.0.1; Nexus 5X Build/MMB29P) AppleWebKit/537.36 (KHTML, like Gecko) Chrome/137.0.7151.103 Mobile Safari/537.36 (compatible; Googlebot/2.1; +http://www.google.com/bot.html)"
204.12.252.98 - - [22/Jul/2025:17:35:49 -0300] "GET /wp-content/edit.php HTTP/1.1" 404 - "https://vacivitta.com.br/wp-content/edit.php" "Mozilla/5.0 (Windows NT 10.0; Win64; x64) AppleWebKit/537.36 (KHTML, like Gecko) Chrome/58.0.3029.110 Safari/537.3"
66.249.73.170 - - [22/Jul/2025:17:36:28 -0300] "GET /items/vvlmp37/36641?key=acquisition HTTP/1.1" 404 - "-" "Mozilla/5.0 (Linux; Android 6.0.1; Nexus 5X Build/MMB29P) AppleWebKit/537.36 (KHTML, like Gecko) Chrome/137.0.7151.103 Mobile Safari/537.36 (compatible; Googlebot/2.1; +http://www.google.com/bot.html)"
66.249.73.169 - - [22/Jul/2025:17:37:26 -0300] "GET /product/edit/momoda-ds-1731487 HTTP/1.1" 404 - "-" "Mozilla/5.0 (Linux; Android 6.0.1; Nexus 5X Build/MMB29P) AppleWebKit/537.36 (KHTML, like Gecko) Chrome/137.0.7151.103 Mobile Safari/537.36 (compatible; Googlebot/2.1; +http://www.google.com/bot.html)"
208.110.64.178 - - [22/Jul/2025:17:37:55 -0300] "GET /wp-content/edit.php HTTP/1.1" 404 - "https://vacivitta.com.br/wp-content/edit.php" "Mozilla/5.0 (Windows NT 10.0; Win64; x64) AppleWebKit/537.36 (KHTML, like Gecko) Chrome/58.0.3029.110 Safari/537.3"
66.249.73.170 - - [22/Jul/2025:17:38:25 -0300] "GET /pcmypage?callback=/product%2Fdetail%2ss-style8-mi-pjm06-su03002 HTTP/1.1" 404 - "-" "Mozilla/5.0 (Linux; Android 6.0.1; Nexus 5X Build/MMB29P) AppleWebKit/537.36 (KHTML, like Gecko) Chrome/137.0.7151.103 Mobile Safari/537.36 (compatible; Googlebot/2.1; +http://www.google.com/bot.html)"
66.249.73.169 - - [22/Jul/2025:17:38:25 -0300] "GET /items/vvgsw11/25101?key=connection HTTP/1.1" 404 - "-" "Mozilla/5.0 (Linux; Android 6.0.1; Nexus 5X Build/MMB29P) AppleWebKit/537.36 (KHTML, like Gecko) Chrome/137.0.7151.103 Mobile Safari/537.36 (compatible; Googlebot/2.1; +http://www.google.com/bot.html)"
66.249.73.170 - - [22/Jul/2025:17:39:32 -0300] "GET /pcmypage?callback=/product%2Fdetail%2overjap-prmu011828 HTTP/1.1" 404 - "-" "Mozilla/5.0 (Linux; Android 6.0.1; Nexus 5X Build/MMB29P) AppleWebKit/537.36 (KHTML, like Gecko) Chrome/137.0.7151.103 Mobile Safari/537.36 (compatible; Googlebot/2.1; +http://www.google.com/bot.html)"
157.90.156.63 - - [22/Jul/2025:17:40:32 -0300] "HEAD / HTTP/1.1" 200 - "https://vacivitta.com.br/" "Mozilla/5.0+(compatible; UptimeRobot/2.0; http://www.uptimerobot.com/)"
66.249.73.168 - - [22/Jul/2025:17:42:00 -0300] "GET /pcmypage?callback=product/review/akari-denzai-4549980498095 HTTP/1.1" 404 - "-" "Mozilla/5.0 (Linux; Android 6.0.1; Nexus 5X Build/MMB29P) AppleWebKit/537.36 (KHTML, like Gecko) Chrome/137.0.7151.103 Mobile Safari/537.36 (compatible; Googlebot/2.1; +http://www.google.com/bot.html)"
204.12.252.98 - - [22/Jul/2025:17:42:24 -0300] "GET /wp-content/edit.php HTTP/1.1" 404 - "https://vacivitta.com.br/wp-content/edit.php" "Mozilla/5.0 (Windows NT 10.0; Win64; x64) AppleWebKit/537.36 (KHTML, like Gecko) Chrome/58.0.3029.110 Safari/537.3"
66.249.73.170 - - [22/Jul/2025:17:43:14 -0300] "GET /items/zcqhq70/3088?key=month HTTP/1.1" 404 - "-" "Mozilla/5.0 (Linux; Android 6.0.1; Nexus 5X Build/MMB29P) AppleWebKit/537.36 (KHTML, like Gecko) Chrome/137.0.7151.103 Mobile Safari/537.36 (compatible; Googlebot/2.1; +http://www.google.com/bot.html)"
66.249.73.169 - - [22/Jul/2025:17:44:28 -0300] "GET /products/81zm7100 HTTP/1.1" 404 - "-" "Mozilla/5.0 (Linux; Android 6.0.1; Nexus 5X Build/MMB29P) AppleWebKit/537.36 (KHTML, like Gecko) Chrome/137.0.7151.103 Mobile Safari/537.36 (compatible; Googlebot/2.1; +http://www.google.com/bot.html)"
88.99.80.227 - - [22/Jul/2025:17:45:37 -0300] "HEAD / HTTP/1.1" 200 - "https://vacivitta.com.br/" "Mozilla/5.0+(compatible; UptimeRobot/2.0; http://www.uptimerobot.com/)"
66.249.73.168 - - [22/Jul/2025:17:45:41 -0300] "GET /pcmypage?callback=/product%2Fdetail%2saikou2021-20240214224220-00163 HTTP/1.1" 404 - "-" "Mozilla/5.0 (Linux; Android 6.0.1; Nexus 5X Build/MMB29P) AppleWebKit/537.36 (KHTML, like Gecko) Chrome/137.0.7151.103 Mobile Safari/537.36 (compatible; Googlebot/2.1; +http://www.google.com/bot.html)"
204.12.252.98 - - [22/Jul/2025:17:46:36 -0300] "GET /wp-content/edit.php HTTP/1.1" 404 - "https://vacivitta.com.br/wp-content/edit.php" "Mozilla/5.0 (Windows NT 10.0; Win64; x64) AppleWebKit/537.36 (KHTML, like Gecko) Chrome/58.0.3029.110 Safari/537.3"
66.249.73.169 - - [22/Jul/2025:17:46:55 -0300] "GET /items/zljjp262/32968?key=commonly HTTP/1.1" 404 - "-" "Mozilla/5.0 (Linux; Android 6.0.1; Nexus 5X Build/MMB29P) AppleWebKit/537.36 (KHTML, like Gecko) Chrome/137.0.7151.103 Mobile Safari/537.36 (compatible; Googlebot/2.1; +http://www.google.com/bot.html)"
4.227.36.94 - - [22/Jul/2025:17:47:37 -0300] "GET /robots.txt HTTP/1.1" 404 - "-" "Mozilla/5.0 AppleWebKit/537.36 (KHTML, like Gecko; compatible; GPTBot/1.2; +https://openai.com/gptbot)"
66.249.73.169 - - [22/Jul/2025:17:48:09 -0300] "GET /pcmypage?callback=/product%2Fdetail%2shop-kt-four-20240227020039-01338 HTTP/1.1" 404 - "-" "Mozilla/5.0 (Linux; Android 6.0.1; Nexus 5X Build/MMB29P) AppleWebKit/537.36 (KHTML, like Gecko) Chrome/137.0.7151.103 Mobile Safari/537.36 (compatible; Googlebot/2.1; +http://www.google.com/bot.html)"
66.249.73.168 - - [22/Jul/2025:17:49:23 -0300] "GET /items/sjnkc198/7102?key=center HTTP/1.1" 404 - "-" "Mozilla/5.0 (Linux; Android 6.0.1; Nexus 5X Build/MMB29P) AppleWebKit/537.36 (KHTML, like Gecko) Chrome/137.0.7151.103 Mobile Safari/537.36 (compatible; Googlebot/2.1; +http://www.google.com/bot.html)"
66.249.73.168 - - [22/Jul/2025:17:50:29 -0300] "GET /pcmypage?callback=product/review/ssol-shopping-2320563183629 HTTP/1.1" 404 - "-" "Mozilla/5.0 (Linux; Android 6.0.1; Nexus 5X Build/MMB29P) AppleWebKit/537.36 (KHTML, like Gecko) Chrome/137.0.7151.103 Mobile Safari/537.36 (compatible; Googlebot/2.1; +http://www.google.com/bot.html)"
66.249.73.169 - - [22/Jul/2025:17:50:37 -0300] "GET /product/edit/twilight-shop-s-22255183222-20180916 HTTP/1.1" 404 - "-" "Mozilla/5.0 (Linux; Android 6.0.1; Nexus 5X Build/MMB29P) AppleWebKit/537.36 (KHTML, like Gecko) Chrome/137.0.7151.103 Mobile Safari/537.36 (compatible; Googlebot/2.1; +http://www.google.com/bot.html)"
49.13.164.148 - - [22/Jul/2025:17:50:40 -0300] "HEAD / HTTP/1.1" 200 - "https://vacivitta.com.br/" "Mozilla/5.0+(compatible; UptimeRobot/2.0; http://www.uptimerobot.com/)"
5.255.231.33 - - [22/Jul/2025:17:51:19 -0300] "GET /robots.txt HTTP/1.1" 404 - "-" "Mozilla/5.0 (compatible; YandexBot/3.0; +http://yandex.com/bots)"
213.180.203.61 - - [22/Jul/2025:17:51:20 -0300] "GET /2017/08/08/as-diferencas-entre-as-vacinas-da-rede-publica-e-privada/ HTTP/1.1" 404 - "-" "Mozilla/5.0 (compatible; YandexBot/3.0; +http://yandex.com/bots)"
204.12.252.98 - - [22/Jul/2025:17:51:36 -0300] "GET /wp-content/edit.php HTTP/1.1" 404 - "https://vacivitta.com.br/wp-content/edit.php" "Mozilla/5.0 (Windows NT 10.0; Win64; x64) AppleWebKit/537.36 (KHTML, like Gecko) Chrome/58.0.3029.110 Safari/537.3"
66.249.73.168 - - [22/Jul/2025:17:51:51 -0300] "GET /pcmypage?callback=product%2Fdetail%2Fhirochi3-4571291771628 HTTP/1.1" 404 - "-" "Mozilla/5.0 (Linux; Android 6.0.1; Nexus 5X Build/MMB29P) AppleWebKit/537.36 (KHTML, like Gecko) Chrome/137.0.7151.103 Mobile Safari/537.36 (compatible; Googlebot/2.1; +http://www.google.com/bot.html)"
66.249.73.169 - - [22/Jul/2025:17:53:05 -0300] "GET /pcmypage?callback=product%2Fdetail%2Fhokkaidogarou-ok-yusai202312011754 HTTP/1.1" 404 - "-" "Mozilla/5.0 (Linux; Android 6.0.1; Nexus 5X Build/MMB29P) AppleWebKit/537.36 (KHTML, like Gecko) Chrome/137.0.7151.103 Mobile Safari/537.36 (compatible; Googlebot/2.1; +http://www.google.com/bot.html)"
66.249.73.170 - - [22/Jul/2025:17:54:19 -0300] "GET /zhHant/product/surugaya/suzukimotors-dop-net-8796633a50?campaign_uid=f64d716db5e979ed2f947dbaf4296895b951ae7f HTTP/1.1" 404 - "-" "Mozilla/5.0 (Linux; Android 6.0.1; Nexus 5X Build/MMB29P) AppleWebKit/537.36 (KHTML, like Gecko) Chrome/137.0.7151.103 Mobile Safari/537.36 (compatible; Googlebot/2.1; +http://www.google.com/bot.html)"
66.249.73.170 - - [22/Jul/2025:17:55:32 -0300] "GET /pcmypage?callback=product%2Fdetail%2Fmiyanjin9-20231225094916-00379us HTTP/1.1" 404 - "-" "Mozilla/5.0 (Linux; Android 6.0.1; Nexus 5X Build/MMB29P) AppleWebKit/537.36 (KHTML, like Gecko) Chrome/137.0.7151.103 Mobile Safari/537.36 (compatible; Googlebot/2.1; +http://www.google.com/bot.html)"
49.13.130.29 - - [22/Jul/2025:17:55:44 -0300] "HEAD / HTTP/1.1" 200 - "https://vacivitta.com.br/" "Mozilla/5.0+(compatible; UptimeRobot/2.0; http://www.uptimerobot.com/)"
66.249.73.169 - - [22/Jul/2025:17:56:46 -0300] "GET /pcmypage?callback=/product%2Fdetail%2Carweb-enkei01837 HTTP/1.1" 404 - "-" "Mozilla/5.0 (Linux; Android 6.0.1; Nexus 5X Build/MMB29P) AppleWebKit/537.36 (KHTML, like Gecko) Chrome/137.0.7151.103 Mobile Safari/537.36 (compatible; Googlebot/2.1; +http://www.google.com/bot.html)"
69.197.135.226 - - [22/Jul/2025:17:57:28 -0300] "GET /wp-content/edit.php HTTP/1.1" 404 - "https://vacivitta.com.br/wp-content/edit.php" "Mozilla/5.0 (Windows NT 10.0; Win64; x64) AppleWebKit/537.36 (KHTML, like Gecko) Chrome/58.0.3029.110 Safari/537.3"
94.16.121.91 - - [22/Jul/2025:17:57:44 -0300] "POST /xmlrpc.php HTTP/1.1" 404 - "https://www.google.com/" "Mozilla/5.0 (Windows NT 10.0; Win64; x64) AppleWebKit/537.36 (KHTML, like Gecko) Chrome/90.0.4430.212 Safari/537.36"
109.70.100.6 - - [22/Jul/2025:17:57:46 -0300] "POST /xmlrpc.php HTTP/1.1" 404 - "https://www.google.com/" "Mozilla/5.0 (Windows NT 10.0; Win64; x64) AppleWebKit/537.36 (KHTML, like Gecko) Chrome/68.0.3440.106 Safari/537.36"
66.249.73.169 - - [22/Jul/2025:17:58:04 -0300] "GET /pcmypage?callback=product%2Fdetail%2Fjustparts-novm1-bp-1650-1004-16540-hs51 HTTP/1.1" 404 - "-" "Mozilla/5.0 (Linux; Android 6.0.1; Nexus 5X Build/MMB29P) AppleWebKit/537.36 (KHTML, like Gecko) Chrome/137.0.7151.103 Mobile Safari/537.36 (compatible; Googlebot/2.1; +http://www.google.com/bot.html)"
66.249.73.170 - - [22/Jul/2025:18:00:01 -0300] "GET /pcmypage?callback=/product%2Fdetail%2Firstfactory-trusco-8566325 HTTP/1.1" 404 - "-" "Mozilla/5.0 (Linux; Android 6.0.1; Nexus 5X Build/MMB29P) AppleWebKit/537.36 (KHTML, like Gecko) Chrome/137.0.7151.103 Mobile Safari/537.36 (compatible; Googlebot/2.1; +http://www.google.com/bot.html)"
78.47.173.76 - - [22/Jul/2025:18:00:50 -0300] "HEAD / HTTP/1.1" 200 - "https://vacivitta.com.br/" "Mozilla/5.0+(compatible; UptimeRobot/2.0; http://www.uptimerobot.com/)"
66.249.73.168 - - [22/Jul/2025:18:00:59 -0300] "GET /product/edit/recommendo-tm-2307561 HTTP/1.1" 404 - "-" "Mozilla/5.0 (Linux; Android 6.0.1; Nexus 5X Build/MMB29P) AppleWebKit/537.36 (KHTML, like Gecko) Chrome/137.0.7151.103 Mobile Safari/537.36 (compatible; Googlebot/2.1; +http://www.google.com/bot.html)"
66.249.73.169 - - [22/Jul/2025:18:01:58 -0300] "GET /pcmypage?callback=product%2Fdetail%2Fgolf20c-as-dcd711docus-167b HTTP/1.1" 404 - "-" "Mozilla/5.0 (Linux; Android 6.0.1; Nexus 5X Build/MMB29P) AppleWebKit/537.36 (KHTML, like Gecko) Chrome/137.0.7151.103 Mobile Safari/537.36 (compatible; Googlebot/2.1; +http://www.google.com/bot.html)"
66.249.73.169 - - [22/Jul/2025:18:02:56 -0300] "GET /product/edit/value-challenge-ds-2217797 HTTP/1.1" 404 - "-" "Mozilla/5.0 (Linux; Android 6.0.1; Nexus 5X Build/MMB29P) AppleWebKit/537.36 (KHTML, like Gecko) Chrome/137.0.7151.103 Mobile Safari/537.36 (compatible; Googlebot/2.1; +http://www.google.com/bot.html)"
208.110.64.178 - - [22/Jul/2025:18:03:23 -0300] "GET /wp-content/edit.php HTTP/1.1" 404 - "https://vacivitta.com.br/wp-content/edit.php" "Mozilla/5.0 (Windows NT 10.0; Win64; x64) AppleWebKit/537.36 (KHTML, like Gecko) Chrome/58.0.3029.110 Safari/537.3"
66.249.73.169 - - [22/Jul/2025:18:03:55 -0300] "GET /items/pcgtk20/14566?key=grave HTTP/1.1" 404 - "-" "Mozilla/5.0 (Linux; Android 6.0.1; Nexus 5X Build/MMB29P) AppleWebKit/537.36 (KHTML, like Gecko) Chrome/137.0.7151.103 Mobile Safari/537.36 (compatible; Googlebot/2.1; +http://www.google.com/bot.html)"
66.249.73.170 - - [22/Jul/2025:18:04:09 -0300] "GET /items/ajdbw279/12853?key=suspicious HTTP/1.1" 404 - "-" "Mozilla/5.0 (Linux; Android 6.0.1; Nexus 5X Build/MMB29P) AppleWebKit/537.36 (KHTML, like Gecko) Chrome/137.0.7151.103 Mobile Safari/537.36 (compatible; Googlebot/2.1; +http://www.google.com/bot.html)"
69.197.135.226 - - [22/Jul/2025:18:05:31 -0300] "GET /wp-content/edit.php HTTP/1.1" 404 - "https://vacivitta.com.br/wp-content/edit.php" "Mozilla/5.0 (Windows NT 10.0; Win64; x64) AppleWebKit/537.36 (KHTML, like Gecko) Chrome/58.0.3029.110 Safari/537.3"
49.13.130.29 - - [22/Jul/2025:18:05:55 -0300] "HEAD / HTTP/1.1" 200 - "https://vacivitta.com.br/" "Mozilla/5.0+(compatible; UptimeRobot/2.0; http://www.uptimerobot.com/)"
66.249.73.170 - - [22/Jul/2025:18:07:04 -0300] "GET /pcmypage?callback=product/review/ikebe-revole-768908 HTTP/1.1" 404 - "-" "Mozilla/5.0 (Linux; Android 6.0.1; Nexus 5X Build/MMB29P) AppleWebKit/537.36 (KHTML, like Gecko) Chrome/137.0.7151.103 Mobile Safari/537.36 (compatible; Googlebot/2.1; +http://www.google.com/bot.html)"
66.249.73.168 - - [22/Jul/2025:18:08:04 -0300] "GET /items/bviqv36/16182?key=fade HTTP/1.1" 404 - "-" "Mozilla/5.0 (Linux; Android 6.0.1; Nexus 5X Build/MMB29P) AppleWebKit/537.36 (KHTML, like Gecko) Chrome/137.0.7151.103 Mobile Safari/537.36 (compatible; Googlebot/2.1; +http://www.google.com/bot.html)"
66.249.73.168 - - [22/Jul/2025:18:08:04 -0300] "GET /items/dazkx38/6694?key=principal HTTP/1.1" 404 - "-" "Mozilla/5.0 (Linux; Android 6.0.1; Nexus 5X Build/MMB29P) AppleWebKit/537.36 (KHTML, like Gecko) Chrome/137.0.7151.103 Mobile Safari/537.36 (compatible; Googlebot/2.1; +http://www.google.com/bot.html)"
66.249.73.170 - - [22/Jul/2025:18:08:05 -0300] "GET /pcmypage?callback=/product%2Fdetail%2tireprice-710297-m16a-sgb HTTP/1.1" 404 - "-" "Mozilla/5.0 (Linux; Android 6.0.1; Nexus 5X Build/MMB29P) AppleWebKit/537.36 (KHTML, like Gecko) Chrome/137.0.7151.103 Mobile Safari/537.36 (compatible; Googlebot/2.1; +http://www.google.com/bot.html)"
66.249.73.168 - - [22/Jul/2025:18:09:23 -0300] "GET /pcmypage?callback=product%2Fdetail%2Fsmiledeal-b08bbywwcm HTTP/1.1" 404 - "-" "Mozilla/5.0 (Linux; Android 6.0.1; Nexus 5X Build/MMB29P) AppleWebKit/537.36 (KHTML, like Gecko) Chrome/137.0.7151.103 Mobile Safari/537.36 (compatible; Googlebot/2.1; +http://www.google.com/bot.html)"
66.249.73.169 - - [22/Jul/2025:18:10:22 -0300] "GET /items/ujest77/28565?key=information HTTP/1.1" 404 - "-" "Mozilla/5.0 (Linux; Android 6.0.1; Nexus 5X Build/MMB29P) AppleWebKit/537.36 (KHTML, like Gecko) Chrome/137.0.7151.103 Mobile Safari/537.36 (compatible; Googlebot/2.1; +http://www.google.com/bot.html)"
66.249.73.170 - - [22/Jul/2025:18:10:23 -0300] "GET /pcmypage?callback=/product%2Fdetail%2revida2-51-13929749-navy HTTP/1.1" 404 - "-" "Mozilla/5.0 (Linux; Android 6.0.1; Nexus 5X Build/MMB29P) AppleWebKit/537.36 (KHTML, like Gecko) Chrome/137.0.7151.103 Mobile Safari/537.36 (compatible; Googlebot/2.1; +http://www.google.com/bot.html)"
168.119.96.239 - - [22/Jul/2025:18:10:58 -0300] "HEAD / HTTP/1.1" 200 - "https://vacivitta.com.br/" "Mozilla/5.0+(compatible; UptimeRobot/2.0; http://www.uptimerobot.com/)"
66.249.73.168 - - [22/Jul/2025:18:11:33 -0300] "GET /items/lipqm32/15318?key=shelter HTTP/1.1" 404 - "-" "Mozilla/5.0 (Linux; Android 6.0.1; Nexus 5X Build/MMB29P) AppleWebKit/537.36 (KHTML, like Gecko) Chrome/137.0.7151.103 Mobile Safari/537.36 (compatible; Googlebot/2.1; +http://www.google.com/bot.html)"
66.249.73.170 - - [22/Jul/2025:18:12:46 -0300] "GET /items/lhodx52/4920?key=suburban HTTP/1.1" 404 - "-" "Mozilla/5.0 (Linux; Android 6.0.1; Nexus 5X Build/MMB29P) AppleWebKit/537.36 (KHTML, like Gecko) Chrome/137.0.7151.103 Mobile Safari/537.36 (compatible; Googlebot/2.1; +http://www.google.com/bot.html)"
66.249.73.169 - - [22/Jul/2025:18:14:55 -0300] "GET /pcmypage?callback=/product%2Fdetail%2Diy-tool-b24-0776 HTTP/1.1" 404 - "-" "Mozilla/5.0 (Linux; Android 6.0.1; Nexus 5X Build/MMB29P) AppleWebKit/537.36 (KHTML, like Gecko) Chrome/137.0.7151.103 Mobile Safari/537.36 (compatible; Googlebot/2.1; +http://www.google.com/bot.html)"
66.249.73.169 - - [22/Jul/2025:18:14:56 -0300] "GET /items/gsyoi38/122?key=vehicle HTTP/1.1" 404 - "-" "Mozilla/5.0 (Linux; Android 6.0.1; Nexus 5X Build/MMB29P) AppleWebKit/537.36 (KHTML, like Gecko) Chrome/137.0.7151.103 Mobile Safari/537.36 (compatible; Googlebot/2.1; +http://www.google.com/bot.html)"
208.110.64.178 - - [22/Jul/2025:18:15:08 -0300] "GET /wp-content/edit.php HTTP/1.1" 404 - "https://vacivitta.com.br/wp-content/edit.php" "Mozilla/5.0 (Windows NT 10.0; Win64; x64) AppleWebKit/537.36 (KHTML, like Gecko) Chrome/58.0.3029.110 Safari/537.3"
157.90.156.63 - - [22/Jul/2025:18:16:02 -0300] "HEAD / HTTP/1.1" 200 - "https://vacivitta.com.br/" "Mozilla/5.0+(compatible; UptimeRobot/2.0; http://www.uptimerobot.com/)"
66.249.73.168 - - [22/Jul/2025:18:16:17 -0300] "GET /pcmypage?callback=product/review/hirochi3-43095-0568 HTTP/1.1" 404 - "-" "Mozilla/5.0 (Linux; Android 6.0.1; Nexus 5X Build/MMB29P) AppleWebKit/537.36 (KHTML, like Gecko) Chrome/137.0.7151.103 Mobile Safari/537.36 (compatible; Googlebot/2.1; +http://www.google.com/bot.html)"
57.141.2.4 - - [22/Jul/2025:18:16:56 -0300] "GET /2022/02/22/vacina-da-gripe-na-rede-publica-x-rede-privada/ HTTP/1.1" 404 - "-" "meta-externalagent/1.1 (+https://developers.facebook.com/docs/sharing/webmasters/crawler)"
66.249.73.169 - - [22/Jul/2025:18:17:16 -0300] "GET /pcmypage?callback=/product%2Fdetail%2mautogallery-ce28cr-1570-1004-18565-es32 HTTP/1.1" 404 - "-" "Mozilla/5.0 (Linux; Android 6.0.1; Nexus 5X Build/MMB29P) AppleWebKit/537.36 (KHTML, like Gecko) Chrome/137.0.7151.103 Mobile Safari/537.36 (compatible; Googlebot/2.1; +http://www.google.com/bot.html)"
66.249.73.168 - - [22/Jul/2025:18:18:14 -0300] "GET /pcmypage?callback=/product%2Fdetail%2tireprice-15400389-refn-hs HTTP/1.1" 404 - "-" "Mozilla/5.0 (Linux; Android 6.0.1; Nexus 5X Build/MMB29P) AppleWebKit/537.36 (KHTML, like Gecko) Chrome/137.0.7151.103 Mobile Safari/537.36 (compatible; Googlebot/2.1; +http://www.google.com/bot.html)"
208.110.64.178 - - [22/Jul/2025:18:18:55 -0300] "GET /wp-content/edit.php HTTP/1.1" 404 - "https://vacivitta.com.br/wp-content/edit.php" "Mozilla/5.0 (Windows NT 10.0; Win64; x64) AppleWebKit/537.36 (KHTML, like Gecko) Chrome/58.0.3029.110 Safari/537.3"
66.249.73.169 - - [22/Jul/2025:18:19:13 -0300] "GET /items/lyhyx61/40357?key=temple HTTP/1.1" 404 - "-" "Mozilla/5.0 (Linux; Android 6.0.1; Nexus 5X Build/MMB29P) AppleWebKit/537.36 (KHTML, like Gecko) Chrome/137.0.7151.103 Mobile Safari/537.36 (compatible; Googlebot/2.1; +http://www.google.com/bot.html)"
66.249.73.169 - - [22/Jul/2025:18:20:12 -0300] "GET /pcmypage?callback=/product%2Fdetail%2hokusei2-hh-j-0717--224 HTTP/1.1" 404 - "-" "Mozilla/5.0 (Linux; Android 6.0.1; Nexus 5X Build/MMB29P) AppleWebKit/537.36 (KHTML, like Gecko) Chrome/137.0.7151.103 Mobile Safari/537.36 (compatible; Googlebot/2.1; +http://www.google.com/bot.html)"
66.249.73.169 - - [22/Jul/2025:18:20:12 -0300] "GET /pcmypage?callback=/product%2Fdetail%2violette-shop-20240212104518-00503 HTTP/1.1" 404 - "-" "Mozilla/5.0 (Linux; Android 6.0.1; Nexus 5X Build/MMB29P) AppleWebKit/537.36 (KHTML, like Gecko) Chrome/137.0.7151.103 Mobile Safari/537.36 (compatible; Googlebot/2.1; +http://www.google.com/bot.html)"
159.69.158.189 - - [22/Jul/2025:18:21:05 -0300] "HEAD / HTTP/1.1" 200 - "https://vacivitta.com.br/" "Mozilla/5.0+(compatible; UptimeRobot/2.0; http://www.uptimerobot.com/)"
66.249.73.168 - - [22/Jul/2025:18:22:09 -0300] "GET /product/edit/suzukimotors-dop-net-jlkp369917 HTTP/1.1" 404 - "-" "Mozilla/5.0 (Linux; Android 6.0.1; Nexus 5X Build/MMB29P) AppleWebKit/537.36 (KHTML, like Gecko) Chrome/137.0.7151.103 Mobile Safari/537.36 (compatible; Googlebot/2.1; +http://www.google.com/bot.html)"
66.249.83.69 - - [22/Jul/2025:18:22:51 -0300] "GET /.well-known/traffic-advice HTTP/1.1" 404 - "-" "Chrome Privacy Preserving Prefetch Proxy"
162.120.186.121 - - [22/Jul/2025:18:22:51 -0300] "GET / HTTP/1.1" 200 488 "https://www.google.com/" "Mozilla/5.0 (Linux; Android 10; K) AppleWebKit/537.36 (KHTML, like Gecko) Chrome/138.0.0.0 Mobile Safari/537.36"
66.249.73.168 - - [22/Jul/2025:18:23:08 -0300] "GET /pcmypage?callback=product%2Fdetail%2Fegaos-ckei0434 HTTP/1.1" 404 - "-" "Mozilla/5.0 (Linux; Android 6.0.1; Nexus 5X Build/MMB29P) AppleWebKit/537.36 (KHTML, like Gecko) Chrome/137.0.7151.103 Mobile Safari/537.36 (compatible; Googlebot/2.1; +http://www.google.com/bot.html)"
66.249.73.170 - - [22/Jul/2025:18:23:08 -0300] "GET /items/alrnx96/652?key=crop HTTP/1.1" 404 - "-" "Mozilla/5.0 (Linux; Android 6.0.1; Nexus 5X Build/MMB29P) AppleWebKit/537.36 (KHTML, like Gecko) Chrome/137.0.7151.103 Mobile Safari/537.36 (compatible; Googlebot/2.1; +http://www.google.com/bot.html)"
177.76.41.127 - - [22/Jul/2025:18:23:25 -0300] "GET /assets/index-g8aW3Zx-.css HTTP/1.1" 200 2311 "https://vacivitta.com.br/" "Mozilla/5.0 (Linux; Android 10; K) AppleWebKit/537.36 (KHTML, like Gecko) Chrome/138.0.0.0 Mobile Safari/537.36"
177.76.41.127 - - [22/Jul/2025:18:23:25 -0300] "GET /assets/index-BZLUkikW.js HTTP/1.1" 200 923512 "https://vacivitta.com.br/" "Mozilla/5.0 (Linux; Android 10; K) AppleWebKit/537.36 (KHTML, like Gecko) Chrome/138.0.0.0 Mobile Safari/537.36"
177.76.41.127 - - [22/Jul/2025:18:23:26 -0300] "GET /logo.png HTTP/1.1" 200 25613 "https://vacivitta.com.br/" "Mozilla/5.0 (Linux; Android 10; K) AppleWebKit/537.36 (KHTML, like Gecko) Chrome/138.0.0.0 Mobile Safari/537.36"
177.76.41.127 - - [22/Jul/2025:18:23:26 -0300] "GET /ico.ico HTTP/1.1" 200 100526 "https://vacivitta.com.br/" "Mozilla/5.0 (Linux; Android 10; K) AppleWebKit/537.36 (KHTML, like Gecko) Chrome/138.0.0.0 Mobile Safari/537.36"
177.76.41.127 - - [22/Jul/2025:18:23:27 -0300] "GET /3.png HTTP/1.1" 200 1055246 "https://vacivitta.com.br/" "Mozilla/5.0 (Linux; Android 10; K) AppleWebKit/537.36 (KHTML, like Gecko) Chrome/138.0.0.0 Mobile Safari/537.36"
177.76.41.127 - - [22/Jul/2025:18:23:26 -0300] "GET /vaci.jpg HTTP/1.1" 200 155283 "https://vacivitta.com.br/" "Mozilla/5.0 (Linux; Android 10; K) AppleWebKit/537.36 (KHTML, like Gecko) Chrome/138.0.0.0 Mobile Safari/537.36"
177.76.41.127 - - [22/Jul/2025:18:23:27 -0300] "GET /4.png HTTP/1.1" 200 1067791 "https://vacivitta.com.br/" "Mozilla/5.0 (Linux; Android 10; K) AppleWebKit/537.36 (KHTML, like Gecko) Chrome/138.0.0.0 Mobile Safari/537.36"
177.76.41.127 - - [22/Jul/2025:18:23:26 -0300] "GET /mapa.png HTTP/1.1" 200 1787231 "https://vacivitta.com.br/" "Mozilla/5.0 (Linux; Android 10; K) AppleWebKit/537.36 (KHTML, like Gecko) Chrome/138.0.0.0 Mobile Safari/537.36"
177.76.41.127 - - [22/Jul/2025:18:23:26 -0300] "GET /1.png HTTP/1.1" 200 1041468 "https://vacivitta.com.br/" "Mozilla/5.0 (Linux; Android 10; K) AppleWebKit/537.36 (KHTML, like Gecko) Chrome/138.0.0.0 Mobile Safari/537.36"
177.76.41.127 - - [22/Jul/2025:18:23:27 -0300] "GET /fts2.png HTTP/1.1" 200 2539592 "https://vacivitta.com.br/" "Mozilla/5.0 (Linux; Android 10; K) AppleWebKit/537.36 (KHTML, like Gecko) Chrome/138.0.0.0 Mobile Safari/537.36"
177.76.41.127 - - [22/Jul/2025:18:23:26 -0300] "GET /2.png HTTP/1.1" 200 1052379 "https://vacivitta.com.br/" "Mozilla/5.0 (Linux; Android 10; K) AppleWebKit/537.36 (KHTML, like Gecko) Chrome/138.0.0.0 Mobile Safari/537.36"
177.76.41.127 - - [22/Jul/2025:18:23:27 -0300] "GET /fts3.png HTTP/1.1" 200 798280 "https://vacivitta.com.br/" "Mozilla/5.0 (Linux; Android 10; K) AppleWebKit/537.36 (KHTML, like Gecko) Chrome/138.0.0.0 Mobile Safari/537.36"
177.76.41.127 - - [22/Jul/2025:18:23:28 -0300] "GET /walp.png HTTP/1.1" 200 26312 "https://vacivitta.com.br/" "Mozilla/5.0 (Linux; Android 10; K) AppleWebKit/537.36 (KHTML, like Gecko) Chrome/138.0.0.0 Mobile Safari/537.36"
177.76.41.127 - - [22/Jul/2025:18:23:28 -0300] "GET /homePage2.png HTTP/1.1" 200 227246 "https://vacivitta.com.br/" "Mozilla/5.0 (Linux; Android 10; K) AppleWebKit/537.36 (KHTML, like Gecko) Chrome/138.0.0.0 Mobile Safari/537.36"
177.76.41.127 - - [22/Jul/2025:18:23:28 -0300] "GET /video.mp4 HTTP/1.1" 206 154015 "https://vacivitta.com.br/" "Mozilla/5.0 (Linux; Android 10; K) AppleWebKit/537.36 (KHTML, like Gecko) Chrome/138.0.0.0 Mobile Safari/537.36"
177.76.41.127 - - [22/Jul/2025:18:23:28 -0300] "GET /video.mp4 HTTP/1.1" 206 636967327 "https://vacivitta.com.br/" "Mozilla/5.0 (Linux; Android 10; K) AppleWebKit/537.36 (KHTML, like Gecko) Chrome/138.0.0.0 Mobile Safari/537.36"
177.76.41.127 - - [22/Jul/2025:18:23:28 -0300] "GET /video.mp4 HTTP/1.1" 206 636612912 "https://vacivitta.com.br/" "Mozilla/5.0 (Linux; Android 10; K) AppleWebKit/537.36 (KHTML, like Gecko) Chrome/138.0.0.0 Mobile Safari/537.36"
177.76.41.127 - - [22/Jul/2025:18:23:26 -0300] "GET /mobilePage.png HTTP/1.1" 200 1355793 "https://vacivitta.com.br/" "Mozilla/5.0 (Linux; Android 10; K) AppleWebKit/537.36 (KHTML, like Gecko) Chrome/138.0.0.0 Mobile Safari/537.36"
177.76.41.127 - - [22/Jul/2025:18:23:27 -0300] "GET /fts1.png HTTP/1.1" 200 2704287 "https://vacivitta.com.br/" "Mozilla/5.0 (Linux; Android 10; K) AppleWebKit/537.36 (KHTML, like Gecko) Chrome/138.0.0.0 Mobile Safari/537.36"
66.249.73.169 - - [22/Jul/2025:18:23:51 -0300] "GET /pcmypage?callback=/product%2Fdetail%2kouguyasan-k-tera-s6-3700n-60 HTTP/1.1" 404 - "-" "Mozilla/5.0 (Linux; Android 6.0.1; Nexus 5X Build/MMB29P) AppleWebKit/537.36 (KHTML, like Gecko) Chrome/137.0.7151.103 Mobile Safari/537.36 (compatible; Googlebot/2.1; +http://www.google.com/bot.html)"
177.76.41.127 - - [22/Jul/2025:18:24:27 -0300] "GET /homePage.png HTTP/1.1" 200 1495045 "https://vacivitta.com.br/" "Mozilla/5.0 (Linux; Android 10; K) AppleWebKit/537.36 (KHTML, like Gecko) Chrome/138.0.0.0 Mobile Safari/537.36"
208.110.64.178 - - [22/Jul/2025:18:24:44 -0300] "GET /wp-content/edit.php HTTP/1.1" 404 - "https://vacivitta.com.br/wp-content/edit.php" "Mozilla/5.0 (Windows NT 10.0; Win64; x64) AppleWebKit/537.36 (KHTML, like Gecko) Chrome/58.0.3029.110 Safari/537.3"
66.249.73.169 - - [22/Jul/2025:18:25:05 -0300] "GET /pcmypage?callback=/product%2Fdetail%2Eco-life-esf-1307g-do HTTP/1.1" 404 - "-" "Mozilla/5.0 (Linux; Android 6.0.1; Nexus 5X Build/MMB29P) AppleWebKit/537.36 (KHTML, like Gecko) Chrome/137.0.7151.103 Mobile Safari/537.36 (compatible; Googlebot/2.1; +http://www.google.com/bot.html)"
177.76.41.127 - - [22/Jul/2025:18:25:07 -0300] "GET /vacinas.png HTTP/1.1" 200 1368789 "https://vacivitta.com.br/" "Mozilla/5.0 (Linux; Android 10; K) AppleWebKit/537.36 (KHTML, like Gecko) Chrome/138.0.0.0 Mobile Safari/537.36"
177.76.41.127 - - [22/Jul/2025:18:25:47 -0300] "GET /hpv.png HTTP/1.1" 404 - "https://vacivitta.com.br/" "Mozilla/5.0 (Linux; Android 10; K) AppleWebKit/537.36 (KHTML, like Gecko) Chrome/138.0.0.0 Mobile Safari/537.36"
78.46.190.63 - - [22/Jul/2025:18:26:09 -0300] "HEAD / HTTP/1.1" 200 - "https://vacivitta.com.br/" "Mozilla/5.0+(compatible; UptimeRobot/2.0; http://www.uptimerobot.com/)"
66.249.73.169 - - [22/Jul/2025:18:26:19 -0300] "GET /pcmypage?callback=product%2Fdetail%2Fyf-ing-csg-4261 HTTP/1.1" 404 - "-" "Mozilla/5.0 (Linux; Android 6.0.1; Nexus 5X Build/MMB29P) AppleWebKit/537.36 (KHTML, like Gecko) Chrome/137.0.7151.103 Mobile Safari/537.36 (compatible; Googlebot/2.1; +http://www.google.com/bot.html)"
52.70.209.13 - - [22/Jul/2025:18:27:53 -0300] "GET /robots.txt HTTP/1.1" 404 - "-" "Mozilla/5.0 AppleWebKit/537.36 (KHTML, like Gecko; compatible; Amazonbot/0.1; +https://developer.amazon.com/support/amazonbot) Chrome/119.0.6045.214 Safari/537.36"
44.207.207.36 - - [22/Jul/2025:18:27:54 -0300] "GET / HTTP/1.1" 200 488 "-" "Mozilla/5.0 AppleWebKit/537.36 (KHTML, like Gecko; compatible; Amazonbot/0.1; +https://developer.amazon.com/support/amazonbot) Chrome/119.0.6045.214 Safari/537.36"
66.249.73.168 - - [22/Jul/2025:18:28:47 -0300] "GET /pcmypage?callback=/product%2Fdetail%2justparts-wlvt-mc-1545-1004-16560-ft9 HTTP/1.1" 404 - "-" "Mozilla/5.0 (Linux; Android 6.0.1; Nexus 5X Build/MMB29P) AppleWebKit/537.36 (KHTML, like Gecko) Chrome/137.0.7151.103 Mobile Safari/537.36 (compatible; Googlebot/2.1; +http://www.google.com/bot.html)"
66.249.73.169 - - [22/Jul/2025:18:30:00 -0300] "GET /product/edit/hcvalor2-trusco-1494395 HTTP/1.1" 404 - "-" "Mozilla/5.0 (Linux; Android 6.0.1; Nexus 5X Build/MMB29P) AppleWebKit/537.36 (KHTML, like Gecko) Chrome/137.0.7151.103 Mobile Safari/537.36 (compatible; Googlebot/2.1; +http://www.google.com/bot.html)"
49.13.134.145 - - [22/Jul/2025:18:31:13 -0300] "HEAD / HTTP/1.1" 200 - "https://vacivitta.com.br/" "Mozilla/5.0+(compatible; UptimeRobot/2.0; http://www.uptimerobot.com/)"
66.249.73.169 - - [22/Jul/2025:18:31:14 -0300] "GET /pcmypage?callback=product/review/organweb-br68913 HTTP/1.1" 404 - "-" "Mozilla/5.0 (Linux; Android 6.0.1; Nexus 5X Build/MMB29P) AppleWebKit/537.36 (KHTML, like Gecko) Chrome/137.0.7151.103 Mobile Safari/537.36 (compatible; Googlebot/2.1; +http://www.google.com/bot.html)"
204.12.252.98 - - [22/Jul/2025:18:31:41 -0300] "GET /wp-content/edit.php HTTP/1.1" 404 - "https://vacivitta.com.br/wp-content/edit.php" "Mozilla/5.0 (Windows NT 10.0; Win64; x64) AppleWebKit/537.36 (KHTML, like Gecko) Chrome/58.0.3029.110 Safari/537.3"
66.249.73.170 - - [22/Jul/2025:18:32:28 -0300] "GET /products/161zy506 HTTP/1.1" 404 - "-" "Mozilla/5.0 (Linux; Android 6.0.1; Nexus 5X Build/MMB29P) AppleWebKit/537.36 (KHTML, like Gecko) Chrome/137.0.7151.103 Mobile Safari/537.36 (compatible; Googlebot/2.1; +http://www.google.com/bot.html)"
66.249.73.170 - - [22/Jul/2025:18:33:42 -0300] "GET /pcmypage?callback=product%2Fdetail%2Ftvilbidvirk5-20240108222400-00227 HTTP/1.1" 404 - "-" "Mozilla/5.0 (Linux; Android 6.0.1; Nexus 5X Build/MMB29P) AppleWebKit/537.36 (KHTML, like Gecko) Chrome/137.0.7151.103 Mobile Safari/537.36 (compatible; Googlebot/2.1; +http://www.google.com/bot.html)"
66.249.73.169 - - [22/Jul/2025:18:34:56 -0300] "GET /pcmypage?callback=/product%2Fdetail%2kys-tr-6568335 HTTP/1.1" 404 - "-" "Mozilla/5.0 (Linux; Android 6.0.1; Nexus 5X Build/MMB29P) AppleWebKit/537.36 (KHTML, like Gecko) Chrome/137.0.7151.103 Mobile Safari/537.36 (compatible; Googlebot/2.1; +http://www.google.com/bot.html)"
66.249.73.170 - - [22/Jul/2025:18:36:06 -0300] "GET /items/zbpkj90/6940?key=workplace HTTP/1.1" 404 - "-" "Mozilla/5.0 (Linux; Android 6.0.1; Nexus 5X Build/MMB29P) AppleWebKit/537.36 (KHTML, like Gecko) Chrome/137.0.7151.103 Mobile Safari/537.36 (compatible; Googlebot/2.1; +http://www.google.com/bot.html)"
66.249.73.168 - - [22/Jul/2025:18:36:10 -0300] "GET /items/zkxbi224/21010?key=anxiety HTTP/1.1" 404 - "-" "Mozilla/5.0 (Linux; Android 6.0.1; Nexus 5X Build/MMB29P) AppleWebKit/537.36 (KHTML, like Gecko) Chrome/137.0.7151.103 Mobile Safari/537.36 (compatible; Googlebot/2.1; +http://www.google.com/bot.html)"
88.99.80.227 - - [22/Jul/2025:18:36:17 -0300] "HEAD / HTTP/1.1" 200 - "https://vacivitta.com.br/" "Mozilla/5.0+(compatible; UptimeRobot/2.0; http://www.uptimerobot.com/)"
204.12.252.98 - - [22/Jul/2025:18:37:02 -0300] "GET /wp-content/edit.php HTTP/1.1" 404 - "https://vacivitta.com.br/wp-content/edit.php" "Mozilla/5.0 (Windows NT 10.0; Win64; x64) AppleWebKit/537.36 (KHTML, like Gecko) Chrome/58.0.3029.110 Safari/537.3"
57.141.2.28 - - [22/Jul/2025:18:37:12 -0300] "GET /2022/05/17/baixa-cobertura-vacinal-retorno-da-poliomielite-no-brasil/ HTTP/1.1" 404 - "-" "meta-externalagent/1.1 (+https://developers.facebook.com/docs/sharing/webmasters/crawler)"
66.249.73.170 - - [22/Jul/2025:18:37:24 -0300] "GET /pcmypage?callback=product/review/greenfil-wear-cw23-jfgwcw-cs20 HTTP/1.1" 404 - "-" "Mozilla/5.0 (Linux; Android 6.0.1; Nexus 5X Build/MMB29P) AppleWebKit/537.36 (KHTML, like Gecko) Chrome/137.0.7151.103 Mobile Safari/537.36 (compatible; Googlebot/2.1; +http://www.google.com/bot.html)"
66.249.73.169 - - [22/Jul/2025:18:38:38 -0300] "GET /products/181fo1672 HTTP/1.1" 404 - "-" "Mozilla/5.0 (Linux; Android 6.0.1; Nexus 5X Build/MMB29P) AppleWebKit/537.36 (KHTML, like Gecko) Chrome/137.0.7151.103 Mobile Safari/537.36 (compatible; Googlebot/2.1; +http://www.google.com/bot.html)"
66.249.73.169 - - [22/Jul/2025:18:39:52 -0300] "GET /product/edit/crystal-netshop-usdm-4958-813 HTTP/1.1" 404 - "-" "Mozilla/5.0 (Linux; Android 6.0.1; Nexus 5X Build/MMB29P) AppleWebKit/537.36 (KHTML, like Gecko) Chrome/137.0.7151.103 Mobile Safari/537.36 (compatible; Googlebot/2.1; +http://www.google.com/bot.html)"
66.249.73.170 - - [22/Jul/2025:18:40:23 -0300] "GET /?_ga=2.193929543.1954859000.1729550949-963870751.1699386649&_bdsid=47u8bn.n~DOXON.1743916948286.1788022705&_bd_prev_page=https://vacivitta.com.br/collect.asp?products/274qv28783 HTTP/1.1" 200 488 "-" "Mozilla/5.0 (Linux; Android 6.0.1; Nexus 5X Build/MMB29P) AppleWebKit/537.36 (KHTML, like Gecko) Chrome/137.0.7151.103 Mobile Safari/537.36 (compatible; Googlebot/2.1; +http://www.google.com/bot.html)"
3.236.157.71 - - [22/Jul/2025:18:40:33 -0300] "GET / HTTP/1.1" 200 488 "https://vacivitta.com.br" "Mozilla/5.0 (Macintosh; Intel Mac OS X 10.15; rv:91.0) Gecko/20100101 Firefox/91.0"
4.227.36.94 - - [22/Jul/2025:18:40:50 -0300] "GET /robots.txt HTTP/1.1" 404 - "-" "Mozilla/5.0 AppleWebKit/537.36 (KHTML, like Gecko; compatible; GPTBot/1.2; +https://openai.com/gptbot)"
66.249.73.168 - - [22/Jul/2025:18:41:05 -0300] "GET /products/212mf9937 HTTP/1.1" 404 - "-" "Mozilla/5.0 (Linux; Android 6.0.1; Nexus 5X Build/MMB29P) AppleWebKit/537.36 (KHTML, like Gecko) Chrome/137.0.7151.103 Mobile Safari/537.36 (compatible; Googlebot/2.1; +http://www.google.com/bot.html)"
88.99.80.227 - - [22/Jul/2025:18:41:20 -0300] "HEAD / HTTP/1.1" 200 - "https://vacivitta.com.br/" "Mozilla/5.0+(compatible; UptimeRobot/2.0; http://www.uptimerobot.com/)"
69.197.182.50 - - [22/Jul/2025:18:43:15 -0300] "GET /wp-content/edit.php HTTP/1.1" 404 - "https://vacivitta.com.br/wp-content/edit.php" "Mozilla/5.0 (Windows NT 10.0; Win64; x64) AppleWebKit/537.36 (KHTML, like Gecko) Chrome/58.0.3029.110 Safari/537.3"
66.249.73.168 - - [22/Jul/2025:18:44:01 -0300] "GET /pcmypage?callback=product/review/wine-king-6909500000008518 HTTP/1.1" 404 - "-" "Mozilla/5.0 (Linux; Android 6.0.1; Nexus 5X Build/MMB29P) AppleWebKit/537.36 (KHTML, like Gecko) Chrome/137.0.7151.103 Mobile Safari/537.36 (compatible; Googlebot/2.1; +http://www.google.com/bot.html)"
66.249.73.168 - - [22/Jul/2025:18:44:02 -0300] "GET /pcmypage?callback=product/review/up-b-kf800wt3wp HTTP/1.1" 404 - "-" "Mozilla/5.0 (Linux; Android 6.0.1; Nexus 5X Build/MMB29P) AppleWebKit/537.36 (KHTML, like Gecko) Chrome/137.0.7151.103 Mobile Safari/537.36 (compatible; Googlebot/2.1; +http://www.google.com/bot.html)"
66.249.73.169 - - [22/Jul/2025:18:44:02 -0300] "GET /items/hstnt97/719?key=airplane HTTP/1.1" 404 - "-" "Mozilla/5.0 (Linux; Android 6.0.1; Nexus 5X Build/MMB29P) AppleWebKit/537.36 (KHTML, like Gecko) Chrome/137.0.7151.103 Mobile Safari/537.36 (compatible; Googlebot/2.1; +http://www.google.com/bot.html)"
66.249.73.169 - - [22/Jul/2025:18:44:47 -0300] "GET /items/mphrw5/32747?key=drawer HTTP/1.1" 404 - "-" "Mozilla/5.0 (Linux; Android 6.0.1; Nexus 5X Build/MMB29P) AppleWebKit/537.36 (KHTML, like Gecko) Chrome/137.0.7151.103 Mobile Safari/537.36 (compatible; Googlebot/2.1; +http://www.google.com/bot.html)"
217.160.202.182 - - [22/Jul/2025:18:45:09 -0300] "GET / HTTP/1.1" 200 488 "-" "Mozilla/5.0 (Windows NT 10.0; Win64; x64) AppleWebKit/537.36 (KHTML, like Gecko) Chrome/91.0.4472.114 Safari/537.36 Edg/91.0.864.54"
66.249.73.169 - - [22/Jul/2025:18:46:01 -0300] "GET /items/pnqvw80/42638?key=transaction HTTP/1.1" 404 - "-" "Mozilla/5.0 (Linux; Android 6.0.1; Nexus 5X Build/MMB29P) AppleWebKit/537.36 (KHTML, like Gecko) Chrome/137.0.7151.103 Mobile Safari/537.36 (compatible; Googlebot/2.1; +http://www.google.com/bot.html)"
