66.249.73.168 - - [22/Jul/2025:11:15:45 -0300] "GET /video.mp4 HTTP/1.1" 206 154015 "https://vacivitta.com.br/" "Mozilla/5.0 AppleWebKit/537.36 (KHTML, like Gecko; compatible; Googlebot/2.1; +http://www.google.com/bot.html) Chrome/137.0.7151.119 Safari/537.36"
179.215.121.183 - - [22/Jul/2025:11:15:24 -0300] "POST /cpsess6668881312/3rdparty/roundcube/?_task=mail&_action=refresh HTTP/1.1" 200 135 "https://webmail.vacivitta.com.br/cpsess6668881312/3rdparty/roundcube/?_task=mail&_mbox=INBOX" "Mozilla/5.0 (Windows NT 10.0; Win64; x64) AppleWebKit/537.36 (KHTML, like Gecko) Chrome/138.0.0.0 Safari/537.36"
179.215.121.183 - - [22/Jul/2025:11:16:23 -0300] "POST /cpsess6668881312/3rdparty/roundcube/?_task=mail&_action=refresh HTTP/1.1" 200 135 "https://webmail.vacivitta.com.br/cpsess6668881312/3rdparty/roundcube/?_task=mail&_mbox=INBOX" "Mozilla/5.0 (Windows NT 10.0; Win64; x64) AppleWebKit/537.36 (KHTML, like Gecko) Chrome/138.0.0.0 Safari/537.36"
179.215.121.183 - - [22/Jul/2025:11:17:23 -0300] "POST /cpsess6668881312/3rdparty/roundcube/?_task=mail&_action=refresh HTTP/1.1" 200 135 "https://webmail.vacivitta.com.br/cpsess6668881312/3rdparty/roundcube/?_task=mail&_mbox=INBOX" "Mozilla/5.0 (Windows NT 10.0; Win64; x64) AppleWebKit/537.36 (KHTML, like Gecko) Chrome/138.0.0.0 Safari/537.36"
69.197.182.50 - - [22/Jul/2025:11:17:47 -0300] "GET /wp-content/edit.php HTTP/1.1" 404 - "https://vacivitta.com.br/wp-content/edit.php" "Mozilla/5.0 (Windows NT 10.0; Win64; x64) AppleWebKit/537.36 (KHTML, like Gecko) Chrome/58.0.3029.110 Safari/537.3"
179.215.121.183 - - [22/Jul/2025:11:18:23 -0300] "POST /cpsess6668881312/3rdparty/roundcube/?_task=mail&_action=refresh HTTP/1.1" 200 135 "https://webmail.vacivitta.com.br/cpsess6668881312/3rdparty/roundcube/?_task=mail&_mbox=INBOX" "Mozilla/5.0 (Windows NT 10.0; Win64; x64) AppleWebKit/537.36 (KHTML, like Gecko) Chrome/138.0.0.0 Safari/537.36"
179.215.121.183 - - [22/Jul/2025:11:19:23 -0300] "POST /cpsess6668881312/3rdparty/roundcube/?_task=mail&_action=refresh HTTP/1.1" 200 135 "https://webmail.vacivitta.com.br/cpsess6668881312/3rdparty/roundcube/?_task=mail&_mbox=INBOX" "Mozilla/5.0 (Windows NT 10.0; Win64; x64) AppleWebKit/537.36 (KHTML, like Gecko) Chrome/138.0.0.0 Safari/537.36"
78.47.98.55 - - [22/Jul/2025:11:20:35 -0300] "HEAD / HTTP/1.1" 200 - "https://vacivitta.com.br/" "Mozilla/5.0+(compatible; UptimeRobot/2.0; http://www.uptimerobot.com/)"
179.215.121.183 - - [22/Jul/2025:11:20:23 -0300] "POST /cpsess6668881312/3rdparty/roundcube/?_task=mail&_action=refresh HTTP/1.1" 200 135 "https://webmail.vacivitta.com.br/cpsess6668881312/3rdparty/roundcube/?_task=mail&_mbox=INBOX" "Mozilla/5.0 (Windows NT 10.0; Win64; x64) AppleWebKit/537.36 (KHTML, like Gecko) Chrome/138.0.0.0 Safari/537.36"
179.215.121.183 - - [22/Jul/2025:11:21:23 -0300] "POST /cpsess6668881312/3rdparty/roundcube/?_task=mail&_action=refresh HTTP/1.1" 200 135 "https://webmail.vacivitta.com.br/cpsess6668881312/3rdparty/roundcube/?_task=mail&_mbox=INBOX" "Mozilla/5.0 (Windows NT 10.0; Win64; x64) AppleWebKit/537.36 (KHTML, like Gecko) Chrome/138.0.0.0 Safari/537.36"
179.215.121.183 - - [22/Jul/2025:11:22:23 -0300] "POST /cpsess6668881312/3rdparty/roundcube/?_task=mail&_action=refresh HTTP/1.1" 200 135 "https://webmail.vacivitta.com.br/cpsess6668881312/3rdparty/roundcube/?_task=mail&_mbox=INBOX" "Mozilla/5.0 (Windows NT 10.0; Win64; x64) AppleWebKit/537.36 (KHTML, like Gecko) Chrome/138.0.0.0 Safari/537.36"
179.215.121.183 - - [22/Jul/2025:11:23:23 -0300] "POST /cpsess6668881312/3rdparty/roundcube/?_task=mail&_action=refresh HTTP/1.1" 200 135 "https://webmail.vacivitta.com.br/cpsess6668881312/3rdparty/roundcube/?_task=mail&_mbox=INBOX" "Mozilla/5.0 (Windows NT 10.0; Win64; x64) AppleWebKit/537.36 (KHTML, like Gecko) Chrome/138.0.0.0 Safari/537.36"
179.215.121.183 - - [22/Jul/2025:11:24:23 -0300] "POST /cpsess6668881312/3rdparty/roundcube/?_task=mail&_action=refresh HTTP/1.1" 200 135 "https://webmail.vacivitta.com.br/cpsess6668881312/3rdparty/roundcube/?_task=mail&_mbox=INBOX" "Mozilla/5.0 (Windows NT 10.0; Win64; x64) AppleWebKit/537.36 (KHTML, like Gecko) Chrome/138.0.0.0 Safari/537.36"
179.215.121.183 - - [22/Jul/2025:11:25:23 -0300] "POST /cpsess6668881312/3rdparty/roundcube/?_task=mail&_action=refresh HTTP/1.1" 200 135 "https://webmail.vacivitta.com.br/cpsess6668881312/3rdparty/roundcube/?_task=mail&_mbox=INBOX" "Mozilla/5.0 (Windows NT 10.0; Win64; x64) AppleWebKit/537.36 (KHTML, like Gecko) Chrome/138.0.0.0 Safari/537.36"
49.13.164.148 - - [22/Jul/2025:11:25:38 -0300] "HEAD / HTTP/1.1" 200 - "https://vacivitta.com.br/" "Mozilla/5.0+(compatible; UptimeRobot/2.0; http://www.uptimerobot.com/)"
66.249.73.168 - - [22/Jul/2025:11:26:00 -0300] "GET /products/56qd105 HTTP/1.1" 404 - "-" "Mozilla/5.0 (Linux; Android 6.0.1; Nexus 5X Build/MMB29P) AppleWebKit/537.36 (KHTML, like Gecko) Chrome/137.0.7151.103 Mobile Safari/537.36 (compatible; Googlebot/2.1; +http://www.google.com/bot.html)"
20.168.11.129 - - [22/Jul/2025:11:26:20 -0300] "GET /wp-admin/css/ HTTP/1.1" 404 - "binance.com" "Mozilla/5.0 (Windows NT 10.0; Win64; x64) AppleWebKit/537.36 (KHTML, like Gecko) Chrome/90.0.4430.85 Safari/537.36"
179.215.121.183 - - [22/Jul/2025:11:26:23 -0300] "POST /cpsess6668881312/3rdparty/roundcube/?_task=mail&_action=refresh HTTP/1.1" 200 135 "https://webmail.vacivitta.com.br/cpsess6668881312/3rdparty/roundcube/?_task=mail&_mbox=INBOX" "Mozilla/5.0 (Windows NT 10.0; Win64; x64) AppleWebKit/537.36 (KHTML, like Gecko) Chrome/138.0.0.0 Safari/537.36"
20.168.11.129 - - [22/Jul/2025:11:26:28 -0300] "GET /.well-known/ HTTP/1.1" 404 - "binance.com" "Mozilla/5.0 (Windows NT 10.0; Win64; x64) AppleWebKit/537.36 (KHTML, like Gecko) Chrome/90.0.4430.85 Safari/537.36"
31.13.127.9 - - [22/Jul/2025:11:26:31 -0300] "GET /doisvizinhos/ HTTP/1.1" 404 - "-" "facebookexternalhit/1.1 (+http://www.facebook.com/externalhit_uatext.php)"
179.215.121.183 - - [22/Jul/2025:11:27:23 -0300] "POST /cpsess6668881312/3rdparty/roundcube/?_task=mail&_action=refresh HTTP/1.1" 200 135 "https://webmail.vacivitta.com.br/cpsess6668881312/3rdparty/roundcube/?_task=mail&_mbox=INBOX" "Mozilla/5.0 (Windows NT 10.0; Win64; x64) AppleWebKit/537.36 (KHTML, like Gecko) Chrome/138.0.0.0 Safari/537.36"
208.110.64.178 - - [22/Jul/2025:11:28:01 -0300] "GET /wp-content/edit.php HTTP/1.1" 404 - "https://vacivitta.com.br/wp-content/edit.php" "Mozilla/5.0 (Windows NT 10.0; Win64; x64) AppleWebKit/537.36 (KHTML, like Gecko) Chrome/58.0.3029.110 Safari/537.3"
66.249.73.168 - - [22/Jul/2025:11:28:01 -0300] "GET /products/152tp3795 HTTP/1.1" 404 - "-" "Mozilla/5.0 (Linux; Android 6.0.1; Nexus 5X Build/MMB29P) AppleWebKit/537.36 (KHTML, like Gecko) Chrome/137.0.7151.103 Mobile Safari/537.36 (compatible; Googlebot/2.1; +http://www.google.com/bot.html)"
66.249.73.170 - - [22/Jul/2025:11:28:02 -0300] "GET /pcmypage?callback=product/review/sincerethanks-20240315234243-00644sin HTTP/1.1" 404 - "-" "Mozilla/5.0 (Linux; Android 6.0.1; Nexus 5X Build/MMB29P) AppleWebKit/537.36 (KHTML, like Gecko) Chrome/137.0.7151.103 Mobile Safari/537.36 (compatible; Googlebot/2.1; +http://www.google.com/bot.html)"
179.215.121.183 - - [22/Jul/2025:11:28:23 -0300] "POST /cpsess6668881312/3rdparty/roundcube/?_task=mail&_action=refresh HTTP/1.1" 200 135 "https://webmail.vacivitta.com.br/cpsess6668881312/3rdparty/roundcube/?_task=mail&_mbox=INBOX" "Mozilla/5.0 (Windows NT 10.0; Win64; x64) AppleWebKit/537.36 (KHTML, like Gecko) Chrome/138.0.0.0 Safari/537.36"
179.215.121.183 - - [22/Jul/2025:11:29:23 -0300] "POST /cpsess6668881312/3rdparty/roundcube/?_task=mail&_action=refresh HTTP/1.1" 200 135 "https://webmail.vacivitta.com.br/cpsess6668881312/3rdparty/roundcube/?_task=mail&_mbox=INBOX" "Mozilla/5.0 (Windows NT 10.0; Win64; x64) AppleWebKit/537.36 (KHTML, like Gecko) Chrome/138.0.0.0 Safari/537.36"
179.215.121.183 - - [22/Jul/2025:11:30:23 -0300] "POST /cpsess6668881312/3rdparty/roundcube/?_task=mail&_action=refresh HTTP/1.1" 200 135 "https://webmail.vacivitta.com.br/cpsess6668881312/3rdparty/roundcube/?_task=mail&_mbox=INBOX" "Mozilla/5.0 (Windows NT 10.0; Win64; x64) AppleWebKit/537.36 (KHTML, like Gecko) Chrome/138.0.0.0 Safari/537.36"
78.46.190.63 - - [22/Jul/2025:11:30:42 -0300] "HEAD / HTTP/1.1" 200 - "https://vacivitta.com.br/" "Mozilla/5.0+(compatible; UptimeRobot/2.0; http://www.uptimerobot.com/)"
179.215.121.183 - - [22/Jul/2025:11:31:23 -0300] "POST /cpsess6668881312/3rdparty/roundcube/?_task=mail&_action=refresh HTTP/1.1" 200 135 "https://webmail.vacivitta.com.br/cpsess6668881312/3rdparty/roundcube/?_task=mail&_mbox=INBOX" "Mozilla/5.0 (Windows NT 10.0; Win64; x64) AppleWebKit/537.36 (KHTML, like Gecko) Chrome/138.0.0.0 Safari/537.36"
179.215.121.183 - - [22/Jul/2025:11:32:23 -0300] "POST /cpsess6668881312/3rdparty/roundcube/?_task=mail&_action=refresh HTTP/1.1" 200 135 "https://webmail.vacivitta.com.br/cpsess6668881312/3rdparty/roundcube/?_task=mail&_mbox=INBOX" "Mozilla/5.0 (Windows NT 10.0; Win64; x64) AppleWebKit/537.36 (KHTML, like Gecko) Chrome/138.0.0.0 Safari/537.36"
204.12.252.98 - - [22/Jul/2025:11:33:35 -0300] "GET /wp-content/edit.php HTTP/1.1" 404 - "https://vacivitta.com.br/wp-content/edit.php" "Mozilla/5.0 (Windows NT 10.0; Win64; x64) AppleWebKit/537.36 (KHTML, like Gecko) Chrome/58.0.3029.110 Safari/537.3"
179.215.121.183 - - [22/Jul/2025:11:33:23 -0300] "POST /cpsess6668881312/3rdparty/roundcube/?_task=mail&_action=refresh HTTP/1.1" 200 135 "https://webmail.vacivitta.com.br/cpsess6668881312/3rdparty/roundcube/?_task=mail&_mbox=INBOX" "Mozilla/5.0 (Windows NT 10.0; Win64; x64) AppleWebKit/537.36 (KHTML, like Gecko) Chrome/138.0.0.0 Safari/537.36"
179.215.121.183 - - [22/Jul/2025:11:34:23 -0300] "POST /cpsess6668881312/3rdparty/roundcube/?_task=mail&_action=refresh HTTP/1.1" 200 135 "https://webmail.vacivitta.com.br/cpsess6668881312/3rdparty/roundcube/?_task=mail&_mbox=INBOX" "Mozilla/5.0 (Windows NT 10.0; Win64; x64) AppleWebKit/537.36 (KHTML, like Gecko) Chrome/138.0.0.0 Safari/537.36"
66.249.73.169 - - [22/Jul/2025:11:35:03 -0300] "GET /items/evkqm63/4897?key=pocket HTTP/1.1" 404 - "-" "Mozilla/5.0 (Linux; Android 6.0.1; Nexus 5X Build/MMB29P) AppleWebKit/537.36 (KHTML, like Gecko) Chrome/137.0.7151.103 Mobile Safari/537.36 (compatible; Googlebot/2.1; +http://www.google.com/bot.html)"
66.249.73.170 - - [22/Jul/2025:11:35:03 -0300] "GET /items/mchrn13/733?key=satellite HTTP/1.1" 404 - "-" "Mozilla/5.0 (Linux; Android 6.0.1; Nexus 5X Build/MMB29P) AppleWebKit/537.36 (KHTML, like Gecko) Chrome/137.0.7151.103 Mobile Safari/537.36 (compatible; Googlebot/2.1; +http://www.google.com/bot.html)"
179.215.121.183 - - [22/Jul/2025:11:35:23 -0300] "POST /cpsess6668881312/3rdparty/roundcube/?_task=mail&_action=refresh HTTP/1.1" 200 135 "https://webmail.vacivitta.com.br/cpsess6668881312/3rdparty/roundcube/?_task=mail&_mbox=INBOX" "Mozilla/5.0 (Windows NT 10.0; Win64; x64) AppleWebKit/537.36 (KHTML, like Gecko) Chrome/138.0.0.0 Safari/537.36"
78.47.173.76 - - [22/Jul/2025:11:35:46 -0300] "HEAD / HTTP/1.1" 200 - "https://vacivitta.com.br/" "Mozilla/5.0+(compatible; UptimeRobot/2.0; http://www.uptimerobot.com/)"
179.215.121.183 - - [22/Jul/2025:11:36:23 -0300] "POST /cpsess6668881312/3rdparty/roundcube/?_task=mail&_action=refresh HTTP/1.1" 200 135 "https://webmail.vacivitta.com.br/cpsess6668881312/3rdparty/roundcube/?_task=mail&_mbox=INBOX" "Mozilla/5.0 (Windows NT 10.0; Win64; x64) AppleWebKit/537.36 (KHTML, like Gecko) Chrome/138.0.0.0 Safari/537.36"
179.215.121.183 - - [22/Jul/2025:11:37:23 -0300] "POST /cpsess6668881312/3rdparty/roundcube/?_task=mail&_action=refresh HTTP/1.1" 200 135 "https://webmail.vacivitta.com.br/cpsess6668881312/3rdparty/roundcube/?_task=mail&_mbox=INBOX" "Mozilla/5.0 (Windows NT 10.0; Win64; x64) AppleWebKit/537.36 (KHTML, like Gecko) Chrome/138.0.0.0 Safari/537.36"
74.7.35.59 - - [22/Jul/2025:11:37:31 -0300] "GET / HTTP/1.1" 200 488 "-" "Mozilla/5.0 AppleWebKit/537.36 (KHTML, like Gecko); compatible; ChatGPT-User/1.0; +https://openai.com/bot"
179.215.121.183 - - [22/Jul/2025:11:38:23 -0300] "POST /cpsess6668881312/3rdparty/roundcube/?_task=mail&_action=refresh HTTP/1.1" 200 135 "https://webmail.vacivitta.com.br/cpsess6668881312/3rdparty/roundcube/?_task=mail&_mbox=INBOX" "Mozilla/5.0 (Windows NT 10.0; Win64; x64) AppleWebKit/537.36 (KHTML, like Gecko) Chrome/138.0.0.0 Safari/537.36"
69.197.135.226 - - [22/Jul/2025:11:38:39 -0300] "GET /wp-content/edit.php HTTP/1.1" 404 - "https://vacivitta.com.br/wp-content/edit.php" "Mozilla/5.0 (Windows NT 10.0; Win64; x64) AppleWebKit/537.36 (KHTML, like Gecko) Chrome/58.0.3029.110 Safari/537.3"
179.215.121.183 - - [22/Jul/2025:11:39:23 -0300] "POST /cpsess6668881312/3rdparty/roundcube/?_task=mail&_action=refresh HTTP/1.1" 200 135 "https://webmail.vacivitta.com.br/cpsess6668881312/3rdparty/roundcube/?_task=mail&_mbox=INBOX" "Mozilla/5.0 (Windows NT 10.0; Win64; x64) AppleWebKit/537.36 (KHTML, like Gecko) Chrome/138.0.0.0 Safari/537.36"
179.215.121.183 - - [22/Jul/2025:11:40:23 -0300] "POST /cpsess6668881312/3rdparty/roundcube/?_task=mail&_action=refresh HTTP/1.1" 200 135 "https://webmail.vacivitta.com.br/cpsess6668881312/3rdparty/roundcube/?_task=mail&_mbox=INBOX" "Mozilla/5.0 (Windows NT 10.0; Win64; x64) AppleWebKit/537.36 (KHTML, like Gecko) Chrome/138.0.0.0 Safari/537.36"
128.140.41.193 - - [22/Jul/2025:11:40:49 -0300] "HEAD / HTTP/1.1" 200 - "https://vacivitta.com.br/" "Mozilla/5.0+(compatible; UptimeRobot/2.0; http://www.uptimerobot.com/)"
179.215.121.183 - - [22/Jul/2025:11:41:23 -0300] "POST /cpsess6668881312/3rdparty/roundcube/?_task=mail&_action=refresh HTTP/1.1" 200 135 "https://webmail.vacivitta.com.br/cpsess6668881312/3rdparty/roundcube/?_task=mail&_mbox=INBOX" "Mozilla/5.0 (Windows NT 10.0; Win64; x64) AppleWebKit/537.36 (KHTML, like Gecko) Chrome/138.0.0.0 Safari/537.36"
66.249.83.71 - - [22/Jul/2025:11:41:57 -0300] "GET /.well-known/traffic-advice HTTP/1.1" 404 - "-" "Chrome Privacy Preserving Prefetch Proxy"
162.120.186.82 - - [22/Jul/2025:11:41:57 -0300] "GET / HTTP/1.1" 200 488 "https://www.google.com/" "Mozilla/5.0 (Windows NT 10.0; Win64; x64) AppleWebKit/537.36 (KHTML, like Gecko) Chrome/138.0.0.0 Safari/537.36"
66.249.73.170 - - [22/Jul/2025:11:42:03 -0300] "GET /items/ldbwf118/17226?key=education HTTP/1.1" 404 - "-" "Mozilla/5.0 (Linux; Android 6.0.1; Nexus 5X Build/MMB29P) AppleWebKit/537.36 (KHTML, like Gecko) Chrome/137.0.7151.103 Mobile Safari/537.36 (compatible; Googlebot/2.1; +http://www.google.com/bot.html)"
179.164.41.30 - - [22/Jul/2025:11:42:05 -0300] "GET /assets/index-g8aW3Zx-.css HTTP/1.1" 200 2311 "https://vacivitta.com.br/" "Mozilla/5.0 (Windows NT 10.0; Win64; x64) AppleWebKit/537.36 (KHTML, like Gecko) Chrome/138.0.0.0 Safari/537.36"
179.164.41.30 - - [22/Jul/2025:11:42:05 -0300] "GET /assets/index-BZLUkikW.js HTTP/1.1" 200 923512 "https://vacivitta.com.br/" "Mozilla/5.0 (Windows NT 10.0; Win64; x64) AppleWebKit/537.36 (KHTML, like Gecko) Chrome/138.0.0.0 Safari/537.36"
179.164.41.30 - - [22/Jul/2025:11:42:06 -0300] "GET /logo.png HTTP/1.1" 200 25613 "https://vacivitta.com.br/" "Mozilla/5.0 (Windows NT 10.0; Win64; x64) AppleWebKit/537.36 (KHTML, like Gecko) Chrome/138.0.0.0 Safari/537.36"
179.164.41.30 - - [22/Jul/2025:11:42:07 -0300] "GET /homePage.png HTTP/1.1" 200 1495045 "https://vacivitta.com.br/" "Mozilla/5.0 (Windows NT 10.0; Win64; x64) AppleWebKit/537.36 (KHTML, like Gecko) Chrome/138.0.0.0 Safari/537.36"
179.164.41.30 - - [22/Jul/2025:11:42:07 -0300] "GET /vaci.jpg HTTP/1.1" 200 155283 "https://vacivitta.com.br/" "Mozilla/5.0 (Windows NT 10.0; Win64; x64) AppleWebKit/537.36 (KHTML, like Gecko) Chrome/138.0.0.0 Safari/537.36"
179.164.41.30 - - [22/Jul/2025:11:42:07 -0300] "GET /4.png HTTP/1.1" 200 1067791 "https://vacivitta.com.br/" "Mozilla/5.0 (Windows NT 10.0; Win64; x64) AppleWebKit/537.36 (KHTML, like Gecko) Chrome/138.0.0.0 Safari/537.36"
179.164.41.30 - - [22/Jul/2025:11:42:07 -0300] "GET /fts1.png HTTP/1.1" 200 2704287 "https://vacivitta.com.br/" "Mozilla/5.0 (Windows NT 10.0; Win64; x64) AppleWebKit/537.36 (KHTML, like Gecko) Chrome/138.0.0.0 Safari/537.36"
179.164.41.30 - - [22/Jul/2025:11:42:07 -0300] "GET /2.png HTTP/1.1" 200 1052379 "https://vacivitta.com.br/" "Mozilla/5.0 (Windows NT 10.0; Win64; x64) AppleWebKit/537.36 (KHTML, like Gecko) Chrome/138.0.0.0 Safari/537.36"
179.164.41.30 - - [22/Jul/2025:11:42:06 -0300] "GET /mapa.png HTTP/1.1" 200 1787231 "https://vacivitta.com.br/" "Mozilla/5.0 (Windows NT 10.0; Win64; x64) AppleWebKit/537.36 (KHTML, like Gecko) Chrome/138.0.0.0 Safari/537.36"
179.164.41.30 - - [22/Jul/2025:11:42:07 -0300] "GET /1.png HTTP/1.1" 200 1041468 "https://vacivitta.com.br/" "Mozilla/5.0 (Windows NT 10.0; Win64; x64) AppleWebKit/537.36 (KHTML, like Gecko) Chrome/138.0.0.0 Safari/537.36"
179.164.41.30 - - [22/Jul/2025:11:42:07 -0300] "GET /3.png HTTP/1.1" 200 1055246 "https://vacivitta.com.br/" "Mozilla/5.0 (Windows NT 10.0; Win64; x64) AppleWebKit/537.36 (KHTML, like Gecko) Chrome/138.0.0.0 Safari/537.36"
179.164.41.30 - - [22/Jul/2025:11:42:08 -0300] "GET /fts3.png HTTP/1.1" 200 798280 "https://vacivitta.com.br/" "Mozilla/5.0 (Windows NT 10.0; Win64; x64) AppleWebKit/537.36 (KHTML, like Gecko) Chrome/138.0.0.0 Safari/537.36"
179.164.41.30 - - [22/Jul/2025:11:42:08 -0300] "GET /walp.png HTTP/1.1" 200 26312 "https://vacivitta.com.br/" "Mozilla/5.0 (Windows NT 10.0; Win64; x64) AppleWebKit/537.36 (KHTML, like Gecko) Chrome/138.0.0.0 Safari/537.36"
179.164.41.30 - - [22/Jul/2025:11:42:09 -0300] "GET /homePage2.png HTTP/1.1" 200 227246 "https://vacivitta.com.br/" "Mozilla/5.0 (Windows NT 10.0; Win64; x64) AppleWebKit/537.36 (KHTML, like Gecko) Chrome/138.0.0.0 Safari/537.36"
179.164.41.30 - - [22/Jul/2025:11:42:09 -0300] "GET /video.mp4 HTTP/1.1" 206 154015 "https://vacivitta.com.br/" "Mozilla/5.0 (Windows NT 10.0; Win64; x64) AppleWebKit/537.36 (KHTML, like Gecko) Chrome/138.0.0.0 Safari/537.36"
179.164.41.30 - - [22/Jul/2025:11:42:09 -0300] "GET /video.mp4 HTTP/1.1" 206 636967327 "https://vacivitta.com.br/" "Mozilla/5.0 (Windows NT 10.0; Win64; x64) AppleWebKit/537.36 (KHTML, like Gecko) Chrome/138.0.0.0 Safari/537.36"
179.164.41.30 - - [22/Jul/2025:11:42:09 -0300] "GET /video.mp4 HTTP/1.1" 206 636629424 "https://vacivitta.com.br/" "Mozilla/5.0 (Windows NT 10.0; Win64; x64) AppleWebKit/537.36 (KHTML, like Gecko) Chrome/138.0.0.0 Safari/537.36"
179.164.41.30 - - [22/Jul/2025:11:42:07 -0300] "GET /fts2.png HTTP/1.1" 200 2539592 "https://vacivitta.com.br/" "Mozilla/5.0 (Windows NT 10.0; Win64; x64) AppleWebKit/537.36 (KHTML, like Gecko) Chrome/138.0.0.0 Safari/537.36"
179.164.41.30 - - [22/Jul/2025:11:42:11 -0300] "GET /ico.ico HTTP/1.1" 200 100526 "https://vacivitta.com.br/" "Mozilla/5.0 (Windows NT 10.0; Win64; x64) AppleWebKit/537.36 (KHTML, like Gecko) Chrome/138.0.0.0 Safari/537.36"
170.244.29.119 - - [22/Jul/2025:11:42:31 -0300] "GET / HTTP/1.1" 200 488 "-" "Mozilla/5.0 (Linux; Android 10; K) AppleWebKit/537.36 (KHTML, like Gecko) Chrome/138.0.0.0 Mobile Safari/537.36"
179.215.121.183 - - [22/Jul/2025:11:42:23 -0300] "POST /cpsess6668881312/3rdparty/roundcube/?_task=mail&_action=refresh HTTP/1.1" 200 135 "https://webmail.vacivitta.com.br/cpsess6668881312/3rdparty/roundcube/?_task=mail&_mbox=INBOX" "Mozilla/5.0 (Windows NT 10.0; Win64; x64) AppleWebKit/537.36 (KHTML, like Gecko) Chrome/138.0.0.0 Safari/537.36"
170.244.29.119 - - [22/Jul/2025:11:42:33 -0300] "GET / HTTP/1.1" 200 488 "-" "Mozilla/5.0 (Linux; Android 10; K) AppleWebKit/537.36 (KHTML, like Gecko) Chrome/138.0.0.0 Mobile Safari/537.36"
170.244.29.119 - - [22/Jul/2025:11:42:33 -0300] "GET /assets/index-g8aW3Zx-.css HTTP/1.1" 200 2311 "https://vacivitta.com.br/" "Mozilla/5.0 (Linux; Android 10; K) AppleWebKit/537.36 (KHTML, like Gecko) Chrome/138.0.0.0 Mobile Safari/537.36"
170.244.29.119 - - [22/Jul/2025:11:42:33 -0300] "GET /assets/index-BZLUkikW.js HTTP/1.1" 200 923512 "https://vacivitta.com.br/" "Mozilla/5.0 (Linux; Android 10; K) AppleWebKit/537.36 (KHTML, like Gecko) Chrome/138.0.0.0 Mobile Safari/537.36"
170.244.29.119 - - [22/Jul/2025:11:42:35 -0300] "GET /logo.png HTTP/1.1" 200 25613 "https://vacivitta.com.br/" "Mozilla/5.0 (Linux; Android 10; K) AppleWebKit/537.36 (KHTML, like Gecko) Chrome/138.0.0.0 Mobile Safari/537.36"
170.244.29.119 - - [22/Jul/2025:11:42:35 -0300] "GET /ico.ico HTTP/1.1" 200 100526 "https://vacivitta.com.br/" "Mozilla/5.0 (Linux; Android 10; K) AppleWebKit/537.36 (KHTML, like Gecko) Chrome/138.0.0.0 Mobile Safari/537.36"
170.244.29.119 - - [22/Jul/2025:11:42:35 -0300] "GET /vaci.jpg HTTP/1.1" 200 155283 "https://vacivitta.com.br/" "Mozilla/5.0 (Linux; Android 10; K) AppleWebKit/537.36 (KHTML, like Gecko) Chrome/138.0.0.0 Mobile Safari/537.36"
170.244.29.119 - - [22/Jul/2025:11:42:35 -0300] "GET /4.png HTTP/1.1" 200 1067791 "https://vacivitta.com.br/" "Mozilla/5.0 (Linux; Android 10; K) AppleWebKit/537.36 (KHTML, like Gecko) Chrome/138.0.0.0 Mobile Safari/537.36"
170.244.29.119 - - [22/Jul/2025:11:42:35 -0300] "GET /3.png HTTP/1.1" 200 1055246 "https://vacivitta.com.br/" "Mozilla/5.0 (Linux; Android 10; K) AppleWebKit/537.36 (KHTML, like Gecko) Chrome/138.0.0.0 Mobile Safari/537.36"
170.244.29.119 - - [22/Jul/2025:11:42:35 -0300] "GET /mobilePage.png HTTP/1.1" 200 1355793 "https://vacivitta.com.br/" "Mozilla/5.0 (Linux; Android 10; K) AppleWebKit/537.36 (KHTML, like Gecko) Chrome/138.0.0.0 Mobile Safari/537.36"
170.244.29.119 - - [22/Jul/2025:11:42:36 -0300] "GET /fts1.png HTTP/1.1" 200 2704287 "https://vacivitta.com.br/" "Mozilla/5.0 (Linux; Android 10; K) AppleWebKit/537.36 (KHTML, like Gecko) Chrome/138.0.0.0 Mobile Safari/537.36"
170.244.29.119 - - [22/Jul/2025:11:42:36 -0300] "GET /fts2.png HTTP/1.1" 200 2539592 "https://vacivitta.com.br/" "Mozilla/5.0 (Linux; Android 10; K) AppleWebKit/537.36 (KHTML, like Gecko) Chrome/138.0.0.0 Mobile Safari/537.36"
170.244.29.119 - - [22/Jul/2025:11:42:37 -0300] "GET /fts3.png HTTP/1.1" 200 798280 "https://vacivitta.com.br/" "Mozilla/5.0 (Linux; Android 10; K) AppleWebKit/537.36 (KHTML, like Gecko) Chrome/138.0.0.0 Mobile Safari/537.36"
170.244.29.119 - - [22/Jul/2025:11:42:35 -0300] "GET /mapa.png HTTP/1.1" 200 1787231 "https://vacivitta.com.br/" "Mozilla/5.0 (Linux; Android 10; K) AppleWebKit/537.36 (KHTML, like Gecko) Chrome/138.0.0.0 Mobile Safari/537.36"
170.244.29.119 - - [22/Jul/2025:11:42:37 -0300] "GET /walp.png HTTP/1.1" 200 26312 "https://vacivitta.com.br/" "Mozilla/5.0 (Linux; Android 10; K) AppleWebKit/537.36 (KHTML, like Gecko) Chrome/138.0.0.0 Mobile Safari/537.36"
170.244.29.119 - - [22/Jul/2025:11:42:37 -0300] "GET /homePage2.png HTTP/1.1" 200 227246 "https://vacivitta.com.br/" "Mozilla/5.0 (Linux; Android 10; K) AppleWebKit/537.36 (KHTML, like Gecko) Chrome/138.0.0.0 Mobile Safari/537.36"
170.244.29.119 - - [22/Jul/2025:11:42:37 -0300] "GET /video.mp4 HTTP/1.1" 206 154015 "https://vacivitta.com.br/" "Mozilla/5.0 (Linux; Android 10; K) AppleWebKit/537.36 (KHTML, like Gecko) Chrome/138.0.0.0 Mobile Safari/537.36"
170.244.29.119 - - [22/Jul/2025:11:42:37 -0300] "GET /video.mp4 HTTP/1.1" 206 636967327 "https://vacivitta.com.br/" "Mozilla/5.0 (Linux; Android 10; K) AppleWebKit/537.36 (KHTML, like Gecko) Chrome/138.0.0.0 Mobile Safari/537.36"
170.244.29.119 - - [22/Jul/2025:11:42:37 -0300] "GET /video.mp4 HTTP/1.1" 206 636637424 "https://vacivitta.com.br/" "Mozilla/5.0 (Linux; Android 10; K) AppleWebKit/537.36 (KHTML, like Gecko) Chrome/138.0.0.0 Mobile Safari/537.36"
170.244.29.119 - - [22/Jul/2025:11:42:35 -0300] "GET /1.png HTTP/1.1" 200 1041468 "https://vacivitta.com.br/" "Mozilla/5.0 (Linux; Android 10; K) AppleWebKit/537.36 (KHTML, like Gecko) Chrome/138.0.0.0 Mobile Safari/537.36"
170.244.29.119 - - [22/Jul/2025:11:42:35 -0300] "GET /2.png HTTP/1.1" 200 1052379 "https://vacivitta.com.br/" "Mozilla/5.0 (Linux; Android 10; K) AppleWebKit/537.36 (KHTML, like Gecko) Chrome/138.0.0.0 Mobile Safari/537.36"
170.244.29.119 - - [22/Jul/2025:11:43:04 -0300] "GET /video.mp4 HTTP/1.1" 206 635813541 "https://vacivitta.com.br/" "Mozilla/5.0 (Linux; Android 10; K) AppleWebKit/537.36 (KHTML, like Gecko) Chrome/138.0.0.0 Mobile Safari/537.36"
95.108.213.151 - - [22/Jul/2025:11:43:30 -0300] "GET /robots.txt HTTP/1.1" 404 - "-" "Mozilla/5.0 (compatible; YandexBot/3.0; +http://yandex.com/bots)"
179.215.121.183 - - [22/Jul/2025:11:43:23 -0300] "POST /cpsess6668881312/3rdparty/roundcube/?_task=mail&_action=refresh HTTP/1.1" 200 135 "https://webmail.vacivitta.com.br/cpsess6668881312/3rdparty/roundcube/?_task=mail&_mbox=INBOX" "Mozilla/5.0 (Windows NT 10.0; Win64; x64) AppleWebKit/537.36 (KHTML, like Gecko) Chrome/138.0.0.0 Safari/537.36"
95.108.213.213 - - [22/Jul/2025:11:43:31 -0300] "GET /2021/11/24/ola-mundo/ HTTP/1.1" 404 - "-" "Mozilla/5.0 (compatible; YandexBot/3.0; +http://yandex.com/bots)"
170.244.29.119 - - [22/Jul/2025:11:43:49 -0300] "GET /brincos.jpg HTTP/1.1" 200 254870 "https://vacivitta.com.br/" "Mozilla/5.0 (Linux; Android 10; K) AppleWebKit/537.36 (KHTML, like Gecko) Chrome/138.0.0.0 Mobile Safari/537.36"
170.244.29.119 - - [22/Jul/2025:11:43:49 -0300] "GET /lencin.jpg HTTP/1.1" 200 514419 "https://vacivitta.com.br/" "Mozilla/5.0 (Linux; Android 10; K) AppleWebKit/537.36 (KHTML, like Gecko) Chrome/138.0.0.0 Mobile Safari/537.36"
170.244.29.119 - - [22/Jul/2025:11:43:49 -0300] "GET /kit.jpg HTTP/1.1" 200 539267 "https://vacivitta.com.br/" "Mozilla/5.0 (Linux; Android 10; K) AppleWebKit/537.36 (KHTML, like Gecko) Chrome/138.0.0.0 Mobile Safari/537.36"
170.244.29.119 - - [22/Jul/2025:11:43:49 -0300] "GET /adesivo.jpg HTTP/1.1" 200 481254 "https://vacivitta.com.br/" "Mozilla/5.0 (Linux; Android 10; K) AppleWebKit/537.36 (KHTML, like Gecko) Chrome/138.0.0.0 Mobile Safari/537.36"
170.244.29.119 - - [22/Jul/2025:11:43:50 -0300] "GET /palitinhos.jpg HTTP/1.1" 200 784614 "https://vacivitta.com.br/" "Mozilla/5.0 (Linux; Android 10; K) AppleWebKit/537.36 (KHTML, like Gecko) Chrome/138.0.0.0 Mobile Safari/537.36"
170.244.29.119 - - [22/Jul/2025:11:43:49 -0300] "GET /assoar.jpg HTTP/1.1" 200 821317 "https://vacivitta.com.br/" "Mozilla/5.0 (Linux; Android 10; K) AppleWebKit/537.36 (KHTML, like Gecko) Chrome/138.0.0.0 Mobile Safari/537.36"
170.244.29.119 - - [22/Jul/2025:11:43:50 -0300] "GET /papinhapera.jpg HTTP/1.1" 200 645134 "https://vacivitta.com.br/" "Mozilla/5.0 (Linux; Android 10; K) AppleWebKit/537.36 (KHTML, like Gecko) Chrome/138.0.0.0 Mobile Safari/537.36"
170.244.29.119 - - [22/Jul/2025:11:43:50 -0300] "GET /homePage.png HTTP/1.1" 200 1495045 "https://vacivitta.com.br/" "Mozilla/5.0 (Linux; Android 10; K) AppleWebKit/537.36 (KHTML, like Gecko) Chrome/138.0.0.0 Mobile Safari/537.36"
170.244.29.119 - - [22/Jul/2025:11:43:49 -0300] "GET /febre.jpg HTTP/1.1" 200 454067 "https://vacivitta.com.br/" "Mozilla/5.0 (Linux; Android 10; K) AppleWebKit/537.36 (KHTML, like Gecko) Chrome/138.0.0.0 Mobile Safari/537.36"
170.244.29.119 - - [22/Jul/2025:11:43:50 -0300] "GET /papinhamanga.jpg HTTP/1.1" 200 601139 "https://vacivitta.com.br/" "Mozilla/5.0 (Linux; Android 10; K) AppleWebKit/537.36 (KHTML, like Gecko) Chrome/138.0.0.0 Mobile Safari/537.36"
170.244.29.119 - - [22/Jul/2025:11:43:51 -0300] "GET /papinhabanana.jpg HTTP/1.1" 200 657675 "https://vacivitta.com.br/" "Mozilla/5.0 (Linux; Android 10; K) AppleWebKit/537.36 (KHTML, like Gecko) Chrome/138.0.0.0 Mobile Safari/537.36"
170.244.29.119 - - [22/Jul/2025:11:43:51 -0300] "GET /papinhamaca.jpg HTTP/1.1" 200 620323 "https://vacivitta.com.br/" "Mozilla/5.0 (Linux; Android 10; K) AppleWebKit/537.36 (KHTML, like Gecko) Chrome/138.0.0.0 Mobile Safari/537.36"
170.244.29.119 - - [22/Jul/2025:11:43:51 -0300] "GET /biscoitinho.jpg HTTP/1.1" 200 599230 "https://vacivitta.com.br/" "Mozilla/5.0 (Linux; Android 10; K) AppleWebKit/537.36 (KHTML, like Gecko) Chrome/138.0.0.0 Mobile Safari/537.36"
170.244.29.119 - - [22/Jul/2025:11:43:51 -0300] "GET /papinhabatata.jpg HTTP/1.1" 200 576942 "https://vacivitta.com.br/" "Mozilla/5.0 (Linux; Android 10; K) AppleWebKit/537.36 (KHTML, like Gecko) Chrome/138.0.0.0 Mobile Safari/537.36"
179.215.121.183 - - [22/Jul/2025:11:44:23 -0300] "POST /cpsess6668881312/3rdparty/roundcube/?_task=mail&_action=refresh HTTP/1.1" 200 135 "https://webmail.vacivitta.com.br/cpsess6668881312/3rdparty/roundcube/?_task=mail&_mbox=INBOX" "Mozilla/5.0 (Windows NT 10.0; Win64; x64) AppleWebKit/537.36 (KHTML, like Gecko) Chrome/138.0.0.0 Safari/537.36"
213.180.203.25 - - [22/Jul/2025:11:44:33 -0300] "GET /2023/10/04/consultoria-em-lactacao/ HTTP/1.1" 404 - "-" "Mozilla/5.0 (compatible; YandexBot/3.0; +http://yandex.com/bots)"
179.215.121.183 - - [22/Jul/2025:11:45:23 -0300] "POST /cpsess6668881312/3rdparty/roundcube/?_task=mail&_action=refresh HTTP/1.1" 200 135 "https://webmail.vacivitta.com.br/cpsess6668881312/3rdparty/roundcube/?_task=mail&_mbox=INBOX" "Mozilla/5.0 (Windows NT 10.0; Win64; x64) AppleWebKit/537.36 (KHTML, like Gecko) Chrome/138.0.0.0 Safari/537.36"
49.13.24.81 - - [22/Jul/2025:11:45:53 -0300] "HEAD / HTTP/1.1" 200 - "https://vacivitta.com.br/" "Mozilla/5.0+(compatible; UptimeRobot/2.0; http://www.uptimerobot.com/)"
69.197.182.50 - - [22/Jul/2025:11:45:56 -0300] "GET /wp-content/edit.php HTTP/1.1" 404 - "https://vacivitta.com.br/wp-content/edit.php" "Mozilla/5.0 (Windows NT 10.0; Win64; x64) AppleWebKit/537.36 (KHTML, like Gecko) Chrome/58.0.3029.110 Safari/537.3"
179.215.121.183 - - [22/Jul/2025:11:46:23 -0300] "POST /cpsess6668881312/3rdparty/roundcube/?_task=mail&_action=refresh HTTP/1.1" 200 135 "https://webmail.vacivitta.com.br/cpsess6668881312/3rdparty/roundcube/?_task=mail&_mbox=INBOX" "Mozilla/5.0 (Windows NT 10.0; Win64; x64) AppleWebKit/537.36 (KHTML, like Gecko) Chrome/138.0.0.0 Safari/537.36"
179.215.121.183 - - [22/Jul/2025:11:47:23 -0300] "POST /cpsess6668881312/3rdparty/roundcube/?_task=mail&_action=refresh HTTP/1.1" 200 135 "https://webmail.vacivitta.com.br/cpsess6668881312/3rdparty/roundcube/?_task=mail&_mbox=INBOX" "Mozilla/5.0 (Windows NT 10.0; Win64; x64) AppleWebKit/537.36 (KHTML, like Gecko) Chrome/138.0.0.0 Safari/537.36"
179.215.121.183 - - [22/Jul/2025:11:48:23 -0300] "POST /cpsess6668881312/3rdparty/roundcube/?_task=mail&_action=refresh HTTP/1.1" 200 135 "https://webmail.vacivitta.com.br/cpsess6668881312/3rdparty/roundcube/?_task=mail&_mbox=INBOX" "Mozilla/5.0 (Windows NT 10.0; Win64; x64) AppleWebKit/537.36 (KHTML, like Gecko) Chrome/138.0.0.0 Safari/537.36"
179.215.121.183 - - [22/Jul/2025:11:49:23 -0300] "POST /cpsess6668881312/3rdparty/roundcube/?_task=mail&_action=refresh HTTP/1.1" 200 135 "https://webmail.vacivitta.com.br/cpsess6668881312/3rdparty/roundcube/?_task=mail&_mbox=INBOX" "Mozilla/5.0 (Windows NT 10.0; Win64; x64) AppleWebKit/537.36 (KHTML, like Gecko) Chrome/138.0.0.0 Safari/537.36"
66.249.73.169 - - [22/Jul/2025:11:49:56 -0300] "GET /items/guvdz240/17332?key=language HTTP/1.1" 404 - "-" "Mozilla/5.0 (Linux; Android 6.0.1; Nexus 5X Build/MMB29P) AppleWebKit/537.36 (KHTML, like Gecko) Chrome/137.0.7151.103 Mobile Safari/537.36 (compatible; Googlebot/2.1; +http://www.google.com/bot.html)"
66.249.73.169 - - [22/Jul/2025:11:50:58 -0300] "GET /pcmypage?callback=product%2Fdetail%2Fm5103-cxd221017145107 HTTP/1.1" 404 - "-" "Mozilla/5.0 (Linux; Android 6.0.1; Nexus 5X Build/MMB29P) AppleWebKit/537.36 (KHTML, like Gecko) Chrome/137.0.7151.103 Mobile Safari/537.36 (compatible; Googlebot/2.1; +http://www.google.com/bot.html)"
49.13.24.81 - - [22/Jul/2025:11:50:58 -0300] "HEAD / HTTP/1.1" 200 - "https://vacivitta.com.br/" "Mozilla/5.0+(compatible; UptimeRobot/2.0; http://www.uptimerobot.com/)"
52.167.144.158 - - [22/Jul/2025:11:51:13 -0300] "GET /?page_id=2781 HTTP/1.1" 200 488 "-" "Mozilla/5.0 AppleWebKit/537.36 (KHTML, like Gecko; compatible; bingbot/2.0; +http://www.bing.com/bingbot.htm) Chrome/116.0.1938.76 Safari/537.36"
179.215.121.183 - - [22/Jul/2025:11:50:23 -0300] "POST /cpsess6668881312/3rdparty/roundcube/?_task=mail&_action=refresh HTTP/1.1" 200 135 "https://webmail.vacivitta.com.br/cpsess6668881312/3rdparty/roundcube/?_task=mail&_mbox=INBOX" "Mozilla/5.0 (Windows NT 10.0; Win64; x64) AppleWebKit/537.36 (KHTML, like Gecko) Chrome/138.0.0.0 Safari/537.36"
179.215.121.183 - - [22/Jul/2025:11:51:23 -0300] "POST /cpsess6668881312/3rdparty/roundcube/?_task=mail&_action=refresh HTTP/1.1" 200 135 "https://webmail.vacivitta.com.br/cpsess6668881312/3rdparty/roundcube/?_task=mail&_mbox=INBOX" "Mozilla/5.0 (Windows NT 10.0; Win64; x64) AppleWebKit/537.36 (KHTML, like Gecko) Chrome/138.0.0.0 Safari/537.36"
208.110.64.178 - - [22/Jul/2025:11:52:09 -0300] "GET /wp-content/edit.php HTTP/1.1" 404 - "https://vacivitta.com.br/wp-content/edit.php" "Mozilla/5.0 (Windows NT 10.0; Win64; x64) AppleWebKit/537.36 (KHTML, like Gecko) Chrome/58.0.3029.110 Safari/537.3"
179.215.121.183 - - [22/Jul/2025:11:52:23 -0300] "POST /cpsess6668881312/3rdparty/roundcube/?_task=mail&_action=refresh HTTP/1.1" 200 135 "https://webmail.vacivitta.com.br/cpsess6668881312/3rdparty/roundcube/?_task=mail&_mbox=INBOX" "Mozilla/5.0 (Windows NT 10.0; Win64; x64) AppleWebKit/537.36 (KHTML, like Gecko) Chrome/138.0.0.0 Safari/537.36"
179.215.121.183 - - [22/Jul/2025:11:53:23 -0300] "POST /cpsess6668881312/3rdparty/roundcube/?_task=mail&_action=refresh HTTP/1.1" 200 135 "https://webmail.vacivitta.com.br/cpsess6668881312/3rdparty/roundcube/?_task=mail&_mbox=INBOX" "Mozilla/5.0 (Windows NT 10.0; Win64; x64) AppleWebKit/537.36 (KHTML, like Gecko) Chrome/138.0.0.0 Safari/537.36"
66.249.73.169 - - [22/Jul/2025:11:53:59 -0300] "GET /items/qkgyv90/974?key=resolve HTTP/1.1" 404 - "-" "Mozilla/5.0 (Linux; Android 6.0.1; Nexus 5X Build/MMB29P) AppleWebKit/537.36 (KHTML, like Gecko) Chrome/137.0.7151.103 Mobile Safari/537.36 (compatible; Googlebot/2.1; +http://www.google.com/bot.html)"
179.215.121.183 - - [22/Jul/2025:11:54:23 -0300] "POST /cpsess6668881312/3rdparty/roundcube/?_task=mail&_action=refresh HTTP/1.1" 200 135 "https://webmail.vacivitta.com.br/cpsess6668881312/3rdparty/roundcube/?_task=mail&_mbox=INBOX" "Mozilla/5.0 (Windows NT 10.0; Win64; x64) AppleWebKit/537.36 (KHTML, like Gecko) Chrome/138.0.0.0 Safari/537.36"
173.252.107.7 - - [22/Jul/2025:11:54:41 -0300] "GET /brasilia HTTP/1.1" 404 - "-" "facebookexternalhit/1.1 (+http://www.facebook.com/externalhit_uatext.php)"
69.197.135.226 - - [22/Jul/2025:11:54:52 -0300] "GET /wp-content/edit.php HTTP/1.1" 404 - "https://vacivitta.com.br/wp-content/edit.php" "Mozilla/5.0 (Windows NT 10.0; Win64; x64) AppleWebKit/537.36 (KHTML, like Gecko) Chrome/58.0.3029.110 Safari/537.3"
179.215.121.183 - - [22/Jul/2025:11:55:23 -0300] "POST /cpsess6668881312/3rdparty/roundcube/?_task=mail&_action=refresh HTTP/1.1" 200 135 "https://webmail.vacivitta.com.br/cpsess6668881312/3rdparty/roundcube/?_task=mail&_mbox=INBOX" "Mozilla/5.0 (Windows NT 10.0; Win64; x64) AppleWebKit/537.36 (KHTML, like Gecko) Chrome/138.0.0.0 Safari/537.36"
142.132.180.39 - - [22/Jul/2025:11:56:03 -0300] "HEAD / HTTP/1.1" 200 - "https://vacivitta.com.br/" "Mozilla/5.0+(compatible; UptimeRobot/2.0; http://www.uptimerobot.com/)"
179.215.121.183 - - [22/Jul/2025:11:56:23 -0300] "POST /cpsess6668881312/3rdparty/roundcube/?_task=mail&_action=refresh HTTP/1.1" 200 135 "https://webmail.vacivitta.com.br/cpsess6668881312/3rdparty/roundcube/?_task=mail&_mbox=INBOX" "Mozilla/5.0 (Windows NT 10.0; Win64; x64) AppleWebKit/537.36 (KHTML, like Gecko) Chrome/138.0.0.0 Safari/537.36"
66.249.73.169 - - [22/Jul/2025:11:56:59 -0300] "GET /pcmypage?callback=product%2Fdetail%2Fdcmonline-4970210854013 HTTP/1.1" 404 - "-" "Mozilla/5.0 (Linux; Android 6.0.1; Nexus 5X Build/MMB29P) AppleWebKit/537.36 (KHTML, like Gecko) Chrome/137.0.7151.103 Mobile Safari/537.36 (compatible; Googlebot/2.1; +http://www.google.com/bot.html)"
179.215.121.183 - - [22/Jul/2025:11:57:23 -0300] "POST /cpsess6668881312/3rdparty/roundcube/?_task=mail&_action=refresh HTTP/1.1" 200 135 "https://webmail.vacivitta.com.br/cpsess6668881312/3rdparty/roundcube/?_task=mail&_mbox=INBOX" "Mozilla/5.0 (Windows NT 10.0; Win64; x64) AppleWebKit/537.36 (KHTML, like Gecko) Chrome/138.0.0.0 Safari/537.36"
179.215.121.183 - - [22/Jul/2025:11:58:23 -0300] "POST /cpsess6668881312/3rdparty/roundcube/?_task=mail&_action=refresh HTTP/1.1" 200 135 "https://webmail.vacivitta.com.br/cpsess6668881312/3rdparty/roundcube/?_task=mail&_mbox=INBOX" "Mozilla/5.0 (Windows NT 10.0; Win64; x64) AppleWebKit/537.36 (KHTML, like Gecko) Chrome/138.0.0.0 Safari/537.36"
187.21.173.44 - - [22/Jul/2025:11:58:38 -0300] "GET / HTTP/1.1" 200 488 "-" "Mozilla/5.0 (Windows NT 10.0; Win64; x64) AppleWebKit/537.36 (KHTML, like Gecko) Chrome/138.0.0.0 Safari/537.36"
187.21.173.44 - - [22/Jul/2025:11:58:38 -0300] "GET /assets/index-g8aW3Zx-.css HTTP/1.1" 200 2311 "https://vacivitta.com.br/" "Mozilla/5.0 (Windows NT 10.0; Win64; x64) AppleWebKit/537.36 (KHTML, like Gecko) Chrome/138.0.0.0 Safari/537.36"
187.21.173.44 - - [22/Jul/2025:11:58:38 -0300] "GET /assets/index-BZLUkikW.js HTTP/1.1" 200 923512 "https://vacivitta.com.br/" "Mozilla/5.0 (Windows NT 10.0; Win64; x64) AppleWebKit/537.36 (KHTML, like Gecko) Chrome/138.0.0.0 Safari/537.36"
187.21.173.44 - - [22/Jul/2025:11:58:40 -0300] "GET /logo.png HTTP/1.1" 200 25613 "https://vacivitta.com.br/" "Mozilla/5.0 (Windows NT 10.0; Win64; x64) AppleWebKit/537.36 (KHTML, like Gecko) Chrome/138.0.0.0 Safari/537.36"
187.21.173.44 - - [22/Jul/2025:11:58:40 -0300] "GET /hpv.png HTTP/1.1" 404 - "https://vacivitta.com.br/" "Mozilla/5.0 (Windows NT 10.0; Win64; x64) AppleWebKit/537.36 (KHTML, like Gecko) Chrome/138.0.0.0 Safari/537.36"
179.215.121.183 - - [22/Jul/2025:11:59:23 -0300] "POST /cpsess6668881312/3rdparty/roundcube/?_task=mail&_action=refresh HTTP/1.1" 200 135 "https://webmail.vacivitta.com.br/cpsess6668881312/3rdparty/roundcube/?_task=mail&_mbox=INBOX" "Mozilla/5.0 (Windows NT 10.0; Win64; x64) AppleWebKit/537.36 (KHTML, like Gecko) Chrome/138.0.0.0 Safari/537.36"
208.110.64.178 - - [22/Jul/2025:12:00:44 -0300] "GET /wp-content/edit.php HTTP/1.1" 404 - "https://vacivitta.com.br/wp-content/edit.php" "Mozilla/5.0 (Windows NT 10.0; Win64; x64) AppleWebKit/537.36 (KHTML, like Gecko) Chrome/58.0.3029.110 Safari/537.3"
179.215.121.183 - - [22/Jul/2025:12:00:24 -0300] "POST /cpsess6668881312/3rdparty/roundcube/?_task=mail&_action=refresh HTTP/1.1" 200 135 "https://webmail.vacivitta.com.br/cpsess6668881312/3rdparty/roundcube/?_task=mail&_mbox=INBOX" "Mozilla/5.0 (Windows NT 10.0; Win64; x64) AppleWebKit/537.36 (KHTML, like Gecko) Chrome/138.0.0.0 Safari/537.36"
168.119.123.75 - - [22/Jul/2025:12:01:08 -0300] "HEAD / HTTP/1.1" 200 - "https://vacivitta.com.br/" "Mozilla/5.0+(compatible; UptimeRobot/2.0; http://www.uptimerobot.com/)"
179.215.121.183 - - [22/Jul/2025:12:01:23 -0300] "POST /cpsess6668881312/3rdparty/roundcube/?_task=mail&_action=refresh HTTP/1.1" 200 135 "https://webmail.vacivitta.com.br/cpsess6668881312/3rdparty/roundcube/?_task=mail&_mbox=INBOX" "Mozilla/5.0 (Windows NT 10.0; Win64; x64) AppleWebKit/537.36 (KHTML, like Gecko) Chrome/138.0.0.0 Safari/537.36"
66.249.73.170 - - [22/Jul/2025:12:02:00 -0300] "GET /pcmypage?callback=/product%2Fdetail%2Carparts-grow-stainlesspillerpanel-hairlinegold-358 HTTP/1.1" 404 - "-" "Mozilla/5.0 (Linux; Android 6.0.1; Nexus 5X Build/MMB29P) AppleWebKit/537.36 (KHTML, like Gecko) Chrome/137.0.7151.103 Mobile Safari/537.36 (compatible; Googlebot/2.1; +http://www.google.com/bot.html)"
179.215.121.183 - - [22/Jul/2025:12:02:24 -0300] "POST /cpsess6668881312/3rdparty/roundcube/?_task=mail&_action=refresh HTTP/1.1" 200 135 "https://webmail.vacivitta.com.br/cpsess6668881312/3rdparty/roundcube/?_task=mail&_mbox=INBOX" "Mozilla/5.0 (Windows NT 10.0; Win64; x64) AppleWebKit/537.36 (KHTML, like Gecko) Chrome/138.0.0.0 Safari/537.36"
179.215.121.183 - - [22/Jul/2025:12:03:23 -0300] "POST /cpsess6668881312/3rdparty/roundcube/?_task=mail&_action=refresh HTTP/1.1" 200 135 "https://webmail.vacivitta.com.br/cpsess6668881312/3rdparty/roundcube/?_task=mail&_mbox=INBOX" "Mozilla/5.0 (Windows NT 10.0; Win64; x64) AppleWebKit/537.36 (KHTML, like Gecko) Chrome/138.0.0.0 Safari/537.36"
66.249.73.170 - - [22/Jul/2025:12:04:00 -0300] "GET /pcmypage?callback=/product%2Fdetail%2k-tire-et019935ew006051 HTTP/1.1" 404 - "-" "Mozilla/5.0 (Linux; Android 6.0.1; Nexus 5X Build/MMB29P) AppleWebKit/537.36 (KHTML, like Gecko) Chrome/137.0.7151.103 Mobile Safari/537.36 (compatible; Googlebot/2.1; +http://www.google.com/bot.html)"
179.215.121.183 - - [22/Jul/2025:12:04:23 -0300] "POST /cpsess6668881312/3rdparty/roundcube/?_task=mail&_action=refresh HTTP/1.1" 200 135 "https://webmail.vacivitta.com.br/cpsess6668881312/3rdparty/roundcube/?_task=mail&_mbox=INBOX" "Mozilla/5.0 (Windows NT 10.0; Win64; x64) AppleWebKit/537.36 (KHTML, like Gecko) Chrome/138.0.0.0 Safari/537.36"
66.249.73.168 - - [22/Jul/2025:12:05:00 -0300] "GET /?_ga=2.193929543.1954859000.1729550949-963870751.1699386649&_bdsid=47u8bn.n~DOXON.1743916948286.1788022705&_bd_prev_page=https://vacivitta.com.br/collect.asp?items/tmmda24/18608?key=enemy HTTP/1.1" 200 488 "-" "Mozilla/5.0 (Linux; Android 6.0.1; Nexus 5X Build/MMB29P) AppleWebKit/537.36 (KHTML, like Gecko) Chrome/137.0.7151.103 Mobile Safari/537.36 (compatible; Googlebot/2.1; +http://www.google.com/bot.html)"
217.154.199.65 - - [22/Jul/2025:12:05:05 -0300] "GET / HTTP/1.1" 200 488 "-" "Mozilla/5.0 (Windows NT 10.0; Win64; x64) AppleWebKit/537.36 (KHTML, like Gecko) Chrome/79.0 Safari/537.36"
217.154.199.65 - - [22/Jul/2025:12:05:06 -0300] "GET //wp-includes/wlwmanifest.xml HTTP/1.1" 404 - "-" "Mozilla/5.0 (Windows NT 10.0; Win64; x64) AppleWebKit/537.36 (KHTML, like Gecko) Chrome/79.0 Safari/537.36"
217.154.199.65 - - [22/Jul/2025:12:05:06 -0300] "GET //xmlrpc.php?rsd HTTP/1.1" 404 - "-" "Mozilla/5.0 (Windows NT 10.0; Win64; x64) AppleWebKit/537.36 (KHTML, like Gecko) Chrome/79.0 Safari/537.36"
217.154.199.65 - - [22/Jul/2025:12:05:06 -0300] "GET / HTTP/1.1" 200 488 "-" "Mozilla/5.0 (Windows NT 10.0; Win64; x64) AppleWebKit/537.36 (KHTML, like Gecko) Chrome/79.0 Safari/537.36"
217.154.199.65 - - [22/Jul/2025:12:05:06 -0300] "GET //blog/wp-includes/wlwmanifest.xml HTTP/1.1" 404 - "-" "Mozilla/5.0 (Windows NT 10.0; Win64; x64) AppleWebKit/537.36 (KHTML, like Gecko) Chrome/79.0 Safari/537.36"
217.154.199.65 - - [22/Jul/2025:12:05:06 -0300] "GET //web/wp-includes/wlwmanifest.xml HTTP/1.1" 404 - "-" "Mozilla/5.0 (Windows NT 10.0; Win64; x64) AppleWebKit/537.36 (KHTML, like Gecko) Chrome/79.0 Safari/537.36"
217.154.199.65 - - [22/Jul/2025:12:05:06 -0300] "GET //wordpress/wp-includes/wlwmanifest.xml HTTP/1.1" 404 - "-" "Mozilla/5.0 (Windows NT 10.0; Win64; x64) AppleWebKit/537.36 (KHTML, like Gecko) Chrome/79.0 Safari/537.36"
217.154.199.65 - - [22/Jul/2025:12:05:06 -0300] "GET //website/wp-includes/wlwmanifest.xml HTTP/1.1" 404 - "-" "Mozilla/5.0 (Windows NT 10.0; Win64; x64) AppleWebKit/537.36 (KHTML, like Gecko) Chrome/79.0 Safari/537.36"
217.154.199.65 - - [22/Jul/2025:12:05:07 -0300] "GET //wp/wp-includes/wlwmanifest.xml HTTP/1.1" 404 - "-" "Mozilla/5.0 (Windows NT 10.0; Win64; x64) AppleWebKit/537.36 (KHTML, like Gecko) Chrome/79.0 Safari/537.36"
217.154.199.65 - - [22/Jul/2025:12:05:07 -0300] "GET //news/wp-includes/wlwmanifest.xml HTTP/1.1" 404 - "-" "Mozilla/5.0 (Windows NT 10.0; Win64; x64) AppleWebKit/537.36 (KHTML, like Gecko) Chrome/79.0 Safari/537.36"
217.154.199.65 - - [22/Jul/2025:12:05:07 -0300] "GET //wp1/wp-includes/wlwmanifest.xml HTTP/1.1" 404 - "-" "Mozilla/5.0 (Windows NT 10.0; Win64; x64) AppleWebKit/537.36 (KHTML, like Gecko) Chrome/79.0 Safari/537.36"
217.154.199.65 - - [22/Jul/2025:12:05:07 -0300] "GET //test/wp-includes/wlwmanifest.xml HTTP/1.1" 404 - "-" "Mozilla/5.0 (Windows NT 10.0; Win64; x64) AppleWebKit/537.36 (KHTML, like Gecko) Chrome/79.0 Safari/537.36"
217.154.199.65 - - [22/Jul/2025:12:05:07 -0300] "GET //wp2/wp-includes/wlwmanifest.xml HTTP/1.1" 404 - "-" "Mozilla/5.0 (Windows NT 10.0; Win64; x64) AppleWebKit/537.36 (KHTML, like Gecko) Chrome/79.0 Safari/537.36"
217.154.199.65 - - [22/Jul/2025:12:05:07 -0300] "GET //site/wp-includes/wlwmanifest.xml HTTP/1.1" 404 - "-" "Mozilla/5.0 (Windows NT 10.0; Win64; x64) AppleWebKit/537.36 (KHTML, like Gecko) Chrome/79.0 Safari/537.36"
217.154.199.65 - - [22/Jul/2025:12:05:08 -0300] "GET //cms/wp-includes/wlwmanifest.xml HTTP/1.1" 404 - "-" "Mozilla/5.0 (Windows NT 10.0; Win64; x64) AppleWebKit/537.36 (KHTML, like Gecko) Chrome/79.0 Safari/537.36"
217.154.199.65 - - [22/Jul/2025:12:05:08 -0300] "GET //sito/wp-includes/wlwmanifest.xml HTTP/1.1" 404 - "-" "Mozilla/5.0 (Windows NT 10.0; Win64; x64) AppleWebKit/537.36 (KHTML, like Gecko) Chrome/79.0 Safari/537.36"
179.215.121.183 - - [22/Jul/2025:12:05:23 -0300] "POST /cpsess6668881312/3rdparty/roundcube/?_task=mail&_action=refresh HTTP/1.1" 200 135 "https://webmail.vacivitta.com.br/cpsess6668881312/3rdparty/roundcube/?_task=mail&_mbox=INBOX" "Mozilla/5.0 (Windows NT 10.0; Win64; x64) AppleWebKit/537.36 (KHTML, like Gecko) Chrome/138.0.0.0 Safari/537.36"
95.108.213.207 - - [22/Jul/2025:12:05:28 -0300] "GET /robots.txt HTTP/1.1" 404 - "-" "Mozilla/5.0 (compatible; YandexBot/3.0; +http://yandex.com/bots)"
5.255.231.62 - - [22/Jul/2025:12:05:29 -0300] "GET /blog/page/4/ HTTP/1.1" 404 - "-" "Mozilla/5.0 (compatible; YandexBot/3.0; +http://yandex.com/bots)"
157.90.156.63 - - [22/Jul/2025:12:06:12 -0300] "HEAD / HTTP/1.1" 200 - "https://vacivitta.com.br/" "Mozilla/5.0+(compatible; UptimeRobot/2.0; http://www.uptimerobot.com/)"
179.215.121.183 - - [22/Jul/2025:12:06:23 -0300] "POST /cpsess6668881312/3rdparty/roundcube/?_task=mail&_action=refresh HTTP/1.1" 200 135 "https://webmail.vacivitta.com.br/cpsess6668881312/3rdparty/roundcube/?_task=mail&_mbox=INBOX" "Mozilla/5.0 (Windows NT 10.0; Win64; x64) AppleWebKit/537.36 (KHTML, like Gecko) Chrome/138.0.0.0 Safari/537.36"
179.215.121.183 - - [22/Jul/2025:12:07:23 -0300] "POST /cpsess6668881312/3rdparty/roundcube/?_task=mail&_action=refresh HTTP/1.1" 200 135 "https://webmail.vacivitta.com.br/cpsess6668881312/3rdparty/roundcube/?_task=mail&_mbox=INBOX" "Mozilla/5.0 (Windows NT 10.0; Win64; x64) AppleWebKit/537.36 (KHTML, like Gecko) Chrome/138.0.0.0 Safari/537.36"
179.215.121.183 - - [22/Jul/2025:12:08:23 -0300] "POST /cpsess6668881312/3rdparty/roundcube/?_task=mail&_action=refresh HTTP/1.1" 200 135 "https://webmail.vacivitta.com.br/cpsess6668881312/3rdparty/roundcube/?_task=mail&_mbox=INBOX" "Mozilla/5.0 (Windows NT 10.0; Win64; x64) AppleWebKit/537.36 (KHTML, like Gecko) Chrome/138.0.0.0 Safari/537.36"
66.249.73.168 - - [22/Jul/2025:12:09:00 -0300] "GET /items/cmpcg24/39066?key=encouraging HTTP/1.1" 404 - "-" "Mozilla/5.0 (Linux; Android 6.0.1; Nexus 5X Build/MMB29P) AppleWebKit/537.36 (KHTML, like Gecko) Chrome/137.0.7151.103 Mobile Safari/537.36 (compatible; Googlebot/2.1; +http://www.google.com/bot.html)"
179.215.121.183 - - [22/Jul/2025:12:09:24 -0300] "POST /cpsess6668881312/3rdparty/roundcube/?_task=mail&_action=refresh HTTP/1.1" 200 135 "https://webmail.vacivitta.com.br/cpsess6668881312/3rdparty/roundcube/?_task=mail&_mbox=INBOX" "Mozilla/5.0 (Windows NT 10.0; Win64; x64) AppleWebKit/537.36 (KHTML, like Gecko) Chrome/138.0.0.0 Safari/537.36"
179.215.121.183 - - [22/Jul/2025:12:10:24 -0300] "POST /cpsess6668881312/3rdparty/roundcube/?_task=mail&_action=refresh HTTP/1.1" 200 135 "https://webmail.vacivitta.com.br/cpsess6668881312/3rdparty/roundcube/?_task=mail&_mbox=INBOX" "Mozilla/5.0 (Windows NT 10.0; Win64; x64) AppleWebKit/537.36 (KHTML, like Gecko) Chrome/138.0.0.0 Safari/537.36"
168.119.123.75 - - [22/Jul/2025:12:11:15 -0300] "HEAD / HTTP/1.1" 200 - "https://vacivitta.com.br/" "Mozilla/5.0+(compatible; UptimeRobot/2.0; http://www.uptimerobot.com/)"
179.215.121.183 - - [22/Jul/2025:12:11:23 -0300] "POST /cpsess6668881312/3rdparty/roundcube/?_task=mail&_action=refresh HTTP/1.1" 200 135 "https://webmail.vacivitta.com.br/cpsess6668881312/3rdparty/roundcube/?_task=mail&_mbox=INBOX" "Mozilla/5.0 (Windows NT 10.0; Win64; x64) AppleWebKit/537.36 (KHTML, like Gecko) Chrome/138.0.0.0 Safari/537.36"
66.249.73.170 - - [22/Jul/2025:12:12:02 -0300] "GET /pcmypage?callback=product/review/apagency02-439207430 HTTP/1.1" 404 - "-" "Mozilla/5.0 (Linux; Android 6.0.1; Nexus 5X Build/MMB29P) AppleWebKit/537.36 (KHTML, like Gecko) Chrome/137.0.7151.103 Mobile Safari/537.36 (compatible; Googlebot/2.1; +http://www.google.com/bot.html)"
69.197.182.50 - - [22/Jul/2025:12:12:34 -0300] "GET /wp-content/edit.php HTTP/1.1" 404 - "https://vacivitta.com.br/wp-content/edit.php" "Mozilla/5.0 (Windows NT 10.0; Win64; x64) AppleWebKit/537.36 (KHTML, like Gecko) Chrome/58.0.3029.110 Safari/537.3"
179.215.121.183 - - [22/Jul/2025:12:12:23 -0300] "POST /cpsess6668881312/3rdparty/roundcube/?_task=mail&_action=refresh HTTP/1.1" 200 135 "https://webmail.vacivitta.com.br/cpsess6668881312/3rdparty/roundcube/?_task=mail&_mbox=INBOX" "Mozilla/5.0 (Windows NT 10.0; Win64; x64) AppleWebKit/537.36 (KHTML, like Gecko) Chrome/138.0.0.0 Safari/537.36"
179.43.182.232 - - [22/Jul/2025:12:12:57 -0300] "POST /xmlrpc.php HTTP/1.1" 404 - "https://www.google.com/" "Mozilla/5.0 (Windows NT 10.0; Win64; x64) AppleWebKit/537.36 (KHTML, like Gecko) Chrome/79.0.3945.130 Safari/537.36"
193.189.100.199 - - [22/Jul/2025:12:12:59 -0300] "POST /xmlrpc.php HTTP/1.1" 404 - "https://www.google.com/" "Mozilla/5.0 (Windows NT 10.0; WOW64) AppleWebKit/537.36 (KHTML, like Gecko) Chrome/72.0.3626.121 Safari/537.36"
179.215.121.183 - - [22/Jul/2025:12:13:23 -0300] "POST /cpsess6668881312/3rdparty/roundcube/?_task=mail&_action=refresh HTTP/1.1" 200 135 "https://webmail.vacivitta.com.br/cpsess6668881312/3rdparty/roundcube/?_task=mail&_mbox=INBOX" "Mozilla/5.0 (Windows NT 10.0; Win64; x64) AppleWebKit/537.36 (KHTML, like Gecko) Chrome/138.0.0.0 Safari/537.36"
179.215.121.183 - - [22/Jul/2025:12:14:23 -0300] "POST /cpsess6668881312/3rdparty/roundcube/?_task=mail&_action=refresh HTTP/1.1" 200 135 "https://webmail.vacivitta.com.br/cpsess6668881312/3rdparty/roundcube/?_task=mail&_mbox=INBOX" "Mozilla/5.0 (Windows NT 10.0; Win64; x64) AppleWebKit/537.36 (KHTML, like Gecko) Chrome/138.0.0.0 Safari/537.36"
