66.249.73.169 - - [21/Jul/2025:21:41:14 -0300] "GET /pcmypage?callback=product%2Fdetail%2Ftreasure-one-company-sa27r-p-1770-1005-21555-ps31 HTTP/1.1" 404 - "-" "Mozilla/5.0 (Linux; Android 6.0.1; Nexus 5X Build/MMB29P) AppleWebKit/537.36 (KHTML, like Gecko) Chrome/137.0.7151.103 Mobile Safari/537.36 (compatible; Googlebot/2.1; +http://www.google.com/bot.html)"
66.249.73.168 - - [21/Jul/2025:21:41:15 -0300] "GET /product/edit/treasure-one-company-pfm1-ds-1770-1145-22555-ve304 HTTP/1.1" 404 - "-" "Mozilla/5.0 (Linux; Android 6.0.1; Nexus 5X Build/MMB29P) AppleWebKit/537.36 (KHTML, like Gecko) Chrome/137.0.7151.103 Mobile Safari/537.36 (compatible; Googlebot/2.1; +http://www.google.com/bot.html)"
66.249.73.169 - - [21/Jul/2025:21:41:15 -0300] "GET /products/95dt27134 HTTP/1.1" 404 - "-" "Mozilla/5.0 (Linux; Android 6.0.1; Nexus 5X Build/MMB29P) AppleWebKit/537.36 (KHTML, like Gecko) Chrome/137.0.7151.103 Mobile Safari/537.36 (compatible; Googlebot/2.1; +http://www.google.com/bot.html)"
159.203.33.187 - - [21/Jul/2025:21:41:24 -0300] "GET / HTTP/1.1" 200 488 "-" "Mozilla/5.0 (Windows NT 10.0; Win64; x64) AppleWebKit/537.36 (KHTML, like Gecko) Chrome/138.0.0.0 Safari/537.36 Edg/138.0.0.0"
66.249.73.168 - - [21/Jul/2025:21:42:15 -0300] "GET /pcmypage?callback=product/review/k-tire-et005027ew018555 HTTP/1.1" 404 - "-" "Mozilla/5.0 (Linux; Android 6.0.1; Nexus 5X Build/MMB29P) AppleWebKit/537.36 (KHTML, like Gecko) Chrome/137.0.7151.103 Mobile Safari/537.36 (compatible; Googlebot/2.1; +http://www.google.com/bot.html)"
66.249.73.170 - - [21/Jul/2025:21:44:16 -0300] "GET /pcmypage?callback=product%2Fdetail%2Ft-four2010-et-1515-qq-e-f2-51308t HTTP/1.1" 404 - "-" "Mozilla/5.0 (Linux; Android 6.0.1; Nexus 5X Build/MMB29P) AppleWebKit/537.36 (KHTML, like Gecko) Chrome/137.0.7151.103 Mobile Safari/537.36 (compatible; Googlebot/2.1; +http://www.google.com/bot.html)"
49.13.164.148 - - [21/Jul/2025:21:44:38 -0300] "HEAD / HTTP/1.1" 200 - "https://vacivitta.com.br/" "Mozilla/5.0+(compatible; UptimeRobot/2.0; http://www.uptimerobot.com/)"
192.99.16.182 - - [21/Jul/2025:21:49:16 -0300] "GET / HTTP/1.1" 200 488 "http://vacivitta.com.br" "Mozilla/5.0 (Macintosh; Intel Mac OS X 10_15_7) AppleWebKit/537.36 (KHTML, like Gecko) Chrome/115.0.5790.102 Safari/537.36"
168.119.53.160 - - [21/Jul/2025:21:49:43 -0300] "HEAD / HTTP/1.1" 200 - "https://vacivitta.com.br/" "Mozilla/5.0+(compatible; UptimeRobot/2.0; http://www.uptimerobot.com/)"
69.197.182.50 - - [21/Jul/2025:21:51:05 -0300] "GET /wp-content/edit.php HTTP/1.1" 404 - "https://vacivitta.com.br/wp-content/edit.php" "Mozilla/5.0 (Windows NT 10.0; Win64; x64) AppleWebKit/537.36 (KHTML, like Gecko) Chrome/58.0.3029.110 Safari/537.3"
173.239.240.66 - - [21/Jul/2025:21:54:38 -0300] "GET /contato/ HTTP/1.1" 404 - "-" "Mozilla/5.0 (X11; Linux x86_64) AppleWebKit/537.36 (KHTML, like Gecko) Chrome/114.0.0.0 Safari/537.36 OPR/89.0.4447.51"
173.239.240.88 - - [21/Jul/2025:21:54:38 -0300] "GET / HTTP/1.1" 200 488 "-" "Mozilla/5.0 (X11; Linux x86_64) AppleWebKit/537.36 (KHTML, like Gecko) Chrome/114.0.0.0 Safari/537.36 OPR/89.0.4447.51"
167.235.143.113 - - [21/Jul/2025:21:54:46 -0300] "HEAD / HTTP/1.1" 200 - "https://vacivitta.com.br/" "Mozilla/5.0+(compatible; UptimeRobot/2.0; http://www.uptimerobot.com/)"
43.157.148.38 - - [21/Jul/2025:21:55:14 -0300] "GET /salto/ HTTP/1.1" 404 - "-" "Mozilla/5.0 (iPhone; CPU iPhone OS 13_2_3 like Mac OS X) AppleWebKit/605.1.15 (KHTML, like Gecko) Version/13.0.3 Mobile/15E148 Safari/604.1"
66.249.73.168 - - [21/Jul/2025:21:55:16 -0300] "GET /robots.txt HTTP/1.1" 404 - "-" "Mozilla/5.0 (compatible; Googlebot/2.1; +http://www.google.com/bot.html)"
66.249.73.168 - - [21/Jul/2025:21:55:16 -0300] "GET /pcmypage?callback=/product%2Fdetail%2shop-kt-three-20230929062513-02951 HTTP/1.1" 404 - "-" "Mozilla/5.0 (Linux; Android 6.0.1; Nexus 5X Build/MMB29P) AppleWebKit/537.36 (KHTML, like Gecko) Chrome/137.0.7151.103 Mobile Safari/537.36 (compatible; Googlebot/2.1; +http://www.google.com/bot.html)"
66.249.73.170 - - [21/Jul/2025:21:55:16 -0300] "GET /pcmypage?callback=/product%2Fdetail%2yammy-yammy-20230822104406-00602 HTTP/1.1" 404 - "-" "Mozilla/5.0 (Linux; Android 6.0.1; Nexus 5X Build/MMB29P) AppleWebKit/537.36 (KHTML, like Gecko) Chrome/137.0.7151.103 Mobile Safari/537.36 (compatible; Googlebot/2.1; +http://www.google.com/bot.html)"
66.249.73.170 - - [21/Jul/2025:21:55:17 -0300] "GET /items/ndjzz60/618?key=chin HTTP/1.1" 404 - "-" "Mozilla/5.0 (Linux; Android 6.0.1; Nexus 5X Build/MMB29P) AppleWebKit/537.36 (KHTML, like Gecko) Chrome/137.0.7151.103 Mobile Safari/537.36 (compatible; Googlebot/2.1; +http://www.google.com/bot.html)"
204.12.252.98 - - [21/Jul/2025:21:58:39 -0300] "GET /wp-content/edit.php HTTP/1.1" 404 - "https://vacivitta.com.br/wp-content/edit.php" "Mozilla/5.0 (Windows NT 10.0; Win64; x64) AppleWebKit/537.36 (KHTML, like Gecko) Chrome/58.0.3029.110 Safari/537.3"
66.249.73.170 - - [21/Jul/2025:21:59:17 -0300] "GET /items/okpjv95/177?key=shopping HTTP/1.1" 404 - "-" "Mozilla/5.0 (Linux; Android 6.0.1; Nexus 5X Build/MMB29P) AppleWebKit/537.36 (KHTML, like Gecko) Chrome/137.0.7151.103 Mobile Safari/537.36 (compatible; Googlebot/2.1; +http://www.google.com/bot.html)"
66.249.73.169 - - [21/Jul/2025:21:59:17 -0300] "GET /robots.txt HTTP/1.1" 404 - "-" "Mozilla/5.0 (compatible; Googlebot/2.1; +http://www.google.com/bot.html)"
66.249.73.168 - - [21/Jul/2025:21:59:18 -0300] "GET /items/btrjv62/33160?key=opening HTTP/1.1" 404 - "-" "Mozilla/5.0 (Linux; Android 6.0.1; Nexus 5X Build/MMB29P) AppleWebKit/537.36 (KHTML, like Gecko) Chrome/137.0.7151.103 Mobile Safari/537.36 (compatible; Googlebot/2.1; +http://www.google.com/bot.html)"
66.249.73.170 - - [21/Jul/2025:21:59:18 -0300] "GET /pcmypage?callback=/product%2Fdetail%2justparts-novs1-gm-1545-1004-16560-ec204 HTTP/1.1" 404 - "-" "Mozilla/5.0 (Linux; Android 6.0.1; Nexus 5X Build/MMB29P) AppleWebKit/537.36 (KHTML, like Gecko) Chrome/137.0.7151.103 Mobile Safari/537.36 (compatible; Googlebot/2.1; +http://www.google.com/bot.html)"
66.249.73.168 - - [21/Jul/2025:21:59:19 -0300] "GET /products/74gx4255 HTTP/1.1" 404 - "-" "Mozilla/5.0 (Linux; Android 6.0.1; Nexus 5X Build/MMB29P) AppleWebKit/537.36 (KHTML, like Gecko) Chrome/137.0.7151.103 Mobile Safari/537.36 (compatible; Googlebot/2.1; +http://www.google.com/bot.html)"
66.249.73.170 - - [21/Jul/2025:21:59:19 -0300] "GET /items/oibyz73/3727?key=short-term HTTP/1.1" 404 - "-" "Mozilla/5.0 (Linux; Android 6.0.1; Nexus 5X Build/MMB29P) AppleWebKit/537.36 (KHTML, like Gecko) Chrome/137.0.7151.103 Mobile Safari/537.36 (compatible; Googlebot/2.1; +http://www.google.com/bot.html)"
66.249.73.168 - - [21/Jul/2025:21:59:20 -0300] "GET /product/edit/justparts-mhcal-g-1450-1004-16560-rv03 HTTP/1.1" 404 - "-" "Mozilla/5.0 (Linux; Android 6.0.1; Nexus 5X Build/MMB29P) AppleWebKit/537.36 (KHTML, like Gecko) Chrome/137.0.7151.103 Mobile Safari/537.36 (compatible; Googlebot/2.1; +http://www.google.com/bot.html)"
168.119.123.75 - - [21/Jul/2025:21:59:53 -0300] "HEAD / HTTP/1.1" 200 - "https://vacivitta.com.br/" "Mozilla/5.0+(compatible; UptimeRobot/2.0; http://www.uptimerobot.com/)"
66.249.73.170 - - [21/Jul/2025:22:00:20 -0300] "GET /items/fudhp198/35502?key=convey HTTP/1.1" 404 - "-" "Mozilla/5.0 (Linux; Android 6.0.1; Nexus 5X Build/MMB29P) AppleWebKit/537.36 (KHTML, like Gecko) Chrome/137.0.7151.103 Mobile Safari/537.36 (compatible; Googlebot/2.1; +http://www.google.com/bot.html)"
66.249.73.169 - - [21/Jul/2025:22:00:20 -0300] "GET /robots.txt HTTP/1.1" 404 - "-" "Mozilla/5.0 (compatible; Googlebot/2.1; +http://www.google.com/bot.html)"
209.85.238.138 - - [21/Jul/2025:22:01:31 -0300] "GET /.well-known/apple-app-site-association HTTP/1.1" 404 - "-" "Mozilla/5.0 (Linux; Android 6.0.1; Nexus 5X Build/MMB29P) AppleWebKit/537.36 (KHTML, like Gecko) Chrome/137.0.7151.103 Mobile Safari/537.36 (compatible; AdsBot-Google-Mobile; +http://www.google.com/mobile/adsbot.html)"
66.249.73.168 - - [21/Jul/2025:22:01:31 -0300] "GET /robots.txt HTTP/1.1" 404 - "-" "Mozilla/5.0 (compatible; Googlebot/2.1; +http://www.google.com/bot.html)"
66.249.73.224 - - [21/Jul/2025:22:01:57 -0300] "GET /robots.txt HTTP/1.1" 404 - "-" "Mozilla/5.0 (compatible; Googlebot/2.1; +http://www.google.com/bot.html)"
209.85.238.160 - - [21/Jul/2025:22:01:57 -0300] "GET /apple-app-site-association HTTP/1.1" 404 - "-" "Mozilla/5.0 (Linux; Android 6.0.1; Nexus 5X Build/MMB29P) AppleWebKit/537.36 (KHTML, like Gecko) Chrome/137.0.7151.103 Mobile Safari/537.36 (compatible; AdsBot-Google-Mobile; +http://www.google.com/mobile/adsbot.html)"
159.69.158.189 - - [21/Jul/2025:22:04:57 -0300] "HEAD / HTTP/1.1" 200 - "https://vacivitta.com.br/" "Mozilla/5.0+(compatible; UptimeRobot/2.0; http://www.uptimerobot.com/)"
66.249.73.168 - - [21/Jul/2025:22:06:25 -0300] "GET /robots.txt HTTP/1.1" 404 - "-" "Mozilla/5.0 (compatible; Googlebot/2.1; +http://www.google.com/bot.html)"
209.85.238.137 - - [21/Jul/2025:22:06:25 -0300] "GET /product/edit/nouvelle-vague-20231022091758-01024us HTTP/1.1" 404 - "-" "Mozilla/5.0 (Linux; Android 6.0.1; Nexus 5X Build/MMB29P) AppleWebKit/537.36 (KHTML, like Gecko) Chrome/137.0.7151.103 Mobile Safari/537.36 (compatible; AdsBot-Google-Mobile; +http://www.google.com/mobile/adsbot.html)"
147.161.128.168 - - [21/Jul/2025:22:07:10 -0300] "GET / HTTP/1.1" 200 488 "https://www.google.com/" "Mozilla/5.0 (Windows NT 10.0; Win64; x64) AppleWebKit/537.36 (KHTML, like Gecko) Chrome/138.0.0.0 Safari/537.36"
147.161.128.168 - - [21/Jul/2025:22:07:10 -0300] "GET /assets/index-g8aW3Zx-.css HTTP/1.1" 200 2311 "https://vacivitta.com.br/" "Mozilla/5.0 (Windows NT 10.0; Win64; x64) AppleWebKit/537.36 (KHTML, like Gecko) Chrome/138.0.0.0 Safari/537.36"
147.161.128.168 - - [21/Jul/2025:22:07:10 -0300] "GET /assets/index-BZLUkikW.js HTTP/1.1" 200 923512 "https://vacivitta.com.br/" "Mozilla/5.0 (Windows NT 10.0; Win64; x64) AppleWebKit/537.36 (KHTML, like Gecko) Chrome/138.0.0.0 Safari/537.36"
147.161.128.168 - - [21/Jul/2025:22:07:12 -0300] "GET /logo.png HTTP/1.1" 200 25613 "https://vacivitta.com.br/" "Mozilla/5.0 (Windows NT 10.0; Win64; x64) AppleWebKit/537.36 (KHTML, like Gecko) Chrome/138.0.0.0 Safari/537.36"
147.161.128.168 - - [21/Jul/2025:22:07:13 -0300] "GET /homePage.png HTTP/1.1" 200 1495045 "https://vacivitta.com.br/" "Mozilla/5.0 (Windows NT 10.0; Win64; x64) AppleWebKit/537.36 (KHTML, like Gecko) Chrome/138.0.0.0 Safari/537.36"
147.161.128.168 - - [21/Jul/2025:22:07:13 -0300] "GET /vaci.jpg HTTP/1.1" 200 155283 "https://vacivitta.com.br/" "Mozilla/5.0 (Windows NT 10.0; Win64; x64) AppleWebKit/537.36 (KHTML, like Gecko) Chrome/138.0.0.0 Safari/537.36"
147.161.128.168 - - [21/Jul/2025:22:07:13 -0300] "GET /2.png HTTP/1.1" 200 1052379 "https://vacivitta.com.br/" "Mozilla/5.0 (Windows NT 10.0; Win64; x64) AppleWebKit/537.36 (KHTML, like Gecko) Chrome/138.0.0.0 Safari/537.36"
147.161.128.168 - - [21/Jul/2025:22:07:13 -0300] "GET /3.png HTTP/1.1" 200 1055246 "https://vacivitta.com.br/" "Mozilla/5.0 (Windows NT 10.0; Win64; x64) AppleWebKit/537.36 (KHTML, like Gecko) Chrome/138.0.0.0 Safari/537.36"
147.161.128.168 - - [21/Jul/2025:22:07:12 -0300] "GET /mapa.png HTTP/1.1" 200 1787231 "https://vacivitta.com.br/" "Mozilla/5.0 (Windows NT 10.0; Win64; x64) AppleWebKit/537.36 (KHTML, like Gecko) Chrome/138.0.0.0 Safari/537.36"
147.161.128.168 - - [21/Jul/2025:22:07:13 -0300] "GET /1.png HTTP/1.1" 200 1041468 "https://vacivitta.com.br/" "Mozilla/5.0 (Windows NT 10.0; Win64; x64) AppleWebKit/537.36 (KHTML, like Gecko) Chrome/138.0.0.0 Safari/537.36"
147.161.128.168 - - [21/Jul/2025:22:07:14 -0300] "GET /4.png HTTP/1.1" 200 1067791 "https://vacivitta.com.br/" "Mozilla/5.0 (Windows NT 10.0; Win64; x64) AppleWebKit/537.36 (KHTML, like Gecko) Chrome/138.0.0.0 Safari/537.36"
147.161.128.168 - - [21/Jul/2025:22:07:14 -0300] "GET /fts1.png HTTP/1.1" 200 2704287 "https://vacivitta.com.br/" "Mozilla/5.0 (Windows NT 10.0; Win64; x64) AppleWebKit/537.36 (KHTML, like Gecko) Chrome/138.0.0.0 Safari/537.36"
147.161.128.168 - - [21/Jul/2025:22:07:15 -0300] "GET /walp.png HTTP/1.1" 200 26312 "https://vacivitta.com.br/" "Mozilla/5.0 (Windows NT 10.0; Win64; x64) AppleWebKit/537.36 (KHTML, like Gecko) Chrome/138.0.0.0 Safari/537.36"
147.161.128.168 - - [21/Jul/2025:22:07:15 -0300] "GET /fts3.png HTTP/1.1" 200 798280 "https://vacivitta.com.br/" "Mozilla/5.0 (Windows NT 10.0; Win64; x64) AppleWebKit/537.36 (KHTML, like Gecko) Chrome/138.0.0.0 Safari/537.36"
147.161.128.168 - - [21/Jul/2025:22:07:15 -0300] "GET /fts2.png HTTP/1.1" 200 2539592 "https://vacivitta.com.br/" "Mozilla/5.0 (Windows NT 10.0; Win64; x64) AppleWebKit/537.36 (KHTML, like Gecko) Chrome/138.0.0.0 Safari/537.36"
147.161.128.168 - - [21/Jul/2025:22:07:15 -0300] "GET /homePage2.png HTTP/1.1" 200 227246 "https://vacivitta.com.br/" "Mozilla/5.0 (Windows NT 10.0; Win64; x64) AppleWebKit/537.36 (KHTML, like Gecko) Chrome/138.0.0.0 Safari/537.36"
147.161.128.168 - - [21/Jul/2025:22:07:15 -0300] "GET /video.mp4 HTTP/1.1" 206 636967327 "https://vacivitta.com.br/" "Mozilla/5.0 (Windows NT 10.0; Win64; x64) AppleWebKit/537.36 (KHTML, like Gecko) Chrome/138.0.0.0 Safari/537.36"
147.161.128.168 - - [21/Jul/2025:22:07:15 -0300] "GET /video.mp4 HTTP/1.1" 206 154015 "https://vacivitta.com.br/" "Mozilla/5.0 (Windows NT 10.0; Win64; x64) AppleWebKit/537.36 (KHTML, like Gecko) Chrome/138.0.0.0 Safari/537.36"
147.161.128.168 - - [21/Jul/2025:22:07:15 -0300] "GET /video.mp4 HTTP/1.1" 206 636765424 "https://vacivitta.com.br/" "Mozilla/5.0 (Windows NT 10.0; Win64; x64) AppleWebKit/537.36 (KHTML, like Gecko) Chrome/138.0.0.0 Safari/537.36"
147.161.128.168 - - [21/Jul/2025:22:07:16 -0300] "GET /ico.ico HTTP/1.1" 200 100526 "https://vacivitta.com.br/" "Mozilla/5.0 (Windows NT 10.0; Win64; x64) AppleWebKit/537.36 (KHTML, like Gecko) Chrome/138.0.0.0 Safari/537.36"
147.161.128.168 - - [21/Jul/2025:22:07:21 -0300] "GET /video.mp4 HTTP/1.1" 206 636085540 "https://vacivitta.com.br/" "Mozilla/5.0 (Windows NT 10.0; Win64; x64) AppleWebKit/537.36 (KHTML, like Gecko) Chrome/138.0.0.0 Safari/537.36"
69.197.182.50 - - [21/Jul/2025:22:09:23 -0300] "GET /wp-content/edit.php HTTP/1.1" 404 - "https://vacivitta.com.br/wp-content/edit.php" "Mozilla/5.0 (Windows NT 10.0; Win64; x64) AppleWebKit/537.36 (KHTML, like Gecko) Chrome/58.0.3029.110 Safari/537.3"
159.69.158.189 - - [21/Jul/2025:22:10:01 -0300] "HEAD / HTTP/1.1" 200 - "https://vacivitta.com.br/" "Mozilla/5.0+(compatible; UptimeRobot/2.0; http://www.uptimerobot.com/)"
78.47.98.55 - - [21/Jul/2025:22:15:05 -0300] "HEAD / HTTP/1.1" 200 - "https://vacivitta.com.br/" "Mozilla/5.0+(compatible; UptimeRobot/2.0; http://www.uptimerobot.com/)"
157.90.156.63 - - [21/Jul/2025:22:20:09 -0300] "HEAD / HTTP/1.1" 200 - "https://vacivitta.com.br/" "Mozilla/5.0+(compatible; UptimeRobot/2.0; http://www.uptimerobot.com/)"
52.169.187.48 - - [21/Jul/2025:22:23:18 -0300] "GET /wp-content/plugins/hellopress/wp_filemanager.php HTTP/1.1" 404 - "-" "-"
52.169.187.48 - - [21/Jul/2025:22:23:19 -0300] "GET /alfanew.php HTTP/1.1" 404 - "-" "-"
52.169.187.48 - - [21/Jul/2025:22:23:19 -0300] "GET /htaccess.php HTTP/1.1" 404 - "-" "-"
52.169.187.48 - - [21/Jul/2025:22:23:19 -0300] "GET /readme.php HTTP/1.1" 404 - "-" "-"
52.169.187.48 - - [21/Jul/2025:22:23:19 -0300] "GET /as.php HTTP/1.1" 404 - "-" "-"
52.169.187.48 - - [21/Jul/2025:22:23:20 -0300] "GET /403.php HTTP/1.1" 404 - "-" "-"
52.169.187.48 - - [21/Jul/2025:22:23:20 -0300] "GET /max.php HTTP/1.1" 404 - "-" "-"
52.169.187.48 - - [21/Jul/2025:22:23:20 -0300] "GET /m.php HTTP/1.1" 404 - "-" "-"
52.169.187.48 - - [21/Jul/2025:22:23:21 -0300] "GET /post.php HTTP/1.1" 404 - "-" "-"
52.169.187.48 - - [21/Jul/2025:22:23:21 -0300] "GET /themes.php HTTP/1.1" 404 - "-" "-"
52.169.187.48 - - [21/Jul/2025:22:23:21 -0300] "GET /wp-content/themes/astra/inc/ki1k.php HTTP/1.1" 404 - "-" "-"
52.169.187.48 - - [21/Jul/2025:22:23:21 -0300] "GET /ALFA_DATA/index.php HTTP/1.1" 404 - "-" "-"
52.169.187.48 - - [21/Jul/2025:22:23:22 -0300] "GET /wp-admin/maint/about.php HTTP/1.1" 404 - "-" "-"
52.169.187.48 - - [21/Jul/2025:22:23:22 -0300] "GET /wp-admin/network/wp-conflg.php?p= HTTP/1.1" 404 - "-" "-"
52.169.187.48 - - [21/Jul/2025:22:23:22 -0300] "GET /click.php HTTP/1.1" 404 - "-" "-"
52.169.187.48 - - [21/Jul/2025:22:23:22 -0300] "GET /install.php HTTP/1.1" 404 - "-" "-"
52.169.187.48 - - [21/Jul/2025:22:23:23 -0300] "GET /lv.php HTTP/1.1" 404 - "-" "-"
52.169.187.48 - - [21/Jul/2025:22:23:23 -0300] "GET /simple.php HTTP/1.1" 404 - "-" "-"
52.169.187.48 - - [21/Jul/2025:22:23:23 -0300] "GET /13k.php HTTP/1.1" 404 - "-" "-"
52.169.187.48 - - [21/Jul/2025:22:23:24 -0300] "GET /css.php HTTP/1.1" 404 - "-" "-"
52.169.187.48 - - [21/Jul/2025:22:23:24 -0300] "GET /up.php?x= HTTP/1.1" 404 - "-" "-"
52.169.187.48 - - [21/Jul/2025:22:23:24 -0300] "GET /0x1949.php HTTP/1.1" 404 - "-" "-"
52.169.187.48 - - [21/Jul/2025:22:23:25 -0300] "GET /cong.php HTTP/1.1" 404 - "-" "-"
52.169.187.48 - - [21/Jul/2025:22:23:25 -0300] "GET /fw.php HTTP/1.1" 404 - "-" "-"
52.169.187.48 - - [21/Jul/2025:22:23:25 -0300] "GET /bs1.php HTTP/1.1" 404 - "-" "-"
52.169.187.48 - - [21/Jul/2025:22:23:26 -0300] "GET /wp-includes/images/wp-login.php HTTP/1.1" 404 - "-" "-"
52.169.187.48 - - [21/Jul/2025:22:23:26 -0300] "GET /termps.php HTTP/1.1" 404 - "-" "-"
52.169.187.48 - - [21/Jul/2025:22:23:26 -0300] "GET /brand.php HTTP/1.1" 404 - "-" "-"
52.169.187.48 - - [21/Jul/2025:22:23:26 -0300] "GET /cong.php HTTP/1.1" 404 - "-" "-"
52.169.187.48 - - [21/Jul/2025:22:23:27 -0300] "GET /atomlib.php HTTP/1.1" 404 - "-" "-"
52.169.187.48 - - [21/Jul/2025:22:23:27 -0300] "GET /w.php HTTP/1.1" 404 - "-" "-"
52.169.187.48 - - [21/Jul/2025:22:23:27 -0300] "GET /404.php?fm=true HTTP/1.1" 404 - "-" "-"
52.169.187.48 - - [21/Jul/2025:22:23:28 -0300] "GET /404.php HTTP/1.1" 404 - "-" "-"
52.169.187.48 - - [21/Jul/2025:22:23:28 -0300] "GET /article.php HTTP/1.1" 404 - "-" "-"
52.169.187.48 - - [21/Jul/2025:22:23:28 -0300] "GET /wp-content/product.php HTTP/1.1" 404 - "-" "-"
52.169.187.48 - - [21/Jul/2025:22:23:28 -0300] "GET /wp-content/function.php HTTP/1.1" 404 - "-" "-"
52.169.187.48 - - [21/Jul/2025:22:23:29 -0300] "GET /0x.php HTTP/1.1" 404 - "-" "-"
52.169.187.48 - - [21/Jul/2025:22:23:29 -0300] "GET /css.php HTTP/1.1" 404 - "-" "-"
52.169.187.48 - - [21/Jul/2025:22:23:30 -0300] "GET /modules/mod_simplefileuploadv1.3/elements/filemanager.php?p= HTTP/1.1" 404 - "-" "-"
52.169.187.48 - - [21/Jul/2025:22:23:30 -0300] "GET /wp-content/index.php HTTP/1.1" 404 - "-" "-"
52.169.187.48 - - [21/Jul/2025:22:23:30 -0300] "GET /1.php HTTP/1.1" 404 - "-" "-"
52.169.187.48 - - [21/Jul/2025:22:23:30 -0300] "GET /admin.php HTTP/1.1" 404 - "-" "-"
52.169.187.48 - - [21/Jul/2025:22:23:31 -0300] "GET /wp-admin/maint/maint.php HTTP/1.1" 404 - "-" "-"
52.169.187.48 - - [21/Jul/2025:22:23:31 -0300] "GET /classwithtostring.php HTTP/1.1" 404 - "-" "-"
52.169.187.48 - - [21/Jul/2025:22:23:31 -0300] "GET /dropdown.php HTTP/1.1" 404 - "-" "-"
52.169.187.48 - - [21/Jul/2025:22:23:31 -0300] "GET /moon.php HTTP/1.1" 404 - "-" "-"
52.169.187.48 - - [21/Jul/2025:22:23:32 -0300] "GET /0x.php HTTP/1.1" 404 - "-" "-"
52.169.187.48 - - [21/Jul/2025:22:23:32 -0300] "GET /moon.php?p= HTTP/1.1" 404 - "-" "-"
52.169.187.48 - - [21/Jul/2025:22:23:32 -0300] "GET /autoload_classmap.php?p= HTTP/1.1" 404 - "-" "-"
52.169.187.48 - - [21/Jul/2025:22:23:33 -0300] "GET /inputs.php HTTP/1.1" 404 - "-" "-"
52.169.187.48 - - [21/Jul/2025:22:23:33 -0300] "GET /default.php HTTP/1.1" 404 - "-" "-"
52.169.187.48 - - [21/Jul/2025:22:23:33 -0300] "GET /fm.php?p= HTTP/1.1" 404 - "-" "-"
52.169.187.48 - - [21/Jul/2025:22:23:34 -0300] "GET /fm.php?fm=true HTTP/1.1" 404 - "-" "-"
52.169.187.48 - - [21/Jul/2025:22:23:34 -0300] "GET /about.php HTTP/1.1" 404 - "-" "-"
52.169.187.48 - - [21/Jul/2025:22:23:34 -0300] "GET /file.php? HTTP/1.1" 404 - "-" "-"
52.169.187.48 - - [21/Jul/2025:22:23:35 -0300] "GET /alfa.php HTTP/1.1" 404 - "-" "-"
52.169.187.48 - - [21/Jul/2025:22:23:35 -0300] "GET /buy.php HTTP/1.1" 404 - "-" "-"
52.169.187.48 - - [21/Jul/2025:22:23:35 -0300] "GET /themes/twentytwentytwo/index.php HTTP/1.1" 404 - "-" "-"
52.169.187.48 - - [21/Jul/2025:22:23:36 -0300] "GET /wp-admin/js/wp-conflg.php?p= HTTP/1.1" 404 - "-" "-"
52.169.187.48 - - [21/Jul/2025:22:23:36 -0300] "GET /wp-admin/wp-conflg.php?p= HTTP/1.1" 404 - "-" "-"
52.169.187.48 - - [21/Jul/2025:22:23:36 -0300] "GET /wp-admin/css/wp-conflg.php?p= HTTP/1.1" 404 - "-" "-"
52.169.187.48 - - [21/Jul/2025:22:23:36 -0300] "GET /manager.php?p= HTTP/1.1" 404 - "-" "-"
52.169.187.48 - - [21/Jul/2025:22:23:37 -0300] "GET /js/fm.php HTTP/1.1" 404 - "-" "-"
52.169.187.48 - - [21/Jul/2025:22:23:37 -0300] "GET /item.php HTTP/1.1" 404 - "-" "-"
52.169.187.48 - - [21/Jul/2025:22:23:37 -0300] "GET /plugins/Cache/footer.php HTTP/1.1" 404 - "-" "-"
52.169.187.48 - - [21/Jul/2025:22:23:38 -0300] "GET /404.php HTTP/1.1" 404 - "-" "-"
52.169.187.48 - - [21/Jul/2025:22:23:38 -0300] "GET /mail.php HTTP/1.1" 404 - "-" "-"
52.169.187.48 - - [21/Jul/2025:22:23:38 -0300] "GET /wp-content/plugins/index.php HTTP/1.1" 404 - "-" "-"
52.169.187.48 - - [21/Jul/2025:22:23:38 -0300] "GET /sx.php HTTP/1.1" 404 - "-" "-"
52.169.187.48 - - [21/Jul/2025:22:23:39 -0300] "GET /wp-admin/maint/admin.php HTTP/1.1" 404 - "-" "-"
52.169.187.48 - - [21/Jul/2025:22:23:39 -0300] "GET /article.php HTTP/1.1" 404 - "-" "-"
52.169.187.48 - - [21/Jul/2025:22:23:39 -0300] "GET /alfa.php HTTP/1.1" 404 - "-" "-"
52.169.187.48 - - [21/Jul/2025:22:23:40 -0300] "GET /1.php HTTP/1.1" 404 - "-" "-"
52.169.187.48 - - [21/Jul/2025:22:23:40 -0300] "GET /403.php HTTP/1.1" 404 - "-" "-"
52.169.187.48 - - [21/Jul/2025:22:23:40 -0300] "GET /link.php HTTP/1.1" 404 - "-" "-"
52.169.187.48 - - [21/Jul/2025:22:23:40 -0300] "GET /byp.php HTTP/1.1" 404 - "-" "-"
52.169.187.48 - - [21/Jul/2025:22:23:41 -0300] "GET /bak.php HTTP/1.1" 404 - "-" "-"
52.169.187.48 - - [21/Jul/2025:22:23:41 -0300] "GET /ini.php HTTP/1.1" 404 - "-" "-"
52.169.187.48 - - [21/Jul/2025:22:23:41 -0300] "GET /ws.php HTTP/1.1" 404 - "-" "-"
52.169.187.48 - - [21/Jul/2025:22:23:42 -0300] "GET /wp-trackback.php HTTP/1.1" 404 - "-" "-"
52.169.187.48 - - [21/Jul/2025:22:23:42 -0300] "GET /.well-known/index.php HTTP/1.1" 404 - "-" "-"
52.169.187.48 - - [21/Jul/2025:22:23:42 -0300] "GET /wp-includes/certificates/plugins.php HTTP/1.1" 404 - "-" "-"
52.169.187.48 - - [21/Jul/2025:22:23:42 -0300] "GET /wp-content/themes/seotheme/mar.php HTTP/1.1" 404 - "-" "-"
52.169.187.48 - - [21/Jul/2025:22:23:43 -0300] "GET /wp-admin/network/plugins.php HTTP/1.1" 404 - "-" "-"
52.169.187.48 - - [21/Jul/2025:22:23:43 -0300] "GET /wp-admin/about.php HTTP/1.1" 404 - "-" "-"
52.169.187.48 - - [21/Jul/2025:22:23:43 -0300] "GET /chosen.php HTTP/1.1" 404 - "-" "-"
52.169.187.48 - - [21/Jul/2025:22:23:44 -0300] "GET /wp-includes/ID3/about.php HTTP/1.1" 404 - "-" "-"
52.169.187.48 - - [21/Jul/2025:22:23:44 -0300] "GET /css/index.php HTTP/1.1" 404 - "-" "-"
52.169.187.48 - - [21/Jul/2025:22:23:44 -0300] "GET /wp-admin/includes/xmrlpc.php?p= HTTP/1.1" 404 - "-" "-"
52.169.187.48 - - [21/Jul/2025:22:23:44 -0300] "GET /wp-includes/SimplePie/wp-login.php HTTP/1.1" 404 - "-" "-"
52.169.187.48 - - [21/Jul/2025:22:23:45 -0300] "GET /wp-content/themes/about.php HTTP/1.1" 404 - "-" "-"
52.169.187.48 - - [21/Jul/2025:22:23:45 -0300] "GET /filemanager/dialog.php HTTP/1.1" 404 - "-" "-"
52.169.187.48 - - [21/Jul/2025:22:23:45 -0300] "GET /wp-admin/maint/index.php HTTP/1.1" 404 - "-" "-"
52.169.187.48 - - [21/Jul/2025:22:23:46 -0300] "GET /wp-includes/Requests/Text/admin.php HTTP/1.1" 404 - "-" "-"
52.169.187.48 - - [21/Jul/2025:22:23:46 -0300] "GET /wp-includes/customize/about.php HTTP/1.1" 404 - "-" "-"
52.169.187.48 - - [21/Jul/2025:22:23:46 -0300] "GET /index/function.php HTTP/1.1" 404 - "-" "-"
52.169.187.48 - - [21/Jul/2025:22:23:47 -0300] "GET /uploads/autoload_classmap.php HTTP/1.1" 404 - "-" "-"
52.169.187.48 - - [21/Jul/2025:22:23:47 -0300] "GET /wp-includes/css/dist/preferences/wp-login.php HTTP/1.1" 404 - "-" "-"
52.169.187.48 - - [21/Jul/2025:22:23:47 -0300] "GET /wp-includes/style-engine/about.php HTTP/1.1" 404 - "-" "-"
52.169.187.48 - - [21/Jul/2025:22:23:47 -0300] "GET /.well-known/acme-challenge/mariju.php HTTP/1.1" 404 - "-" "-"
52.169.187.48 - - [21/Jul/2025:22:23:48 -0300] "GET /about/function.php HTTP/1.1" 404 - "-" "-"
52.169.187.48 - - [21/Jul/2025:22:23:49 -0300] "GET /wp-includes/theme-compat/chosen.php HTTP/1.1" 404 - "-" "-"
52.169.187.48 - - [21/Jul/2025:22:23:49 -0300] "GET /admin/function.php HTTP/1.1" 404 - "-" "-"
52.169.187.48 - - [21/Jul/2025:22:23:49 -0300] "GET /.well-known/acme-challenge/index.php HTTP/1.1" 404 - "-" "-"
52.169.187.48 - - [21/Jul/2025:22:23:49 -0300] "GET /css/colors/blue/index.php HTTP/1.1" 404 - "-" "-"
52.169.187.48 - - [21/Jul/2025:22:23:50 -0300] "GET /wp-content/plugins/pwnd/as.php HTTP/1.1" 404 - "-" "-"
52.169.187.48 - - [21/Jul/2025:22:23:50 -0300] "GET /wp-admin/setup-config.php HTTP/1.1" 404 - "-" "-"
52.169.187.48 - - [21/Jul/2025:22:23:50 -0300] "GET /wp-admin/user/about.php HTTP/1.1" 404 - "-" "-"
52.169.187.48 - - [21/Jul/2025:22:23:51 -0300] "GET /wp-admin/js/index.php HTTP/1.1" 404 - "-" "-"
52.169.187.48 - - [21/Jul/2025:22:23:51 -0300] "GET /wp-content/upgrade/about.php HTTP/1.1" 404 - "-" "-"
52.169.187.48 - - [21/Jul/2025:22:23:51 -0300] "GET /wp-includes/assets/index.php HTTP/1.1" 404 - "-" "-"
52.169.187.48 - - [21/Jul/2025:22:23:51 -0300] "GET /wp-content/radio.php HTTP/1.1" 404 - "-" "-"
52.169.187.48 - - [21/Jul/2025:22:23:52 -0300] "GET /wp-includes/fonts/index.php?p= HTTP/1.1" 404 - "-" "-"
52.169.187.48 - - [21/Jul/2025:22:23:52 -0300] "GET /.well-known/gecko-litespeed.php HTTP/1.1" 404 - "-" "-"
52.169.187.48 - - [21/Jul/2025:22:23:52 -0300] "GET /.well-known/admin.php HTTP/1.1" 404 - "-" "-"
52.169.187.48 - - [21/Jul/2025:22:23:53 -0300] "GET /wp-content/admin.php HTTP/1.1" 404 - "-" "-"
52.169.187.48 - - [21/Jul/2025:22:23:53 -0300] "GET /wp-content/plugins/admin.php HTTP/1.1" 404 - "-" "-"
52.169.187.48 - - [21/Jul/2025:22:23:53 -0300] "GET /wp-content/themes/twentytwentytwo/index.php?p= HTTP/1.1" 404 - "-" "-"
52.169.187.48 - - [21/Jul/2025:22:23:53 -0300] "GET /.well-known/log.php HTTP/1.1" 404 - "-" "-"
52.169.187.48 - - [21/Jul/2025:22:23:54 -0300] "GET /class.php HTTP/1.1" 404 - "-" "-"
52.169.187.48 - - [21/Jul/2025:22:23:54 -0300] "GET /bless.php HTTP/1.1" 404 - "-" "-"
52.169.187.48 - - [21/Jul/2025:22:23:54 -0300] "GET /wp-includes/js/codemirror/index.php HTTP/1.1" 404 - "-" "-"
52.169.187.48 - - [21/Jul/2025:22:23:55 -0300] "GET /wp-includes/block-patterns/index.php HTTP/1.1" 404 - "-" "-"
52.169.187.48 - - [21/Jul/2025:22:23:55 -0300] "GET /lock360.php HTTP/1.1" 404 - "-" "-"
46.44.51.32 - - [21/Jul/2025:22:24:36 -0300] "GET /2022/04/08/gripe-e-resfriado/ HTTP/1.0" 404 - "https://vacivitta.com.br/2022/04/08/gripe-e-resfriado/" "Mozilla/5.0 (Windows NT 10.0; Win64; x64) AppleWebKit/537.36 (KHTML, like Gecko) Chrome/130.0.0.0 Safari/537.36 CCleaner/130.0.0.0"
78.46.190.63 - - [21/Jul/2025:22:25:12 -0300] "HEAD / HTTP/1.1" 200 - "https://vacivitta.com.br/" "Mozilla/5.0+(compatible; UptimeRobot/2.0; http://www.uptimerobot.com/)"
69.197.182.50 - - [21/Jul/2025:22:25:22 -0300] "GET /wp-content/edit.php HTTP/1.1" 404 - "https://vacivitta.com.br/wp-content/edit.php" "Mozilla/5.0 (Windows NT 10.0; Win64; x64) AppleWebKit/537.36 (KHTML, like Gecko) Chrome/58.0.3029.110 Safari/537.3"
66.249.73.169 - - [21/Jul/2025:22:27:34 -0300] "GET /pcmypage?callback=product%2Fdetail%2Fecj-664150 HTTP/1.1" 404 - "-" "Mozilla/5.0 (Linux; Android 6.0.1; Nexus 5X Build/MMB29P) AppleWebKit/537.36 (KHTML, like Gecko) Chrome/137.0.7151.103 Mobile Safari/537.36 (compatible; Googlebot/2.1; +http://www.google.com/bot.html)"
66.249.73.170 - - [21/Jul/2025:22:27:34 -0300] "GET /pcmypage?callback=product/review/power-house-sports-daytona-17705 HTTP/1.1" 404 - "-" "Mozilla/5.0 (Linux; Android 6.0.1; Nexus 5X Build/MMB29P) AppleWebKit/537.36 (KHTML, like Gecko) Chrome/137.0.7151.103 Mobile Safari/537.36 (compatible; Googlebot/2.1; +http://www.google.com/bot.html)"
66.249.73.169 - - [21/Jul/2025:22:27:35 -0300] "GET /pcmypage?callback=product%2Fdetail%2Fjousuiki-176638730 HTTP/1.1" 404 - "-" "Mozilla/5.0 (Linux; Android 6.0.1; Nexus 5X Build/MMB29P) AppleWebKit/537.36 (KHTML, like Gecko) Chrome/137.0.7151.103 Mobile Safari/537.36 (compatible; Googlebot/2.1; +http://www.google.com/bot.html)"
88.99.80.227 - - [21/Jul/2025:22:30:15 -0300] "HEAD / HTTP/1.1" 200 - "https://vacivitta.com.br/" "Mozilla/5.0+(compatible; UptimeRobot/2.0; http://www.uptimerobot.com/)"
3.236.157.71 - - [21/Jul/2025:22:30:26 -0300] "GET / HTTP/1.1" 200 488 "https://vacivitta.com.br" "Mozilla/5.0 (Macintosh; Intel Mac OS X 10_15_7) AppleWebKit/605.1.15 (KHTML, like Gecko) Version/14.1.2 Safari/605.1.15"
34.14.41.225 - - [21/Jul/2025:22:31:01 -0300] "GET /robots.txt HTTP/1.1" 404 - "-" "Prewave-Crawler"
34.14.41.225 - - [21/Jul/2025:22:31:01 -0300] "HEAD / HTTP/1.1" 200 - "https://www.google.com" "Mozilla/5.0 (Windows NT 10.0; Win64; x64) AppleWebKit/537.36 (KHTML, like Gecko) Chrome/120.0.0.0 Safari/537.36"
34.14.41.225 - - [21/Jul/2025:22:31:01 -0300] "GET / HTTP/1.1" 200 488 "https://www.google.com" "Mozilla/5.0 (Windows NT 10.0; Win64; x64) AppleWebKit/537.36 (KHTML, like Gecko) Chrome/120.0.0.0 Safari/537.36"
34.14.41.225 - - [21/Jul/2025:22:31:06 -0300] "GET /sitemap.xml HTTP/1.1" 404 - "-" "okhttp/4.12.0"
49.13.164.148 - - [21/Jul/2025:22:35:18 -0300] "HEAD / HTTP/1.1" 200 - "https://vacivitta.com.br/" "Mozilla/5.0+(compatible; UptimeRobot/2.0; http://www.uptimerobot.com/)"
66.249.73.168 - - [21/Jul/2025:22:38:53 -0300] "GET /?_ga=2.193929543.1954859000.1729550949-963870751.1699386649&_bdsid=47u8bn.n~DOXON.1743916948286.1788022705&_bd_prev_page=https://vacivitta.com.br/collect.asp?items/tyhdj141/11271?key=legislature HTTP/1.1" 200 488 "-" "Mozilla/5.0 (Linux; Android 6.0.1; Nexus 5X Build/MMB29P) AppleWebKit/537.36 (KHTML, like Gecko) Chrome/137.0.7151.103 Mobile Safari/537.36 (compatible; Googlebot/2.1; +http://www.google.com/bot.html)"
13.42.205.55 - - [21/Jul/2025:22:39:20 -0300] "GET / HTTP/1.1" 200 488 "-" "Mozilla/5.0 (Windows NT 10.0; Win64; x64; rv:123.0) Gecko/20100101 Firefox/123.0"
13.42.205.55 - - [21/Jul/2025:22:39:22 -0300] "GET / HTTP/1.1" 200 488 "-" "Mozilla/5.0 (Windows NT 10.0; Win64; x64; rv:123.0) Gecko/20100101 Firefox/123.0"
128.140.106.114 - - [21/Jul/2025:22:40:22 -0300] "HEAD / HTTP/1.1" 200 - "https://vacivitta.com.br/" "Mozilla/5.0+(compatible; UptimeRobot/2.0; http://www.uptimerobot.com/)"
47.128.121.90 - - [21/Jul/2025:22:40:24 -0300] "GET /contato/ HTTP/1.1" 404 - "-" "Mozilla/5.0 (Linux; Android 5.0) AppleWebKit/537.36 (KHTML, like Gecko) Mobile Safari/537.36 (compatible; TikTokSpider; ttspider-feedback@tiktok.com)"
69.197.135.226 - - [21/Jul/2025:22:42:56 -0300] "GET /wp-content/edit.php HTTP/1.1" 404 - "https://vacivitta.com.br/wp-content/edit.php" "Mozilla/5.0 (Windows NT 10.0; Win64; x64) AppleWebKit/537.36 (KHTML, like Gecko) Chrome/58.0.3029.110 Safari/537.3"
47.128.121.122 - - [21/Jul/2025:22:44:23 -0300] "GET /robots.txt HTTP/1.1" 404 - "-" "-"
157.90.155.240 - - [21/Jul/2025:22:45:26 -0300] "HEAD / HTTP/1.1" 200 - "https://vacivitta.com.br/" "Mozilla/5.0+(compatible; UptimeRobot/2.0; http://www.uptimerobot.com/)"
66.249.73.169 - - [21/Jul/2025:22:46:45 -0300] "GET /safe_search/config?return_url=%2Fproduct%2Fdetail%2Fjustparts-wet5r-gs-1770-1005-21545-eg01 HTTP/1.1" 404 - "-" "Mozilla/5.0 (Linux; Android 6.0.1; Nexus 5X Build/MMB29P) AppleWebKit/537.36 (KHTML, like Gecko) Chrome/137.0.7151.103 Mobile Safari/537.36 (compatible; Googlebot/2.1; +http://www.google.com/bot.html)"
213.180.203.233 - - [21/Jul/2025:22:48:29 -0300] "GET /robots.txt HTTP/1.1" 404 - "-" "Mozilla/5.0 (compatible; YandexBot/3.0; +http://yandex.com/bots)"
213.180.203.127 - - [21/Jul/2025:22:48:30 -0300] "GET /2021/11/24/ola-mundo/ HTTP/1.1" 404 - "-" "Mozilla/5.0 (compatible; YandexBot/3.0; +http://yandex.com/bots)"
157.66.54.162 - - [21/Jul/2025:22:49:05 -0300] "POST /vendor/phpunit/phpunit/src/Util/PHP/eval-stdin.php HTTP/1.1" 404 - "-" "python-requests/2.25.1"
157.66.54.162 - - [21/Jul/2025:22:49:06 -0300] "POST /api/phpunit/phpunit/src/Util/PHP/eval-stdin.php HTTP/1.1" 404 - "-" "python-requests/2.25.1"
157.66.54.162 - - [21/Jul/2025:22:49:07 -0300] "POST /blog/vendor/phpunit/phpunit/src/Util/PHP/eval-stdin.php HTTP/1.1" 404 - "-" "python-requests/2.25.1"
157.66.54.162 - - [21/Jul/2025:22:49:07 -0300] "POST /beta/vendor/phpunit/phpunit/src/Util/PHP/eval-stdin.php HTTP/1.1" 404 - "-" "python-requests/2.25.1"
157.66.54.162 - - [21/Jul/2025:22:49:08 -0300] "POST /lib/vendor/phpunit/phpunit/src/Util/PHP/eval-stdin.php HTTP/1.1" 404 - "-" "python-requests/2.25.1"
157.66.54.162 - - [21/Jul/2025:22:49:09 -0300] "POST /v1/phpunit/phpunit/src/Util/PHP/eval-stdin.php HTTP/1.1" 404 - "-" "python-requests/2.25.1"
157.66.54.162 - - [21/Jul/2025:22:49:10 -0300] "POST /v2/vendor/phpunit/phpunit/src/Util/PHP/eval-stdin.php HTTP/1.1" 404 - "-" "python-requests/2.25.1"
157.66.54.162 - - [21/Jul/2025:22:49:11 -0300] "POST /blogs/vendor/phpunit/phpunit/src/Util/PHP/eval-stdin.php HTTP/1.1" 404 - "-" "python-requests/2.25.1"
157.66.54.162 - - [21/Jul/2025:22:49:12 -0300] "POST /public/vendor/phpunit/phpunit/src/Util/PHP/eval-stdin.php HTTP/1.1" 404 - "-" "python-requests/2.25.1"
66.249.73.169 - - [21/Jul/2025:22:50:04 -0300] "GET /pcmypage?callback=product/review/lachance-kd5v608294 HTTP/1.1" 404 - "-" "Mozilla/5.0 (Linux; Android 6.0.1; Nexus 5X Build/MMB29P) AppleWebKit/537.36 (KHTML, like Gecko) Chrome/137.0.7151.103 Mobile Safari/537.36 (compatible; Googlebot/2.1; +http://www.google.com/bot.html)"
66.249.73.168 - - [21/Jul/2025:22:50:05 -0300] "GET /pcmypage?callback=/product%2Fdetail%2justparts-gy024-1856015-2 HTTP/1.1" 404 - "-" "Mozilla/5.0 (Linux; Android 6.0.1; Nexus 5X Build/MMB29P) AppleWebKit/537.36 (KHTML, like Gecko) Chrome/137.0.7151.103 Mobile Safari/537.36 (compatible; Googlebot/2.1; +http://www.google.com/bot.html)"
157.90.155.240 - - [21/Jul/2025:22:50:30 -0300] "HEAD / HTTP/1.1" 200 - "https://vacivitta.com.br/" "Mozilla/5.0+(compatible; UptimeRobot/2.0; http://www.uptimerobot.com/)"
66.249.73.169 - - [21/Jul/2025:22:50:58 -0300] "GET /pcmypage?callback=product%2Fdetail%2Ftanomail-2270210 HTTP/1.1" 404 - "-" "Mozilla/5.0 (Linux; Android 6.0.1; Nexus 5X Build/MMB29P) AppleWebKit/537.36 (KHTML, like Gecko) Chrome/137.0.7151.103 Mobile Safari/537.36 (compatible; Googlebot/2.1; +http://www.google.com/bot.html)"
51.89.3.212 - - [21/Jul/2025:22:52:55 -0300] "GET /wp-content/themes/classwithtostring.php HTTP/1.1" 404 - "-" "Mozilla/5.0 (Windows NT 10.0; Win64; x64) AppleWebKit/537.36 (KHTML, like Gecko) Chrome/127.0.0.0 Safari/537.36"
51.89.3.212 - - [21/Jul/2025:22:52:55 -0300] "GET /files.php HTTP/1.1" 404 - "-" "Mozilla/5.0 (Windows NT 10.0; Win64; x64) AppleWebKit/537.36 (KHTML, like Gecko) Chrome/127.0.0.0 Safari/537.36"
208.110.64.178 - - [21/Jul/2025:22:54:11 -0300] "GET /wp-content/edit.php HTTP/1.1" 404 - "https://vacivitta.com.br/wp-content/edit.php" "Mozilla/5.0 (Windows NT 10.0; Win64; x64) AppleWebKit/537.36 (KHTML, like Gecko) Chrome/58.0.3029.110 Safari/537.3"
49.13.164.148 - - [21/Jul/2025:22:55:34 -0300] "HEAD / HTTP/1.1" 200 - "https://vacivitta.com.br/" "Mozilla/5.0+(compatible; UptimeRobot/2.0; http://www.uptimerobot.com/)"
66.249.73.170 - - [21/Jul/2025:22:56:30 -0300] "GET /items/pcyrq291/30445?key=anticipate HTTP/1.1" 404 - "-" "Mozilla/5.0 (Linux; Android 6.0.1; Nexus 5X Build/MMB29P) AppleWebKit/537.36 (KHTML, like Gecko) Chrome/137.0.7151.103 Mobile Safari/537.36 (compatible; Googlebot/2.1; +http://www.google.com/bot.html)"
66.249.73.170 - - [21/Jul/2025:22:58:53 -0300] "GET /pcmypage?callback=product/review/hobinavi2-ds-2311888 HTTP/1.1" 404 - "-" "Mozilla/5.0 (Linux; Android 6.0.1; Nexus 5X Build/MMB29P) AppleWebKit/537.36 (KHTML, like Gecko) Chrome/137.0.7151.103 Mobile Safari/537.36 (compatible; Googlebot/2.1; +http://www.google.com/bot.html)"
66.249.73.169 - - [21/Jul/2025:23:00:16 -0300] "GET /pcmypage?callback=product/review/e-kikai-2578540 HTTP/1.1" 404 - "-" "Mozilla/5.0 (Linux; Android 6.0.1; Nexus 5X Build/MMB29P) AppleWebKit/537.36 (KHTML, like Gecko) Chrome/137.0.7151.103 Mobile Safari/537.36 (compatible; Googlebot/2.1; +http://www.google.com/bot.html)"
49.13.130.29 - - [21/Jul/2025:23:00:40 -0300] "HEAD / HTTP/1.1" 200 - "https://vacivitta.com.br/" "Mozilla/5.0+(compatible; UptimeRobot/2.0; http://www.uptimerobot.com/)"
52.167.144.136 - - [21/Jul/2025:23:02:01 -0300] "GET / HTTP/1.1" 200 488 "-" "Mozilla/5.0 AppleWebKit/537.36 (KHTML, like Gecko; compatible; bingbot/2.0; +http://www.bing.com/bingbot.htm) Chrome/116.0.1938.76 Safari/537.36"
88.99.80.227 - - [21/Jul/2025:23:05:45 -0300] "HEAD / HTTP/1.1" 200 - "https://vacivitta.com.br/" "Mozilla/5.0+(compatible; UptimeRobot/2.0; http://www.uptimerobot.com/)"
43.131.13.167 - - [21/Jul/2025:23:06:07 -0300] "GET / HTTP/1.1" 200 488 "-" "Mozilla/5.0 (Windows NT 6.1; Win64; x64) AppleWebKit/537.36 (KHTML, like Gecko) Chrome/79.0.3945.88 Safari/537.36"
5.255.231.158 - - [21/Jul/2025:23:06:31 -0300] "GET /robots.txt HTTP/1.1" 404 - "-" "Mozilla/5.0 (compatible; YandexBot/3.0; +http://yandex.com/bots)"
213.180.203.11 - - [21/Jul/2025:23:06:32 -0300] "GET /2023/10/04/consultoria-em-lactacao/ HTTP/1.1" 404 - "-" "Mozilla/5.0 (compatible; YandexBot/3.0; +http://yandex.com/bots)"
66.249.73.169 - - [21/Jul/2025:23:07:34 -0300] "GET /pcmypage?callback=product/review/usdm-usdm-0246-4541 HTTP/1.1" 404 - "-" "Mozilla/5.0 (Linux; Android 6.0.1; Nexus 5X Build/MMB29P) AppleWebKit/537.36 (KHTML, like Gecko) Chrome/137.0.7151.103 Mobile Safari/537.36 (compatible; Googlebot/2.1; +http://www.google.com/bot.html)"
182.253.50.81 - - [21/Jul/2025:23:10:17 -0300] "GET /wp-login.php HTTP/1.1" 404 - "-" "Mozilla/5.0 (X11; Linux x86_64; rv:121.0) Gecko/20100101 Firefox/121.0"
182.253.50.81 - - [21/Jul/2025:23:10:18 -0300] "POST /wp-login.php HTTP/1.1" 404 - "-" "Mozilla/5.0 (X11; Linux x86_64; rv:121.0) Gecko/20100101 Firefox/121.0"
182.253.50.81 - - [21/Jul/2025:23:10:18 -0300] "POST /wp-login.php HTTP/1.1" 404 - "-" "Mozilla/5.0 (X11; Linux x86_64; rv:121.0) Gecko/20100101 Firefox/121.0"
157.90.156.63 - - [21/Jul/2025:23:10:48 -0300] "HEAD / HTTP/1.1" 200 - "https://vacivitta.com.br/" "Mozilla/5.0+(compatible; UptimeRobot/2.0; http://www.uptimerobot.com/)"
182.253.50.81 - - [21/Jul/2025:23:11:11 -0300] "GET /wp-login.php HTTP/1.1" 404 - "-" "Mozilla/5.0 (X11; Linux x86_64; rv:121.0) Gecko/20100101 Firefox/121.0"
182.253.50.81 - - [21/Jul/2025:23:11:11 -0300] "POST /wp-login.php HTTP/1.1" 404 - "-" "Mozilla/5.0 (X11; Linux x86_64; rv:121.0) Gecko/20100101 Firefox/121.0"
182.253.50.81 - - [21/Jul/2025:23:11:11 -0300] "POST /wp-login.php HTTP/1.1" 404 - "-" "Mozilla/5.0 (X11; Linux x86_64; rv:121.0) Gecko/20100101 Firefox/121.0"
66.249.73.168 - - [21/Jul/2025:23:13:28 -0300] "GET /pcmypage?callback=product/review/nana-cl50y-vp HTTP/1.1" 404 - "-" "Mozilla/5.0 (Linux; Android 6.0.1; Nexus 5X Build/MMB29P) AppleWebKit/537.36 (KHTML, like Gecko) Chrome/137.0.7151.103 Mobile Safari/537.36 (compatible; Googlebot/2.1; +http://www.google.com/bot.html)"
66.249.73.169 - - [21/Jul/2025:23:13:47 -0300] "GET /products/258vg5341 HTTP/1.1" 404 - "-" "Mozilla/5.0 (Linux; Android 6.0.1; Nexus 5X Build/MMB29P) AppleWebKit/537.36 (KHTML, like Gecko) Chrome/137.0.7151.103 Mobile Safari/537.36 (compatible; Googlebot/2.1; +http://www.google.com/bot.html)"
64.124.8.127 - - [21/Jul/2025:23:15:24 -0300] "GET /robots.txt HTTP/1.1" 404 - "-" "Mozilla/5.0 (compatible; ImagesiftBot; +imagesift.com)"
64.124.8.127 - - [21/Jul/2025:23:15:24 -0300] "GET /wp-signup.php?new=vittahelp/ HTTP/1.1" 404 - "-" "Mozilla/5.0 (compatible; ImagesiftBot; +imagesift.com)"
69.197.182.50 - - [21/Jul/2025:23:15:30 -0300] "GET /wp-content/edit.php HTTP/1.1" 404 - "https://vacivitta.com.br/wp-content/edit.php" "Mozilla/5.0 (Windows NT 10.0; Win64; x64) AppleWebKit/537.36 (KHTML, like Gecko) Chrome/58.0.3029.110 Safari/537.3"
5.255.231.71 - - [21/Jul/2025:23:15:50 -0300] "GET /robots.txt HTTP/1.1" 404 - "-" "Mozilla/5.0 (compatible; YandexBot/3.0; +http://yandex.com/bots)"
49.13.167.123 - - [21/Jul/2025:23:15:51 -0300] "HEAD / HTTP/1.1" 200 - "https://vacivitta.com.br/" "Mozilla/5.0+(compatible; UptimeRobot/2.0; http://www.uptimerobot.com/)"
87.250.224.203 - - [21/Jul/2025:23:15:51 -0300] "GET /blog/page/4/ HTTP/1.1" 404 - "-" "Mozilla/5.0 (compatible; YandexBot/3.0; +http://yandex.com/bots)"
5.255.231.170 - - [21/Jul/2025:23:18:16 -0300] "GET /robots.txt HTTP/1.1" 404 - "-" "Mozilla/5.0 (compatible; YandexBot/3.0; +http://yandex.com/bots)"
66.249.73.169 - - [21/Jul/2025:23:19:00 -0300] "GET /products/15ob612 HTTP/1.1" 404 - "-" "Mozilla/5.0 (Linux; Android 6.0.1; Nexus 5X Build/MMB29P) AppleWebKit/537.36 (KHTML, like Gecko) Chrome/137.0.7151.103 Mobile Safari/537.36 (compatible; Googlebot/2.1; +http://www.google.com/bot.html)"
159.69.158.189 - - [21/Jul/2025:23:20:54 -0300] "HEAD / HTTP/1.1" 200 - "https://vacivitta.com.br/" "Mozilla/5.0+(compatible; UptimeRobot/2.0; http://www.uptimerobot.com/)"
209.85.238.165 - - [21/Jul/2025:23:21:41 -0300] "GET /.well-known/apple-app-site-association HTTP/1.1" 404 - "-" "Mozilla/5.0 (Linux; Android 6.0.1; Nexus 5X Build/MMB29P) AppleWebKit/537.36 (KHTML, like Gecko) Chrome/137.0.7151.103 Mobile Safari/537.36 (compatible; AdsBot-Google-Mobile; +http://www.google.com/mobile/adsbot.html)"
209.85.238.136 - - [21/Jul/2025:23:21:46 -0300] "GET /apple-app-site-association HTTP/1.1" 404 - "-" "Mozilla/5.0 (Linux; Android 6.0.1; Nexus 5X Build/MMB29P) AppleWebKit/537.36 (KHTML, like Gecko) Chrome/137.0.7151.103 Mobile Safari/537.36 (compatible; AdsBot-Google-Mobile; +http://www.google.com/mobile/adsbot.html)"
78.47.173.76 - - [21/Jul/2025:23:25:58 -0300] "HEAD / HTTP/1.1" 200 - "https://vacivitta.com.br/" "Mozilla/5.0+(compatible; UptimeRobot/2.0; http://www.uptimerobot.com/)"
52.167.144.198 - - [21/Jul/2025:23:26:21 -0300] "GET /2023/11/01/campanha-nacional-incentiva-a-doacao-de-leite-materno/ HTTP/1.1" 404 - "-" "Mozilla/5.0 AppleWebKit/537.36 (KHTML, like Gecko; compatible; bingbot/2.0; +http://www.bing.com/bingbot.htm) Chrome/116.0.1938.76 Safari/537.36"
173.252.87.115 - - [21/Jul/2025:23:26:30 -0300] "GET /robots.txt HTTP/1.1" 404 - "-" "facebookexternalhit/1.1 (+http://www.facebook.com/externalhit_uatext.php)"
66.249.73.168 - - [21/Jul/2025:23:27:18 -0300] "GET /product/edit/diy-tool-i329-158399 HTTP/1.1" 404 - "-" "Mozilla/5.0 (Linux; Android 6.0.1; Nexus 5X Build/MMB29P) AppleWebKit/537.36 (KHTML, like Gecko) Chrome/137.0.7151.103 Mobile Safari/537.36 (compatible; Googlebot/2.1; +http://www.google.com/bot.html)"
66.249.73.169 - - [21/Jul/2025:23:27:34 -0300] "GET /pcmypage?callback=/product%2Fdetail%2otakararinks-m-m99417279273 HTTP/1.1" 404 - "-" "Mozilla/5.0 (Linux; Android 6.0.1; Nexus 5X Build/MMB29P) AppleWebKit/537.36 (KHTML, like Gecko) Chrome/137.0.7151.103 Mobile Safari/537.36 (compatible; Googlebot/2.1; +http://www.google.com/bot.html)"
69.197.182.50 - - [21/Jul/2025:23:30:01 -0300] "GET /wp-content/edit.php HTTP/1.1" 404 - "https://vacivitta.com.br/wp-content/edit.php" "Mozilla/5.0 (Windows NT 10.0; Win64; x64) AppleWebKit/537.36 (KHTML, like Gecko) Chrome/58.0.3029.110 Safari/537.3"
78.47.98.55 - - [21/Jul/2025:23:31:02 -0300] "HEAD / HTTP/1.1" 200 - "https://vacivitta.com.br/" "Mozilla/5.0+(compatible; UptimeRobot/2.0; http://www.uptimerobot.com/)"
66.249.73.169 - - [21/Jul/2025:23:35:04 -0300] "GET /pcmypage?callback=product%2Fdetail%2Ffirstnet-trusco-2416064 HTTP/1.1" 404 - "-" "Mozilla/5.0 (Linux; Android 6.0.1; Nexus 5X Build/MMB29P) AppleWebKit/537.36 (KHTML, like Gecko) Chrome/137.0.7151.103 Mobile Safari/537.36 (compatible; Googlebot/2.1; +http://www.google.com/bot.html)"
66.249.73.169 - - [21/Jul/2025:23:35:04 -0300] "GET /pcmypage?callback=product/review/haikanshop-7597568 HTTP/1.1" 404 - "-" "Mozilla/5.0 (Linux; Android 6.0.1; Nexus 5X Build/MMB29P) AppleWebKit/537.36 (KHTML, like Gecko) Chrome/137.0.7151.103 Mobile Safari/537.36 (compatible; Googlebot/2.1; +http://www.google.com/bot.html)"
66.249.73.168 - - [21/Jul/2025:23:35:05 -0300] "GET /items/ahpiq37/839?key=little HTTP/1.1" 404 - "-" "Mozilla/5.0 (Linux; Android 6.0.1; Nexus 5X Build/MMB29P) AppleWebKit/537.36 (KHTML, like Gecko) Chrome/137.0.7151.103 Mobile Safari/537.36 (compatible; Googlebot/2.1; +http://www.google.com/bot.html)"
66.249.73.170 - - [21/Jul/2025:23:35:05 -0300] "GET /pcmypage?callback=product/review/tireshop78-01-np-m26-bb-00197 HTTP/1.1" 404 - "-" "Mozilla/5.0 (Linux; Android 6.0.1; Nexus 5X Build/MMB29P) AppleWebKit/537.36 (KHTML, like Gecko) Chrome/137.0.7151.103 Mobile Safari/537.36 (compatible; Googlebot/2.1; +http://www.google.com/bot.html)"
66.249.73.170 - - [21/Jul/2025:23:36:05 -0300] "GET /pcmypage?callback=product%2Fdetail%2Fsnetstore-coxc-1318 HTTP/1.1" 404 - "-" "Mozilla/5.0 (Linux; Android 6.0.1; Nexus 5X Build/MMB29P) AppleWebKit/537.36 (KHTML, like Gecko) Chrome/137.0.7151.103 Mobile Safari/537.36 (compatible; Googlebot/2.1; +http://www.google.com/bot.html)"
66.249.73.168 - - [21/Jul/2025:23:36:06 -0300] "GET /pcmypage?callback=product/review/sbd-431-0131 HTTP/1.1" 404 - "-" "Mozilla/5.0 (Linux; Android 6.0.1; Nexus 5X Build/MMB29P) AppleWebKit/537.36 (KHTML, like Gecko) Chrome/137.0.7151.103 Mobile Safari/537.36 (compatible; Googlebot/2.1; +http://www.google.com/bot.html)"
66.249.73.169 - - [21/Jul/2025:23:36:06 -0300] "GET /pcmypage?callback=product/review/goldrush-store-clazzio-realleather0787 HTTP/1.1" 404 - "-" "Mozilla/5.0 (Linux; Android 6.0.1; Nexus 5X Build/MMB29P) AppleWebKit/537.36 (KHTML, like Gecko) Chrome/137.0.7151.103 Mobile Safari/537.36 (compatible; Googlebot/2.1; +http://www.google.com/bot.html)"
49.13.164.148 - - [21/Jul/2025:23:36:06 -0300] "HEAD / HTTP/1.1" 200 - "https://vacivitta.com.br/" "Mozilla/5.0+(compatible; UptimeRobot/2.0; http://www.uptimerobot.com/)"
179.232.154.62 - - [21/Jul/2025:23:37:55 -0300] "GET / HTTP/1.1" 200 488 "-" "Mozilla/5.0 (Macintosh; Intel Mac OS X 10_11_1) AppleWebKit/601.2.4 (KHTML, like Gecko) Version/9.0.1 Safari/601.2.4 facebookexternalhit/1.1 Facebot Twitterbot/1.0"
66.249.73.168 - - [21/Jul/2025:23:39:07 -0300] "GET /products/75dq4770 HTTP/1.1" 404 - "-" "Mozilla/5.0 (Linux; Android 6.0.1; Nexus 5X Build/MMB29P) AppleWebKit/537.36 (KHTML, like Gecko) Chrome/137.0.7151.103 Mobile Safari/537.36 (compatible; Googlebot/2.1; +http://www.google.com/bot.html)"
66.249.73.168 - - [21/Jul/2025:23:39:57 -0300] "GET /products/9ik39940 HTTP/1.1" 404 - "-" "Mozilla/5.0 (Linux; Android 6.0.1; Nexus 5X Build/MMB29P) AppleWebKit/537.36 (KHTML, like Gecko) Chrome/137.0.7151.103 Mobile Safari/537.36 (compatible; Googlebot/2.1; +http://www.google.com/bot.html)"
66.249.73.170 - - [21/Jul/2025:23:40:07 -0300] "GET /products/49xc136 HTTP/1.1" 404 - "-" "Mozilla/5.0 (Linux; Android 6.0.1; Nexus 5X Build/MMB29P) AppleWebKit/537.36 (KHTML, like Gecko) Chrome/137.0.7151.103 Mobile Safari/537.36 (compatible; Googlebot/2.1; +http://www.google.com/bot.html)"
66.249.73.169 - - [21/Jul/2025:23:41:04 -0300] "GET /pcmypage?callback=/product%2Fdetail%2Cast-ew-s-cb HTTP/1.1" 404 - "-" "Mozilla/5.0 (Linux; Android 6.0.1; Nexus 5X Build/MMB29P) AppleWebKit/537.36 (KHTML, like Gecko) Chrome/137.0.7151.103 Mobile Safari/537.36 (compatible; Googlebot/2.1; +http://www.google.com/bot.html)"
157.90.156.63 - - [21/Jul/2025:23:41:10 -0300] "HEAD / HTTP/1.1" 200 - "https://vacivitta.com.br/" "Mozilla/5.0+(compatible; UptimeRobot/2.0; http://www.uptimerobot.com/)"
66.249.73.168 - - [21/Jul/2025:23:43:05 -0300] "GET /items/qqtpt232/8718?key=inherit HTTP/1.1" 404 - "-" "Mozilla/5.0 (Linux; Android 6.0.1; Nexus 5X Build/MMB29P) AppleWebKit/537.36 (KHTML, like Gecko) Chrome/137.0.7151.103 Mobile Safari/537.36 (compatible; Googlebot/2.1; +http://www.google.com/bot.html)"
142.132.180.39 - - [21/Jul/2025:23:46:16 -0300] "HEAD / HTTP/1.1" 200 - "https://vacivitta.com.br/" "Mozilla/5.0+(compatible; UptimeRobot/2.0; http://www.uptimerobot.com/)"
66.249.73.169 - - [21/Jul/2025:23:48:05 -0300] "GET /zhHant/product/surugaya/umu-pm0024?campaign_uid=f64d716db5e979ed2f947dbaf4296895b951ae7f HTTP/1.1" 404 - "-" "Mozilla/5.0 (Linux; Android 6.0.1; Nexus 5X Build/MMB29P) AppleWebKit/537.36 (KHTML, like Gecko) Chrome/137.0.7151.103 Mobile Safari/537.36 (compatible; Googlebot/2.1; +http://www.google.com/bot.html)"
66.249.73.169 - - [21/Jul/2025:23:48:05 -0300] "GET /pcmypage?callback=product%2Fdetail%2Ftukishimado5-kof0000260036 HTTP/1.1" 404 - "-" "Mozilla/5.0 (Linux; Android 6.0.1; Nexus 5X Build/MMB29P) AppleWebKit/537.36 (KHTML, like Gecko) Chrome/137.0.7151.103 Mobile Safari/537.36 (compatible; Googlebot/2.1; +http://www.google.com/bot.html)"
168.119.123.75 - - [21/Jul/2025:23:51:19 -0300] "HEAD / HTTP/1.1" 200 - "https://vacivitta.com.br/" "Mozilla/5.0+(compatible; UptimeRobot/2.0; http://www.uptimerobot.com/)"
66.249.73.170 - - [21/Jul/2025:23:56:05 -0300] "GET /items/okpjv74/198?key=sophisticated HTTP/1.1" 404 - "-" "Mozilla/5.0 (Linux; Android 6.0.1; Nexus 5X Build/MMB29P) AppleWebKit/537.36 (KHTML, like Gecko) Chrome/137.0.7151.103 Mobile Safari/537.36 (compatible; Googlebot/2.1; +http://www.google.com/bot.html)"
142.132.180.39 - - [21/Jul/2025:23:56:24 -0300] "HEAD / HTTP/1.1" 200 - "https://vacivitta.com.br/" "Mozilla/5.0+(compatible; UptimeRobot/2.0; http://www.uptimerobot.com/)"
66.249.73.169 - - [21/Jul/2025:23:59:06 -0300] "GET /pcmypage?callback=product%2Fdetail%2Fmogikaitai66-000002192915300 HTTP/1.1" 404 - "-" "Mozilla/5.0 (Linux; Android 6.0.1; Nexus 5X Build/MMB29P) AppleWebKit/537.36 (KHTML, like Gecko) Chrome/137.0.7151.103 Mobile Safari/537.36 (compatible; Googlebot/2.1; +http://www.google.com/bot.html)"
