66.249.73.169 - - [22/Jul/2025:07:34:38 -0300] "GET /pcmypage?callback=product%2Fdetail%2Frosashop-20240212084255-00314 HTTP/1.1" 404 - "-" "Mozilla/5.0 (Linux; Android 6.0.1; Nexus 5X Build/MMB29P) AppleWebKit/537.36 (KHTML, like Gecko) Chrome/137.0.7151.103 Mobile Safari/537.36 (compatible; Googlebot/2.1; +http://www.google.com/bot.html)"
69.197.135.226 - - [22/Jul/2025:07:35:16 -0300] "GET /wp-content/edit.php HTTP/1.1" 404 - "https://vacivitta.com.br/wp-content/edit.php" "Mozilla/5.0 (Windows NT 10.0; Win64; x64) AppleWebKit/537.36 (KHTML, like Gecko) Chrome/58.0.3029.110 Safari/537.3"
66.249.73.169 - - [22/Jul/2025:07:36:38 -0300] "GET /pcmypage?callback=product/review/motoride-187935-742883 HTTP/1.1" 404 - "-" "Mozilla/5.0 (Linux; Android 6.0.1; Nexus 5X Build/MMB29P) AppleWebKit/537.36 (KHTML, like Gecko) Chrome/137.0.7151.103 Mobile Safari/537.36 (compatible; Googlebot/2.1; +http://www.google.com/bot.html)"
128.140.41.193 - - [22/Jul/2025:07:37:36 -0300] "HEAD / HTTP/1.1" 200 - "https://vacivitta.com.br/" "Mozilla/5.0+(compatible; UptimeRobot/2.0; http://www.uptimerobot.com/)"
66.249.73.170 - - [22/Jul/2025:07:38:39 -0300] "GET /pcmypage?callback=/product%2Fdetail%2ssol-shopping-2319923686306 HTTP/1.1" 404 - "-" "Mozilla/5.0 (Linux; Android 6.0.1; Nexus 5X Build/MMB29P) AppleWebKit/537.36 (KHTML, like Gecko) Chrome/137.0.7151.103 Mobile Safari/537.36 (compatible; Googlebot/2.1; +http://www.google.com/bot.html)"
182.253.50.81 - - [22/Jul/2025:07:38:47 -0300] "GET /wp-login.php HTTP/1.1" 404 - "-" "Mozilla/5.0 (Windows NT 6.1; Win64; x64) AppleWebKit/537.36 (KHTML, like Gecko) Chrome/74.0.3729.169 Safari/537.36"
66.249.73.169 - - [22/Jul/2025:07:39:39 -0300] "GET /pcmypage?callback=product%2Fdetail%2Fu-life-500024639 HTTP/1.1" 404 - "-" "Mozilla/5.0 (Linux; Android 6.0.1; Nexus 5X Build/MMB29P) AppleWebKit/537.36 (KHTML, like Gecko) Chrome/137.0.7151.103 Mobile Safari/537.36 (compatible; Googlebot/2.1; +http://www.google.com/bot.html)"
66.249.73.170 - - [22/Jul/2025:07:41:58 -0300] "GET /pcmypage?callback=/product%2Fdetail%2Allier-store-aus-1185-1083 HTTP/1.1" 404 - "-" "Mozilla/5.0 (Linux; Android 6.0.1; Nexus 5X Build/MMB29P) AppleWebKit/537.36 (KHTML, like Gecko) Chrome/137.0.7151.103 Mobile Safari/537.36 (compatible; Googlebot/2.1; +http://www.google.com/bot.html)"
159.69.158.189 - - [22/Jul/2025:07:42:41 -0300] "HEAD / HTTP/1.1" 200 - "https://vacivitta.com.br/" "Mozilla/5.0+(compatible; UptimeRobot/2.0; http://www.uptimerobot.com/)"
74.125.213.6 - - [22/Jul/2025:07:42:59 -0300] "GET /.well-known/traffic-advice HTTP/1.1" 404 - "-" "Chrome Privacy Preserving Prefetch Proxy"
193.186.4.237 - - [22/Jul/2025:07:43:00 -0300] "GET / HTTP/1.1" 200 488 "https://www.google.com/" "Mozilla/5.0 (Windows NT 10.0; Win64; x64) AppleWebKit/537.36 (KHTML, like Gecko) Chrome/137.0.0.0 Safari/537.36"
66.249.73.169 - - [22/Jul/2025:07:43:58 -0300] "GET /items/pxhqx63/251?key=economy HTTP/1.1" 404 - "-" "Mozilla/5.0 (Linux; Android 6.0.1; Nexus 5X Build/MMB29P) AppleWebKit/537.36 (KHTML, like Gecko) Chrome/137.0.7151.103 Mobile Safari/537.36 (compatible; Googlebot/2.1; +http://www.google.com/bot.html)"
66.249.73.169 - - [22/Jul/2025:07:45:00 -0300] "GET /pcmypage?callback=/product%2Fdetail%2gre-177736639 HTTP/1.1" 404 - "-" "Mozilla/5.0 (Linux; Android 6.0.1; Nexus 5X Build/MMB29P) AppleWebKit/537.36 (KHTML, like Gecko) Chrome/137.0.7151.103 Mobile Safari/537.36 (compatible; Googlebot/2.1; +http://www.google.com/bot.html)"
66.249.73.169 - - [22/Jul/2025:07:47:00 -0300] "GET /products/78cw369 HTTP/1.1" 404 - "-" "Mozilla/5.0 (Linux; Android 6.0.1; Nexus 5X Build/MMB29P) AppleWebKit/537.36 (KHTML, like Gecko) Chrome/137.0.7151.103 Mobile Safari/537.36 (compatible; Googlebot/2.1; +http://www.google.com/bot.html)"
168.119.53.160 - - [22/Jul/2025:07:47:44 -0300] "HEAD / HTTP/1.1" 200 - "https://vacivitta.com.br/" "Mozilla/5.0+(compatible; UptimeRobot/2.0; http://www.uptimerobot.com/)"
66.249.73.170 - - [22/Jul/2025:07:48:00 -0300] "GET /pcmypage?callback=product/review/koalucky-usdm-5123-4846 HTTP/1.1" 404 - "-" "Mozilla/5.0 (Linux; Android 6.0.1; Nexus 5X Build/MMB29P) AppleWebKit/537.36 (KHTML, like Gecko) Chrome/137.0.7151.103 Mobile Safari/537.36 (compatible; Googlebot/2.1; +http://www.google.com/bot.html)"
66.249.73.169 - - [22/Jul/2025:07:49:00 -0300] "GET /pcmypage?callback=/product%2Fdetail%2Etotvil2-20240221075541-00392 HTTP/1.1" 404 - "-" "Mozilla/5.0 (Linux; Android 6.0.1; Nexus 5X Build/MMB29P) AppleWebKit/537.36 (KHTML, like Gecko) Chrome/137.0.7151.103 Mobile Safari/537.36 (compatible; Googlebot/2.1; +http://www.google.com/bot.html)"
204.12.252.98 - - [22/Jul/2025:07:50:11 -0300] "GET /wp-content/edit.php HTTP/1.1" 404 - "https://vacivitta.com.br/wp-content/edit.php" "Mozilla/5.0 (Windows NT 10.0; Win64; x64) AppleWebKit/537.36 (KHTML, like Gecko) Chrome/58.0.3029.110 Safari/537.3"
4.197.212.192 - - [22/Jul/2025:07:50:39 -0300] "GET /wp-content/plugins/hellopress/wp_filemanager.php HTTP/1.1" 404 - "-" "-"
4.197.212.192 - - [22/Jul/2025:07:50:39 -0300] "GET /wp-includes/Text/network.php HTTP/1.1" 404 - "-" "-"
4.197.212.192 - - [22/Jul/2025:07:50:39 -0300] "GET /wp-content/upgrade-temp-backup/wp-login.php HTTP/1.1" 404 - "-" "-"
4.197.212.192 - - [22/Jul/2025:07:50:40 -0300] "GET /js/fm.php HTTP/1.1" 404 - "-" "-"
4.197.212.192 - - [22/Jul/2025:07:50:40 -0300] "GET /wp-content/themes/astra/inc/ki1k.php HTTP/1.1" 404 - "-" "-"
4.197.212.192 - - [22/Jul/2025:07:50:40 -0300] "GET /WordPress/wp-admin/includes/zmFM.php HTTP/1.1" 404 - "-" "-"
4.197.212.192 - - [22/Jul/2025:07:50:41 -0300] "GET /default.php HTTP/1.1" 404 - "-" "-"
4.197.212.192 - - [22/Jul/2025:07:50:41 -0300] "GET /ty.php HTTP/1.1" 404 - "-" "-"
4.197.212.192 - - [22/Jul/2025:07:50:41 -0300] "GET /wp-content/themes/cay-van-phong/filemanager.php HTTP/1.1" 404 - "-" "-"
4.197.212.192 - - [22/Jul/2025:07:50:42 -0300] "GET /fm.php HTTP/1.1" 404 - "-" "-"
4.197.212.192 - - [22/Jul/2025:07:50:42 -0300] "GET /wp-content/plugins/seoplugins/index.php HTTP/1.1" 404 - "-" "-"
4.197.212.192 - - [22/Jul/2025:07:50:42 -0300] "GET /ini.php HTTP/1.1" 404 - "-" "-"
4.197.212.192 - - [22/Jul/2025:07:50:43 -0300] "GET /libraries/legacy/info.php HTTP/1.1" 404 - "-" "-"
4.197.212.192 - - [22/Jul/2025:07:50:43 -0300] "GET /wp-content/themes/include.php HTTP/1.1" 404 - "-" "-"
4.197.212.192 - - [22/Jul/2025:07:50:43 -0300] "GET /wp-admin/network/about.php HTTP/1.1" 404 - "-" "-"
4.197.212.192 - - [22/Jul/2025:07:50:44 -0300] "GET /alfa.php HTTP/1.1" 404 - "-" "-"
4.197.212.192 - - [22/Jul/2025:07:50:44 -0300] "GET /wp-mail.php/wp-includes/ID3/rk2.php HTTP/1.1" 404 - "-" "-"
4.197.212.192 - - [22/Jul/2025:07:50:44 -0300] "GET /assets/images/28c5400b0b.php HTTP/1.1" 404 - "-" "-"
4.197.212.192 - - [22/Jul/2025:07:50:45 -0300] "GET /wordpress/wp-includes/wp-config-sample.php HTTP/1.1" 404 - "-" "-"
4.197.212.192 - - [22/Jul/2025:07:50:45 -0300] "GET /wp-mail.php/wp-includes/ID3/.info.php HTTP/1.1" 404 - "-" "-"
4.197.212.192 - - [22/Jul/2025:07:50:45 -0300] "GET /wp-includes/Text/Diff/Engine/about.php HTTP/1.1" 404 - "-" "-"
4.197.212.192 - - [22/Jul/2025:07:50:46 -0300] "GET /wp-includes/js/tinymce/skins/lightgray/img/about.php HTTP/1.1" 404 - "-" "-"
4.197.212.192 - - [22/Jul/2025:07:50:46 -0300] "GET /wp-includes/block-supports/autoload_classmap.php HTTP/1.1" 404 - "-" "-"
4.197.212.192 - - [22/Jul/2025:07:50:46 -0300] "GET /wp-content/uploads/classwithtostring.php HTTP/1.1" 404 - "-" "-"
4.197.212.192 - - [22/Jul/2025:07:50:47 -0300] "GET /wp-admin/images/install.php HTTP/1.1" 404 - "-" "-"
4.197.212.192 - - [22/Jul/2025:07:50:47 -0300] "GET /.well-known/link.php HTTP/1.1" 404 - "-" "-"
4.197.212.192 - - [22/Jul/2025:07:50:47 -0300] "GET /wp-admin/chosen.php HTTP/1.1" 404 - "-" "-"
4.197.212.192 - - [22/Jul/2025:07:50:48 -0300] "GET /info.php HTTP/1.1" 404 - "-" "-"
4.197.212.192 - - [22/Jul/2025:07:50:48 -0300] "GET /wp-includes/assets/about.php HTTP/1.1" 404 - "-" "-"
4.197.212.192 - - [22/Jul/2025:07:50:49 -0300] "GET /test.php HTTP/1.1" 404 - "-" "-"
4.197.212.192 - - [22/Jul/2025:07:50:49 -0300] "GET /wp-admin/css/colors/ectoplasm/wp-login.php HTTP/1.1" 404 - "-" "-"
4.197.212.192 - - [22/Jul/2025:07:50:49 -0300] "GET /Assets/item.php HTTP/1.1" 404 - "-" "-"
4.197.212.192 - - [22/Jul/2025:07:50:50 -0300] "GET /shop/lock.php HTTP/1.1" 404 - "-" "-"
4.197.212.192 - - [22/Jul/2025:07:50:50 -0300] "GET /th/plugins/phpThumb/404.php HTTP/1.1" 404 - "-" "-"
4.197.212.192 - - [22/Jul/2025:07:50:50 -0300] "GET /wp-includes/css/dist/preferences/index.php HTTP/1.1" 404 - "-" "-"
4.197.212.192 - - [22/Jul/2025:07:50:51 -0300] "GET /files/log.php HTTP/1.1" 404 - "-" "-"
4.197.212.192 - - [22/Jul/2025:07:50:51 -0300] "GET /wp-includes/html-api/index.php HTTP/1.1" 404 - "-" "-"
4.197.212.192 - - [22/Jul/2025:07:50:51 -0300] "GET /x.php HTTP/1.1" 404 - "-" "-"
4.197.212.192 - - [22/Jul/2025:07:50:52 -0300] "GET /wp-includes/assets/index.php HTTP/1.1" 404 - "-" "-"
4.197.212.192 - - [22/Jul/2025:07:50:52 -0300] "GET /wp-includes/block-patterns/vuln.php HTTP/1.1" 404 - "-" "-"
4.197.212.192 - - [22/Jul/2025:07:50:52 -0300] "GET /wp-includes/rest-api/fields/index.php HTTP/1.1" 404 - "-" "-"
4.197.212.192 - - [22/Jul/2025:07:50:53 -0300] "GET /wp-includes/images/media/wp-login.php HTTP/1.1" 404 - "-" "-"
4.197.212.192 - - [22/Jul/2025:07:50:53 -0300] "GET /wp-content/uploads/autoload_classmap.php HTTP/1.1" 404 - "-" "-"
4.197.212.192 - - [22/Jul/2025:07:50:53 -0300] "GET /images/404.php HTTP/1.1" 404 - "-" "-"
4.197.212.192 - - [22/Jul/2025:07:50:54 -0300] "GET /wp-content/languages/asus.php HTTP/1.1" 404 - "-" "-"
4.197.212.192 - - [22/Jul/2025:07:50:54 -0300] "GET /admin.php HTTP/1.1" 404 - "-" "-"
4.197.212.192 - - [22/Jul/2025:07:50:54 -0300] "GET /wp-content/plugins/wp-login.php HTTP/1.1" 404 - "-" "-"
4.197.212.192 - - [22/Jul/2025:07:50:55 -0300] "GET /12wudscz.php HTTP/1.1" 404 - "-" "-"
4.197.212.192 - - [22/Jul/2025:07:50:55 -0300] "GET /wp-content/themes/wp-pridmag/admin.php HTTP/1.1" 404 - "-" "-"
4.197.212.192 - - [22/Jul/2025:07:50:55 -0300] "GET /wp-includes/Text/wp-conflg.php HTTP/1.1" 404 - "-" "-"
4.197.212.192 - - [22/Jul/2025:07:50:56 -0300] "GET /wp-content/plugins/background-image-cropper/plugins.php HTTP/1.1" 404 - "-" "-"
4.197.212.192 - - [22/Jul/2025:07:50:56 -0300] "GET /classwithtostring.php HTTP/1.1" 404 - "-" "-"
4.197.212.192 - - [22/Jul/2025:07:50:56 -0300] "GET /wp-includes/Text/Diff/Renderer/wp-login.php HTTP/1.1" 404 - "-" "-"
4.197.212.192 - - [22/Jul/2025:07:50:57 -0300] "GET /wp-admin/images/users.php HTTP/1.1" 404 - "-" "-"
4.197.212.192 - - [22/Jul/2025:07:50:57 -0300] "GET /wp-includes/rest-api/endpoints/index.php HTTP/1.1" 404 - "-" "-"
4.197.212.192 - - [22/Jul/2025:07:50:57 -0300] "GET /wp-includes/random_compat/about.php HTTP/1.1" 404 - "-" "-"
4.197.212.192 - - [22/Jul/2025:07:50:58 -0300] "GET /index/about.php HTTP/1.1" 404 - "-" "-"
4.197.212.192 - - [22/Jul/2025:07:50:58 -0300] "GET /manager.php HTTP/1.1" 404 - "-" "-"
4.197.212.192 - - [22/Jul/2025:07:50:59 -0300] "GET /wp-admin/user/content.php HTTP/1.1" 404 - "-" "-"
4.197.212.192 - - [22/Jul/2025:07:50:59 -0300] "GET /modules/mod_simplefileuploadv1.3/elements/filemanager.php HTTP/1.1" 404 - "-" "-"
4.197.212.192 - - [22/Jul/2025:07:50:59 -0300] "GET /about/function.php HTTP/1.1" 404 - "-" "-"
4.197.212.192 - - [22/Jul/2025:07:51:00 -0300] "GET /wp-content/plugins/wp.php HTTP/1.1" 404 - "-" "-"
4.197.212.192 - - [22/Jul/2025:07:51:00 -0300] "GET /wp-admin/includes/index.php HTTP/1.1" 404 - "-" "-"
4.197.212.192 - - [22/Jul/2025:07:51:00 -0300] "GET /wp-includes/SimplePie/Cache/content.php HTTP/1.1" 404 - "-" "-"
66.249.73.170 - - [22/Jul/2025:07:51:00 -0300] "GET /product/edit/sjg-f-to17-fgrpark-00004 HTTP/1.1" 404 - "-" "Mozilla/5.0 (Linux; Android 6.0.1; Nexus 5X Build/MMB29P) AppleWebKit/537.36 (KHTML, like Gecko) Chrome/137.0.7151.103 Mobile Safari/537.36 (compatible; Googlebot/2.1; +http://www.google.com/bot.html)"
4.197.212.192 - - [22/Jul/2025:07:51:01 -0300] "GET /wp-content/themes/xmrlpc.php HTTP/1.1" 404 - "-" "-"
4.197.212.192 - - [22/Jul/2025:07:51:01 -0300] "GET /wp-includes/js/wp-login.php HTTP/1.1" 404 - "-" "-"
4.197.212.192 - - [22/Jul/2025:07:51:01 -0300] "GET /wp-mail.php/wp-includes/ID3/taptap-null.php HTTP/1.1" 404 - "-" "-"
66.249.73.169 - - [22/Jul/2025:07:51:01 -0300] "GET /products/203lu44626 HTTP/1.1" 404 - "-" "Mozilla/5.0 (Linux; Android 6.0.1; Nexus 5X Build/MMB29P) AppleWebKit/537.36 (KHTML, like Gecko) Chrome/137.0.7151.103 Mobile Safari/537.36 (compatible; Googlebot/2.1; +http://www.google.com/bot.html)"
4.197.212.192 - - [22/Jul/2025:07:51:02 -0300] "GET /.well-known/as.php HTTP/1.1" 404 - "-" "-"
4.197.212.192 - - [22/Jul/2025:07:51:02 -0300] "GET /wp-includes/customize/wp-login.php HTTP/1.1" 404 - "-" "-"
4.197.212.192 - - [22/Jul/2025:07:51:02 -0300] "GET /.well-known/lv.php HTTP/1.1" 404 - "-" "-"
4.197.212.192 - - [22/Jul/2025:07:51:03 -0300] "GET /themes.php HTTP/1.1" 404 - "-" "-"
4.197.212.192 - - [22/Jul/2025:07:51:03 -0300] "GET /wp-content/plugins/duplicator/assets/about.php HTTP/1.1" 404 - "-" "-"
4.197.212.192 - - [22/Jul/2025:07:51:04 -0300] "GET /wp-admin/network/upfile.php HTTP/1.1" 404 - "-" "-"
4.197.212.192 - - [22/Jul/2025:07:51:04 -0300] "GET /wp-content/plugins/index.php HTTP/1.1" 404 - "-" "-"
4.197.212.192 - - [22/Jul/2025:07:51:04 -0300] "GET /wp-includes/sitemaps/providers/about.php HTTP/1.1" 404 - "-" "-"
4.197.212.192 - - [22/Jul/2025:07:51:05 -0300] "GET /wp-content/upgrade/autoload_classmap.php HTTP/1.1" 404 - "-" "-"
4.197.212.192 - - [22/Jul/2025:07:51:05 -0300] "GET /images/cjfuns.php HTTP/1.1" 404 - "-" "-"
4.197.212.192 - - [22/Jul/2025:07:51:05 -0300] "GET /wp-includes/sodium_compat/src/content.php HTTP/1.1" 404 - "-" "-"
4.197.212.192 - - [22/Jul/2025:07:51:06 -0300] "GET /wp-includes/rest-api/admin.php HTTP/1.1" 404 - "-" "-"
4.197.212.192 - - [22/Jul/2025:07:51:06 -0300] "GET /wp-includes/js/crop/zmFM.php HTTP/1.1" 404 - "-" "-"
4.197.212.192 - - [22/Jul/2025:07:51:06 -0300] "GET /wp-2019.php HTTP/1.1" 404 - "-" "-"
4.197.212.192 - - [22/Jul/2025:07:51:07 -0300] "GET /wp-includes/js/about.php HTTP/1.1" 404 - "-" "-"
4.197.212.192 - - [22/Jul/2025:07:51:07 -0300] "GET /wp-content/plugin.php HTTP/1.1" 404 - "-" "-"
4.197.212.192 - - [22/Jul/2025:07:51:07 -0300] "GET /wp-admin/js/widgets/xmrlpc.php HTTP/1.1" 404 - "-" "-"
4.197.212.192 - - [22/Jul/2025:07:51:08 -0300] "GET /wp-configs.php HTTP/1.1" 404 - "-" "-"
4.197.212.192 - - [22/Jul/2025:07:51:08 -0300] "GET /wp-includes/Text/wp.php HTTP/1.1" 404 - "-" "-"
4.197.212.192 - - [22/Jul/2025:07:51:08 -0300] "GET /inputs.php HTTP/1.1" 404 - "-" "-"
4.197.212.192 - - [22/Jul/2025:07:51:09 -0300] "GET /wp-includes/block-supports/about.php HTTP/1.1" 404 - "-" "-"
4.197.212.192 - - [22/Jul/2025:07:51:09 -0300] "GET /wp-admin/network/chosen.php HTTP/1.1" 404 - "-" "-"
4.197.212.192 - - [22/Jul/2025:07:51:09 -0300] "GET /wp-includes/images/chosen.php HTTP/1.1" 404 - "-" "-"
4.197.212.192 - - [22/Jul/2025:07:51:10 -0300] "GET /.well-known/acme-challenge/parx.php HTTP/1.1" 404 - "-" "-"
4.197.212.192 - - [22/Jul/2025:07:51:10 -0300] "GET /wp-includes/sodium_compat/src/Core32/Curve25519/Ge/about.php HTTP/1.1" 404 - "-" "-"
4.197.212.192 - - [22/Jul/2025:07:51:10 -0300] "GET /index/function.php HTTP/1.1" 404 - "-" "-"
4.197.212.192 - - [22/Jul/2025:07:51:11 -0300] "GET /css.php HTTP/1.1" 404 - "-" "-"
4.197.212.192 - - [22/Jul/2025:07:51:11 -0300] "GET /wp-content/languages/index.php HTTP/1.1" 404 - "-" "-"
4.197.212.192 - - [22/Jul/2025:07:51:11 -0300] "GET /network.php HTTP/1.1" 404 - "-" "-"
4.197.212.192 - - [22/Jul/2025:07:51:12 -0300] "GET /wp-admin/css/colors/blue/wp-login.php HTTP/1.1" 404 - "-" "-"
4.197.212.192 - - [22/Jul/2025:07:51:12 -0300] "GET /admin/fckeditor/editor/filemanager/updates.php HTTP/1.1" 404 - "-" "-"
4.197.212.192 - - [22/Jul/2025:07:51:12 -0300] "GET /wp-content/uploads/file.php HTTP/1.1" 404 - "-" "-"
66.249.73.170 - - [22/Jul/2025:07:52:02 -0300] "GET /items/zpizn95/40123?key=subject HTTP/1.1" 404 - "-" "Mozilla/5.0 (Linux; Android 6.0.1; Nexus 5X Build/MMB29P) AppleWebKit/537.36 (KHTML, like Gecko) Chrome/137.0.7151.103 Mobile Safari/537.36 (compatible; Googlebot/2.1; +http://www.google.com/bot.html)"
157.90.156.63 - - [22/Jul/2025:07:52:48 -0300] "HEAD / HTTP/1.1" 200 - "https://vacivitta.com.br/" "Mozilla/5.0+(compatible; UptimeRobot/2.0; http://www.uptimerobot.com/)"
66.249.73.169 - - [22/Jul/2025:07:54:02 -0300] "GET /items/hwnsk290/19816?key=shallow HTTP/1.1" 404 - "-" "Mozilla/5.0 (Linux; Android 6.0.1; Nexus 5X Build/MMB29P) AppleWebKit/537.36 (KHTML, like Gecko) Chrome/137.0.7151.103 Mobile Safari/537.36 (compatible; Googlebot/2.1; +http://www.google.com/bot.html)"
208.110.64.178 - - [22/Jul/2025:07:55:18 -0300] "GET /wp-content/edit.php HTTP/1.1" 404 - "https://vacivitta.com.br/wp-content/edit.php" "Mozilla/5.0 (Windows NT 10.0; Win64; x64) AppleWebKit/537.36 (KHTML, like Gecko) Chrome/58.0.3029.110 Safari/537.3"
66.249.73.170 - - [22/Jul/2025:07:56:02 -0300] "GET /pcmypage?callback=/product%2Fdetail%2Carport-maluzen-set-12125760 HTTP/1.1" 404 - "-" "Mozilla/5.0 (Linux; Android 6.0.1; Nexus 5X Build/MMB29P) AppleWebKit/537.36 (KHTML, like Gecko) Chrome/137.0.7151.103 Mobile Safari/537.36 (compatible; Googlebot/2.1; +http://www.google.com/bot.html)"
157.90.155.240 - - [22/Jul/2025:07:57:52 -0300] "HEAD / HTTP/1.1" 200 - "https://vacivitta.com.br/" "Mozilla/5.0+(compatible; UptimeRobot/2.0; http://www.uptimerobot.com/)"
66.249.73.168 - - [22/Jul/2025:07:58:02 -0300] "GET /product/edit/treasure-one-company-rgr-gld-1880-1145-22550-k127 HTTP/1.1" 404 - "-" "Mozilla/5.0 (Linux; Android 6.0.1; Nexus 5X Build/MMB29P) AppleWebKit/537.36 (KHTML, like Gecko) Chrome/137.0.7151.103 Mobile Safari/537.36 (compatible; Googlebot/2.1; +http://www.google.com/bot.html)"
66.249.73.170 - - [22/Jul/2025:07:59:02 -0300] "GET /pcmypage?callback=/product%2Fdetail%2maniacs-shop-pd-01525492 HTTP/1.1" 404 - "-" "Mozilla/5.0 (Linux; Android 6.0.1; Nexus 5X Build/MMB29P) AppleWebKit/537.36 (KHTML, like Gecko) Chrome/137.0.7151.103 Mobile Safari/537.36 (compatible; Googlebot/2.1; +http://www.google.com/bot.html)"
66.249.73.169 - - [22/Jul/2025:08:01:03 -0300] "GET /pcmypage?callback=product/review/life-time-5k0190ges5 HTTP/1.1" 404 - "-" "Mozilla/5.0 (Linux; Android 6.0.1; Nexus 5X Build/MMB29P) AppleWebKit/537.36 (KHTML, like Gecko) Chrome/137.0.7151.103 Mobile Safari/537.36 (compatible; Googlebot/2.1; +http://www.google.com/bot.html)"
213.136.84.241 - - [22/Jul/2025:08:02:12 -0300] "GET /.git/config HTTP/1.1" 503 - "-" "Mozilla/5.0 (Kubuntu; Linux x86_64; rv:120.0) Gecko/20100101 Firefox/120.0"
168.119.123.75 - - [22/Jul/2025:08:02:56 -0300] "HEAD / HTTP/1.1" 200 - "https://vacivitta.com.br/" "Mozilla/5.0+(compatible; UptimeRobot/2.0; http://www.uptimerobot.com/)"
66.249.73.170 - - [22/Jul/2025:08:03:02 -0300] "GET /products/177zt11466 HTTP/1.1" 404 - "-" "Mozilla/5.0 (Linux; Android 6.0.1; Nexus 5X Build/MMB29P) AppleWebKit/537.36 (KHTML, like Gecko) Chrome/137.0.7151.103 Mobile Safari/537.36 (compatible; Googlebot/2.1; +http://www.google.com/bot.html)"
213.136.84.241 - - [22/Jul/2025:08:03:02 -0300] "GET /.git/config HTTP/1.1" 404 - "-" "Mozilla/5.0 (Macintosh, Intel Mac OS X 10_15_7) AppleWebKit/605.1.15 (KHTML, like Gecko) Version/16.6.1 Safari/605.1.15"
66.249.73.170 - - [22/Jul/2025:08:03:04 -0300] "GET /product/edit/oregairu-kobo-20211201174515-00988us HTTP/1.1" 404 - "-" "Mozilla/5.0 (Linux; Android 6.0.1; Nexus 5X Build/MMB29P) AppleWebKit/537.36 (KHTML, like Gecko) Chrome/137.0.7151.103 Mobile Safari/537.36 (compatible; Googlebot/2.1; +http://www.google.com/bot.html)"
66.249.73.170 - - [22/Jul/2025:08:05:04 -0300] "GET /zhHant/product/surugaya/tire1ban-4643-p4?campaign_uid=f64d716db5e979ed2f947dbaf4296895b951ae7f HTTP/1.1" 404 - "-" "Mozilla/5.0 (Linux; Android 6.0.1; Nexus 5X Build/MMB29P) AppleWebKit/537.36 (KHTML, like Gecko) Chrome/137.0.7151.103 Mobile Safari/537.36 (compatible; Googlebot/2.1; +http://www.google.com/bot.html)"
173.252.83.115 - - [22/Jul/2025:08:06:52 -0300] "GET /robots.txt HTTP/1.1" 404 - "-" "facebookexternalhit/1.1 (+http://www.facebook.com/externalhit_uatext.php)"
173.252.83.10 - - [22/Jul/2025:08:06:53 -0300] "GET / HTTP/1.1" 200 488 "-" "facebookexternalhit/1.1 (+http://www.facebook.com/externalhit_uatext.php)"
66.249.73.170 - - [22/Jul/2025:08:07:04 -0300] "GET /product/edit/kouguyasan-niig-151159 HTTP/1.1" 404 - "-" "Mozilla/5.0 (Linux; Android 6.0.1; Nexus 5X Build/MMB29P) AppleWebKit/537.36 (KHTML, like Gecko) Chrome/137.0.7151.103 Mobile Safari/537.36 (compatible; Googlebot/2.1; +http://www.google.com/bot.html)"
69.197.182.50 - - [22/Jul/2025:08:07:26 -0300] "GET /wp-content/edit.php HTTP/1.1" 404 - "https://vacivitta.com.br/wp-content/edit.php" "Mozilla/5.0 (Windows NT 10.0; Win64; x64) AppleWebKit/537.36 (KHTML, like Gecko) Chrome/58.0.3029.110 Safari/537.3"
49.13.130.29 - - [22/Jul/2025:08:07:59 -0300] "HEAD / HTTP/1.1" 200 - "https://vacivitta.com.br/" "Mozilla/5.0+(compatible; UptimeRobot/2.0; http://www.uptimerobot.com/)"
66.249.73.169 - - [22/Jul/2025:08:08:04 -0300] "GET /items/uhagt219/11161?key=hungry HTTP/1.1" 404 - "-" "Mozilla/5.0 (Linux; Android 6.0.1; Nexus 5X Build/MMB29P) AppleWebKit/537.36 (KHTML, like Gecko) Chrome/137.0.7151.103 Mobile Safari/537.36 (compatible; Googlebot/2.1; +http://www.google.com/bot.html)"
66.249.73.168 - - [22/Jul/2025:08:10:05 -0300] "GET /pcmypage?callback=product/review/e-hakaru-465-1171 HTTP/1.1" 404 - "-" "Mozilla/5.0 (Linux; Android 6.0.1; Nexus 5X Build/MMB29P) AppleWebKit/537.36 (KHTML, like Gecko) Chrome/137.0.7151.103 Mobile Safari/537.36 (compatible; Googlebot/2.1; +http://www.google.com/bot.html)"
213.180.203.167 - - [22/Jul/2025:08:10:24 -0300] "GET /robots.txt HTTP/1.1" 404 - "-" "Mozilla/5.0 (compatible; YandexBot/3.0; +http://yandex.com/bots)"
5.255.231.187 - - [22/Jul/2025:08:10:25 -0300] "GET /acessocorporativo-ype/ HTTP/1.1" 404 - "-" "Mozilla/5.0 (compatible; YandexBot/3.0; +http://yandex.com/bots)"
57.141.2.14 - - [22/Jul/2025:08:11:37 -0300] "GET /2023/12/07/como-conservar-congelar-e-descongelar-leite-materno/ HTTP/1.1" 404 - "-" "meta-externalagent/1.1 (+https://developers.facebook.com/docs/sharing/webmasters/crawler)"
66.249.73.170 - - [22/Jul/2025:08:12:05 -0300] "GET /pcmypage?callback=product/review/nanos-4560101370311 HTTP/1.1" 404 - "-" "Mozilla/5.0 (Linux; Android 6.0.1; Nexus 5X Build/MMB29P) AppleWebKit/537.36 (KHTML, like Gecko) Chrome/137.0.7151.103 Mobile Safari/537.36 (compatible; Googlebot/2.1; +http://www.google.com/bot.html)"
49.13.130.29 - - [22/Jul/2025:08:13:03 -0300] "HEAD / HTTP/1.1" 200 - "https://vacivitta.com.br/" "Mozilla/5.0+(compatible; UptimeRobot/2.0; http://www.uptimerobot.com/)"
66.249.73.169 - - [22/Jul/2025:08:13:10 -0300] "GET /items/ghgpv211/17917?key=prayer HTTP/1.1" 404 - "-" "Mozilla/5.0 (Linux; Android 6.0.1; Nexus 5X Build/MMB29P) AppleWebKit/537.36 (KHTML, like Gecko) Chrome/137.0.7151.103 Mobile Safari/537.36 (compatible; Googlebot/2.1; +http://www.google.com/bot.html)"
66.249.73.169 - - [22/Jul/2025:08:15:11 -0300] "GET /items/nugyq50/17112?key=frequently HTTP/1.1" 404 - "-" "Mozilla/5.0 (Linux; Android 6.0.1; Nexus 5X Build/MMB29P) AppleWebKit/537.36 (KHTML, like Gecko) Chrome/137.0.7151.103 Mobile Safari/537.36 (compatible; Googlebot/2.1; +http://www.google.com/bot.html)"
66.249.73.170 - - [22/Jul/2025:08:17:11 -0300] "GET /pcmypage?callback=product/review/justparts-tb001s-1455-1004-17565-ec202l HTTP/1.1" 404 - "-" "Mozilla/5.0 (Linux; Android 6.0.1; Nexus 5X Build/MMB29P) AppleWebKit/537.36 (KHTML, like Gecko) Chrome/137.0.7151.103 Mobile Safari/537.36 (compatible; Googlebot/2.1; +http://www.google.com/bot.html)"
66.249.73.169 - - [22/Jul/2025:08:17:12 -0300] "GET /items/xnsow128/26658?key=inspire HTTP/1.1" 404 - "-" "Mozilla/5.0 (Linux; Android 6.0.1; Nexus 5X Build/MMB29P) AppleWebKit/537.36 (KHTML, like Gecko) Chrome/137.0.7151.103 Mobile Safari/537.36 (compatible; Googlebot/2.1; +http://www.google.com/bot.html)"
168.119.123.75 - - [22/Jul/2025:08:18:06 -0300] "HEAD / HTTP/1.1" 200 - "https://vacivitta.com.br/" "Mozilla/5.0+(compatible; UptimeRobot/2.0; http://www.uptimerobot.com/)"
66.249.73.168 - - [22/Jul/2025:08:19:12 -0300] "GET /items/tjpkq52/820?key=ruin HTTP/1.1" 404 - "-" "Mozilla/5.0 (Linux; Android 6.0.1; Nexus 5X Build/MMB29P) AppleWebKit/537.36 (KHTML, like Gecko) Chrome/137.0.7151.103 Mobile Safari/537.36 (compatible; Googlebot/2.1; +http://www.google.com/bot.html)"
66.249.73.168 - - [22/Jul/2025:08:21:12 -0300] "GET /product/edit/ko-ichiro-idf11e-20 HTTP/1.1" 404 - "-" "Mozilla/5.0 (Linux; Android 6.0.1; Nexus 5X Build/MMB29P) AppleWebKit/537.36 (KHTML, like Gecko) Chrome/137.0.7151.103 Mobile Safari/537.36 (compatible; Googlebot/2.1; +http://www.google.com/bot.html)"
66.249.73.170 - - [22/Jul/2025:08:22:12 -0300] "GET /pcmypage?callback=product/review/karumia-store-k-b07kp7wqwb HTTP/1.1" 404 - "-" "Mozilla/5.0 (Linux; Android 6.0.1; Nexus 5X Build/MMB29P) AppleWebKit/537.36 (KHTML, like Gecko) Chrome/137.0.7151.103 Mobile Safari/537.36 (compatible; Googlebot/2.1; +http://www.google.com/bot.html)"
159.69.158.189 - - [22/Jul/2025:08:23:10 -0300] "HEAD / HTTP/1.1" 200 - "https://vacivitta.com.br/" "Mozilla/5.0+(compatible; UptimeRobot/2.0; http://www.uptimerobot.com/)"
66.249.73.168 - - [22/Jul/2025:08:23:13 -0300] "GET /products/223fj43966 HTTP/1.1" 404 - "-" "Mozilla/5.0 (Linux; Android 6.0.1; Nexus 5X Build/MMB29P) AppleWebKit/537.36 (KHTML, like Gecko) Chrome/137.0.7151.103 Mobile Safari/537.36 (compatible; Googlebot/2.1; +http://www.google.com/bot.html)"
44.243.222.194 - - [22/Jul/2025:08:24:03 -0300] "GET / HTTP/1.1" 200 488 "-" "Mozilla/5.0 (Windows NT 10.0; Win64; x64) AppleWebKit/537.36 (KHTML, like Gecko) Chrome/113.0.0.0 Safari/537.36"
66.249.73.169 - - [22/Jul/2025:08:24:13 -0300] "GET /items/ngoia129/29345?key=fit HTTP/1.1" 404 - "-" "Mozilla/5.0 (Linux; Android 6.0.1; Nexus 5X Build/MMB29P) AppleWebKit/537.36 (KHTML, like Gecko) Chrome/137.0.7151.103 Mobile Safari/537.36 (compatible; Googlebot/2.1; +http://www.google.com/bot.html)"
66.249.73.169 - - [22/Jul/2025:08:25:13 -0300] "GET /pcmypage?callback=/product%2Fdetail%2tt-st-jhac31a17ae68 HTTP/1.1" 404 - "-" "Mozilla/5.0 (Linux; Android 6.0.1; Nexus 5X Build/MMB29P) AppleWebKit/537.36 (KHTML, like Gecko) Chrome/137.0.7151.103 Mobile Safari/537.36 (compatible; Googlebot/2.1; +http://www.google.com/bot.html)"
66.249.73.168 - - [22/Jul/2025:08:26:14 -0300] "GET /pcmypage?callback=product/review/hirochi3-4538792866161 HTTP/1.1" 404 - "-" "Mozilla/5.0 (Linux; Android 6.0.1; Nexus 5X Build/MMB29P) AppleWebKit/537.36 (KHTML, like Gecko) Chrome/137.0.7151.103 Mobile Safari/537.36 (compatible; Googlebot/2.1; +http://www.google.com/bot.html)"
69.197.182.50 - - [22/Jul/2025:08:26:39 -0300] "GET /wp-content/edit.php HTTP/1.1" 404 - "https://vacivitta.com.br/wp-content/edit.php" "Mozilla/5.0 (Windows NT 10.0; Win64; x64) AppleWebKit/537.36 (KHTML, like Gecko) Chrome/58.0.3029.110 Safari/537.3"
168.119.53.160 - - [22/Jul/2025:08:28:13 -0300] "HEAD / HTTP/1.1" 200 - "https://vacivitta.com.br/" "Mozilla/5.0+(compatible; UptimeRobot/2.0; http://www.uptimerobot.com/)"
66.249.73.168 - - [22/Jul/2025:08:28:14 -0300] "GET /product/edit/red-lion-y-gulf00029 HTTP/1.1" 404 - "-" "Mozilla/5.0 (Linux; Android 6.0.1; Nexus 5X Build/MMB29P) AppleWebKit/537.36 (KHTML, like Gecko) Chrome/137.0.7151.103 Mobile Safari/537.36 (compatible; Googlebot/2.1; +http://www.google.com/bot.html)"
173.249.14.48 - - [22/Jul/2025:08:28:25 -0300] "GET /sftp-config.json HTTP/1.1" 404 - "-" "Mozilla/5.0 (Macintosh; Intel Mac OS X 10.15; rv:77.0) Gecko/20100101 Firefox/77.0"
173.249.14.48 - - [22/Jul/2025:08:28:26 -0300] "GET /.vscode/sftp.json HTTP/1.1" 404 - "-" "Mozilla/5.0 (Macintosh; Intel Mac OS X 10.15; rv:77.0) Gecko/20100101 Firefox/77.0"
66.249.73.168 - - [22/Jul/2025:08:29:14 -0300] "GET /products/54nl375 HTTP/1.1" 404 - "-" "Mozilla/5.0 (Linux; Android 6.0.1; Nexus 5X Build/MMB29P) AppleWebKit/537.36 (KHTML, like Gecko) Chrome/137.0.7151.103 Mobile Safari/537.36 (compatible; Googlebot/2.1; +http://www.google.com/bot.html)"
213.136.84.241 - - [22/Jul/2025:08:30:51 -0300] "GET /.git/config HTTP/1.1" 503 - "-" "Mozilla/5.0 (SS; Linux x86_64; rv:134.0) Gecko/20100101 Firefox/134.0"
66.249.73.169 - - [22/Jul/2025:08:31:15 -0300] "GET /items/wxjhj94/25224?key=indeed HTTP/1.1" 404 - "-" "Mozilla/5.0 (Linux; Android 6.0.1; Nexus 5X Build/MMB29P) AppleWebKit/537.36 (KHTML, like Gecko) Chrome/137.0.7151.103 Mobile Safari/537.36 (compatible; Googlebot/2.1; +http://www.google.com/bot.html)"
95.108.213.154 - - [22/Jul/2025:08:31:55 -0300] "GET /robots.txt HTTP/1.1" 404 - "-" "Mozilla/5.0 (compatible; YandexBot/3.0; +http://yandex.com/bots)"
87.250.224.78 - - [22/Jul/2025:08:31:56 -0300] "GET /exames-clinicos/%20 HTTP/1.1" 404 - "-" "Mozilla/5.0 (compatible; YandexBot/3.0; +http://yandex.com/bots)"
66.249.73.169 - - [22/Jul/2025:08:33:15 -0300] "GET /product/edit/apagency-458642450 HTTP/1.1" 404 - "-" "Mozilla/5.0 (Linux; Android 6.0.1; Nexus 5X Build/MMB29P) AppleWebKit/537.36 (KHTML, like Gecko) Chrome/137.0.7151.103 Mobile Safari/537.36 (compatible; Googlebot/2.1; +http://www.google.com/bot.html)"
159.69.158.189 - - [22/Jul/2025:08:33:17 -0300] "HEAD / HTTP/1.1" 200 - "https://vacivitta.com.br/" "Mozilla/5.0+(compatible; UptimeRobot/2.0; http://www.uptimerobot.com/)"
69.197.135.226 - - [22/Jul/2025:08:33:28 -0300] "GET /wp-content/edit.php HTTP/1.1" 404 - "https://vacivitta.com.br/wp-content/edit.php" "Mozilla/5.0 (Windows NT 10.0; Win64; x64) AppleWebKit/537.36 (KHTML, like Gecko) Chrome/58.0.3029.110 Safari/537.3"
196.251.85.129 - - [22/Jul/2025:08:34:19 -0300] "POST /wp-login.php HTTP/1.1" 404 - "https://vacivitta.com.br/wp-admin/" "Mozilla/5.0 (Windows NT 10.0; Win64; x64) AppleWebKit/537.36 (KHTML, like Gecko) Chrome/90.0.4430.85 Safari/537.36"
196.251.85.129 - - [22/Jul/2025:08:34:20 -0300] "GET /wp-admin/ HTTP/1.1" 404 - "https://www.google.com" "Mozilla/5.0 (Windows NT 10.0; Win64; x64) AppleWebKit/537.36 (KHTML, like Gecko) Chrome/90.0.4430.85 Safari/537.36"
66.249.73.170 - - [22/Jul/2025:08:35:15 -0300] "GET /pcmypage?callback=product/review/murauchi-4560337093244 HTTP/1.1" 404 - "-" "Mozilla/5.0 (Linux; Android 6.0.1; Nexus 5X Build/MMB29P) AppleWebKit/537.36 (KHTML, like Gecko) Chrome/137.0.7151.103 Mobile Safari/537.36 (compatible; Googlebot/2.1; +http://www.google.com/bot.html)"
3.236.157.71 - - [22/Jul/2025:08:35:28 -0300] "GET / HTTP/1.1" 200 488 "https://vacivitta.com.br" "Mozilla/5.0 (X11; Ubuntu; Linux x86_64; rv:94.0) Gecko/20100101 Firefox/94.0"
66.249.73.168 - - [22/Jul/2025:08:36:16 -0300] "GET /products/73dp988 HTTP/1.1" 404 - "-" "Mozilla/5.0 (Linux; Android 6.0.1; Nexus 5X Build/MMB29P) AppleWebKit/537.36 (KHTML, like Gecko) Chrome/137.0.7151.103 Mobile Safari/537.36 (compatible; Googlebot/2.1; +http://www.google.com/bot.html)"
168.119.53.160 - - [22/Jul/2025:08:38:23 -0300] "HEAD / HTTP/1.1" 200 - "https://vacivitta.com.br/" "Mozilla/5.0+(compatible; UptimeRobot/2.0; http://www.uptimerobot.com/)"
66.249.73.168 - - [22/Jul/2025:08:40:16 -0300] "GET /pcmypage?callback=product/review/grip-pf09-ds-1770-1145-22555-rv03 HTTP/1.1" 404 - "-" "Mozilla/5.0 (Linux; Android 6.0.1; Nexus 5X Build/MMB29P) AppleWebKit/537.36 (KHTML, like Gecko) Chrome/137.0.7151.103 Mobile Safari/537.36 (compatible; Googlebot/2.1; +http://www.google.com/bot.html)"
66.249.73.169 - - [22/Jul/2025:08:40:59 -0300] "GET /pcmypage?callback=product%2Fdetail%2Fyousmile0713-2023mif543hgto826ng0bwdgmsd4 HTTP/1.1" 404 - "-" "Mozilla/5.0 (Linux; Android 6.0.1; Nexus 5X Build/MMB29P) AppleWebKit/537.36 (KHTML, like Gecko) Chrome/137.0.7151.103 Mobile Safari/537.36 (compatible; Googlebot/2.1; +http://www.google.com/bot.html)"
66.249.73.170 - - [22/Jul/2025:08:41:00 -0300] "GET /products/18na46949 HTTP/1.1" 404 - "-" "Mozilla/5.0 (Linux; Android 6.0.1; Nexus 5X Build/MMB29P) AppleWebKit/537.36 (KHTML, like Gecko) Chrome/137.0.7151.103 Mobile Safari/537.36 (compatible; Googlebot/2.1; +http://www.google.com/bot.html)"
66.249.73.169 - - [22/Jul/2025:08:41:00 -0300] "GET /products/76wj609 HTTP/1.1" 404 - "-" "Mozilla/5.0 (Linux; Android 6.0.1; Nexus 5X Build/MMB29P) AppleWebKit/537.36 (KHTML, like Gecko) Chrome/137.0.7151.103 Mobile Safari/537.36 (compatible; Googlebot/2.1; +http://www.google.com/bot.html)"
66.249.73.170 - - [22/Jul/2025:08:41:00 -0300] "GET /products/36ch61 HTTP/1.1" 404 - "-" "Mozilla/5.0 (Linux; Android 6.0.1; Nexus 5X Build/MMB29P) AppleWebKit/537.36 (KHTML, like Gecko) Chrome/137.0.7151.103 Mobile Safari/537.36 (compatible; Googlebot/2.1; +http://www.google.com/bot.html)"
78.46.190.63 - - [22/Jul/2025:08:43:28 -0300] "HEAD / HTTP/1.1" 200 - "https://vacivitta.com.br/" "Mozilla/5.0+(compatible; UptimeRobot/2.0; http://www.uptimerobot.com/)"
66.249.73.170 - - [22/Jul/2025:08:44:02 -0300] "GET /pcmypage?callback=/product%2Fdetail%2mauto-navia05b-1870-1145-22560-r380 HTTP/1.1" 404 - "-" "Mozilla/5.0 (Linux; Android 6.0.1; Nexus 5X Build/MMB29P) AppleWebKit/537.36 (KHTML, like Gecko) Chrome/137.0.7151.103 Mobile Safari/537.36 (compatible; Googlebot/2.1; +http://www.google.com/bot.html)"
177.215.76.86 - - [22/Jul/2025:08:44:54 -0300] "GET /?fbclid=PAZXh0bgNhZW0CMTEAAacOp0imPM6afJAVImzG6S-OBjhAg0s-FHO4Km5Sx7MDOPMk88XJYzAli8-zWQ_aem_Um1JaPQsBm27iT32VZOhgQ HTTP/1.1" 200 488 "https://l.instagram.com/" "Mozilla/5.0 (iPhone; CPU iPhone OS 18_5 like Mac OS X) AppleWebKit/605.1.15 (KHTML, like Gecko) Mobile/22F76 Instagram 389.0.0.20.89 (iPhone12,1; iOS 18_5; pt_BR; pt; scale=2.00; 828x1792; 761848126; IABMV/1)"
177.215.76.86 - - [22/Jul/2025:08:44:54 -0300] "GET /assets/index-g8aW3Zx-.css HTTP/1.1" 200 2311 "https://www.vacivitta.com.br/?fbclid=PAZXh0bgNhZW0CMTEAAacOp0imPM6afJAVImzG6S-OBjhAg0s-FHO4Km5Sx7MDOPMk88XJYzAli8-zWQ_aem_Um1JaPQsBm27iT32VZOhgQ" "Mozilla/5.0 (iPhone; CPU iPhone OS 18_5 like Mac OS X) AppleWebKit/605.1.15 (KHTML, like Gecko) Mobile/22F76 Instagram 389.0.0.20.89 (iPhone12,1; iOS 18_5; pt_BR; pt; scale=2.00; 828x1792; 761848126; IABMV/1)"
177.215.76.86 - - [22/Jul/2025:08:44:54 -0300] "GET /assets/index-BZLUkikW.js HTTP/1.1" 200 923512 "https://www.vacivitta.com.br/?fbclid=PAZXh0bgNhZW0CMTEAAacOp0imPM6afJAVImzG6S-OBjhAg0s-FHO4Km5Sx7MDOPMk88XJYzAli8-zWQ_aem_Um1JaPQsBm27iT32VZOhgQ" "Mozilla/5.0 (iPhone; CPU iPhone OS 18_5 like Mac OS X) AppleWebKit/605.1.15 (KHTML, like Gecko) Mobile/22F76 Instagram 389.0.0.20.89 (iPhone12,1; iOS 18_5; pt_BR; pt; scale=2.00; 828x1792; 761848126; IABMV/1)"
177.215.76.86 - - [22/Jul/2025:08:44:55 -0300] "GET /logo.png HTTP/1.1" 200 25613 "https://www.vacivitta.com.br/?fbclid=PAZXh0bgNhZW0CMTEAAacOp0imPM6afJAVImzG6S-OBjhAg0s-FHO4Km5Sx7MDOPMk88XJYzAli8-zWQ_aem_Um1JaPQsBm27iT32VZOhgQ" "Mozilla/5.0 (iPhone; CPU iPhone OS 18_5 like Mac OS X) AppleWebKit/605.1.15 (KHTML, like Gecko) Mobile/22F76 Instagram 389.0.0.20.89 (iPhone12,1; iOS 18_5; pt_BR; pt; scale=2.00; 828x1792; 761848126; IABMV/1)"
177.215.76.86 - - [22/Jul/2025:08:44:55 -0300] "GET /4.png HTTP/1.1" 200 1067791 "https://www.vacivitta.com.br/?fbclid=PAZXh0bgNhZW0CMTEAAacOp0imPM6afJAVImzG6S-OBjhAg0s-FHO4Km5Sx7MDOPMk88XJYzAli8-zWQ_aem_Um1JaPQsBm27iT32VZOhgQ" "Mozilla/5.0 (iPhone; CPU iPhone OS 18_5 like Mac OS X) AppleWebKit/605.1.15 (KHTML, like Gecko) Mobile/22F76 Instagram 389.0.0.20.89 (iPhone12,1; iOS 18_5; pt_BR; pt; scale=2.00; 828x1792; 761848126; IABMV/1)"
177.215.76.86 - - [22/Jul/2025:08:44:56 -0300] "GET /vaci.jpg HTTP/1.1" 200 155283 "https://www.vacivitta.com.br/?fbclid=PAZXh0bgNhZW0CMTEAAacOp0imPM6afJAVImzG6S-OBjhAg0s-FHO4Km5Sx7MDOPMk88XJYzAli8-zWQ_aem_Um1JaPQsBm27iT32VZOhgQ" "Mozilla/5.0 (iPhone; CPU iPhone OS 18_5 like Mac OS X) AppleWebKit/605.1.15 (KHTML, like Gecko) Mobile/22F76 Instagram 389.0.0.20.89 (iPhone12,1; iOS 18_5; pt_BR; pt; scale=2.00; 828x1792; 761848126; IABMV/1)"
177.215.76.86 - - [22/Jul/2025:08:44:58 -0300] "GET /video.mp4 HTTP/1.1" 206 2 "https://www.vacivitta.com.br/?fbclid=PAZXh0bgNhZW0CMTEAAacOp0imPM6afJAVImzG6S-OBjhAg0s-FHO4Km5Sx7MDOPMk88XJYzAli8-zWQ_aem_Um1JaPQsBm27iT32VZOhgQ" "Mozilla/5.0 (iPhone; CPU iPhone OS 18_5 like Mac OS X) AppleWebKit/605.1.15 (KHTML, like Gecko) Mobile/22F76 Instagram 389.0.0.20.89 (iPhone12,1; iOS 18_5; pt_BR; pt; scale=2.00; 828x1792; 761848126; IABMV/1)"
177.215.76.86 - - [22/Jul/2025:08:44:59 -0300] "GET /fts1.png HTTP/1.1" 200 2704287 "https://www.vacivitta.com.br/?fbclid=PAZXh0bgNhZW0CMTEAAacOp0imPM6afJAVImzG6S-OBjhAg0s-FHO4Km5Sx7MDOPMk88XJYzAli8-zWQ_aem_Um1JaPQsBm27iT32VZOhgQ" "Mozilla/5.0 (iPhone; CPU iPhone OS 18_5 like Mac OS X) AppleWebKit/605.1.15 (KHTML, like Gecko) Mobile/22F76 Instagram 389.0.0.20.89 (iPhone12,1; iOS 18_5; pt_BR; pt; scale=2.00; 828x1792; 761848126; IABMV/1)"
177.215.76.86 - - [22/Jul/2025:08:44:55 -0300] "GET /mapa.png HTTP/1.1" 200 1787231 "https://www.vacivitta.com.br/?fbclid=PAZXh0bgNhZW0CMTEAAacOp0imPM6afJAVImzG6S-OBjhAg0s-FHO4Km5Sx7MDOPMk88XJYzAli8-zWQ_aem_Um1JaPQsBm27iT32VZOhgQ" "Mozilla/5.0 (iPhone; CPU iPhone OS 18_5 like Mac OS X) AppleWebKit/605.1.15 (KHTML, like Gecko) Mobile/22F76 Instagram 389.0.0.20.89 (iPhone12,1; iOS 18_5; pt_BR; pt; scale=2.00; 828x1792; 761848126; IABMV/1)"
177.215.76.86 - - [22/Jul/2025:08:44:59 -0300] "GET /video.mp4 HTTP/1.1" 206 636967327 "https://www.vacivitta.com.br/?fbclid=PAZXh0bgNhZW0CMTEAAacOp0imPM6afJAVImzG6S-OBjhAg0s-FHO4Km5Sx7MDOPMk88XJYzAli8-zWQ_aem_Um1JaPQsBm27iT32VZOhgQ" "Mozilla/5.0 (iPhone; CPU iPhone OS 18_5 like Mac OS X) AppleWebKit/605.1.15 (KHTML, like Gecko) Mobile/22F76 Instagram 389.0.0.20.89 (iPhone12,1; iOS 18_5; pt_BR; pt; scale=2.00; 828x1792; 761848126; IABMV/1)"
177.215.76.86 - - [22/Jul/2025:08:45:00 -0300] "GET /video.mp4 HTTP/1.1" 206 154015 "https://www.vacivitta.com.br/?fbclid=PAZXh0bgNhZW0CMTEAAacOp0imPM6afJAVImzG6S-OBjhAg0s-FHO4Km5Sx7MDOPMk88XJYzAli8-zWQ_aem_Um1JaPQsBm27iT32VZOhgQ" "Mozilla/5.0 (iPhone; CPU iPhone OS 18_5 like Mac OS X) AppleWebKit/605.1.15 (KHTML, like Gecko) Mobile/22F76 Instagram 389.0.0.20.89 (iPhone12,1; iOS 18_5; pt_BR; pt; scale=2.00; 828x1792; 761848126; IABMV/1)"
177.215.76.86 - - [22/Jul/2025:08:45:00 -0300] "GET /walp.png HTTP/1.1" 200 26312 "https://www.vacivitta.com.br/?fbclid=PAZXh0bgNhZW0CMTEAAacOp0imPM6afJAVImzG6S-OBjhAg0s-FHO4Km5Sx7MDOPMk88XJYzAli8-zWQ_aem_Um1JaPQsBm27iT32VZOhgQ" "Mozilla/5.0 (iPhone; CPU iPhone OS 18_5 like Mac OS X) AppleWebKit/605.1.15 (KHTML, like Gecko) Mobile/22F76 Instagram 389.0.0.20.89 (iPhone12,1; iOS 18_5; pt_BR; pt; scale=2.00; 828x1792; 761848126; IABMV/1)"
177.215.76.86 - - [22/Jul/2025:08:45:00 -0300] "GET /mobilePage.png HTTP/1.1" 200 1355793 "https://www.vacivitta.com.br/?fbclid=PAZXh0bgNhZW0CMTEAAacOp0imPM6afJAVImzG6S-OBjhAg0s-FHO4Km5Sx7MDOPMk88XJYzAli8-zWQ_aem_Um1JaPQsBm27iT32VZOhgQ" "Mozilla/5.0 (iPhone; CPU iPhone OS 18_5 like Mac OS X) AppleWebKit/605.1.15 (KHTML, like Gecko) Mobile/22F76 Instagram 389.0.0.20.89 (iPhone12,1; iOS 18_5; pt_BR; pt; scale=2.00; 828x1792; 761848126; IABMV/1)"
177.215.76.86 - - [22/Jul/2025:08:45:00 -0300] "GET /fts3.png HTTP/1.1" 200 798280 "https://www.vacivitta.com.br/?fbclid=PAZXh0bgNhZW0CMTEAAacOp0imPM6afJAVImzG6S-OBjhAg0s-FHO4Km5Sx7MDOPMk88XJYzAli8-zWQ_aem_Um1JaPQsBm27iT32VZOhgQ" "Mozilla/5.0 (iPhone; CPU iPhone OS 18_5 like Mac OS X) AppleWebKit/605.1.15 (KHTML, like Gecko) Mobile/22F76 Instagram 389.0.0.20.89 (iPhone12,1; iOS 18_5; pt_BR; pt; scale=2.00; 828x1792; 761848126; IABMV/1)"
177.215.76.86 - - [22/Jul/2025:08:44:59 -0300] "GET /fts2.png HTTP/1.1" 200 2539592 "https://www.vacivitta.com.br/?fbclid=PAZXh0bgNhZW0CMTEAAacOp0imPM6afJAVImzG6S-OBjhAg0s-FHO4Km5Sx7MDOPMk88XJYzAli8-zWQ_aem_Um1JaPQsBm27iT32VZOhgQ" "Mozilla/5.0 (iPhone; CPU iPhone OS 18_5 like Mac OS X) AppleWebKit/605.1.15 (KHTML, like Gecko) Mobile/22F76 Instagram 389.0.0.20.89 (iPhone12,1; iOS 18_5; pt_BR; pt; scale=2.00; 828x1792; 761848126; IABMV/1)"
177.215.76.86 - - [22/Jul/2025:08:45:01 -0300] "GET /homePage2.png HTTP/1.1" 200 227246 "https://www.vacivitta.com.br/?fbclid=PAZXh0bgNhZW0CMTEAAacOp0imPM6afJAVImzG6S-OBjhAg0s-FHO4Km5Sx7MDOPMk88XJYzAli8-zWQ_aem_Um1JaPQsBm27iT32VZOhgQ" "Mozilla/5.0 (iPhone; CPU iPhone OS 18_5 like Mac OS X) AppleWebKit/605.1.15 (KHTML, like Gecko) Mobile/22F76 Instagram 389.0.0.20.89 (iPhone12,1; iOS 18_5; pt_BR; pt; scale=2.00; 828x1792; 761848126; IABMV/1)"
177.215.76.86 - - [22/Jul/2025:08:44:56 -0300] "GET /1.png HTTP/1.1" 200 1041468 "https://www.vacivitta.com.br/?fbclid=PAZXh0bgNhZW0CMTEAAacOp0imPM6afJAVImzG6S-OBjhAg0s-FHO4Km5Sx7MDOPMk88XJYzAli8-zWQ_aem_Um1JaPQsBm27iT32VZOhgQ" "Mozilla/5.0 (iPhone; CPU iPhone OS 18_5 like Mac OS X) AppleWebKit/605.1.15 (KHTML, like Gecko) Mobile/22F76 Instagram 389.0.0.20.89 (iPhone12,1; iOS 18_5; pt_BR; pt; scale=2.00; 828x1792; 761848126; IABMV/1)"
177.215.76.86 - - [22/Jul/2025:08:44:56 -0300] "GET /3.png HTTP/1.1" 200 1055246 "https://www.vacivitta.com.br/?fbclid=PAZXh0bgNhZW0CMTEAAacOp0imPM6afJAVImzG6S-OBjhAg0s-FHO4Km5Sx7MDOPMk88XJYzAli8-zWQ_aem_Um1JaPQsBm27iT32VZOhgQ" "Mozilla/5.0 (iPhone; CPU iPhone OS 18_5 like Mac OS X) AppleWebKit/605.1.15 (KHTML, like Gecko) Mobile/22F76 Instagram 389.0.0.20.89 (iPhone12,1; iOS 18_5; pt_BR; pt; scale=2.00; 828x1792; 761848126; IABMV/1)"
177.215.76.86 - - [22/Jul/2025:08:44:57 -0300] "GET /2.png HTTP/1.1" 200 1052379 "https://www.vacivitta.com.br/?fbclid=PAZXh0bgNhZW0CMTEAAacOp0imPM6afJAVImzG6S-OBjhAg0s-FHO4Km5Sx7MDOPMk88XJYzAli8-zWQ_aem_Um1JaPQsBm27iT32VZOhgQ" "Mozilla/5.0 (iPhone; CPU iPhone OS 18_5 like Mac OS X) AppleWebKit/605.1.15 (KHTML, like Gecko) Mobile/22F76 Instagram 389.0.0.20.89 (iPhone12,1; iOS 18_5; pt_BR; pt; scale=2.00; 828x1792; 761848126; IABMV/1)"
177.215.76.86 - - [22/Jul/2025:08:45:36 -0300] "GET /homePage.png HTTP/1.1" 200 1495045 "https://www.vacivitta.com.br/?fbclid=PAZXh0bgNhZW0CMTEAAacOp0imPM6afJAVImzG6S-OBjhAg0s-FHO4Km5Sx7MDOPMk88XJYzAli8-zWQ_aem_Um1JaPQsBm27iT32VZOhgQ" "Mozilla/5.0 (iPhone; CPU iPhone OS 18_5 like Mac OS X) AppleWebKit/605.1.15 (KHTML, like Gecko) Mobile/22F76 Instagram 389.0.0.20.89 (iPhone12,1; iOS 18_5; pt_BR; pt; scale=2.00; 828x1792; 761848126; IABMV/1)"
177.215.76.86 - - [22/Jul/2025:08:46:17 -0300] "GET /video.mp4 HTTP/1.1" 206 2 "https://www.vacivitta.com.br/?fbclid=PAZXh0bgNhZW0CMTEAAacOp0imPM6afJAVImzG6S-OBjhAg0s-FHO4Km5Sx7MDOPMk88XJYzAli8-zWQ_aem_Um1JaPQsBm27iT32VZOhgQ" "Mozilla/5.0 (iPhone; CPU iPhone OS 18_5 like Mac OS X) AppleWebKit/605.1.15 (KHTML, like Gecko) Mobile/22F76 Instagram 389.0.0.20.89 (iPhone12,1; iOS 18_5; pt_BR; pt; scale=2.00; 828x1792; 761848126; IABMV/1) NW/3"
49.13.24.81 - - [22/Jul/2025:08:48:31 -0300] "HEAD / HTTP/1.1" 200 - "https://vacivitta.com.br/" "Mozilla/5.0+(compatible; UptimeRobot/2.0; http://www.uptimerobot.com/)"
69.197.135.226 - - [22/Jul/2025:08:51:26 -0300] "GET /wp-content/edit.php HTTP/1.1" 404 - "https://vacivitta.com.br/wp-content/edit.php" "Mozilla/5.0 (Windows NT 10.0; Win64; x64) AppleWebKit/537.36 (KHTML, like Gecko) Chrome/58.0.3029.110 Safari/537.3"
173.252.87.14 - - [22/Jul/2025:08:52:55 -0300] "GET /robots.txt HTTP/1.1" 404 - "-" "facebookexternalhit/1.1 (+http://www.facebook.com/externalhit_uatext.php)"
49.13.167.123 - - [22/Jul/2025:08:53:35 -0300] "HEAD / HTTP/1.1" 200 - "https://vacivitta.com.br/" "Mozilla/5.0+(compatible; UptimeRobot/2.0; http://www.uptimerobot.com/)"
66.249.73.170 - - [22/Jul/2025:08:54:03 -0300] "GET /category/149_1720_2507_2508/1/listing HTTP/1.1" 404 - "-" "Mozilla/5.0 (Linux; Android 6.0.1; Nexus 5X Build/MMB29P) AppleWebKit/537.36 (KHTML, like Gecko) Chrome/137.0.7151.103 Mobile Safari/537.36 (compatible; Googlebot/2.1; +http://www.google.com/bot.html)"
114.119.141.79 - - [22/Jul/2025:08:54:41 -0300] "GET /2017/08/as-diferencas-entre-as-vacinas-da-rede-publica-e-privada/ HTTP/1.1" 404 - "https://vacivitta.com.br/2017/08/08/as-diferencas-entre-as-vacinas-da-rede-publica-e-privada/amp/" "Mozilla/5.0 (Linux; Android 7.0;) AppleWebKit/537.36 (KHTML, like Gecko) Mobile Safari/537.36 (compatible; PetalBot;+https://webmaster.petalsearch.com/site/petalbot)"
66.249.73.168 - - [22/Jul/2025:08:56:03 -0300] "GET /pcmypage?callback=product/review/antarcticrain-5t2427 HTTP/1.1" 404 - "-" "Mozilla/5.0 (Linux; Android 6.0.1; Nexus 5X Build/MMB29P) AppleWebKit/537.36 (KHTML, like Gecko) Chrome/137.0.7151.103 Mobile Safari/537.36 (compatible; Googlebot/2.1; +http://www.google.com/bot.html)"
69.197.182.50 - - [22/Jul/2025:08:57:20 -0300] "GET /wp-content/edit.php HTTP/1.1" 404 - "https://vacivitta.com.br/wp-content/edit.php" "Mozilla/5.0 (Windows NT 10.0; Win64; x64) AppleWebKit/537.36 (KHTML, like Gecko) Chrome/58.0.3029.110 Safari/537.3"
66.249.73.170 - - [22/Jul/2025:08:58:04 -0300] "GET /products/63dh12480 HTTP/1.1" 404 - "-" "Mozilla/5.0 (Linux; Android 6.0.1; Nexus 5X Build/MMB29P) AppleWebKit/537.36 (KHTML, like Gecko) Chrome/137.0.7151.103 Mobile Safari/537.36 (compatible; Googlebot/2.1; +http://www.google.com/bot.html)"
157.90.155.240 - - [22/Jul/2025:08:58:38 -0300] "HEAD / HTTP/1.1" 200 - "https://vacivitta.com.br/" "Mozilla/5.0+(compatible; UptimeRobot/2.0; http://www.uptimerobot.com/)"
124.156.225.181 - - [22/Jul/2025:09:02:13 -0300] "GET / HTTP/1.1" 200 488 "http://vacivitta.com.br" "Mozilla/5.0 (iPhone; CPU iPhone OS 13_2_3 like Mac OS X) AppleWebKit/605.1.15 (KHTML, like Gecko) Version/13.0.3 Mobile/15E148 Safari/604.1"
177.38.179.163 - - [22/Jul/2025:09:03:13 -0300] "GET /2023/11/14/reflexo-neuroendocrino-da-succao-%20no-processo-da-ejecao-do-leite/ HTTP/1.1" 404 - "-" "Mozilla/5.0 (Windows NT 10.0; Win64; x64) AppleWebKit/537.36 (KHTML, like Gecko) Chrome/138.0.0.0 Safari/537.36"
177.38.179.163 - - [22/Jul/2025:09:03:14 -0300] "GET /favicon.ico HTTP/1.1" 404 - "https://vacivitta.com.br/2023/11/14/reflexo-neuroendocrino-da-succao-%20no-processo-da-ejecao-do-leite/" "Mozilla/5.0 (Windows NT 10.0; Win64; x64) AppleWebKit/537.36 (KHTML, like Gecko) Chrome/138.0.0.0 Safari/537.36"
78.46.190.63 - - [22/Jul/2025:09:03:43 -0300] "HEAD / HTTP/1.1" 200 - "https://vacivitta.com.br/" "Mozilla/5.0+(compatible; UptimeRobot/2.0; http://www.uptimerobot.com/)"
66.249.73.168 - - [22/Jul/2025:09:05:05 -0300] "GET /products/29ke360 HTTP/1.1" 404 - "-" "Mozilla/5.0 (Linux; Android 6.0.1; Nexus 5X Build/MMB29P) AppleWebKit/537.36 (KHTML, like Gecko) Chrome/137.0.7151.103 Mobile Safari/537.36 (compatible; Googlebot/2.1; +http://www.google.com/bot.html)"
66.249.73.170 - - [22/Jul/2025:09:06:06 -0300] "GET /items/lrjqe91/287?key=peasant HTTP/1.1" 404 - "-" "Mozilla/5.0 (Linux; Android 6.0.1; Nexus 5X Build/MMB29P) AppleWebKit/537.36 (KHTML, like Gecko) Chrome/137.0.7151.103 Mobile Safari/537.36 (compatible; Googlebot/2.1; +http://www.google.com/bot.html)"
40.77.167.64 - - [22/Jul/2025:09:06:19 -0300] "GET /blog/2021/12/21/atencao-para-o-surto-de-gripe-no-estado-de-sao-paulo HTTP/1.1" 404 - "-" "Mozilla/5.0 AppleWebKit/537.36 (KHTML, like Gecko; compatible; bingbot/2.0; +http://www.bing.com/bingbot.htm) Chrome/116.0.1938.76 Safari/537.36"
69.171.249.5 - - [22/Jul/2025:09:07:11 -0300] "GET /robots.txt HTTP/1.1" 404 - "-" "facebookexternalhit/1.1 (+http://www.facebook.com/externalhit_uatext.php)"
69.171.249.5 - - [22/Jul/2025:09:07:11 -0300] "GET / HTTP/1.1" 200 488 "-" "facebookexternalhit/1.1 (+http://www.facebook.com/externalhit_uatext.php)"
168.119.123.75 - - [22/Jul/2025:09:08:46 -0300] "HEAD / HTTP/1.1" 200 - "https://vacivitta.com.br/" "Mozilla/5.0+(compatible; UptimeRobot/2.0; http://www.uptimerobot.com/)"
179.215.121.183 - - [22/Jul/2025:09:09:14 -0300] "GET / HTTP/1.1" 200 877 "-" "Mozilla/5.0 (Windows NT 10.0; Win64; x64) AppleWebKit/537.36 (KHTML, like Gecko) Chrome/138.0.0.0 Safari/537.36"
179.215.121.183 - - [22/Jul/2025:09:09:23 -0300] "GET / HTTP/1.1" 200 877 "-" "Mozilla/5.0 (Windows NT 10.0; Win64; x64) AppleWebKit/537.36 (KHTML, like Gecko) Chrome/138.0.0.0 Safari/537.36"
179.215.121.183 - - [22/Jul/2025:09:09:24 -0300] "GET /cPanel_magic_revision_1692300325/unprotected/cpanel/style_optimized.css HTTP/1.1" 200 685 "https://webmail.vacivitta.com.br/" "Mozilla/5.0 (Windows NT 10.0; Win64; x64) AppleWebKit/537.36 (KHTML, like Gecko) Chrome/138.0.0.0 Safari/537.36"
179.215.121.183 - - [22/Jul/2025:09:09:25 -0300] "GET /cPanel_magic_revision_1692299422/unprotected/cpanel/images/webmail_login_sprite.jpg HTTP/1.1" 200 21033 "https://webmail.vacivitta.com.br/cPanel_magic_revision_1692300325/unprotected/cpanel/style_optimized.css" "Mozilla/5.0 (Windows NT 10.0; Win64; x64) AppleWebKit/537.36 (KHTML, like Gecko) Chrome/138.0.0.0 Safari/537.36"
179.215.121.183 - - [22/Jul/2025:09:09:25 -0300] "GET /cPanel_magic_revision_1692299422/unprotected/cpanel/images/mid.jpg HTTP/1.1" 200 2331 "https://webmail.vacivitta.com.br/cPanel_magic_revision_1692300325/unprotected/cpanel/style_optimized.css" "Mozilla/5.0 (Windows NT 10.0; Win64; x64) AppleWebKit/537.36 (KHTML, like Gecko) Chrome/138.0.0.0 Safari/537.36"
179.215.121.183 - - [22/Jul/2025:09:09:25 -0300] "GET /cPanel_magic_revision_1692299422/unprotected/cpanel/images/button-bg.jpg HTTP/1.1" 200 315 "https://webmail.vacivitta.com.br/cPanel_magic_revision_1692300325/unprotected/cpanel/style_optimized.css" "Mozilla/5.0 (Windows NT 10.0; Win64; x64) AppleWebKit/537.36 (KHTML, like Gecko) Chrome/138.0.0.0 Safari/537.36"
179.215.121.183 - - [22/Jul/2025:09:09:26 -0300] "GET /cPanel_magic_revision_1692299422/unprotected/cpanel/favicon.ico HTTP/1.1" 200 767 "https://webmail.vacivitta.com.br/" "Mozilla/5.0 (Windows NT 10.0; Win64; x64) AppleWebKit/537.36 (KHTML, like Gecko) Chrome/138.0.0.0 Safari/537.36"
179.215.121.183 - - [22/Jul/2025:09:09:27 -0300] "POST /login/ HTTP/1.1" 308 91 "https://webmail.vacivitta.com.br/" "Mozilla/5.0 (Windows NT 10.0; Win64; x64) AppleWebKit/537.36 (KHTML, like Gecko) Chrome/138.0.0.0 Safari/537.36"
179.215.121.183 - - [22/Jul/2025:09:09:27 -0300] "POST /login/ HTTP/1.1" 500 796 "https://webmail.vacivitta.com.br/" "Mozilla/5.0 (Windows NT 10.0; Win64; x64) AppleWebKit/537.36 (KHTML, like Gecko) Chrome/138.0.0.0 Safari/537.36"
