%PDF- %PDF-
Direktori : /proc/self/root/home2/vacivi36/access-logs/ |
Current File : //proc/self/root/home2/vacivi36/access-logs/dev.vacivitta.com.br-ssl_log |
185.191.171.6 - - [20/Jul/2025:09:48:47 -0300] "GET /robots.txt HTTP/1.1" 404 - "-" "Mozilla/5.0 (compatible; SemrushBot/7~bl; +http://www.semrush.com/bot.html)"
185.191.171.14 - - [20/Jul/2025:09:48:48 -0300] "GET / HTTP/1.1" 200 488 "-" "Mozilla/5.0 (compatible; SemrushBot/7~bl; +http://www.semrush.com/bot.html)"
66.249.73.130 - - [20/Jul/2025:15:28:42 -0300] "GET /robots.txt HTTP/1.1" 404 - "-" "Mozilla/5.0 (compatible; Googlebot/2.1; +http://www.google.com/bot.html)"
66.249.73.130 - - [20/Jul/2025:15:28:42 -0300] "GET /zhHant/product/surugaya/edenki-ed3515615?campaign_uid=f64d716db5e979ed2f947dbaf4296895b951ae7f HTTP/1.1" 404 - "-" "Mozilla/5.0 (Linux; Android 6.0.1; Nexus 5X Build/MMB29P) AppleWebKit/537.36 (KHTML, like Gecko) Chrome/137.0.7151.103 Mobile Safari/537.36 (compatible; Googlebot/2.1; +http://www.google.com/bot.html)"
66.249.73.129 - - [20/Jul/2025:15:43:15 -0300] "GET /?_gl=1*zfcqruz*_ga*CJchEqdbioaSTiKeJrKGziPwhXdK*_ga_GNIKPSBLJ*niBho8Pgw74NK9uLs58NGs3YAB3aL2fNxI1fj7CaLLAc9A10Vzh5AeV.*_gcl_au=1.1.199146194.176327581*_gcl_aw=LJE.170921033.BVoV5zxNnKzNvythxQY8mj5hnwdB5k5fTqfVH4sfj3IodxKJAX4RRmkRv6wHzbtKm6LMqHNKAaYMy250A4p5PoenMz..&_gz=2.195497047.194191550.178101387-862995340.167026157&_bdsid=d97abb.n~MGBRJ.176329936.176376561&_bd_prev_page=https://dev.vacivitta.com.br/file.jsp?products/55lf9348 HTTP/1.1" 200 488 "-" "Mozilla/5.0 (Linux; Android 6.0.1; Nexus 5X Build/MMB29P) AppleWebKit/537.36 (KHTML, like Gecko) Chrome/137.0.7151.103 Mobile Safari/537.36 (compatible; Googlebot/2.1; +http://www.google.com/bot.html)"
66.249.73.130 - - [20/Jul/2025:15:43:16 -0300] "GET /assets/index-BZLUkikW.js HTTP/1.1" 200 923512 "https://dev.vacivitta.com.br/?_gl=1*zfcqruz*_ga*CJchEqdbioaSTiKeJrKGziPwhXdK*_ga_GNIKPSBLJ*niBho8Pgw74NK9uLs58NGs3YAB3aL2fNxI1fj7CaLLAc9A10Vzh5AeV.*_gcl_au=1.1.199146194.176327581*_gcl_aw=LJE.170921033.BVoV5zxNnKzNvythxQY8mj5hnwdB5k5fTqfVH4sfj3IodxKJAX4RRmkRv6wHzbtKm6LMqHNKAaYMy250A4p5PoenMz..&_gz=2.195497047.194191550.178101387-862995340.167026157&_bdsid=d97abb.n~MGBRJ.176329936.176376561&_bd_prev_page=https://dev.vacivitta.com.br/file.jsp?products/55lf9348" "Mozilla/5.0 (Linux; Android 6.0.1; Nexus 5X Build/MMB29P) AppleWebKit/537.36 (KHTML, like Gecko) Chrome/137.0.7151.119 Mobile Safari/537.36 (compatible; Googlebot/2.1; +http://www.google.com/bot.html)"
188.214.129.131 - - [20/Jul/2025:15:59:50 -0300] "GET / HTTP/1.1" 200 488 "-" "Mozilla/5.0 (Windows NT 10.0; Win64; x64) AppleWebKit/537.36 (KHTML, like Gecko) Chrome/74.0.3729.131 Safari/537.36"
188.214.129.131 - - [20/Jul/2025:16:00:06 -0300] "GET /assets/index-BZLUkikW.js HTTP/1.1" 200 923512 "-" "Mozilla/5.0 (Windows NT 10.0; Win64; x64) AppleWebKit/537.36 (KHTML, like Gecko) Chrome/57.0.2987.133 Safari/537.36"
188.214.129.131 - - [20/Jul/2025:16:00:24 -0300] "GET /assets/index-BZLUkikW.js HTTP/1.1" 200 923512 "-" "Mozilla/5.0 (Linux; Android 6.0.1; Lenovo P1a42) AppleWebKit/537.36 (KHTML, like Gecko) Chrome/76.0.3809.111 Mobile Safari/537.36"
66.249.73.129 - - [20/Jul/2025:16:06:12 -0300] "GET /wp-content/uploads/sites/7/2021/11/logo-vacivitta-01-300x102.png HTTP/1.1" 404 - "-" "Googlebot-Image/1.0"
66.249.73.130 - - [20/Jul/2025:16:10:42 -0300] "GET /zhHant/product/surugaya/utilityfactory-20240202140332-00270?campaign_uid=f64d716db5e979ed2f947dbaf4296895b951ae7f HTTP/1.1" 404 - "-" "Mozilla/5.0 (Linux; Android 6.0.1; Nexus 5X Build/MMB29P) AppleWebKit/537.36 (KHTML, like Gecko) Chrome/137.0.7151.103 Mobile Safari/537.36 (compatible; Googlebot/2.1; +http://www.google.com/bot.html)"
66.249.73.130 - - [20/Jul/2025:17:39:00 -0300] "GET /zhHant/product/surugaya/shiningstore-next-auc-no-72001-004?campaign_uid=f64d716db5e979ed2f947dbaf4296895b951ae7f HTTP/1.1" 404 - "-" "Mozilla/5.0 (Linux; Android 6.0.1; Nexus 5X Build/MMB29P) AppleWebKit/537.36 (KHTML, like Gecko) Chrome/137.0.7151.103 Mobile Safari/537.36 (compatible; Googlebot/2.1; +http://www.google.com/bot.html)"
66.249.73.130 - - [20/Jul/2025:18:19:01 -0300] "GET /zhHant/product/surugaya/etotvil2-20230913035106-02012?campaign_uid=f64d716db5e979ed2f947dbaf4296895b951ae7f HTTP/1.1" 404 - "-" "Mozilla/5.0 (Linux; Android 6.0.1; Nexus 5X Build/MMB29P) AppleWebKit/537.36 (KHTML, like Gecko) Chrome/137.0.7151.103 Mobile Safari/537.36 (compatible; Googlebot/2.1; +http://www.google.com/bot.html)"
66.249.73.129 - - [20/Jul/2025:19:08:04 -0300] "GET /zhHant/product/surugaya/morico-store-b00g7mcz58?campaign_uid=f64d716db5e979ed2f947dbaf4296895b951ae7f HTTP/1.1" 404 - "-" "Mozilla/5.0 (Linux; Android 6.0.1; Nexus 5X Build/MMB29P) AppleWebKit/537.36 (KHTML, like Gecko) Chrome/137.0.7151.103 Mobile Safari/537.36 (compatible; Googlebot/2.1; +http://www.google.com/bot.html)"
66.249.73.129 - - [20/Jul/2025:19:10:49 -0300] "GET /zhHant/product/surugaya/azukipalette-20240203001550-01295?campaign_uid=f64d716db5e979ed2f947dbaf4296895b951ae7f HTTP/1.1" 404 - "-" "Mozilla/5.0 (Linux; Android 6.0.1; Nexus 5X Build/MMB29P) AppleWebKit/537.36 (KHTML, like Gecko) Chrome/137.0.7151.103 Mobile Safari/537.36 (compatible; Googlebot/2.1; +http://www.google.com/bot.html)"
66.249.73.130 - - [20/Jul/2025:19:40:54 -0300] "GET /zhHant/product/surugaya/diy-tool-t138-310709?campaign_uid=f64d716db5e979ed2f947dbaf4296895b951ae7f HTTP/1.1" 404 - "-" "Mozilla/5.0 (Linux; Android 6.0.1; Nexus 5X Build/MMB29P) AppleWebKit/537.36 (KHTML, like Gecko) Chrome/137.0.7151.103 Mobile Safari/537.36 (compatible; Googlebot/2.1; +http://www.google.com/bot.html)"
66.249.73.129 - - [20/Jul/2025:19:40:55 -0300] "GET /category/4283_4284/1 HTTP/1.1" 404 - "-" "Mozilla/5.0 (Linux; Android 6.0.1; Nexus 5X Build/MMB29P) AppleWebKit/537.36 (KHTML, like Gecko) Chrome/137.0.7151.103 Mobile Safari/537.36 (compatible; Googlebot/2.1; +http://www.google.com/bot.html)"
66.249.73.130 - - [20/Jul/2025:19:58:55 -0300] "GET /items/xbbfc97/37299?key=temperature HTTP/1.1" 404 - "-" "Mozilla/5.0 (Linux; Android 6.0.1; Nexus 5X Build/MMB29P) AppleWebKit/537.36 (KHTML, like Gecko) Chrome/137.0.7151.103 Mobile Safari/537.36 (compatible; Googlebot/2.1; +http://www.google.com/bot.html)"
66.249.73.128 - - [20/Jul/2025:20:19:55 -0300] "GET /pcmypage?callback=product%2Fdetail%2Fzozo-82128525 HTTP/1.1" 404 - "-" "Mozilla/5.0 (Linux; Android 6.0.1; Nexus 5X Build/MMB29P) AppleWebKit/537.36 (KHTML, like Gecko) Chrome/137.0.7151.103 Mobile Safari/537.36 (compatible; Googlebot/2.1; +http://www.google.com/bot.html)"
66.249.73.128 - - [20/Jul/2025:20:40:57 -0300] "GET /items/znhvc56/17610?key=brief HTTP/1.1" 404 - "-" "Mozilla/5.0 (Linux; Android 6.0.1; Nexus 5X Build/MMB29P) AppleWebKit/537.36 (KHTML, like Gecko) Chrome/137.0.7151.103 Mobile Safari/537.36 (compatible; Googlebot/2.1; +http://www.google.com/bot.html)"
66.249.73.130 - - [20/Jul/2025:20:44:07 -0300] "GET /?_gl=1*zfcqruz*_ga*CJchEqdbioaSTiKeJrKGziPwhXdK*_ga_GNIKPSBLJ*niBho8Pgw74NK9uLs58NGs3YAB3aL2fNxI1fj7CaLLAc9A10Vzh5AeV.*_gcl_au=1.1.199146194.176327581*_gcl_aw=LJE.170921033.BVoV5zxNnKzNvythxQY8mj5hnwdB5k5fTqfVH4sfj3IodxKJAX4RRmkRv6wHzbtKm6LMqHNKAaYMy250A4p5PoenMz..&_gz=2.195497047.194191550.178101387-862995340.167026157&_bdsid=d97abb.n~MGBRJ.176329936.176376561&_bd_prev_page=https://dev.vacivitta.com.br/file.jsp?products/55lf9348 HTTP/1.1" 200 488 "-" "Mozilla/5.0 (Linux; Android 6.0.1; Nexus 5X Build/MMB29P) AppleWebKit/537.36 (KHTML, like Gecko) Chrome/137.0.7151.103 Mobile Safari/537.36 (compatible; Googlebot/2.1; +http://www.google.com/bot.html)"
66.249.73.129 - - [20/Jul/2025:21:17:02 -0300] "GET /pcmypage?callback=product%2Fdetail%2Fsirotan5027shop-worlde023-3 HTTP/1.1" 404 - "-" "Mozilla/5.0 (Linux; Android 6.0.1; Nexus 5X Build/MMB29P) AppleWebKit/537.36 (KHTML, like Gecko) Chrome/137.0.7151.103 Mobile Safari/537.36 (compatible; Googlebot/2.1; +http://www.google.com/bot.html)"
66.249.73.129 - - [20/Jul/2025:21:52:29 -0300] "GET /items/vplio7/42955?key=reader HTTP/1.1" 404 - "-" "Mozilla/5.0 (Linux; Android 6.0.1; Nexus 5X Build/MMB29P) AppleWebKit/537.36 (KHTML, like Gecko) Chrome/137.0.7151.103 Mobile Safari/537.36 (compatible; Googlebot/2.1; +http://www.google.com/bot.html)"
66.249.73.128 - - [20/Jul/2025:22:51:37 -0300] "GET /pcmypage?callback=/product%2Fdetail%2intelogue-a120206500043915 HTTP/1.1" 404 - "-" "Mozilla/5.0 (Linux; Android 6.0.1; Nexus 5X Build/MMB29P) AppleWebKit/537.36 (KHTML, like Gecko) Chrome/137.0.7151.103 Mobile Safari/537.36 (compatible; Googlebot/2.1; +http://www.google.com/bot.html)"
24.144.84.226 - - [20/Jul/2025:23:22:41 -0300] "GET / HTTP/1.1" 200 488 "-" "Mozilla/5.0 (X11; Linux x86_64; rv:137.0) Gecko/20100101 Firefox/137.0"
24.144.84.226 - - [20/Jul/2025:23:22:42 -0300] "GET /ico.ico HTTP/1.1" 200 100526 "https://www.dev.vacivitta.com.br/" "Mozilla/5.0 (X11; Linux x86_64; rv:137.0) Gecko/20100101 Firefox/137.0"
188.214.129.131 - - [20/Jul/2025:23:24:41 -0300] "GET / HTTP/1.1" 200 488 "-" "Mozilla/5.0 (Windows NT 10.0; Win64; x64) AppleWebKit/537.36 (KHTML, like Gecko) Chrome/68.0.3440.75 Safari/537.36"
188.214.129.131 - - [20/Jul/2025:23:24:59 -0300] "GET /assets/index-BZLUkikW.js HTTP/1.1" 200 923512 "-" "Opera/9.80 (J2ME/MIDP; Opera Mini/5.0.16823/1428; U; en) Presto/2.2.0"
188.214.129.131 - - [20/Jul/2025:23:25:20 -0300] "GET /assets/index-BZLUkikW.js HTTP/1.1" 200 923512 "-" "Mozilla/5.0 (MeeGo; NokiaN950-00/00) AppleWebKit/534.13 (KHTML, like Gecko) NokiaBrowser/8.5.0 Mobile Safari/534.13"
66.249.73.128 - - [20/Jul/2025:23:25:49 -0300] "GET /zhHant/product/surugaya/miyama-baseball-kt366?campaign_uid=f64d716db5e979ed2f947dbaf4296895b951ae7f HTTP/1.1" 404 - "-" "Mozilla/5.0 (Linux; Android 6.0.1; Nexus 5X Build/MMB29P) AppleWebKit/537.36 (KHTML, like Gecko) Chrome/137.0.7151.103 Mobile Safari/537.36 (compatible; Googlebot/2.1; +http://www.google.com/bot.html)"
66.249.73.129 - - [20/Jul/2025:23:34:34 -0300] "GET /pcmypage?callback=/product%2Fdetail%2zozo-82128525 HTTP/1.1" 404 - "-" "Mozilla/5.0 (Linux; Android 6.0.1; Nexus 5X Build/MMB29P) AppleWebKit/537.36 (KHTML, like Gecko) Chrome/137.0.7151.103 Mobile Safari/537.36 (compatible; Googlebot/2.1; +http://www.google.com/bot.html)"
104.210.140.133 - - [20/Jul/2025:23:44:24 -0300] "GET /robots.txt HTTP/1.1" 404 - "-" "Mozilla/5.0 (Macintosh; Intel Mac OS X 10_15_7) AppleWebKit/537.36 (KHTML, like Gecko) Chrome/131.0.0.0 Safari/537.36; compatible; OAI-SearchBot/1.0; +https://openai.com/searchbot"
66.249.73.128 - - [20/Jul/2025:23:54:54 -0300] "GET /products/97sb16896 HTTP/1.1" 404 - "-" "Mozilla/5.0 (Linux; Android 6.0.1; Nexus 5X Build/MMB29P) AppleWebKit/537.36 (KHTML, like Gecko) Chrome/137.0.7151.103 Mobile Safari/537.36 (compatible; Googlebot/2.1; +http://www.google.com/bot.html)"
66.249.73.130 - - [20/Jul/2025:23:57:32 -0300] "GET /category/273_3361/1 HTTP/1.1" 404 - "-" "Mozilla/5.0 (Linux; Android 6.0.1; Nexus 5X Build/MMB29P) AppleWebKit/537.36 (KHTML, like Gecko) Chrome/137.0.7151.103 Mobile Safari/537.36 (compatible; Googlebot/2.1; +http://www.google.com/bot.html)"
66.249.73.130 - - [21/Jul/2025:00:00:11 -0300] "GET /product/edit/nashville-b00j3zzssm HTTP/1.1" 404 - "-" "Mozilla/5.0 (Linux; Android 6.0.1; Nexus 5X Build/MMB29P) AppleWebKit/537.36 (KHTML, like Gecko) Chrome/137.0.7151.103 Mobile Safari/537.36 (compatible; Googlebot/2.1; +http://www.google.com/bot.html)"
66.249.73.128 - - [21/Jul/2025:00:02:50 -0300] "GET /items/ueyhb194/19126?key=winner HTTP/1.1" 404 - "-" "Mozilla/5.0 (Linux; Android 6.0.1; Nexus 5X Build/MMB29P) AppleWebKit/537.36 (KHTML, like Gecko) Chrome/137.0.7151.103 Mobile Safari/537.36 (compatible; Googlebot/2.1; +http://www.google.com/bot.html)"
66.249.73.130 - - [21/Jul/2025:00:05:28 -0300] "GET /product/edit/sirotan5027shop-worlde023-3 HTTP/1.1" 404 - "-" "Mozilla/5.0 (Linux; Android 6.0.1; Nexus 5X Build/MMB29P) AppleWebKit/537.36 (KHTML, like Gecko) Chrome/137.0.7151.103 Mobile Safari/537.36 (compatible; Googlebot/2.1; +http://www.google.com/bot.html)"
66.249.73.128 - - [21/Jul/2025:01:27:54 -0300] "GET /zhHant/product/surugaya/casiopeia-express-idvdxxamb003jch1ye?campaign_uid=f64d716db5e979ed2f947dbaf4296895b951ae7f HTTP/1.1" 404 - "-" "Mozilla/5.0 (Linux; Android 6.0.1; Nexus 5X Build/MMB29P) AppleWebKit/537.36 (KHTML, like Gecko) Chrome/137.0.7151.103 Mobile Safari/537.36 (compatible; Googlebot/2.1; +http://www.google.com/bot.html)"
66.249.73.128 - - [21/Jul/2025:01:29:55 -0300] "GET /zhHant/product/surugaya/intelogue-ck100945040104438?campaign_uid=f64d716db5e979ed2f947dbaf4296895b951ae7f HTTP/1.1" 404 - "-" "Mozilla/5.0 (Linux; Android 6.0.1; Nexus 5X Build/MMB29P) AppleWebKit/537.36 (KHTML, like Gecko) Chrome/137.0.7151.103 Mobile Safari/537.36 (compatible; Googlebot/2.1; +http://www.google.com/bot.html)"
66.249.73.129 - - [21/Jul/2025:01:31:55 -0300] "GET /zhHant/product/surugaya/tecnos-124523052027659p10?campaign_uid=f64d716db5e979ed2f947dbaf4296895b951ae7f HTTP/1.1" 404 - "-" "Mozilla/5.0 (Linux; Android 6.0.1; Nexus 5X Build/MMB29P) AppleWebKit/537.36 (KHTML, like Gecko) Chrome/137.0.7151.103 Mobile Safari/537.36 (compatible; Googlebot/2.1; +http://www.google.com/bot.html)"
66.249.73.129 - - [21/Jul/2025:01:50:59 -0300] "GET /zhHant/product/surugaya/asty-shop2-b3-247g2srkaa-11f7?campaign_uid=f64d716db5e979ed2f947dbaf4296895b951ae7f HTTP/1.1" 404 - "-" "Mozilla/5.0 (Linux; Android 6.0.1; Nexus 5X Build/MMB29P) AppleWebKit/537.36 (KHTML, like Gecko) Chrome/137.0.7151.103 Mobile Safari/537.36 (compatible; Googlebot/2.1; +http://www.google.com/bot.html)"
66.249.73.128 - - [21/Jul/2025:02:35:54 -0300] "GET /products/293fv43882 HTTP/1.1" 404 - "-" "Mozilla/5.0 (Linux; Android 6.0.1; Nexus 5X Build/MMB29P) AppleWebKit/537.36 (KHTML, like Gecko) Chrome/137.0.7151.103 Mobile Safari/537.36 (compatible; Googlebot/2.1; +http://www.google.com/bot.html)"
66.249.73.130 - - [21/Jul/2025:03:12:06 -0300] "GET /zhHant/product/surugaya/toptuner-store-dadz000515-000-00?campaign_uid=f64d716db5e979ed2f947dbaf4296895b951ae7f HTTP/1.1" 404 - "-" "Mozilla/5.0 (Linux; Android 6.0.1; Nexus 5X Build/MMB29P) AppleWebKit/537.36 (KHTML, like Gecko) Chrome/137.0.7151.103 Mobile Safari/537.36 (compatible; Googlebot/2.1; +http://www.google.com/bot.html)"
66.249.73.130 - - [21/Jul/2025:04:55:40 -0300] "GET /robots.txt HTTP/1.1" 404 - "-" "Mozilla/5.0 (compatible; Googlebot/2.1; +http://www.google.com/bot.html)"
66.249.73.129 - - [21/Jul/2025:04:55:40 -0300] "GET /items/exyov54/13710?key=beam HTTP/1.1" 404 - "-" "Mozilla/5.0 (Linux; Android 6.0.1; Nexus 5X Build/MMB29P) AppleWebKit/537.36 (KHTML, like Gecko) Chrome/137.0.7151.103 Mobile Safari/537.36 (compatible; Googlebot/2.1; +http://www.google.com/bot.html)"
68.183.84.179 - - [21/Jul/2025:05:15:01 -0300] "GET / HTTP/1.1" 200 488 "-" "Mozilla/5.0 (X11; Linux x86_64; rv:137.0) Gecko/20100101 Firefox/137.0"
68.183.84.179 - - [21/Jul/2025:05:15:09 -0300] "GET /ico.ico HTTP/1.1" 200 100526 "https://www.dev.vacivitta.com.br/" "Mozilla/5.0 (X11; Linux x86_64; rv:137.0) Gecko/20100101 Firefox/137.0"
139.59.142.133 - - [21/Jul/2025:05:25:36 -0300] "GET / HTTP/1.1" 200 488 "-" "Mozilla/5.0 (X11; Linux x86_64; rv:137.0) Gecko/20100101 Firefox/137.0"
139.59.142.133 - - [21/Jul/2025:05:25:40 -0300] "GET /ico.ico HTTP/1.1" 200 100526 "https://dev.vacivitta.com.br/" "Mozilla/5.0 (X11; Linux x86_64; rv:137.0) Gecko/20100101 Firefox/137.0"
64.124.8.226 - - [21/Jul/2025:06:09:45 -0300] "GET /robots.txt HTTP/1.1" 404 - "-" "Mozilla/5.0 (compatible; ImagesiftBot; +imagesift.com)"
64.124.8.226 - - [21/Jul/2025:06:09:45 -0300] "GET /ico.ico HTTP/1.1" 200 100526 "-" "Mozilla/5.0 (compatible; ImagesiftBot; +imagesift.com)"
66.249.73.129 - - [21/Jul/2025:06:20:32 -0300] "GET /products/4zq18371 HTTP/1.1" 404 - "-" "Mozilla/5.0 (Linux; Android 6.0.1; Nexus 5X Build/MMB29P) AppleWebKit/537.36 (KHTML, like Gecko) Chrome/137.0.7151.103 Mobile Safari/537.36 (compatible; Googlebot/2.1; +http://www.google.com/bot.html)"
66.249.73.130 - - [21/Jul/2025:06:29:41 -0300] "GET /items/qurbw12/46576?key=capital HTTP/1.1" 404 - "-" "Mozilla/5.0 (Linux; Android 6.0.1; Nexus 5X Build/MMB29P) AppleWebKit/537.36 (KHTML, like Gecko) Chrome/137.0.7151.103 Mobile Safari/537.36 (compatible; Googlebot/2.1; +http://www.google.com/bot.html)"
66.249.73.130 - - [21/Jul/2025:06:33:24 -0300] "GET /zhHant/product/surugaya/jiatentusp4-20221024011135-00077us?campaign_uid=f64d716db5e979ed2f947dbaf4296895b951ae7f HTTP/1.1" 404 - "-" "Mozilla/5.0 (Linux; Android 6.0.1; Nexus 5X Build/MMB29P) AppleWebKit/537.36 (KHTML, like Gecko) Chrome/137.0.7151.103 Mobile Safari/537.36 (compatible; Googlebot/2.1; +http://www.google.com/bot.html)"
66.249.73.130 - - [21/Jul/2025:08:35:16 -0300] "GET /zhHant/product/surugaya/sakuragakki-pro-jw8r?campaign_uid=f64d716db5e979ed2f947dbaf4296895b951ae7f HTTP/1.1" 404 - "-" "Mozilla/5.0 (Linux; Android 6.0.1; Nexus 5X Build/MMB29P) AppleWebKit/537.36 (KHTML, like Gecko) Chrome/137.0.7151.103 Mobile Safari/537.36 (compatible; Googlebot/2.1; +http://www.google.com/bot.html)"
180.163.220.46 - - [21/Jul/2025:10:05:00 -0300] "GET / HTTP/1.1" 200 488 "-" "Mozilla/5.0 (Macintosh; Intel Mac OS X 10_15_7) AppleWebKit/537.36 (KHTML, like Gecko) Chrome/120.0.0.0 Safari/537.36 Edg/120.0.0.0"
180.163.220.52 - - [21/Jul/2025:10:05:07 -0300] "GET /ico.ico HTTP/1.1" 200 100526 "-" "Mozilla/5.0 (Macintosh; Intel Mac OS X 10_7_0) AppleWebKit/535.11 (KHTML, like Gecko) Chrome/17.0.963.56 Safari/535.11"
180.163.220.46 - - [21/Jul/2025:10:05:12 -0300] "GET /robots.txt HTTP/1.1" 404 - "-" "Mozilla/5.0 (Macintosh; Intel Mac OS X 10_7_0) AppleWebKit/535.11 (KHTML, like Gecko) Chrome/17.0.963.56 Safari/535.11"
180.163.220.46 - - [21/Jul/2025:10:05:15 -0300] "GET /sitemap.xml HTTP/1.1" 404 - "-" "Mozilla/5.0 (Macintosh; Intel Mac OS X 10_7_0) AppleWebKit/535.11 (KHTML, like Gecko) Chrome/17.0.963.56 Safari/535.11"
180.163.220.95 - - [21/Jul/2025:10:05:30 -0300] "GET /config.json HTTP/1.1" 404 - "-" "Mozilla/5.0 (Macintosh; Intel Mac OS X 10_7_0) AppleWebKit/535.11 (KHTML, like Gecko) Chrome/17.0.963.56 Safari/535.11"
66.249.73.129 - - [21/Jul/2025:10:27:49 -0300] "GET /items/mfuqr97/16901?key=reflect HTTP/1.1" 404 - "-" "Mozilla/5.0 (Linux; Android 6.0.1; Nexus 5X Build/MMB29P) AppleWebKit/537.36 (KHTML, like Gecko) Chrome/137.0.7151.103 Mobile Safari/537.36 (compatible; Googlebot/2.1; +http://www.google.com/bot.html)"
66.249.73.129 - - [21/Jul/2025:10:35:56 -0300] "GET /product/edit/revida2-y1-13477669am HTTP/1.1" 404 - "-" "Mozilla/5.0 (Linux; Android 6.0.1; Nexus 5X Build/MMB29P) AppleWebKit/537.36 (KHTML, like Gecko) Chrome/137.0.7151.103 Mobile Safari/537.36 (compatible; Googlebot/2.1; +http://www.google.com/bot.html)"
66.249.73.129 - - [21/Jul/2025:10:37:06 -0300] "GET /products/135do18752 HTTP/1.1" 404 - "-" "Mozilla/5.0 (Linux; Android 6.0.1; Nexus 5X Build/MMB29P) AppleWebKit/537.36 (KHTML, like Gecko) Chrome/137.0.7151.103 Mobile Safari/537.36 (compatible; Googlebot/2.1; +http://www.google.com/bot.html)"
66.249.73.128 - - [21/Jul/2025:10:39:17 -0300] "GET /pcmypage?callback=/product%2Fdetail%2nashville-b00j3zzssm HTTP/1.1" 404 - "-" "Mozilla/5.0 (Linux; Android 6.0.1; Nexus 5X Build/MMB29P) AppleWebKit/537.36 (KHTML, like Gecko) Chrome/137.0.7151.103 Mobile Safari/537.36 (compatible; Googlebot/2.1; +http://www.google.com/bot.html)"
66.249.73.128 - - [21/Jul/2025:10:49:29 -0300] "GET /category/273/1 HTTP/1.1" 404 - "-" "Mozilla/5.0 (Linux; Android 6.0.1; Nexus 5X Build/MMB29P) AppleWebKit/537.36 (KHTML, like Gecko) Chrome/137.0.7151.103 Mobile Safari/537.36 (compatible; Googlebot/2.1; +http://www.google.com/bot.html)"
66.249.73.129 - - [21/Jul/2025:10:59:01 -0300] "GET /category/61/1 HTTP/1.1" 404 - "-" "Mozilla/5.0 (Linux; Android 6.0.1; Nexus 5X Build/MMB29P) AppleWebKit/537.36 (KHTML, like Gecko) Chrome/137.0.7151.103 Mobile Safari/537.36 (compatible; Googlebot/2.1; +http://www.google.com/bot.html)"
66.249.73.129 - - [21/Jul/2025:11:00:50 -0300] "GET /zhHant/product/surugaya/golfpartner-2100355090188?campaign_uid=f64d716db5e979ed2f947dbaf4296895b951ae7f HTTP/1.1" 404 - "-" "Mozilla/5.0 (Linux; Android 6.0.1; Nexus 5X Build/MMB29P) AppleWebKit/537.36 (KHTML, like Gecko) Chrome/137.0.7151.103 Mobile Safari/537.36 (compatible; Googlebot/2.1; +http://www.google.com/bot.html)"
66.249.73.130 - - [21/Jul/2025:11:12:27 -0300] "GET /?_gl=1*zfcqruz*_ga*CJchEqdbioaSTiKeJrKGziPwhXdK*_ga_GNIKPSBLJ*niBho8Pgw74NK9uLs58NGs3YAB3aL2fNxI1fj7CaLLAc9A10Vzh5AeV.*_gcl_au=1.1.199146194.176327581*_gcl_aw=LJE.170921033.BVoV5zxNnKzNvythxQY8mj5hnwdB5k5fTqfVH4sfj3IodxKJAX4RRmkRv6wHzbtKm6LMqHNKAaYMy250A4p5PoenMz..&_gz=2.195497047.194191550.178101387-862995340.167026157&_bdsid=d97abb.n~MGBRJ.176329936.176376561&_bd_prev_page=https://dev.vacivitta.com.br/file.jsp?products/55lf9348 HTTP/1.1" 200 488 "-" "Mozilla/5.0 (Linux; Android 6.0.1; Nexus 5X Build/MMB29P) AppleWebKit/537.36 (KHTML, like Gecko) Chrome/137.0.7151.103 Mobile Safari/537.36 (compatible; Googlebot/2.1; +http://www.google.com/bot.html)"
66.249.73.129 - - [21/Jul/2025:11:12:30 -0300] "GET /assets/index-g8aW3Zx-.css HTTP/1.1" 200 2311 "https://dev.vacivitta.com.br/?_gl=1*zfcqruz*_ga*CJchEqdbioaSTiKeJrKGziPwhXdK*_ga_GNIKPSBLJ*niBho8Pgw74NK9uLs58NGs3YAB3aL2fNxI1fj7CaLLAc9A10Vzh5AeV.*_gcl_au=1.1.199146194.176327581*_gcl_aw=LJE.170921033.BVoV5zxNnKzNvythxQY8mj5hnwdB5k5fTqfVH4sfj3IodxKJAX4RRmkRv6wHzbtKm6LMqHNKAaYMy250A4p5PoenMz..&_gz=2.195497047.194191550.178101387-862995340.167026157&_bdsid=d97abb.n~MGBRJ.176329936.176376561&_bd_prev_page=https://dev.vacivitta.com.br/file.jsp?products/55lf9348" "Mozilla/5.0 (Linux; Android 6.0.1; Nexus 5X Build/MMB29P) AppleWebKit/537.36 (KHTML, like Gecko) Chrome/137.0.7151.119 Mobile Safari/537.36 (compatible; Googlebot/2.1; +http://www.google.com/bot.html)"
52.44.229.124 - - [21/Jul/2025:11:14:45 -0300] "GET /robots.txt HTTP/1.1" 404 - "-" "Mozilla/5.0 AppleWebKit/537.36 (KHTML, like Gecko; compatible; Amazonbot/0.1; +https://developer.amazon.com/support/amazonbot) Chrome/119.0.6045.214 Safari/537.36"
54.156.124.2 - - [21/Jul/2025:11:14:45 -0300] "GET / HTTP/1.1" 200 488 "-" "Mozilla/5.0 AppleWebKit/537.36 (KHTML, like Gecko; compatible; Amazonbot/0.1; +https://developer.amazon.com/support/amazonbot) Chrome/119.0.6045.214 Safari/537.36"
66.249.73.129 - - [21/Jul/2025:12:05:56 -0300] "GET /products/164iw13297 HTTP/1.1" 404 - "-" "Mozilla/5.0 (Linux; Android 6.0.1; Nexus 5X Build/MMB29P) AppleWebKit/537.36 (KHTML, like Gecko) Chrome/137.0.7151.103 Mobile Safari/537.36 (compatible; Googlebot/2.1; +http://www.google.com/bot.html)"
45.135.232.10 - - [21/Jul/2025:14:22:10 -0300] "GET / HTTP/1.1" 200 488 "https://google.com/" "Mozilla/5.0 (Windows NT 10.0; Win64; x64; rv:134.0) Gecko/20100101 Firefox/135.0"
45.135.232.10 - - [21/Jul/2025:14:22:14 -0300] "GET /wp-login.php HTTP/1.1" 404 - "https://dev.vacivitta.com.br/wp-login.php" "Mozilla/5.0 (Windows NT 10.0; Win64; x64; rv:134.0) Gecko/20100101 Firefox/135.0"
45.135.232.10 - - [21/Jul/2025:14:22:18 -0300] "GET /xmlrpc.php HTTP/1.1" 404 - "https://dev.vacivitta.com.br/xmlrpc.php" "Mozilla/5.0 (Windows NT 10.0; Win64; x64; rv:134.0) Gecko/20100101 Firefox/135.0"
74.80.208.207 - - [21/Jul/2025:14:32:11 -0300] "GET /robots.txt HTTP/1.1" 404 - "-" "Mozilla/5.0 (compatible; ImagesiftBot; +imagesift.com)"
74.80.208.207 - - [21/Jul/2025:14:32:11 -0300] "GET /author/apios/ HTTP/1.1" 404 - "-" "Mozilla/5.0 (compatible; ImagesiftBot; +imagesift.com)"
66.249.73.129 - - [21/Jul/2025:15:11:22 -0300] "GET /zhHant/product/surugaya/tai-spo-1djpu13009?campaign_uid=f64d716db5e979ed2f947dbaf4296895b951ae7f HTTP/1.1" 404 - "-" "Mozilla/5.0 (Linux; Android 6.0.1; Nexus 5X Build/MMB29P) AppleWebKit/537.36 (KHTML, like Gecko) Chrome/137.0.7151.103 Mobile Safari/537.36 (compatible; Googlebot/2.1; +http://www.google.com/bot.html)"
66.249.73.128 - - [21/Jul/2025:15:13:22 -0300] "GET /zhHant/product/surugaya/t-joy-eaglestar-31105?campaign_uid=f64d716db5e979ed2f947dbaf4296895b951ae7f HTTP/1.1" 404 - "-" "Mozilla/5.0 (Linux; Android 6.0.1; Nexus 5X Build/MMB29P) AppleWebKit/537.36 (KHTML, like Gecko) Chrome/137.0.7151.103 Mobile Safari/537.36 (compatible; Googlebot/2.1; +http://www.google.com/bot.html)"
66.249.73.130 - - [21/Jul/2025:15:34:29 -0300] "GET /category/176/1 HTTP/1.1" 404 - "-" "Mozilla/5.0 (Linux; Android 6.0.1; Nexus 5X Build/MMB29P) AppleWebKit/537.36 (KHTML, like Gecko) Chrome/137.0.7151.103 Mobile Safari/537.36 (compatible; Googlebot/2.1; +http://www.google.com/bot.html)"
216.81.248.38 - - [21/Jul/2025:15:40:07 -0300] "GET /.git/config HTTP/1.1" 404 - "-" "Mozilla/5.0 (iPhone; CPU iPhone OS 12_4 like Mac OS X) AppleWebKit/605.1.15 (KHTML, like Gecko) GSA/80.0.262003652 Mobile/16G77 Safari/604.1"
66.249.73.129 - - [21/Jul/2025:17:05:08 -0300] "GET /robots.txt HTTP/1.1" 404 - "-" "Mozilla/5.0 (compatible; Googlebot/2.1; +http://www.google.com/bot.html)"
66.249.73.129 - - [21/Jul/2025:17:05:08 -0300] "GET /products/49fo47218 HTTP/1.1" 404 - "-" "Mozilla/5.0 (Linux; Android 6.0.1; Nexus 5X Build/MMB29P) AppleWebKit/537.36 (KHTML, like Gecko) Chrome/137.0.7151.103 Mobile Safari/537.36 (compatible; Googlebot/2.1; +http://www.google.com/bot.html)"
4.227.36.16 - - [21/Jul/2025:17:21:25 -0300] "GET /robots.txt HTTP/1.1" 404 - "-" "Mozilla/5.0 AppleWebKit/537.36 (KHTML, like Gecko; compatible; GPTBot/1.2; +https://openai.com/gptbot)"
20.14.99.110 - - [21/Jul/2025:17:21:25 -0300] "GET / HTTP/1.1" 200 488 "-" "Mozilla/5.0 (Macintosh; Intel Mac OS X 10_15_7) AppleWebKit/537.36 (KHTML, like Gecko) Chrome/131.0.0.0 Safari/537.36; compatible; OAI-SearchBot/1.0; +https://openai.com/searchbot"
104.210.140.133 - - [21/Jul/2025:17:41:59 -0300] "GET /robots.txt HTTP/1.1" 404 - "-" "Mozilla/5.0 (Macintosh; Intel Mac OS X 10_15_7) AppleWebKit/537.36 (KHTML, like Gecko) Chrome/131.0.0.0 Safari/537.36; compatible; OAI-SearchBot/1.0; +https://openai.com/searchbot"
66.249.73.129 - - [21/Jul/2025:19:12:17 -0300] "GET /?_gl=1*zfcqruz*_ga*CJchEqdbioaSTiKeJrKGziPwhXdK*_ga_GNIKPSBLJ*niBho8Pgw74NK9uLs58NGs3YAB3aL2fNxI1fj7CaLLAc9A10Vzh5AeV.*_gcl_au=1.1.199146194.176327581*_gcl_aw=LJE.170921033.BVoV5zxNnKzNvythxQY8mj5hnwdB5k5fTqfVH4sfj3IodxKJAX4RRmkRv6wHzbtKm6LMqHNKAaYMy250A4p5PoenMz..&_gz=2.195497047.194191550.178101387-862995340.167026157&_bdsid=d97abb.n~MGBRJ.176329936.176376561&_bd_prev_page=https://dev.vacivitta.com.br/file.jsp?products/75ic8038 HTTP/1.1" 200 488 "-" "Mozilla/5.0 (Linux; Android 6.0.1; Nexus 5X Build/MMB29P) AppleWebKit/537.36 (KHTML, like Gecko) Chrome/137.0.7151.103 Mobile Safari/537.36 (compatible; Googlebot/2.1; +http://www.google.com/bot.html)"
66.249.73.129 - - [21/Jul/2025:19:15:19 -0300] "GET /items/hibee180/13418?key=division HTTP/1.1" 404 - "-" "Mozilla/5.0 (Linux; Android 6.0.1; Nexus 5X Build/MMB29P) AppleWebKit/537.36 (KHTML, like Gecko) Chrome/137.0.7151.103 Mobile Safari/537.36 (compatible; Googlebot/2.1; +http://www.google.com/bot.html)"
66.249.73.128 - - [21/Jul/2025:19:33:19 -0300] "GET /products/73nj33710 HTTP/1.1" 404 - "-" "Mozilla/5.0 (Linux; Android 6.0.1; Nexus 5X Build/MMB29P) AppleWebKit/537.36 (KHTML, like Gecko) Chrome/137.0.7151.103 Mobile Safari/537.36 (compatible; Googlebot/2.1; +http://www.google.com/bot.html)"
66.249.73.130 - - [21/Jul/2025:19:44:13 -0300] "GET /?_gl=1*zfcqruz*_ga*CJchEqdbioaSTiKeJrKGziPwhXdK*_ga_GNIKPSBLJ*niBho8Pgw74NK9uLs58NGs3YAB3aL2fNxI1fj7CaLLAc9A10Vzh5AeV.*_gcl_au=1.1.199146194.176327581*_gcl_aw=LJE.170921033.BVoV5zxNnKzNvythxQY8mj5hnwdB5k5fTqfVH4sfj3IodxKJAX4RRmkRv6wHzbtKm6LMqHNKAaYMy250A4p5PoenMz..&_gz=2.195497047.194191550.178101387-862995340.167026157&_bdsid=d97abb.n~MGBRJ.176329936.176376561&_bd_prev_page=https://dev.vacivitta.com.br/file.jsp?products/55lf9348 HTTP/1.1" 304 - "-" "Mozilla/5.0 (Linux; Android 6.0.1; Nexus 5X Build/MMB29P) AppleWebKit/537.36 (KHTML, like Gecko) Chrome/137.0.7151.103 Mobile Safari/537.36 (compatible; Googlebot/2.1; +http://www.google.com/bot.html)"
147.185.132.153 - - [21/Jul/2025:20:00:24 -0300] "GET / HTTP/1.1" 200 488 "-" "Hello from Palo Alto Networks, find out more about our scans in https://docs-cortex.paloaltonetworks.com/r/1/Cortex-Xpanse/Scanning-activity"
23.137.105.26 - - [21/Jul/2025:21:01:02 -0300] "GET /wp-login.php HTTP/1.1" 404 - "https://www.facebook.com/" "Mozilla/5.0 (Macintosh; Intel Mac OS X 10_15_7; rv:121.0) Gecko/20100101 Firefox/121.0"
23.137.105.26 - - [21/Jul/2025:21:01:02 -0300] "GET /wp-admin/ HTTP/1.1" 404 - "https://wordpress.org/" "Mozilla/5.0 (Windows NT 10.0; Win64; x64) AppleWebKit/537.36 (KHTML, like Gecko) Chrome/119.0.0.0 Safari/537.36"
66.249.73.129 - - [22/Jul/2025:00:09:07 -0300] "GET /search?category=50001&search_word= HTTP/1.1" 404 - "-" "Mozilla/5.0 (Linux; Android 6.0.1; Nexus 5X Build/MMB29P) AppleWebKit/537.36 (KHTML, like Gecko) Chrome/137.0.7151.103 Mobile Safari/537.36 (compatible; Googlebot/2.1; +http://www.google.com/bot.html)"
93.123.109.7 - - [22/Jul/2025:00:12:06 -0300] "GET /.git/config HTTP/1.1" 404 - "-" "Mozilla/5.0 (Windows NT 6.3; Win64; x64) AppleWebKit/537.36 (KHTML, like Gecko) Chrome/67.0.3396.87 Safari/537.36"
64.124.8.159 - - [22/Jul/2025:01:43:35 -0300] "GET /robots.txt HTTP/1.1" 404 - "-" "Mozilla/5.0 (compatible; ImagesiftBot; +imagesift.com)"
64.124.8.159 - - [22/Jul/2025:01:43:35 -0300] "GET /wp-json/wp/v2/categories/1 HTTP/1.1" 404 - "-" "Mozilla/5.0 (compatible; ImagesiftBot; +imagesift.com)"
64.124.8.159 - - [22/Jul/2025:02:02:51 -0300] "GET /wp-json/oembed/1.0/embed?format=xml&url=https%3A%2F%2Fdev.vacivitta.com.br%2Fsample-page%2F HTTP/1.1" 404 - "-" "Mozilla/5.0 (compatible; ImagesiftBot; +imagesift.com)"
93.123.109.7 - - [22/Jul/2025:02:47:11 -0300] "GET /.git/config HTTP/1.1" 404 - "-" "Mozilla/5.0 (iPad; CPU OS 5_1 like Mac OS X) AppleWebKit/534.46 (KHTML, like Gecko ) Version/5.1 Mobile/9B176 Safari/7534.48.3"
66.249.73.130 - - [22/Jul/2025:05:56:17 -0300] "GET /robots.txt HTTP/1.1" 404 - "-" "Mozilla/5.0 (compatible; Googlebot/2.1; +http://www.google.com/bot.html)"
66.249.73.130 - - [22/Jul/2025:05:56:17 -0300] "GET /?_gl=1*zfcqruz*_ga*CJchEqdbioaSTiKeJrKGziPwhXdK*_ga_GNIKPSBLJ*niBho8Pgw74NK9uLs58NGs3YAB3aL2fNxI1fj7CaLLAc9A10Vzh5AeV.*_gcl_au=1.1.199146194.176327581*_gcl_aw=LJE.170921033.BVoV5zxNnKzNvythxQY8mj5hnwdB5k5fTqfVH4sfj3IodxKJAX4RRmkRv6wHzbtKm6LMqHNKAaYMy250A4p5PoenMz..&_gz=2.195497047.194191550.178101387-862995340.167026157&_bdsid=d97abb.n~MGBRJ.176329936.176376561&_bd_prev_page=https://dev.vacivitta.com.br/file.jsp?products/55lf9348 HTTP/1.1" 200 488 "-" "Mozilla/5.0 (Linux; Android 6.0.1; Nexus 5X Build/MMB29P) AppleWebKit/537.36 (KHTML, like Gecko) Chrome/137.0.7151.103 Mobile Safari/537.36 (compatible; Googlebot/2.1; +http://www.google.com/bot.html)"
64.124.8.233 - - [22/Jul/2025:08:03:30 -0300] "GET /robots.txt HTTP/1.1" 404 - "-" "Mozilla/5.0 (compatible; ImagesiftBot; +imagesift.com)"
64.124.8.233 - - [22/Jul/2025:08:03:30 -0300] "GET /wp-signup.php?new=vacinadagripe.vacivitta.com.br/ HTTP/1.1" 404 - "-" "Mozilla/5.0 (compatible; ImagesiftBot; +imagesift.com)"
66.249.73.130 - - [22/Jul/2025:08:42:01 -0300] "GET /product/edit/dep-good-choice-hfayb003cvppmck HTTP/1.1" 404 - "-" "Mozilla/5.0 (Linux; Android 6.0.1; Nexus 5X Build/MMB29P) AppleWebKit/537.36 (KHTML, like Gecko) Chrome/137.0.7151.103 Mobile Safari/537.36 (compatible; Googlebot/2.1; +http://www.google.com/bot.html)"
66.249.73.130 - - [22/Jul/2025:08:47:02 -0300] "GET /pcmypage?callback=product/review/revida2-y1-13477669am HTTP/1.1" 404 - "-" "Mozilla/5.0 (Linux; Android 6.0.1; Nexus 5X Build/MMB29P) AppleWebKit/537.36 (KHTML, like Gecko) Chrome/137.0.7151.103 Mobile Safari/537.36 (compatible; Googlebot/2.1; +http://www.google.com/bot.html)"
66.249.73.129 - - [22/Jul/2025:08:49:02 -0300] "GET /products/260ku21633 HTTP/1.1" 404 - "-" "Mozilla/5.0 (Linux; Android 6.0.1; Nexus 5X Build/MMB29P) AppleWebKit/537.36 (KHTML, like Gecko) Chrome/137.0.7151.103 Mobile Safari/537.36 (compatible; Googlebot/2.1; +http://www.google.com/bot.html)"
66.249.73.129 - - [22/Jul/2025:08:51:03 -0300] "GET /items/varbp97/16905?key=patent HTTP/1.1" 404 - "-" "Mozilla/5.0 (Linux; Android 6.0.1; Nexus 5X Build/MMB29P) AppleWebKit/537.36 (KHTML, like Gecko) Chrome/137.0.7151.103 Mobile Safari/537.36 (compatible; Googlebot/2.1; +http://www.google.com/bot.html)"
66.249.73.130 - - [22/Jul/2025:09:08:07 -0300] "GET /category/2125_4808/1 HTTP/1.1" 404 - "-" "Mozilla/5.0 (Linux; Android 6.0.1; Nexus 5X Build/MMB29P) AppleWebKit/537.36 (KHTML, like Gecko) Chrome/137.0.7151.103 Mobile Safari/537.36 (compatible; Googlebot/2.1; +http://www.google.com/bot.html)"
139.59.59.1 - - [22/Jul/2025:09:13:48 -0300] "GET /wp-admin/css/ HTTP/1.1" 404 - "binance.com" "Mozilla/5.0 (Windows NT 10.0; Win64; x64) AppleWebKit/537.36 (KHTML, like Gecko) Chrome/90.0.4430.85 Safari/537.36"
139.59.59.1 - - [22/Jul/2025:09:13:59 -0300] "GET /.well-known/ HTTP/1.1" 404 - "binance.com" "Mozilla/5.0 (Windows NT 10.0; Win64; x64) AppleWebKit/537.36 (KHTML, like Gecko) Chrome/90.0.4430.85 Safari/537.36"
196.251.81.14 - - [22/Jul/2025:09:48:24 -0300] "GET / HTTP/1.1" 200 488 "-" "Python/3.10 aiohttp/3.12.14"
196.251.81.14 - - [22/Jul/2025:09:48:24 -0300] "GET /.env HTTP/1.1" 404 - "-" "Python/3.10 aiohttp/3.12.14"
196.251.81.14 - - [22/Jul/2025:09:48:24 -0300] "GET /.git/config HTTP/1.1" 404 - "-" "Python/3.10 aiohttp/3.12.14"
196.251.81.14 - - [22/Jul/2025:09:48:24 -0300] "GET /backend/.env HTTP/1.1" 404 - "-" "Python/3.10 aiohttp/3.12.14"
196.251.81.14 - - [22/Jul/2025:09:48:24 -0300] "GET /admin/.env HTTP/1.1" 404 - "-" "Python/3.10 aiohttp/3.12.14"
196.251.81.14 - - [22/Jul/2025:09:48:25 -0300] "GET /core/.env HTTP/1.1" 404 - "-" "Python/3.10 aiohttp/3.12.14"
196.251.81.14 - - [22/Jul/2025:09:48:25 -0300] "GET /.env.bak HTTP/1.1" 404 - "-" "Python/3.10 aiohttp/3.12.14"
196.251.81.14 - - [22/Jul/2025:09:48:25 -0300] "GET /.git/logs/HEAD HTTP/1.1" 404 - "-" "Python/3.10 aiohttp/3.12.14"
196.251.81.14 - - [22/Jul/2025:09:48:25 -0300] "GET /wp-config.php HTTP/1.1" 404 - "-" "Python/3.10 aiohttp/3.12.14"
196.251.81.14 - - [22/Jul/2025:09:48:25 -0300] "GET /.gitlab-ci.yml HTTP/1.1" 404 - "-" "Python/3.10 aiohttp/3.12.14"
196.251.81.14 - - [22/Jul/2025:09:48:25 -0300] "GET /config.json HTTP/1.1" 404 - "-" "Python/3.10 aiohttp/3.12.14"
196.251.81.14 - - [22/Jul/2025:09:48:26 -0300] "GET /config.js HTTP/1.1" 404 - "-" "Python/3.10 aiohttp/3.12.14"
196.251.81.14 - - [22/Jul/2025:09:48:26 -0300] "GET /aws-config.js HTTP/1.1" 404 - "-" "Python/3.10 aiohttp/3.12.14"
196.251.81.14 - - [22/Jul/2025:09:48:26 -0300] "GET /aws.config.js HTTP/1.1" 404 - "-" "Python/3.10 aiohttp/3.12.14"
35.195.230.119 - - [22/Jul/2025:10:17:41 -0300] "GET / HTTP/1.1" 200 488 "-" "Mozilla/5.0 (Windows NT 10.0; Win64; x64) AppleWebKit/537.36 (KHTML, like Gecko) Chrome/79.0.3945.130 Safari/537.36"
35.195.230.119 - - [22/Jul/2025:10:17:41 -0300] "GET /404-page-test-url-123 HTTP/1.1" 404 - "-" "Mozilla/5.0 (Windows NT 10.0; Win64; x64) AppleWebKit/537.36 (KHTML, like Gecko) Chrome/79.0.3945.130 Safari/537.36"
35.195.230.119 - - [22/Jul/2025:10:17:42 -0300] "GET /CHANGELOG.txt HTTP/1.1" 404 - "-" "Mozilla/5.0 (Windows NT 10.0; Win64; x64) AppleWebKit/537.36 (KHTML, like Gecko) Chrome/79.0.3945.130 Safari/537.36"
35.195.230.119 - - [22/Jul/2025:10:17:42 -0300] "GET /includes/bootstrap.inc HTTP/1.1" 404 - "-" "Mozilla/5.0 (Windows NT 10.0; Win64; x64) AppleWebKit/537.36 (KHTML, like Gecko) Chrome/79.0.3945.130 Safari/537.36"
35.195.230.119 - - [22/Jul/2025:10:17:43 -0300] "GET /robots.txt HTTP/1.1" 404 - "-" "Mozilla/5.0 (Windows NT 10.0; Win64; x64) AppleWebKit/537.36 (KHTML, like Gecko) Chrome/79.0.3945.130 Safari/537.36"
35.195.230.119 - - [22/Jul/2025:10:17:44 -0300] "GET /language/en-GB/en-GB.xml HTTP/1.1" 404 - "-" "Mozilla/5.0 (Windows NT 10.0; Win64; x64) AppleWebKit/537.36 (KHTML, like Gecko) Chrome/79.0.3945.130 Safari/537.36"
35.195.230.119 - - [22/Jul/2025:10:17:44 -0300] "GET /language/en-GB/install.xml HTTP/1.1" 404 - "-" "Mozilla/5.0 (Windows NT 10.0; Win64; x64) AppleWebKit/537.36 (KHTML, like Gecko) Chrome/79.0.3945.130 Safari/537.36"
35.195.230.119 - - [22/Jul/2025:10:17:45 -0300] "GET /administrator/manifests/files/joomla.xml HTTP/1.1" 404 - "-" "Mozilla/5.0 (Windows NT 10.0; Win64; x64) AppleWebKit/537.36 (KHTML, like Gecko) Chrome/79.0.3945.130 Safari/537.36"
35.195.230.119 - - [22/Jul/2025:10:17:45 -0300] "GET /README.txt HTTP/1.1" 404 - "-" "Mozilla/5.0 (Windows NT 10.0; Win64; x64) AppleWebKit/537.36 (KHTML, like Gecko) Chrome/79.0.3945.130 Safari/537.36"
34.78.40.180 - - [22/Jul/2025:10:17:46 -0300] "GET / HTTP/1.1" 200 488 "-" "Mozilla/5.0 (Windows NT 10.0; Win64; x64) AppleWebKit/537.36 (KHTML, like Gecko) Chrome/79.0.3945.130 Safari/537.36"
35.195.230.119 - - [22/Jul/2025:10:17:46 -0300] "GET /CoreCode/Css/cms_front_end.css HTTP/1.1" 404 - "-" "Mozilla/5.0 (Windows NT 10.0; Win64; x64) AppleWebKit/537.36 (KHTML, like Gecko) Chrome/79.0.3945.130 Safari/537.36"
35.195.230.119 - - [22/Jul/2025:10:17:47 -0300] "GET /typo3/ HTTP/1.1" 404 - "-" "Mozilla/5.0 (Windows NT 10.0; Win64; x64) AppleWebKit/537.36 (KHTML, like Gecko) Chrome/79.0.3945.130 Safari/537.36"
35.195.230.119 - - [22/Jul/2025:10:17:47 -0300] "GET /clientscript/vbulletin_global.js HTTP/1.1" 404 - "-" "Mozilla/5.0 (Windows NT 10.0; Win64; x64) AppleWebKit/537.36 (KHTML, like Gecko) Chrome/79.0.3945.130 Safari/537.36"
35.195.230.119 - - [22/Jul/2025:10:17:48 -0300] "GET /clientscript/vbulletin_menu.js HTTP/1.1" 404 - "-" "Mozilla/5.0 (Windows NT 10.0; Win64; x64) AppleWebKit/537.36 (KHTML, like Gecko) Chrome/79.0.3945.130 Safari/537.36"
35.195.230.119 - - [22/Jul/2025:10:17:48 -0300] "GET /clientscript/vbulletin_read_marker.js HTTP/1.1" 404 - "-" "Mozilla/5.0 (Windows NT 10.0; Win64; x64) AppleWebKit/537.36 (KHTML, like Gecko) Chrome/79.0.3945.130 Safari/537.36"
35.195.230.119 - - [22/Jul/2025:10:17:49 -0300] "GET /feed HTTP/1.1" 404 - "-" "Mozilla/5.0 (Windows NT 10.0; Win64; x64) AppleWebKit/537.36 (KHTML, like Gecko) Chrome/79.0.3945.130 Safari/537.36"
35.195.230.119 - - [22/Jul/2025:10:17:49 -0300] "GET /wp-login.php HTTP/1.1" 404 - "-" "Mozilla/5.0 (Windows NT 10.0; Win64; x64) AppleWebKit/537.36 (KHTML, like Gecko) Chrome/79.0.3945.130 Safari/537.36"
35.195.230.119 - - [22/Jul/2025:10:17:50 -0300] "GET /readme.html HTTP/1.1" 404 - "-" "Mozilla/5.0 (Windows NT 10.0; Win64; x64) AppleWebKit/537.36 (KHTML, like Gecko) Chrome/79.0.3945.130 Safari/537.36"
35.195.230.119 - - [22/Jul/2025:10:17:51 -0300] "GET /wp-admin/install.php HTTP/1.1" 404 - "-" "Mozilla/5.0 (Windows NT 10.0; Win64; x64) AppleWebKit/537.36 (KHTML, like Gecko) Chrome/79.0.3945.130 Safari/537.36"
35.195.230.119 - - [22/Jul/2025:10:17:51 -0300] "GET /wp-includes/wlwmanifest.xml HTTP/1.1" 404 - "-" "Mozilla/5.0 (Windows NT 10.0; Win64; x64) AppleWebKit/537.36 (KHTML, like Gecko) Chrome/79.0.3945.130 Safari/537.36"
34.38.98.82 - - [22/Jul/2025:10:18:07 -0300] "GET / HTTP/1.1" 200 488 "-" "Mozilla/5.0 (Windows NT 10.0; Win64; x64) AppleWebKit/537.36 (KHTML, like Gecko) Chrome/79.0.3945.130 Safari/537.36"
34.38.98.82 - - [22/Jul/2025:10:18:09 -0300] "GET /404-page-test-url-123 HTTP/1.1" 404 - "-" "Mozilla/5.0 (Windows NT 10.0; Win64; x64) AppleWebKit/537.36 (KHTML, like Gecko) Chrome/79.0.3945.130 Safari/537.36"
34.38.98.82 - - [22/Jul/2025:10:18:10 -0300] "GET /CHANGELOG.txt HTTP/1.1" 404 - "-" "Mozilla/5.0 (Windows NT 10.0; Win64; x64) AppleWebKit/537.36 (KHTML, like Gecko) Chrome/79.0.3945.130 Safari/537.36"
34.38.98.82 - - [22/Jul/2025:10:18:11 -0300] "GET /includes/bootstrap.inc HTTP/1.1" 404 - "-" "Mozilla/5.0 (Windows NT 10.0; Win64; x64) AppleWebKit/537.36 (KHTML, like Gecko) Chrome/79.0.3945.130 Safari/537.36"
34.79.8.237 - - [22/Jul/2025:10:18:11 -0300] "GET / HTTP/1.1" 200 488 "-" "Mozilla/5.0 (Windows NT 10.0; Win64; x64) AppleWebKit/537.36 (KHTML, like Gecko) Chrome/79.0.3945.130 Safari/537.36"
34.38.98.82 - - [22/Jul/2025:10:18:12 -0300] "GET /robots.txt HTTP/1.1" 404 - "-" "Mozilla/5.0 (Windows NT 10.0; Win64; x64) AppleWebKit/537.36 (KHTML, like Gecko) Chrome/79.0.3945.130 Safari/537.36"
34.38.98.82 - - [22/Jul/2025:10:18:13 -0300] "GET /language/en-GB/en-GB.xml HTTP/1.1" 404 - "-" "Mozilla/5.0 (Windows NT 10.0; Win64; x64) AppleWebKit/537.36 (KHTML, like Gecko) Chrome/79.0.3945.130 Safari/537.36"
34.38.98.82 - - [22/Jul/2025:10:18:14 -0300] "GET /language/en-GB/install.xml HTTP/1.1" 404 - "-" "Mozilla/5.0 (Windows NT 10.0; Win64; x64) AppleWebKit/537.36 (KHTML, like Gecko) Chrome/79.0.3945.130 Safari/537.36"
34.38.98.82 - - [22/Jul/2025:10:18:15 -0300] "GET /administrator/manifests/files/joomla.xml HTTP/1.1" 404 - "-" "Mozilla/5.0 (Windows NT 10.0; Win64; x64) AppleWebKit/537.36 (KHTML, like Gecko) Chrome/79.0.3945.130 Safari/537.36"
34.38.98.82 - - [22/Jul/2025:10:18:16 -0300] "GET /README.txt HTTP/1.1" 404 - "-" "Mozilla/5.0 (Windows NT 10.0; Win64; x64) AppleWebKit/537.36 (KHTML, like Gecko) Chrome/79.0.3945.130 Safari/537.36"
34.38.98.82 - - [22/Jul/2025:10:18:17 -0300] "GET /CoreCode/Css/cms_front_end.css HTTP/1.1" 404 - "-" "Mozilla/5.0 (Windows NT 10.0; Win64; x64) AppleWebKit/537.36 (KHTML, like Gecko) Chrome/79.0.3945.130 Safari/537.36"
34.38.98.82 - - [22/Jul/2025:10:18:18 -0300] "GET /typo3/ HTTP/1.1" 404 - "-" "Mozilla/5.0 (Windows NT 10.0; Win64; x64) AppleWebKit/537.36 (KHTML, like Gecko) Chrome/79.0.3945.130 Safari/537.36"
34.38.98.82 - - [22/Jul/2025:10:18:19 -0300] "GET /clientscript/vbulletin_global.js HTTP/1.1" 404 - "-" "Mozilla/5.0 (Windows NT 10.0; Win64; x64) AppleWebKit/537.36 (KHTML, like Gecko) Chrome/79.0.3945.130 Safari/537.36"
34.38.98.82 - - [22/Jul/2025:10:18:21 -0300] "GET /clientscript/vbulletin_menu.js HTTP/1.1" 404 - "-" "Mozilla/5.0 (Windows NT 10.0; Win64; x64) AppleWebKit/537.36 (KHTML, like Gecko) Chrome/79.0.3945.130 Safari/537.36"
34.38.98.82 - - [22/Jul/2025:10:18:22 -0300] "GET /clientscript/vbulletin_read_marker.js HTTP/1.1" 404 - "-" "Mozilla/5.0 (Windows NT 10.0; Win64; x64) AppleWebKit/537.36 (KHTML, like Gecko) Chrome/79.0.3945.130 Safari/537.36"
34.38.98.82 - - [22/Jul/2025:10:18:23 -0300] "GET /feed HTTP/1.1" 404 - "-" "Mozilla/5.0 (Windows NT 10.0; Win64; x64) AppleWebKit/537.36 (KHTML, like Gecko) Chrome/79.0.3945.130 Safari/537.36"
34.38.98.82 - - [22/Jul/2025:10:18:24 -0300] "GET /wp-login.php HTTP/1.1" 404 - "-" "Mozilla/5.0 (Windows NT 10.0; Win64; x64) AppleWebKit/537.36 (KHTML, like Gecko) Chrome/79.0.3945.130 Safari/537.36"
34.38.98.82 - - [22/Jul/2025:10:18:26 -0300] "GET /readme.html HTTP/1.1" 404 - "-" "Mozilla/5.0 (Windows NT 10.0; Win64; x64) AppleWebKit/537.36 (KHTML, like Gecko) Chrome/79.0.3945.130 Safari/537.36"
34.38.98.82 - - [22/Jul/2025:10:18:27 -0300] "GET /wp-admin/install.php HTTP/1.1" 404 - "-" "Mozilla/5.0 (Windows NT 10.0; Win64; x64) AppleWebKit/537.36 (KHTML, like Gecko) Chrome/79.0.3945.130 Safari/537.36"
34.38.98.82 - - [22/Jul/2025:10:18:29 -0300] "GET /wp-includes/wlwmanifest.xml HTTP/1.1" 404 - "-" "Mozilla/5.0 (Windows NT 10.0; Win64; x64) AppleWebKit/537.36 (KHTML, like Gecko) Chrome/79.0.3945.130 Safari/537.36"
66.249.73.128 - - [22/Jul/2025:12:31:04 -0300] "GET /zhHant/product/surugaya/yuuuuuu26-202858678929?campaign_uid=f64d716db5e979ed2f947dbaf4296895b951ae7f HTTP/1.1" 404 - "-" "Mozilla/5.0 (Linux; Android 6.0.1; Nexus 5X Build/MMB29P) AppleWebKit/537.36 (KHTML, like Gecko) Chrome/137.0.7151.103 Mobile Safari/537.36 (compatible; Googlebot/2.1; +http://www.google.com/bot.html)"
104.210.140.141 - - [22/Jul/2025:13:20:12 -0300] "GET /robots.txt HTTP/1.1" 404 - "-" "Mozilla/5.0 (Macintosh; Intel Mac OS X 10_15_7) AppleWebKit/537.36 (KHTML, like Gecko) Chrome/131.0.0.0 Safari/537.36; compatible; OAI-SearchBot/1.0; +https://openai.com/searchbot"
4.227.36.70 - - [22/Jul/2025:15:12:31 -0300] "GET /robots.txt HTTP/1.1" 404 - "-" "Mozilla/5.0 AppleWebKit/537.36 (KHTML, like Gecko; compatible; GPTBot/1.2; +https://openai.com/gptbot)"
20.171.207.163 - - [22/Jul/2025:15:12:31 -0300] "GET / HTTP/1.1" 200 488 "-" "Mozilla/5.0 AppleWebKit/537.36 (KHTML, like Gecko; compatible; GPTBot/1.2; +https://openai.com/gptbot)"
51.81.46.212 - - [22/Jul/2025:15:18:48 -0300] "GET / HTTP/1.1" 200 488 "-" "-"
66.249.73.130 - - [22/Jul/2025:16:00:19 -0300] "GET /?_gl=1*zfcqruz*_ga*CJchEqdbioaSTiKeJrKGziPwhXdK*_ga_GNIKPSBLJ*niBho8Pgw74NK9uLs58NGs3YAB3aL2fNxI1fj7CaLLAc9A10Vzh5AeV.*_gcl_au=1.1.199146194.176327581*_gcl_aw=LJE.170921033.BVoV5zxNnKzNvythxQY8mj5hnwdB5k5fTqfVH4sfj3IodxKJAX4RRmkRv6wHzbtKm6LMqHNKAaYMy250A4p5PoenMz..&_gz=2.195497047.194191550.178101387-862995340.167026157&_bdsid=d97abb.n~MGBRJ.176329936.176376561&_bd_prev_page=https://dev.vacivitta.com.br/file.jsp?products/159xb45242 HTTP/1.1" 200 488 "-" "Mozilla/5.0 (Linux; Android 6.0.1; Nexus 5X Build/MMB29P) AppleWebKit/537.36 (KHTML, like Gecko) Chrome/137.0.7151.103 Mobile Safari/537.36 (compatible; Googlebot/2.1; +http://www.google.com/bot.html)"
64.124.8.159 - - [22/Jul/2025:18:30:53 -0300] "GET /robots.txt HTTP/1.1" 404 - "-" "Mozilla/5.0 (compatible; ImagesiftBot; +imagesift.com)"
64.124.8.159 - - [22/Jul/2025:18:30:53 -0300] "GET /category/uncategorized/ HTTP/1.1" 404 - "-" "Mozilla/5.0 (compatible; ImagesiftBot; +imagesift.com)"
66.249.73.128 - - [22/Jul/2025:20:07:50 -0300] "GET /robots.txt HTTP/1.1" 404 - "-" "Mozilla/5.0 (compatible; Googlebot/2.1; +http://www.google.com/bot.html)"
66.249.73.128 - - [22/Jul/2025:20:07:50 -0300] "GET /zhHant/product/surugaya/morico-store-b00g7mcz58?campaign_uid=f64d716db5e979ed2f947dbaf4296895b951ae7f HTTP/1.1" 404 - "-" "Mozilla/5.0 (Linux; Android 6.0.1; Nexus 5X Build/MMB29P) AppleWebKit/537.36 (KHTML, like Gecko) Chrome/137.0.7151.103 Mobile Safari/537.36 (compatible; Googlebot/2.1; +http://www.google.com/bot.html)"
66.249.73.128 - - [22/Jul/2025:23:26:29 -0300] "GET /pcmypage?callback=product%2Fdetail%2Fsirotan5027shop-worlde023-3 HTTP/1.1" 404 - "-" "Mozilla/5.0 (Linux; Android 6.0.1; Nexus 5X Build/MMB29P) AppleWebKit/537.36 (KHTML, like Gecko) Chrome/137.0.7151.103 Mobile Safari/537.36 (compatible; Googlebot/2.1; +http://www.google.com/bot.html)"
66.249.73.128 - - [23/Jul/2025:00:03:49 -0300] "GET /pcmypage?callback=/product%2Fdetail%2zozo-82128525 HTTP/1.1" 404 - "-" "Mozilla/5.0 (Linux; Android 6.0.1; Nexus 5X Build/MMB29P) AppleWebKit/537.36 (KHTML, like Gecko) Chrome/137.0.7151.103 Mobile Safari/537.36 (compatible; Googlebot/2.1; +http://www.google.com/bot.html)"
51.210.242.29 - - [23/Jul/2025:00:31:29 -0300] "GET / HTTP/1.1" 200 488 "-" "Mozilla/5.0 AppleWebKit/537.36 (KHTML, like Gecko; compatible; Googlebot/2.1; +http://www.google.com/bot.html) Chrome/120.0.6099.199 Safari/537.36"
66.249.73.129 - - [23/Jul/2025:00:56:29 -0300] "GET /items/vplio7/42955?key=reader HTTP/1.1" 404 - "-" "Mozilla/5.0 (Linux; Android 6.0.1; Nexus 5X Build/MMB29P) AppleWebKit/537.36 (KHTML, like Gecko) Chrome/137.0.7151.103 Mobile Safari/537.36 (compatible; Googlebot/2.1; +http://www.google.com/bot.html)"
66.249.73.130 - - [23/Jul/2025:01:21:22 -0300] "GET /category/4283_4284/1 HTTP/1.1" 404 - "-" "Mozilla/5.0 (Linux; Android 6.0.1; Nexus 5X Build/MMB29P) AppleWebKit/537.36 (KHTML, like Gecko) Chrome/137.0.7151.103 Mobile Safari/537.36 (compatible; Googlebot/2.1; +http://www.google.com/bot.html)"
66.249.73.128 - - [23/Jul/2025:01:26:43 -0300] "GET /zhHant/product/surugaya/azukipalette-20240203001550-01295?campaign_uid=f64d716db5e979ed2f947dbaf4296895b951ae7f HTTP/1.1" 404 - "-" "Mozilla/5.0 (Linux; Android 6.0.1; Nexus 5X Build/MMB29P) AppleWebKit/537.36 (KHTML, like Gecko) Chrome/137.0.7151.103 Mobile Safari/537.36 (compatible; Googlebot/2.1; +http://www.google.com/bot.html)"
66.249.73.129 - - [23/Jul/2025:01:55:44 -0300] "GET /category/273_3361/1 HTTP/1.1" 404 - "-" "Mozilla/5.0 (Linux; Android 6.0.1; Nexus 5X Build/MMB29P) AppleWebKit/537.36 (KHTML, like Gecko) Chrome/137.0.7151.103 Mobile Safari/537.36 (compatible; Googlebot/2.1; +http://www.google.com/bot.html)"
66.249.73.129 - - [23/Jul/2025:02:02:21 -0300] "GET /zhHant/product/surugaya/tecnos-124523052027659p10?campaign_uid=f64d716db5e979ed2f947dbaf4296895b951ae7f HTTP/1.1" 404 - "-" "Mozilla/5.0 (Linux; Android 6.0.1; Nexus 5X Build/MMB29P) AppleWebKit/537.36 (KHTML, like Gecko) Chrome/137.0.7151.103 Mobile Safari/537.36 (compatible; Googlebot/2.1; +http://www.google.com/bot.html)"
66.249.73.130 - - [23/Jul/2025:02:23:56 -0300] "GET /zhHant/product/surugaya/intelogue-ck100945040104438?campaign_uid=f64d716db5e979ed2f947dbaf4296895b951ae7f HTTP/1.1" 404 - "-" "Mozilla/5.0 (Linux; Android 6.0.1; Nexus 5X Build/MMB29P) AppleWebKit/537.36 (KHTML, like Gecko) Chrome/137.0.7151.103 Mobile Safari/537.36 (compatible; Googlebot/2.1; +http://www.google.com/bot.html)"
157.245.98.90 - - [23/Jul/2025:02:32:47 -0300] "GET /wp-admin/css/ HTTP/1.1" 404 - "binance.com" "Mozilla/5.0 (Windows NT 10.0; Win64; x64) AppleWebKit/537.36 (KHTML, like Gecko) Chrome/90.0.4430.85 Safari/537.36"
157.245.98.90 - - [23/Jul/2025:02:32:56 -0300] "GET /.well-known/ HTTP/1.1" 404 - "binance.com" "Mozilla/5.0 (Windows NT 10.0; Win64; x64) AppleWebKit/537.36 (KHTML, like Gecko) Chrome/90.0.4430.85 Safari/537.36"
66.249.73.130 - - [23/Jul/2025:02:48:46 -0300] "GET /products/97sb16896 HTTP/1.1" 404 - "-" "Mozilla/5.0 (Linux; Android 6.0.1; Nexus 5X Build/MMB29P) AppleWebKit/537.36 (KHTML, like Gecko) Chrome/137.0.7151.103 Mobile Safari/537.36 (compatible; Googlebot/2.1; +http://www.google.com/bot.html)"
66.249.73.128 - - [23/Jul/2025:02:59:49 -0300] "GET /product/edit/nashville-b00j3zzssm HTTP/1.1" 404 - "-" "Mozilla/5.0 (Linux; Android 6.0.1; Nexus 5X Build/MMB29P) AppleWebKit/537.36 (KHTML, like Gecko) Chrome/137.0.7151.103 Mobile Safari/537.36 (compatible; Googlebot/2.1; +http://www.google.com/bot.html)"
66.249.73.130 - - [23/Jul/2025:03:13:05 -0300] "GET /items/ueyhb194/19126?key=winner HTTP/1.1" 404 - "-" "Mozilla/5.0 (Linux; Android 6.0.1; Nexus 5X Build/MMB29P) AppleWebKit/537.36 (KHTML, like Gecko) Chrome/137.0.7151.103 Mobile Safari/537.36 (compatible; Googlebot/2.1; +http://www.google.com/bot.html)"
