2.57.215.181 - - [14/Jul/2025:12:44:19 -0300] "GET /cong.php HTTP/1.1" 404 - "-" "Mozilla/5.0 (Windows NT 10.0; Win64; x64) AppleWebKit/537.36 (KHTML, like Gecko) Chrome/91.0.4472.124 Safari/537.36"
2.57.215.181 - - [14/Jul/2025:12:44:20 -0300] "GET /wp-includes/js/index.php HTTP/1.1" 404 - "-" "Mozilla/5.0 (Windows NT 10.0; Win64; x64) AppleWebKit/537.36 (KHTML, like Gecko) Chrome/91.0.4472.124 Safari/537.36"
2.57.215.181 - - [14/Jul/2025:12:44:21 -0300] "GET /wp-content/plugins/index.php HTTP/1.1" 404 - "-" "Mozilla/5.0 (Windows NT 10.0; Win64; x64) AppleWebKit/537.36 (KHTML, like Gecko) Chrome/91.0.4472.124 Safari/537.36"
2.57.215.181 - - [14/Jul/2025:12:44:21 -0300] "GET /wp-content/index.php HTTP/1.1" 404 - "-" "Mozilla/5.0 (Windows NT 10.0; Win64; x64) AppleWebKit/537.36 (KHTML, like Gecko) Chrome/91.0.4472.124 Safari/537.36"
2.57.215.181 - - [14/Jul/2025:12:44:22 -0300] "GET /about/function.php HTTP/1.1" 404 - "-" "Mozilla/5.0 (Windows NT 10.0; Win64; x64) AppleWebKit/537.36 (KHTML, like Gecko) Chrome/91.0.4472.124 Safari/537.36"
2.57.215.181 - - [14/Jul/2025:12:44:23 -0300] "GET /wp-includes/customize/index.php HTTP/1.1" 404 - "-" "Mozilla/5.0 (Windows NT 10.0; Win64; x64) AppleWebKit/537.36 (KHTML, like Gecko) Chrome/91.0.4472.124 Safari/537.36"
2.57.215.181 - - [14/Jul/2025:12:44:23 -0300] "GET /wp-admin/index.php HTTP/1.1" 404 - "-" "Mozilla/5.0 (Windows NT 10.0; Win64; x64) AppleWebKit/537.36 (KHTML, like Gecko) Chrome/91.0.4472.124 Safari/537.36"
2.57.215.181 - - [14/Jul/2025:12:44:24 -0300] "GET /wp-content/themes/index.php HTTP/1.1" 404 - "-" "Mozilla/5.0 (Windows NT 10.0; Win64; x64) AppleWebKit/537.36 (KHTML, like Gecko) Chrome/91.0.4472.124 Safari/537.36"
2.57.215.181 - - [14/Jul/2025:12:44:25 -0300] "GET /about.php HTTP/1.1" 404 - "-" "Mozilla/5.0 (Windows NT 10.0; Win64; x64) AppleWebKit/537.36 (KHTML, like Gecko) Chrome/91.0.4472.124 Safari/537.36"
2.57.215.181 - - [14/Jul/2025:12:44:26 -0300] "GET /wp-includes/autoload_classmap.php HTTP/1.1" 404 - "-" "Mozilla/5.0 (Windows NT 10.0; Win64; x64) AppleWebKit/537.36 (KHTML, like Gecko) Chrome/91.0.4472.124 Safari/537.36"
2.57.215.181 - - [14/Jul/2025:12:44:26 -0300] "GET /themes.php HTTP/1.1" 404 - "-" "Mozilla/5.0 (Windows NT 10.0; Win64; x64) AppleWebKit/537.36 (KHTML, like Gecko) Chrome/91.0.4472.124 Safari/537.36"
2.57.215.181 - - [14/Jul/2025:12:44:27 -0300] "GET /wp-mail.php HTTP/1.1" 404 - "-" "Mozilla/5.0 (Windows NT 10.0; Win64; x64) AppleWebKit/537.36 (KHTML, like Gecko) Chrome/91.0.4472.124 Safari/537.36"
2.57.215.181 - - [14/Jul/2025:12:44:28 -0300] "GET /cgi-bin/index.php HTTP/1.1" 404 - "-" "Mozilla/5.0 (Windows NT 10.0; Win64; x64) AppleWebKit/537.36 (KHTML, like Gecko) Chrome/91.0.4472.124 Safari/537.36"
2.57.215.181 - - [14/Jul/2025:12:44:29 -0300] "GET /wp-content/plugins/admin.php HTTP/1.1" 404 - "-" "Mozilla/5.0 (Windows NT 10.0; Win64; x64) AppleWebKit/537.36 (KHTML, like Gecko) Chrome/91.0.4472.124 Safari/537.36"
2.57.215.181 - - [14/Jul/2025:12:44:29 -0300] "GET /admin.php HTTP/1.1" 404 - "-" "Mozilla/5.0 (Windows NT 10.0; Win64; x64) AppleWebKit/537.36 (KHTML, like Gecko) Chrome/91.0.4472.124 Safari/537.36"
2.57.215.181 - - [14/Jul/2025:12:44:30 -0300] "GET /wp-includes/content.php HTTP/1.1" 404 - "-" "Mozilla/5.0 (Windows NT 10.0; Win64; x64) AppleWebKit/537.36 (KHTML, like Gecko) Chrome/91.0.4472.124 Safari/537.36"
2.57.215.181 - - [14/Jul/2025:12:44:31 -0300] "GET /wp-admin/css/index.php HTTP/1.1" 404 - "-" "Mozilla/5.0 (Windows NT 10.0; Win64; x64) AppleWebKit/537.36 (KHTML, like Gecko) Chrome/91.0.4472.124 Safari/537.36"
2.57.215.181 - - [14/Jul/2025:12:44:32 -0300] "GET /wp-admin/images/index.php HTTP/1.1" 404 - "-" "Mozilla/5.0 (Windows NT 10.0; Win64; x64) AppleWebKit/537.36 (KHTML, like Gecko) Chrome/91.0.4472.124 Safari/537.36"
179.215.121.183 - - [14/Jul/2025:12:44:32 -0300] "POST /cpsess4528094560/3rdparty/roundcube/?_task=mail&_action=refresh HTTP/1.1" 200 135 "https://webmail.vacivitta.com.br/cpsess4528094560/3rdparty/roundcube/?_task=mail&_mbox=INBOX" "Mozilla/5.0 (Windows NT 10.0; Win64; x64) AppleWebKit/537.36 (KHTML, like Gecko) Chrome/138.0.0.0 Safari/537.36"
2.57.215.181 - - [14/Jul/2025:12:44:32 -0300] "GET /wp-includes/index.php HTTP/1.1" 404 - "-" "Mozilla/5.0 (Windows NT 10.0; Win64; x64) AppleWebKit/537.36 (KHTML, like Gecko) Chrome/91.0.4472.124 Safari/537.36"
2.57.215.181 - - [14/Jul/2025:12:44:33 -0300] "GET /wp-content/uploads/index.php HTTP/1.1" 404 - "-" "Mozilla/5.0 (Windows NT 10.0; Win64; x64) AppleWebKit/537.36 (KHTML, like Gecko) Chrome/91.0.4472.124 Safari/537.36"
2.57.215.181 - - [14/Jul/2025:12:44:34 -0300] "GET /mah.php HTTP/1.1" 404 - "-" "Mozilla/5.0 (Windows NT 10.0; Win64; x64) AppleWebKit/537.36 (KHTML, like Gecko) Chrome/91.0.4472.124 Safari/537.36"
2.57.215.181 - - [14/Jul/2025:12:44:34 -0300] "GET /wp-blog-header.php HTTP/1.1" 404 - "-" "Mozilla/5.0 (Windows NT 10.0; Win64; x64) AppleWebKit/537.36 (KHTML, like Gecko) Chrome/91.0.4472.124 Safari/537.36"
2.57.215.181 - - [14/Jul/2025:12:44:35 -0300] "GET /wp-content/plugins/ioxi/alfa-ioxi.php HTTP/1.1" 404 - "-" "Mozilla/5.0 (Windows NT 10.0; Win64; x64) AppleWebKit/537.36 (KHTML, like Gecko) Chrome/91.0.4472.124 Safari/537.36"
2.57.215.181 - - [14/Jul/2025:12:44:36 -0300] "GET /wp-admin/user/index.php HTTP/1.1" 404 - "-" "Mozilla/5.0 (Windows NT 10.0; Win64; x64) AppleWebKit/537.36 (KHTML, like Gecko) Chrome/91.0.4472.124 Safari/537.36"
2.57.215.181 - - [14/Jul/2025:12:44:37 -0300] "GET /wp-includes/plugins.php HTTP/1.1" 404 - "-" "Mozilla/5.0 (Windows NT 10.0; Win64; x64) AppleWebKit/537.36 (KHTML, like Gecko) Chrome/91.0.4472.124 Safari/537.36"
2.57.215.181 - - [14/Jul/2025:12:44:37 -0300] "GET /wp-includes/js/thickbox/thickbox.php HTTP/1.1" 404 - "-" "Mozilla/5.0 (Windows NT 10.0; Win64; x64) AppleWebKit/537.36 (KHTML, like Gecko) Chrome/91.0.4472.124 Safari/537.36"
2.57.215.181 - - [14/Jul/2025:12:44:38 -0300] "GET /goat1.php HTTP/1.1" 404 - "-" "Mozilla/5.0 (Windows NT 10.0; Win64; x64) AppleWebKit/537.36 (KHTML, like Gecko) Chrome/91.0.4472.124 Safari/537.36"
2.57.215.181 - - [14/Jul/2025:12:44:39 -0300] "GET /wp-includes/certificates/index.php HTTP/1.1" 404 - "-" "Mozilla/5.0 (Windows NT 10.0; Win64; x64) AppleWebKit/537.36 (KHTML, like Gecko) Chrome/91.0.4472.124 Safari/537.36"
2.57.215.181 - - [14/Jul/2025:12:44:39 -0300] "GET /.well-known/index.php HTTP/1.1" 404 - "-" "Mozilla/5.0 (Windows NT 10.0; Win64; x64) AppleWebKit/537.36 (KHTML, like Gecko) Chrome/91.0.4472.124 Safari/537.36"
2.57.215.181 - - [14/Jul/2025:12:44:40 -0300] "GET /wp-admin/network/index.php HTTP/1.1" 404 - "-" "Mozilla/5.0 (Windows NT 10.0; Win64; x64) AppleWebKit/537.36 (KHTML, like Gecko) Chrome/91.0.4472.124 Safari/537.36"
2.57.215.181 - - [14/Jul/2025:12:44:41 -0300] "GET /wp-includes/sitemaps/providers/index.php HTTP/1.1" 404 - "-" "Mozilla/5.0 (Windows NT 10.0; Win64; x64) AppleWebKit/537.36 (KHTML, like Gecko) Chrome/91.0.4472.124 Safari/537.36"
2.57.215.181 - - [14/Jul/2025:12:44:42 -0300] "GET /.well-knownold/index.php HTTP/1.1" 404 - "-" "Mozilla/5.0 (Windows NT 10.0; Win64; x64) AppleWebKit/537.36 (KHTML, like Gecko) Chrome/91.0.4472.124 Safari/537.36"
2.57.215.181 - - [14/Jul/2025:12:44:42 -0300] "GET /wp-includes/js/crop/index.php HTTP/1.1" 404 - "-" "Mozilla/5.0 (Windows NT 10.0; Win64; x64) AppleWebKit/537.36 (KHTML, like Gecko) Chrome/91.0.4472.124 Safari/537.36"
2.57.215.181 - - [14/Jul/2025:12:44:43 -0300] "GET /wp-includes/Text/Diff/index.php HTTP/1.1" 404 - "-" "Mozilla/5.0 (Windows NT 10.0; Win64; x64) AppleWebKit/537.36 (KHTML, like Gecko) Chrome/91.0.4472.124 Safari/537.36"
2.57.215.181 - - [14/Jul/2025:12:44:44 -0300] "GET /images/index.php HTTP/1.1" 404 - "-" "Mozilla/5.0 (Windows NT 10.0; Win64; x64) AppleWebKit/537.36 (KHTML, like Gecko) Chrome/91.0.4472.124 Safari/537.36"
2.57.215.181 - - [14/Jul/2025:12:44:45 -0300] "GET /wp-includes/widgets/index.php HTTP/1.1" 404 - "-" "Mozilla/5.0 (Windows NT 10.0; Win64; x64) AppleWebKit/537.36 (KHTML, like Gecko) Chrome/91.0.4472.124 Safari/537.36"
2.57.215.181 - - [14/Jul/2025:12:44:46 -0300] "GET /.well-known/acme-challenge/index.php HTTP/1.1" 404 - "-" "Mozilla/5.0 (Windows NT 10.0; Win64; x64) AppleWebKit/537.36 (KHTML, like Gecko) Chrome/91.0.4472.124 Safari/537.36"
2.57.215.181 - - [14/Jul/2025:12:44:46 -0300] "GET /wp-includes/pomo/index.php HTTP/1.1" 404 - "-" "Mozilla/5.0 (Windows NT 10.0; Win64; x64) AppleWebKit/537.36 (KHTML, like Gecko) Chrome/91.0.4472.124 Safari/537.36"
49.13.134.145 - - [14/Jul/2025:12:45:13 -0300] "HEAD / HTTP/1.1" 200 - "https://vacivitta.com.br/" "Mozilla/5.0+(compatible; UptimeRobot/2.0; http://www.uptimerobot.com/)"
179.215.121.183 - - [14/Jul/2025:12:45:32 -0300] "POST /cpsess4528094560/3rdparty/roundcube/?_task=mail&_action=refresh HTTP/1.1" 200 135 "https://webmail.vacivitta.com.br/cpsess4528094560/3rdparty/roundcube/?_task=mail&_mbox=INBOX" "Mozilla/5.0 (Windows NT 10.0; Win64; x64) AppleWebKit/537.36 (KHTML, like Gecko) Chrome/138.0.0.0 Safari/537.36"
179.215.121.183 - - [14/Jul/2025:12:46:32 -0300] "POST /cpsess4528094560/3rdparty/roundcube/?_task=mail&_action=refresh HTTP/1.1" 200 135 "https://webmail.vacivitta.com.br/cpsess4528094560/3rdparty/roundcube/?_task=mail&_mbox=INBOX" "Mozilla/5.0 (Windows NT 10.0; Win64; x64) AppleWebKit/537.36 (KHTML, like Gecko) Chrome/138.0.0.0 Safari/537.36"
179.215.121.183 - - [14/Jul/2025:12:47:32 -0300] "POST /cpsess4528094560/3rdparty/roundcube/?_task=mail&_action=refresh HTTP/1.1" 200 135 "https://webmail.vacivitta.com.br/cpsess4528094560/3rdparty/roundcube/?_task=mail&_mbox=INBOX" "Mozilla/5.0 (Windows NT 10.0; Win64; x64) AppleWebKit/537.36 (KHTML, like Gecko) Chrome/138.0.0.0 Safari/537.36"
69.197.182.50 - - [14/Jul/2025:12:47:39 -0300] "GET /wp-content/edit.php HTTP/1.1" 404 - "https://vacivitta.com.br/wp-content/edit.php" "Mozilla/5.0 (Windows NT 10.0; Win64; x64) AppleWebKit/537.36 (KHTML, like Gecko) Chrome/58.0.3029.110 Safari/537.3"
57.141.2.22 - - [14/Jul/2025:12:47:58 -0300] "GET /2022/05/30/risco-aumentado-para-canceres-devido-a-baixa-cobertura-vacinal-contra-papilomavirus-humano-hpv/ HTTP/1.1" 404 - "-" "meta-externalagent/1.1 (+https://developers.facebook.com/docs/sharing/webmasters/crawler)"
200.144.28.234 - - [14/Jul/2025:12:43:03 -0300] "GET /video.mp4 HTTP/1.1" 206 636967327 "https://vacivitta.com.br/" "Mozilla/5.0 (Windows NT 10.0; Win64; x64) AppleWebKit/537.36 (KHTML, like Gecko) Chrome/138.0.0.0 Safari/537.36"
200.144.28.234 - - [14/Jul/2025:12:43:03 -0300] "GET /video.mp4 HTTP/1.1" 206 636765424 "https://vacivitta.com.br/" "Mozilla/5.0 (Windows NT 10.0; Win64; x64) AppleWebKit/537.36 (KHTML, like Gecko) Chrome/138.0.0.0 Safari/537.36"
200.144.28.234 - - [14/Jul/2025:12:43:04 -0300] "GET /video.mp4 HTTP/1.1" 206 636765424 "https://vacivitta.com.br/" "Mozilla/5.0 (Windows NT 10.0; Win64; x64) AppleWebKit/537.36 (KHTML, like Gecko) Chrome/138.0.0.0 Safari/537.36"
179.215.121.183 - - [14/Jul/2025:12:48:32 -0300] "POST /cpsess4528094560/3rdparty/roundcube/?_task=mail&_action=refresh HTTP/1.1" 200 135 "https://webmail.vacivitta.com.br/cpsess4528094560/3rdparty/roundcube/?_task=mail&_mbox=INBOX" "Mozilla/5.0 (Windows NT 10.0; Win64; x64) AppleWebKit/537.36 (KHTML, like Gecko) Chrome/138.0.0.0 Safari/537.36"
128.241.232.12 - - [14/Jul/2025:12:49:05 -0300] "GET /produtos/ HTTP/1.1" 404 - "-" "Mozilla/5.0 (Windows NT 10.0; Win64; x64) AppleWebKit/537.36 (KHTML, like Gecko) Chrome/100.0.7429.779 Safari/537.36"
2.58.56.215 - - [14/Jul/2025:12:49:12 -0300] "GET /wp-admin/setup-config.php HTTP/1.1" 404 - "-" "Mozilla/5.0 (Windows NT 10.0; Win64; x64)"
2.58.56.215 - - [14/Jul/2025:12:49:13 -0300] "GET /wp/wp-admin/setup-config.php HTTP/1.1" 404 - "-" "Mozilla/5.0 (Windows NT 10.0; Win64; x64)"
2.58.56.215 - - [14/Jul/2025:12:49:14 -0300] "GET /blog/wp-admin/setup-config.php HTTP/1.1" 404 - "-" "Mozilla/5.0 (Windows NT 10.0; Win64; x64)"
2.58.56.215 - - [14/Jul/2025:12:49:15 -0300] "GET /new/wp-admin/setup-config.php HTTP/1.1" 404 - "-" "Mozilla/5.0 (Windows NT 10.0; Win64; x64)"
179.215.121.183 - - [14/Jul/2025:12:49:32 -0300] "POST /cpsess4528094560/3rdparty/roundcube/?_task=mail&_action=refresh HTTP/1.1" 200 135 "https://webmail.vacivitta.com.br/cpsess4528094560/3rdparty/roundcube/?_task=mail&_mbox=INBOX" "Mozilla/5.0 (Windows NT 10.0; Win64; x64) AppleWebKit/537.36 (KHTML, like Gecko) Chrome/138.0.0.0 Safari/537.36"
152.53.15.234 - - [14/Jul/2025:12:49:33 -0300] "GET /termos-de-uso/ HTTP/1.1" 404 - "-" "Mozilla/5.0 (Windows NT 10.0; Win64; x64) AppleWebKit/537.36 (KHTML, like Gecko) Chrome/100.0.8530.654 Safari/537.36"
49.13.24.81 - - [14/Jul/2025:12:50:16 -0300] "HEAD / HTTP/1.1" 200 - "https://vacivitta.com.br/" "Mozilla/5.0+(compatible; UptimeRobot/2.0; http://www.uptimerobot.com/)"
179.215.121.183 - - [14/Jul/2025:12:50:32 -0300] "POST /cpsess4528094560/3rdparty/roundcube/?_task=mail&_action=refresh HTTP/1.1" 200 135 "https://webmail.vacivitta.com.br/cpsess4528094560/3rdparty/roundcube/?_task=mail&_mbox=INBOX" "Mozilla/5.0 (Windows NT 10.0; Win64; x64) AppleWebKit/537.36 (KHTML, like Gecko) Chrome/138.0.0.0 Safari/537.36"
66.249.70.141 - - [14/Jul/2025:12:51:03 -0300] "GET /products/51dn288 HTTP/1.1" 404 - "-" "Mozilla/5.0 (Linux; Android 6.0.1; Nexus 5X Build/MMB29P) AppleWebKit/537.36 (KHTML, like Gecko) Chrome/137.0.7151.103 Mobile Safari/537.36 (compatible; Googlebot/2.1; +http://www.google.com/bot.html)"
66.249.70.140 - - [14/Jul/2025:12:51:04 -0300] "GET /items/azxbd16/992?key=steep HTTP/1.1" 404 - "-" "Mozilla/5.0 (Linux; Android 6.0.1; Nexus 5X Build/MMB29P) AppleWebKit/537.36 (KHTML, like Gecko) Chrome/137.0.7151.103 Mobile Safari/537.36 (compatible; Googlebot/2.1; +http://www.google.com/bot.html)"
179.215.121.183 - - [14/Jul/2025:12:51:32 -0300] "POST /cpsess4528094560/3rdparty/roundcube/?_task=mail&_action=refresh HTTP/1.1" 200 135 "https://webmail.vacivitta.com.br/cpsess4528094560/3rdparty/roundcube/?_task=mail&_mbox=INBOX" "Mozilla/5.0 (Windows NT 10.0; Win64; x64) AppleWebKit/537.36 (KHTML, like Gecko) Chrome/138.0.0.0 Safari/537.36"
179.215.121.183 - - [14/Jul/2025:12:52:32 -0300] "POST /cpsess4528094560/3rdparty/roundcube/?_task=mail&_action=refresh HTTP/1.1" 200 135 "https://webmail.vacivitta.com.br/cpsess4528094560/3rdparty/roundcube/?_task=mail&_mbox=INBOX" "Mozilla/5.0 (Windows NT 10.0; Win64; x64) AppleWebKit/537.36 (KHTML, like Gecko) Chrome/138.0.0.0 Safari/537.36"
179.215.121.183 - - [14/Jul/2025:12:53:32 -0300] "POST /cpsess4528094560/3rdparty/roundcube/?_task=mail&_action=refresh HTTP/1.1" 200 135 "https://webmail.vacivitta.com.br/cpsess4528094560/3rdparty/roundcube/?_task=mail&_mbox=INBOX" "Mozilla/5.0 (Windows NT 10.0; Win64; x64) AppleWebKit/537.36 (KHTML, like Gecko) Chrome/138.0.0.0 Safari/537.36"
200.144.28.234 - - [14/Jul/2025:12:54:30 -0300] "GET / HTTP/1.1" 200 488 "https://www.google.com/" "Mozilla/5.0 (Windows NT 10.0; Win64; x64) AppleWebKit/537.36 (KHTML, like Gecko) Chrome/138.0.0.0 Safari/537.36"
200.144.28.234 - - [14/Jul/2025:12:54:30 -0300] "GET /hepatiteab.png HTTP/1.1" 404 - "https://vacivitta.com.br/" "Mozilla/5.0 (Windows NT 10.0; Win64; x64) AppleWebKit/537.36 (KHTML, like Gecko) Chrome/138.0.0.0 Safari/537.36"
179.215.121.183 - - [14/Jul/2025:12:54:33 -0300] "POST /cpsess4528094560/3rdparty/roundcube/?_task=mail&_action=refresh HTTP/1.1" 200 135 "https://webmail.vacivitta.com.br/cpsess4528094560/3rdparty/roundcube/?_task=mail&_mbox=INBOX" "Mozilla/5.0 (Windows NT 10.0; Win64; x64) AppleWebKit/537.36 (KHTML, like Gecko) Chrome/138.0.0.0 Safari/537.36"
200.144.28.234 - - [14/Jul/2025:12:55:03 -0300] "GET /hepatiteb.png HTTP/1.1" 404 - "https://vacivitta.com.br/" "Mozilla/5.0 (Windows NT 10.0; Win64; x64) AppleWebKit/537.36 (KHTML, like Gecko) Chrome/138.0.0.0 Safari/537.36"
37.120.185.173 - - [14/Jul/2025:12:55:20 -0300] "GET /parceria-em-condominios/ HTTP/1.1" 404 - "-" "Mozilla/5.0 (Windows NT 10.0; Win64; x64) AppleWebKit/537.36 (KHTML, like Gecko) Chrome/100.0.7643.251 Safari/537.36"
49.13.130.29 - - [14/Jul/2025:12:55:21 -0300] "HEAD / HTTP/1.1" 200 - "https://vacivitta.com.br/" "Mozilla/5.0+(compatible; UptimeRobot/2.0; http://www.uptimerobot.com/)"
179.215.121.183 - - [14/Jul/2025:12:55:32 -0300] "POST /cpsess4528094560/3rdparty/roundcube/?_task=mail&_action=refresh HTTP/1.1" 200 135 "https://webmail.vacivitta.com.br/cpsess4528094560/3rdparty/roundcube/?_task=mail&_mbox=INBOX" "Mozilla/5.0 (Windows NT 10.0; Win64; x64) AppleWebKit/537.36 (KHTML, like Gecko) Chrome/138.0.0.0 Safari/537.36"
179.215.121.183 - - [14/Jul/2025:12:56:32 -0300] "POST /cpsess4528094560/3rdparty/roundcube/?_task=mail&_action=refresh HTTP/1.1" 200 135 "https://webmail.vacivitta.com.br/cpsess4528094560/3rdparty/roundcube/?_task=mail&_mbox=INBOX" "Mozilla/5.0 (Windows NT 10.0; Win64; x64) AppleWebKit/537.36 (KHTML, like Gecko) Chrome/138.0.0.0 Safari/537.36"
179.215.121.183 - - [14/Jul/2025:12:57:32 -0300] "POST /cpsess4528094560/3rdparty/roundcube/?_task=mail&_action=refresh HTTP/1.1" 200 135 "https://webmail.vacivitta.com.br/cpsess4528094560/3rdparty/roundcube/?_task=mail&_mbox=INBOX" "Mozilla/5.0 (Windows NT 10.0; Win64; x64) AppleWebKit/537.36 (KHTML, like Gecko) Chrome/138.0.0.0 Safari/537.36"
179.215.121.183 - - [14/Jul/2025:12:58:32 -0300] "POST /cpsess4528094560/3rdparty/roundcube/?_task=mail&_action=refresh HTTP/1.1" 200 135 "https://webmail.vacivitta.com.br/cpsess4528094560/3rdparty/roundcube/?_task=mail&_mbox=INBOX" "Mozilla/5.0 (Windows NT 10.0; Win64; x64) AppleWebKit/537.36 (KHTML, like Gecko) Chrome/138.0.0.0 Safari/537.36"
69.197.182.50 - - [14/Jul/2025:12:58:53 -0300] "GET /wp-content/edit.php HTTP/1.1" 404 - "https://vacivitta.com.br/wp-content/edit.php" "Mozilla/5.0 (Windows NT 10.0; Win64; x64) AppleWebKit/537.36 (KHTML, like Gecko) Chrome/58.0.3029.110 Safari/537.3"
66.249.70.142 - - [14/Jul/2025:12:59:05 -0300] "GET /items/xysva47/26957?key=pat HTTP/1.1" 404 - "-" "Mozilla/5.0 (Linux; Android 6.0.1; Nexus 5X Build/MMB29P) AppleWebKit/537.36 (KHTML, like Gecko) Chrome/137.0.7151.103 Mobile Safari/537.36 (compatible; Googlebot/2.1; +http://www.google.com/bot.html)"
66.249.70.141 - - [14/Jul/2025:12:59:05 -0300] "GET /products/87oy660 HTTP/1.1" 404 - "-" "Mozilla/5.0 (Linux; Android 6.0.1; Nexus 5X Build/MMB29P) AppleWebKit/537.36 (KHTML, like Gecko) Chrome/137.0.7151.103 Mobile Safari/537.36 (compatible; Googlebot/2.1; +http://www.google.com/bot.html)"
179.215.121.183 - - [14/Jul/2025:12:59:32 -0300] "POST /cpsess4528094560/3rdparty/roundcube/?_task=mail&_action=refresh HTTP/1.1" 200 135 "https://webmail.vacivitta.com.br/cpsess4528094560/3rdparty/roundcube/?_task=mail&_mbox=INBOX" "Mozilla/5.0 (Windows NT 10.0; Win64; x64) AppleWebKit/537.36 (KHTML, like Gecko) Chrome/138.0.0.0 Safari/537.36"
34.145.218.47 - - [14/Jul/2025:12:59:43 -0300] "GET / HTTP/1.1" 200 488 "-" "Mozilla/5.0 (X11; Linux x86_64) AppleWebKit/537.36 (KHTML, like Gecko) Chrome/138.0.0.0 Safari/537.36 PTST/250604.160032"
34.145.218.47 - - [14/Jul/2025:12:59:43 -0300] "GET /assets/index-g8aW3Zx-.css HTTP/1.1" 200 2311 "https://vacivitta.com.br/" "Mozilla/5.0 (X11; Linux x86_64) AppleWebKit/537.36 (KHTML, like Gecko) Chrome/138.0.0.0 Safari/537.36 PTST/250604.160032"
34.145.218.47 - - [14/Jul/2025:12:59:43 -0300] "GET /assets/index-BZLUkikW.js HTTP/1.1" 200 923512 "https://vacivitta.com.br/" "Mozilla/5.0 (X11; Linux x86_64) AppleWebKit/537.36 (KHTML, like Gecko) Chrome/138.0.0.0 Safari/537.36 PTST/250604.160032"
34.145.218.47 - - [14/Jul/2025:12:59:45 -0300] "GET /logo.png HTTP/1.1" 200 25613 "https://vacivitta.com.br/" "Mozilla/5.0 (X11; Linux x86_64) AppleWebKit/537.36 (KHTML, like Gecko) Chrome/138.0.0.0 Safari/537.36 PTST/250604.160032"
34.145.218.47 - - [14/Jul/2025:12:59:45 -0300] "GET /vaci.jpg HTTP/1.1" 200 155283 "https://vacivitta.com.br/" "Mozilla/5.0 (X11; Linux x86_64) AppleWebKit/537.36 (KHTML, like Gecko) Chrome/138.0.0.0 Safari/537.36 PTST/250604.160032"
34.145.218.47 - - [14/Jul/2025:12:59:45 -0300] "GET /ico.ico HTTP/1.1" 200 100526 "https://vacivitta.com.br/" "Mozilla/5.0 (X11; Linux x86_64) AppleWebKit/537.36 (KHTML, like Gecko) Chrome/138.0.0.0 Safari/537.36 PTST/250604.160032"
34.145.218.47 - - [14/Jul/2025:12:59:46 -0300] "GET /3.png HTTP/1.1" 200 1055246 "https://vacivitta.com.br/" "Mozilla/5.0 (X11; Linux x86_64) AppleWebKit/537.36 (KHTML, like Gecko) Chrome/138.0.0.0 Safari/537.36 PTST/250604.160032"
34.145.218.47 - - [14/Jul/2025:12:59:45 -0300] "GET /1.png HTTP/1.1" 200 1041468 "https://vacivitta.com.br/" "Mozilla/5.0 (X11; Linux x86_64) AppleWebKit/537.36 (KHTML, like Gecko) Chrome/138.0.0.0 Safari/537.36 PTST/250604.160032"
34.145.218.47 - - [14/Jul/2025:12:59:45 -0300] "GET /2.png HTTP/1.1" 200 1052379 "https://vacivitta.com.br/" "Mozilla/5.0 (X11; Linux x86_64) AppleWebKit/537.36 (KHTML, like Gecko) Chrome/138.0.0.0 Safari/537.36 PTST/250604.160032"
34.145.218.47 - - [14/Jul/2025:12:59:45 -0300] "GET /homePage.png HTTP/1.1" 200 1495045 "https://vacivitta.com.br/" "Mozilla/5.0 (X11; Linux x86_64) AppleWebKit/537.36 (KHTML, like Gecko) Chrome/138.0.0.0 Safari/537.36 PTST/250604.160032"
34.145.218.47 - - [14/Jul/2025:12:59:47 -0300] "GET /4.png HTTP/1.1" 200 1067791 "https://vacivitta.com.br/" "Mozilla/5.0 (X11; Linux x86_64) AppleWebKit/537.36 (KHTML, like Gecko) Chrome/138.0.0.0 Safari/537.36 PTST/250604.160032"
34.145.218.47 - - [14/Jul/2025:12:59:58 -0300] "GET /walp.png HTTP/1.1" 200 26312 "https://vacivitta.com.br/" "Mozilla/5.0 (X11; Linux x86_64) AppleWebKit/537.36 (KHTML, like Gecko) Chrome/138.0.0.0 Safari/537.36 PTST/250604.160032"
34.145.218.47 - - [14/Jul/2025:12:59:45 -0300] "GET /mapa.png HTTP/1.1" 200 1787231 "https://vacivitta.com.br/" "Mozilla/5.0 (X11; Linux x86_64) AppleWebKit/537.36 (KHTML, like Gecko) Chrome/138.0.0.0 Safari/537.36 PTST/250604.160032"
34.145.218.47 - - [14/Jul/2025:12:59:58 -0300] "GET /fts3.png HTTP/1.1" 200 798280 "https://vacivitta.com.br/" "Mozilla/5.0 (X11; Linux x86_64) AppleWebKit/537.36 (KHTML, like Gecko) Chrome/138.0.0.0 Safari/537.36 PTST/250604.160032"
34.145.218.47 - - [14/Jul/2025:13:00:00 -0300] "GET /homePage2.png HTTP/1.1" 200 227246 "https://vacivitta.com.br/" "Mozilla/5.0 (X11; Linux x86_64) AppleWebKit/537.36 (KHTML, like Gecko) Chrome/138.0.0.0 Safari/537.36 PTST/250604.160032"
34.145.218.47 - - [14/Jul/2025:12:59:52 -0300] "GET /fts1.png HTTP/1.1" 200 2704287 "https://vacivitta.com.br/" "Mozilla/5.0 (X11; Linux x86_64) AppleWebKit/537.36 (KHTML, like Gecko) Chrome/138.0.0.0 Safari/537.36 PTST/250604.160032"
34.145.218.47 - - [14/Jul/2025:13:00:04 -0300] "GET /video.mp4 HTTP/1.1" 206 154015 "https://vacivitta.com.br/" "Mozilla/5.0 (X11; Linux x86_64) AppleWebKit/537.36 (KHTML, like Gecko) Chrome/138.0.0.0 Safari/537.36 PTST/250604.160032"
34.145.218.47 - - [14/Jul/2025:13:00:03 -0300] "GET /video.mp4 HTTP/1.1" 206 636967327 "https://vacivitta.com.br/" "Mozilla/5.0 (X11; Linux x86_64) AppleWebKit/537.36 (KHTML, like Gecko) Chrome/138.0.0.0 Safari/537.36 PTST/250604.160032"
34.145.218.47 - - [14/Jul/2025:12:59:57 -0300] "GET /fts2.png HTTP/1.1" 200 2539592 "https://vacivitta.com.br/" "Mozilla/5.0 (X11; Linux x86_64) AppleWebKit/537.36 (KHTML, like Gecko) Chrome/138.0.0.0 Safari/537.36 PTST/250604.160032"
34.145.218.47 - - [14/Jul/2025:13:00:06 -0300] "GET /video.mp4 HTTP/1.1" 206 636773424 "https://vacivitta.com.br/" "Mozilla/5.0 (X11; Linux x86_64) AppleWebKit/537.36 (KHTML, like Gecko) Chrome/138.0.0.0 Safari/537.36 PTST/250604.160032"
34.145.218.47 - - [14/Jul/2025:13:00:15 -0300] "GET /ads.txt HTTP/1.1" 404 - "https://vacivitta.com.br/" "Mozilla/5.0 (X11; Linux x86_64) AppleWebKit/537.36 (KHTML, like Gecko) Chrome/138.0.0.0 Safari/537.36 PTST/250604.160032"
34.145.218.47 - - [14/Jul/2025:13:00:15 -0300] "GET /app-ads.txt HTTP/1.1" 404 - "https://vacivitta.com.br/" "Mozilla/5.0 (X11; Linux x86_64) AppleWebKit/537.36 (KHTML, like Gecko) Chrome/138.0.0.0 Safari/537.36 PTST/250604.160032"
34.145.218.47 - - [14/Jul/2025:13:00:15 -0300] "GET /sellers.json HTTP/1.1" 404 - "https://vacivitta.com.br/" "Mozilla/5.0 (X11; Linux x86_64) AppleWebKit/537.36 (KHTML, like Gecko) Chrome/138.0.0.0 Safari/537.36 PTST/250604.160032"
34.145.218.47 - - [14/Jul/2025:13:00:16 -0300] "GET /.well-known/assetlinks.json HTTP/1.1" 404 - "https://vacivitta.com.br/" "Mozilla/5.0 (X11; Linux x86_64) AppleWebKit/537.36 (KHTML, like Gecko) Chrome/138.0.0.0 Safari/537.36 PTST/250604.160032"
34.145.218.47 - - [14/Jul/2025:13:00:16 -0300] "GET /.well-known/apple-app-site-association HTTP/1.1" 404 - "https://vacivitta.com.br/" "Mozilla/5.0 (X11; Linux x86_64) AppleWebKit/537.36 (KHTML, like Gecko) Chrome/138.0.0.0 Safari/537.36 PTST/250604.160032"
34.145.218.47 - - [14/Jul/2025:13:00:16 -0300] "GET /llms.txt HTTP/1.1" 404 - "https://vacivitta.com.br/" "Mozilla/5.0 (X11; Linux x86_64) AppleWebKit/537.36 (KHTML, like Gecko) Chrome/138.0.0.0 Safari/537.36 PTST/250604.160032"
34.145.218.47 - - [14/Jul/2025:13:00:16 -0300] "GET /dsrdelete.json HTTP/1.1" 404 - "https://vacivitta.com.br/" "Mozilla/5.0 (X11; Linux x86_64) AppleWebKit/537.36 (KHTML, like Gecko) Chrome/138.0.0.0 Safari/537.36 PTST/250604.160032"
34.145.218.47 - - [14/Jul/2025:13:00:16 -0300] "GET /robots.txt HTTP/1.1" 404 - "https://vacivitta.com.br/" "Mozilla/5.0 (X11; Linux x86_64) AppleWebKit/537.36 (KHTML, like Gecko) Chrome/138.0.0.0 Safari/537.36 PTST/250604.160032"
34.145.218.47 - - [14/Jul/2025:13:00:17 -0300] "GET /.well-known/apple-app-site-association HTTP/1.1" 404 - "https://vacivitta.com.br/" "Mozilla/5.0 (X11; Linux x86_64) AppleWebKit/537.36 (KHTML, like Gecko) Chrome/138.0.0.0 Safari/537.36 PTST/250604.160032"
34.145.218.47 - - [14/Jul/2025:13:00:17 -0300] "GET /.well-known/assetlinks.json HTTP/1.1" 404 - "https://vacivitta.com.br/" "Mozilla/5.0 (X11; Linux x86_64) AppleWebKit/537.36 (KHTML, like Gecko) Chrome/138.0.0.0 Safari/537.36 PTST/250604.160032"
34.145.218.47 - - [14/Jul/2025:13:00:17 -0300] "GET /.well-known/related-website-set.json HTTP/1.1" 404 - "https://vacivitta.com.br/" "Mozilla/5.0 (X11; Linux x86_64) AppleWebKit/537.36 (KHTML, like Gecko) Chrome/138.0.0.0 Safari/537.36 PTST/250604.160032"
34.145.218.47 - - [14/Jul/2025:13:00:17 -0300] "GET /.well-known/privacy-sandbox-attestations.json HTTP/1.1" 404 - "https://vacivitta.com.br/" "Mozilla/5.0 (X11; Linux x86_64) AppleWebKit/537.36 (KHTML, like Gecko) Chrome/138.0.0.0 Safari/537.36 PTST/250604.160032"
34.145.218.47 - - [14/Jul/2025:13:00:17 -0300] "GET /.well-known/gpc.json HTTP/1.1" 404 - "https://vacivitta.com.br/" "Mozilla/5.0 (X11; Linux x86_64) AppleWebKit/537.36 (KHTML, like Gecko) Chrome/138.0.0.0 Safari/537.36 PTST/250604.160032"
34.145.218.47 - - [14/Jul/2025:13:00:17 -0300] "GET /.well-known/web-identity HTTP/1.1" 404 - "https://vacivitta.com.br/" "Mozilla/5.0 (X11; Linux x86_64) AppleWebKit/537.36 (KHTML, like Gecko) Chrome/138.0.0.0 Safari/537.36 PTST/250604.160032"
34.145.218.47 - - [14/Jul/2025:13:00:17 -0300] "GET /.well-known/passkey-endpoints HTTP/1.1" 404 - "https://vacivitta.com.br/" "Mozilla/5.0 (X11; Linux x86_64) AppleWebKit/537.36 (KHTML, like Gecko) Chrome/138.0.0.0 Safari/537.36 PTST/250604.160032"
34.145.218.47 - - [14/Jul/2025:13:00:17 -0300] "GET /.well-known/webauthn HTTP/1.1" 404 - "https://vacivitta.com.br/" "Mozilla/5.0 (X11; Linux x86_64) AppleWebKit/537.36 (KHTML, like Gecko) Chrome/138.0.0.0 Safari/537.36 PTST/250604.160032"
34.145.218.47 - - [14/Jul/2025:13:00:17 -0300] "GET /robots.txt HTTP/1.1" 404 - "https://vacivitta.com.br/" "Mozilla/5.0 (X11; Linux x86_64) AppleWebKit/537.36 (KHTML, like Gecko) Chrome/138.0.0.0 Safari/537.36 PTST/250604.160032"
34.145.218.47 - - [14/Jul/2025:13:00:17 -0300] "GET /.well-known/security.txt HTTP/1.1" 404 - "https://vacivitta.com.br/" "Mozilla/5.0 (X11; Linux x86_64) AppleWebKit/537.36 (KHTML, like Gecko) Chrome/138.0.0.0 Safari/537.36 PTST/250604.160032"
34.145.218.47 - - [14/Jul/2025:13:00:17 -0300] "GET /.well-known/change-password HTTP/1.1" 404 - "https://vacivitta.com.br/" "Mozilla/5.0 (X11; Linux x86_64) AppleWebKit/537.36 (KHTML, like Gecko) Chrome/138.0.0.0 Safari/537.36 PTST/250604.160032"
34.145.218.47 - - [14/Jul/2025:13:00:17 -0300] "GET /.well-known/resource-that-should-not-exist-whose-status-code-should-not-be-200/ HTTP/1.1" 404 - "https://vacivitta.com.br/" "Mozilla/5.0 (X11; Linux x86_64) AppleWebKit/537.36 (KHTML, like Gecko) Chrome/138.0.0.0 Safari/537.36 PTST/250604.160032"
168.119.123.75 - - [14/Jul/2025:13:00:24 -0300] "HEAD / HTTP/1.1" 200 - "https://vacivitta.com.br/" "Mozilla/5.0+(compatible; UptimeRobot/2.0; http://www.uptimerobot.com/)"
179.215.121.183 - - [14/Jul/2025:13:00:32 -0300] "POST /cpsess4528094560/3rdparty/roundcube/?_task=mail&_action=refresh HTTP/1.1" 200 135 "https://webmail.vacivitta.com.br/cpsess4528094560/3rdparty/roundcube/?_task=mail&_mbox=INBOX" "Mozilla/5.0 (Windows NT 10.0; Win64; x64) AppleWebKit/537.36 (KHTML, like Gecko) Chrome/138.0.0.0 Safari/537.36"
34.145.218.47 - - [14/Jul/2025:13:00:37 -0300] "GET / HTTP/1.1" 200 488 "-" "Mozilla/5.0 (X11; Linux x86_64) AppleWebKit/537.36 (KHTML like Gecko) Chrome/138.0.0.0 Safari/537.36 PTST/250604.160032"
34.145.218.47 - - [14/Jul/2025:13:00:37 -0300] "GET /assets/index-g8aW3Zx-.css HTTP/1.1" 200 2311 "https://vacivitta.com.br/" "Mozilla/5.0 (X11; Linux x86_64) AppleWebKit/537.36 (KHTML like Gecko) Chrome/138.0.0.0 Safari/537.36 PTST/250604.160032"
34.145.218.47 - - [14/Jul/2025:13:00:37 -0300] "GET /assets/index-BZLUkikW.js HTTP/1.1" 200 923512 "https://vacivitta.com.br/" "Mozilla/5.0 (X11; Linux x86_64) AppleWebKit/537.36 (KHTML like Gecko) Chrome/138.0.0.0 Safari/537.36 PTST/250604.160032"
34.145.218.47 - - [14/Jul/2025:13:00:39 -0300] "GET /logo.png HTTP/1.1" 200 25613 "https://vacivitta.com.br/" "Mozilla/5.0 (X11; Linux x86_64) AppleWebKit/537.36 (KHTML like Gecko) Chrome/138.0.0.0 Safari/537.36 PTST/250604.160032"
34.145.218.47 - - [14/Jul/2025:13:00:39 -0300] "GET /vaci.jpg HTTP/1.1" 200 155283 "https://vacivitta.com.br/" "Mozilla/5.0 (X11; Linux x86_64) AppleWebKit/537.36 (KHTML like Gecko) Chrome/138.0.0.0 Safari/537.36 PTST/250604.160032"
34.145.218.47 - - [14/Jul/2025:13:00:39 -0300] "GET /3.png HTTP/1.1" 200 1055246 "https://vacivitta.com.br/" "Mozilla/5.0 (X11; Linux x86_64) AppleWebKit/537.36 (KHTML like Gecko) Chrome/138.0.0.0 Safari/537.36 PTST/250604.160032"
34.145.218.47 - - [14/Jul/2025:13:00:39 -0300] "GET /ico.ico HTTP/1.1" 200 100526 "https://vacivitta.com.br/" "Mozilla/5.0 (X11; Linux x86_64) AppleWebKit/537.36 (KHTML like Gecko) Chrome/138.0.0.0 Safari/537.36 PTST/250604.160032"
34.145.218.47 - - [14/Jul/2025:13:00:40 -0300] "GET /4.png HTTP/1.1" 200 1067791 "https://vacivitta.com.br/" "Mozilla/5.0 (X11; Linux x86_64) AppleWebKit/537.36 (KHTML like Gecko) Chrome/138.0.0.0 Safari/537.36 PTST/250604.160032"
34.145.218.47 - - [14/Jul/2025:13:00:41 -0300] "GET /fts2.png HTTP/1.1" 200 2539592 "https://vacivitta.com.br/" "Mozilla/5.0 (X11; Linux x86_64) AppleWebKit/537.36 (KHTML like Gecko) Chrome/138.0.0.0 Safari/537.36 PTST/250604.160032"
34.145.218.47 - - [14/Jul/2025:13:00:45 -0300] "GET /fts3.png HTTP/1.1" 200 798280 "https://vacivitta.com.br/" "Mozilla/5.0 (X11; Linux x86_64) AppleWebKit/537.36 (KHTML like Gecko) Chrome/138.0.0.0 Safari/537.36 PTST/250604.160032"
34.145.218.47 - - [14/Jul/2025:13:00:39 -0300] "GET /mapa.png HTTP/1.1" 200 1787231 "https://vacivitta.com.br/" "Mozilla/5.0 (X11; Linux x86_64) AppleWebKit/537.36 (KHTML like Gecko) Chrome/138.0.0.0 Safari/537.36 PTST/250604.160032"
34.145.218.47 - - [14/Jul/2025:13:00:39 -0300] "GET /1.png HTTP/1.1" 200 1041468 "https://vacivitta.com.br/" "Mozilla/5.0 (X11; Linux x86_64) AppleWebKit/537.36 (KHTML like Gecko) Chrome/138.0.0.0 Safari/537.36 PTST/250604.160032"
34.145.218.47 - - [14/Jul/2025:13:00:39 -0300] "GET /2.png HTTP/1.1" 200 1052379 "https://vacivitta.com.br/" "Mozilla/5.0 (X11; Linux x86_64) AppleWebKit/537.36 (KHTML like Gecko) Chrome/138.0.0.0 Safari/537.36 PTST/250604.160032"
34.145.218.47 - - [14/Jul/2025:13:00:47 -0300] "GET /walp.png HTTP/1.1" 200 26312 "https://vacivitta.com.br/" "Mozilla/5.0 (X11; Linux x86_64) AppleWebKit/537.36 (KHTML like Gecko) Chrome/138.0.0.0 Safari/537.36 PTST/250604.160032"
34.145.218.47 - - [14/Jul/2025:13:00:48 -0300] "GET /homePage2.png HTTP/1.1" 200 227246 "https://vacivitta.com.br/" "Mozilla/5.0 (X11; Linux x86_64) AppleWebKit/537.36 (KHTML like Gecko) Chrome/138.0.0.0 Safari/537.36 PTST/250604.160032"
34.145.218.47 - - [14/Jul/2025:13:00:39 -0300] "GET /homePage.png HTTP/1.1" 200 1495045 "https://vacivitta.com.br/" "Mozilla/5.0 (X11; Linux x86_64) AppleWebKit/537.36 (KHTML like Gecko) Chrome/138.0.0.0 Safari/537.36 PTST/250604.160032"
34.145.218.47 - - [14/Jul/2025:13:00:48 -0300] "GET /video.mp4 HTTP/1.1" 206 154015 "https://vacivitta.com.br/" "Mozilla/5.0 (X11; Linux x86_64) AppleWebKit/537.36 (KHTML like Gecko) Chrome/138.0.0.0 Safari/537.36 PTST/250604.160032"
34.145.218.47 - - [14/Jul/2025:13:00:48 -0300] "GET /video.mp4 HTTP/1.1" 206 636967327 "https://vacivitta.com.br/" "Mozilla/5.0 (X11; Linux x86_64) AppleWebKit/537.36 (KHTML like Gecko) Chrome/138.0.0.0 Safari/537.36 PTST/250604.160032"
34.145.218.47 - - [14/Jul/2025:13:00:49 -0300] "GET /video.mp4 HTTP/1.1" 206 636773424 "https://vacivitta.com.br/" "Mozilla/5.0 (X11; Linux x86_64) AppleWebKit/537.36 (KHTML like Gecko) Chrome/138.0.0.0 Safari/537.36 PTST/250604.160032"
34.145.218.47 - - [14/Jul/2025:13:00:41 -0300] "GET /fts1.png HTTP/1.1" 200 2704287 "https://vacivitta.com.br/" "Mozilla/5.0 (X11; Linux x86_64) AppleWebKit/537.36 (KHTML like Gecko) Chrome/138.0.0.0 Safari/537.36 PTST/250604.160032"
34.145.218.47 - - [14/Jul/2025:13:01:06 -0300] "GET /robots.txt HTTP/1.1" 404 - "-" "Mozilla/5.0 (X11; Linux x86_64) AppleWebKit/537.36 (KHTML, like Gecko) HeadlessChrome/138.0.0.0 Safari/537.36"
179.215.121.183 - - [14/Jul/2025:13:01:32 -0300] "POST /cpsess4528094560/3rdparty/roundcube/?_task=mail&_action=refresh HTTP/1.1" 200 135 "https://webmail.vacivitta.com.br/cpsess4528094560/3rdparty/roundcube/?_task=mail&_mbox=INBOX" "Mozilla/5.0 (Windows NT 10.0; Win64; x64) AppleWebKit/537.36 (KHTML, like Gecko) Chrome/138.0.0.0 Safari/537.36"
88.99.38.72 - - [14/Jul/2025:13:02:10 -0300] "GET /xmlrpc.php HTTP/1.1" 404 - "http://vacivitta.com.br/xmlrpc.php" "Mozilla/5.0 (X11; Ubuntu; Linux x86_64; rv:85.0) Gecko/20100101 Firefox/91.0"
3.236.157.71 - - [14/Jul/2025:13:02:28 -0300] "GET / HTTP/1.1" 200 488 "https://vacivitta.com.br" "Mozilla/5.0 (Windows NT 10.0; Win64; x64; rv:92.0) Gecko/20100101 Firefox/92.0"
179.215.121.183 - - [14/Jul/2025:13:02:32 -0300] "POST /cpsess4528094560/3rdparty/roundcube/?_task=mail&_action=refresh HTTP/1.1" 200 135 "https://webmail.vacivitta.com.br/cpsess4528094560/3rdparty/roundcube/?_task=mail&_mbox=INBOX" "Mozilla/5.0 (Windows NT 10.0; Win64; x64) AppleWebKit/537.36 (KHTML, like Gecko) Chrome/138.0.0.0 Safari/537.36"
66.249.70.141 - - [14/Jul/2025:13:03:06 -0300] "GET /items/wsrck238/8928?key=pizza HTTP/1.1" 404 - "-" "Mozilla/5.0 (Linux; Android 6.0.1; Nexus 5X Build/MMB29P) AppleWebKit/537.36 (KHTML, like Gecko) Chrome/137.0.7151.103 Mobile Safari/537.36 (compatible; Googlebot/2.1; +http://www.google.com/bot.html)"
179.215.121.183 - - [14/Jul/2025:13:03:32 -0300] "POST /cpsess4528094560/3rdparty/roundcube/?_task=mail&_action=refresh HTTP/1.1" 200 135 "https://webmail.vacivitta.com.br/cpsess4528094560/3rdparty/roundcube/?_task=mail&_mbox=INBOX" "Mozilla/5.0 (Windows NT 10.0; Win64; x64) AppleWebKit/537.36 (KHTML, like Gecko) Chrome/138.0.0.0 Safari/537.36"
57.141.2.26 - - [14/Jul/2025:13:03:41 -0300] "GET /2023/10/19/chupeta-em-criancas/ HTTP/1.1" 404 - "-" "meta-externalagent/1.1 (+https://developers.facebook.com/docs/sharing/webmasters/crawler)"
179.215.121.183 - - [14/Jul/2025:13:04:32 -0300] "POST /cpsess4528094560/3rdparty/roundcube/?_task=mail&_action=refresh HTTP/1.1" 200 135 "https://webmail.vacivitta.com.br/cpsess4528094560/3rdparty/roundcube/?_task=mail&_mbox=INBOX" "Mozilla/5.0 (Windows NT 10.0; Win64; x64) AppleWebKit/537.36 (KHTML, like Gecko) Chrome/138.0.0.0 Safari/537.36"
159.69.158.189 - - [14/Jul/2025:13:05:28 -0300] "HEAD / HTTP/1.1" 200 - "https://vacivitta.com.br/" "Mozilla/5.0+(compatible; UptimeRobot/2.0; http://www.uptimerobot.com/)"
179.215.121.183 - - [14/Jul/2025:13:05:32 -0300] "POST /cpsess4528094560/3rdparty/roundcube/?_task=mail&_action=refresh HTTP/1.1" 200 135 "https://webmail.vacivitta.com.br/cpsess4528094560/3rdparty/roundcube/?_task=mail&_mbox=INBOX" "Mozilla/5.0 (Windows NT 10.0; Win64; x64) AppleWebKit/537.36 (KHTML, like Gecko) Chrome/138.0.0.0 Safari/537.36"
162.215.96.27 - - [14/Jul/2025:13:06:14 -0300] "POST /xmlrpc.php HTTP/1.1" 404 - "-" "Mozilla/5.0 (X11; Ubuntu; Linux x86_64; rv:85.0) Gecko/20100101 Firefox/91.0"
179.215.121.183 - - [14/Jul/2025:13:06:32 -0300] "POST /cpsess4528094560/3rdparty/roundcube/?_task=mail&_action=refresh HTTP/1.1" 200 135 "https://webmail.vacivitta.com.br/cpsess4528094560/3rdparty/roundcube/?_task=mail&_mbox=INBOX" "Mozilla/5.0 (Windows NT 10.0; Win64; x64) AppleWebKit/537.36 (KHTML, like Gecko) Chrome/138.0.0.0 Safari/537.36"
179.215.121.183 - - [14/Jul/2025:13:07:32 -0300] "POST /cpsess4528094560/3rdparty/roundcube/?_task=mail&_action=refresh HTTP/1.1" 200 135 "https://webmail.vacivitta.com.br/cpsess4528094560/3rdparty/roundcube/?_task=mail&_mbox=INBOX" "Mozilla/5.0 (Windows NT 10.0; Win64; x64) AppleWebKit/537.36 (KHTML, like Gecko) Chrome/138.0.0.0 Safari/537.36"
204.12.252.98 - - [14/Jul/2025:13:07:47 -0300] "GET /wp-content/edit.php HTTP/1.1" 404 - "https://vacivitta.com.br/wp-content/edit.php" "Mozilla/5.0 (Windows NT 10.0; Win64; x64) AppleWebKit/537.36 (KHTML, like Gecko) Chrome/58.0.3029.110 Safari/537.3"
152.53.47.138 - - [14/Jul/2025:13:08:19 -0300] "GET /politica-de-privacidade/ HTTP/1.1" 404 - "-" "Mozilla/5.0 (Windows NT 10.0; Win64; x64) AppleWebKit/537.36 (KHTML, like Gecko) Chrome/100.0.7678.557 Safari/537.36"
179.215.121.183 - - [14/Jul/2025:13:08:32 -0300] "POST /cpsess4528094560/3rdparty/roundcube/?_task=mail&_action=refresh HTTP/1.1" 200 135 "https://webmail.vacivitta.com.br/cpsess4528094560/3rdparty/roundcube/?_task=mail&_mbox=INBOX" "Mozilla/5.0 (Windows NT 10.0; Win64; x64) AppleWebKit/537.36 (KHTML, like Gecko) Chrome/138.0.0.0 Safari/537.36"
178.20.45.128 - - [14/Jul/2025:13:09:11 -0300] "GET /2022/04/08/gripe-e-resfriado/ HTTP/1.0" 404 - "https://vacivitta.com.br/2022/04/08/gripe-e-resfriado/#comment-768/" "Mozilla/5.0 (Windows NT 10.0; Win64; x64) AppleWebKit/537.36 (KHTML, like Gecko) Chrome/129.0.0.0 Safari/537.36"
178.20.45.128 - - [14/Jul/2025:13:09:12 -0300] "GET / HTTP/1.0" 200 488 "https://vacivitta.com.br/" "Mozilla/5.0 (Windows NT 10.0; Win64; x64) AppleWebKit/537.36 (KHTML, like Gecko) Chrome/129.0.0.0 Safari/537.36"
66.249.70.141 - - [14/Jul/2025:13:09:28 -0300] "GET /items/wczcj68/546?key=leap HTTP/1.1" 404 - "-" "Mozilla/5.0 (Linux; Android 6.0.1; Nexus 5X Build/MMB29P) AppleWebKit/537.36 (KHTML, like Gecko) Chrome/137.0.7151.103 Mobile Safari/537.36 (compatible; Googlebot/2.1; +http://www.google.com/bot.html)"
66.249.70.142 - - [14/Jul/2025:13:09:29 -0300] "GET /pcmypage?callback=/product%2Fdetail%2haikanbuhin-43082103 HTTP/1.1" 404 - "-" "Mozilla/5.0 (Linux; Android 6.0.1; Nexus 5X Build/MMB29P) AppleWebKit/537.36 (KHTML, like Gecko) Chrome/137.0.7151.103 Mobile Safari/537.36 (compatible; Googlebot/2.1; +http://www.google.com/bot.html)"
66.249.70.142 - - [14/Jul/2025:13:09:29 -0300] "GET /items/wqysd52/5940?key=headquarters HTTP/1.1" 404 - "-" "Mozilla/5.0 (Linux; Android 6.0.1; Nexus 5X Build/MMB29P) AppleWebKit/537.36 (KHTML, like Gecko) Chrome/137.0.7151.103 Mobile Safari/537.36 (compatible; Googlebot/2.1; +http://www.google.com/bot.html)"
66.249.70.142 - - [14/Jul/2025:13:09:29 -0300] "GET /safe_search/config?return_url=%2Fproduct%2Fdetail%2Fsnet-ogk-kamui3-fbk-m HTTP/1.1" 404 - "-" "Mozilla/5.0 (Linux; Android 6.0.1; Nexus 5X Build/MMB29P) AppleWebKit/537.36 (KHTML, like Gecko) Chrome/137.0.7151.103 Mobile Safari/537.36 (compatible; Googlebot/2.1; +http://www.google.com/bot.html)"
66.249.70.140 - - [14/Jul/2025:13:09:30 -0300] "GET /items/ewkjp14/568?key=hearing HTTP/1.1" 404 - "-" "Mozilla/5.0 (Linux; Android 6.0.1; Nexus 5X Build/MMB29P) AppleWebKit/537.36 (KHTML, like Gecko) Chrome/137.0.7151.103 Mobile Safari/537.36 (compatible; Googlebot/2.1; +http://www.google.com/bot.html)"
66.249.70.141 - - [14/Jul/2025:13:09:30 -0300] "GET /products/246zo12013 HTTP/1.1" 404 - "-" "Mozilla/5.0 (Linux; Android 6.0.1; Nexus 5X Build/MMB29P) AppleWebKit/537.36 (KHTML, like Gecko) Chrome/137.0.7151.103 Mobile Safari/537.36 (compatible; Googlebot/2.1; +http://www.google.com/bot.html)"
179.215.121.183 - - [14/Jul/2025:13:09:32 -0300] "POST /cpsess4528094560/3rdparty/roundcube/?_task=mail&_action=refresh HTTP/1.1" 200 135 "https://webmail.vacivitta.com.br/cpsess4528094560/3rdparty/roundcube/?_task=mail&_mbox=INBOX" "Mozilla/5.0 (Windows NT 10.0; Win64; x64) AppleWebKit/537.36 (KHTML, like Gecko) Chrome/138.0.0.0 Safari/537.36"
177.47.242.118 - - [14/Jul/2025:13:09:41 -0300] "GET / HTTP/1.1" 200 488 "https://www.google.com/" "Mozilla/5.0 (Windows NT 10.0; Win64; x64) AppleWebKit/537.36 (KHTML, like Gecko) Chrome/109.0.0.0 Safari/537.36"
177.47.242.118 - - [14/Jul/2025:13:09:41 -0300] "GET /assets/index-g8aW3Zx-.css HTTP/1.1" 200 2311 "https://vacivitta.com.br/" "Mozilla/5.0 (Windows NT 10.0; Win64; x64) AppleWebKit/537.36 (KHTML, like Gecko) Chrome/109.0.0.0 Safari/537.36"
177.47.242.118 - - [14/Jul/2025:13:09:41 -0300] "GET /assets/index-BZLUkikW.js HTTP/1.1" 200 923512 "https://vacivitta.com.br/" "Mozilla/5.0 (Windows NT 10.0; Win64; x64) AppleWebKit/537.36 (KHTML, like Gecko) Chrome/109.0.0.0 Safari/537.36"
177.47.242.118 - - [14/Jul/2025:13:09:44 -0300] "GET /logo.png HTTP/1.1" 200 25613 "https://vacivitta.com.br/" "Mozilla/5.0 (Windows NT 10.0; Win64; x64) AppleWebKit/537.36 (KHTML, like Gecko) Chrome/109.0.0.0 Safari/537.36"
177.47.242.118 - - [14/Jul/2025:13:09:44 -0300] "GET /vaci.jpg HTTP/1.1" 200 155283 "https://vacivitta.com.br/" "Mozilla/5.0 (Windows NT 10.0; Win64; x64) AppleWebKit/537.36 (KHTML, like Gecko) Chrome/109.0.0.0 Safari/537.36"
177.47.242.118 - - [14/Jul/2025:13:09:44 -0300] "GET /1.png HTTP/1.1" 200 1041468 "https://vacivitta.com.br/" "Mozilla/5.0 (Windows NT 10.0; Win64; x64) AppleWebKit/537.36 (KHTML, like Gecko) Chrome/109.0.0.0 Safari/537.36"
177.47.242.118 - - [14/Jul/2025:13:09:44 -0300] "GET /2.png HTTP/1.1" 200 1052379 "https://vacivitta.com.br/" "Mozilla/5.0 (Windows NT 10.0; Win64; x64) AppleWebKit/537.36 (KHTML, like Gecko) Chrome/109.0.0.0 Safari/537.36"
177.105.113.210 - - [14/Jul/2025:13:09:44 -0300] "GET /3.png HTTP/1.1" 200 1055246 "https://vacivitta.com.br/" "Mozilla/5.0 (Windows NT 10.0; Win64; x64) AppleWebKit/537.36 (KHTML, like Gecko) Chrome/109.0.0.0 Safari/537.36"
177.47.242.118 - - [14/Jul/2025:13:09:45 -0300] "GET /4.png HTTP/1.1" 200 1067791 "https://vacivitta.com.br/" "Mozilla/5.0 (Windows NT 10.0; Win64; x64) AppleWebKit/537.36 (KHTML, like Gecko) Chrome/109.0.0.0 Safari/537.36"
177.47.242.118 - - [14/Jul/2025:13:09:44 -0300] "GET /homePage.png HTTP/1.1" 200 1495045 "https://vacivitta.com.br/" "Mozilla/5.0 (Windows NT 10.0; Win64; x64) AppleWebKit/537.36 (KHTML, like Gecko) Chrome/109.0.0.0 Safari/537.36"
177.47.242.118 - - [14/Jul/2025:13:09:44 -0300] "GET /mapa.png HTTP/1.1" 200 1787231 "https://vacivitta.com.br/" "Mozilla/5.0 (Windows NT 10.0; Win64; x64) AppleWebKit/537.36 (KHTML, like Gecko) Chrome/109.0.0.0 Safari/537.36"
177.105.113.210 - - [14/Jul/2025:13:09:47 -0300] "GET /fts2.png HTTP/1.1" 200 2539592 "https://vacivitta.com.br/" "Mozilla/5.0 (Windows NT 10.0; Win64; x64) AppleWebKit/537.36 (KHTML, like Gecko) Chrome/109.0.0.0 Safari/537.36"
177.47.242.118 - - [14/Jul/2025:13:09:48 -0300] "GET /fts3.png HTTP/1.1" 200 798280 "https://vacivitta.com.br/" "Mozilla/5.0 (Windows NT 10.0; Win64; x64) AppleWebKit/537.36 (KHTML, like Gecko) Chrome/109.0.0.0 Safari/537.36"
177.47.242.118 - - [14/Jul/2025:13:09:48 -0300] "GET /walp.png HTTP/1.1" 200 26312 "https://vacivitta.com.br/" "Mozilla/5.0 (Windows NT 10.0; Win64; x64) AppleWebKit/537.36 (KHTML, like Gecko) Chrome/109.0.0.0 Safari/537.36"
177.47.242.118 - - [14/Jul/2025:13:09:49 -0300] "GET /homePage2.png HTTP/1.1" 200 227246 "https://vacivitta.com.br/" "Mozilla/5.0 (Windows NT 10.0; Win64; x64) AppleWebKit/537.36 (KHTML, like Gecko) Chrome/109.0.0.0 Safari/537.36"
177.47.242.118 - - [14/Jul/2025:13:09:47 -0300] "GET /fts1.png HTTP/1.1" 200 2704287 "https://vacivitta.com.br/" "Mozilla/5.0 (Windows NT 10.0; Win64; x64) AppleWebKit/537.36 (KHTML, like Gecko) Chrome/109.0.0.0 Safari/537.36"
177.47.242.118 - - [14/Jul/2025:13:09:48 -0300] "GET /video.mp4 HTTP/1.1" 206 636967327 "https://vacivitta.com.br/" "Mozilla/5.0 (Windows NT 10.0; Win64; x64) AppleWebKit/537.36 (KHTML, like Gecko) Chrome/109.0.0.0 Safari/537.36"
177.47.242.118 - - [14/Jul/2025:13:09:49 -0300] "GET /video.mp4 HTTP/1.1" 206 154015 "https://vacivitta.com.br/" "Mozilla/5.0 (Windows NT 10.0; Win64; x64) AppleWebKit/537.36 (KHTML, like Gecko) Chrome/109.0.0.0 Safari/537.36"
177.47.242.118 - - [14/Jul/2025:13:09:49 -0300] "GET /video.mp4 HTTP/1.1" 206 636725424 "https://vacivitta.com.br/" "Mozilla/5.0 (Windows NT 10.0; Win64; x64) AppleWebKit/537.36 (KHTML, like Gecko) Chrome/109.0.0.0 Safari/537.36"
177.47.242.118 - - [14/Jul/2025:13:09:50 -0300] "GET /ico.ico HTTP/1.1" 200 100526 "https://vacivitta.com.br/" "Mozilla/5.0 (Windows NT 10.0; Win64; x64) AppleWebKit/537.36 (KHTML, like Gecko) Chrome/109.0.0.0 Safari/537.36"
179.215.121.183 - - [14/Jul/2025:13:10:32 -0300] "POST /cpsess4528094560/3rdparty/roundcube/?_task=mail&_action=refresh HTTP/1.1" 200 135 "https://webmail.vacivitta.com.br/cpsess4528094560/3rdparty/roundcube/?_task=mail&_mbox=INBOX" "Mozilla/5.0 (Windows NT 10.0; Win64; x64) AppleWebKit/537.36 (KHTML, like Gecko) Chrome/138.0.0.0 Safari/537.36"
78.47.173.76 - - [14/Jul/2025:13:10:33 -0300] "HEAD / HTTP/1.1" 200 - "https://vacivitta.com.br/" "Mozilla/5.0+(compatible; UptimeRobot/2.0; http://www.uptimerobot.com/)"
177.47.242.118 - - [14/Jul/2025:13:10:41 -0300] "GET /moca.png HTTP/1.1" 200 973772 "https://vacivitta.com.br/" "Mozilla/5.0 (Windows NT 10.0; Win64; x64) AppleWebKit/537.36 (KHTML, like Gecko) Chrome/109.0.0.0 Safari/537.36"
177.47.242.118 - - [14/Jul/2025:13:10:42 -0300] "GET /foto%2002.png HTTP/1.1" 200 989614 "https://vacivitta.com.br/" "Mozilla/5.0 (Windows NT 10.0; Win64; x64) AppleWebKit/537.36 (KHTML, like Gecko) Chrome/109.0.0.0 Safari/537.36"
179.215.121.183 - - [14/Jul/2025:13:11:32 -0300] "POST /cpsess4528094560/3rdparty/roundcube/?_task=mail&_action=refresh HTTP/1.1" 200 135 "https://webmail.vacivitta.com.br/cpsess4528094560/3rdparty/roundcube/?_task=mail&_mbox=INBOX" "Mozilla/5.0 (Windows NT 10.0; Win64; x64) AppleWebKit/537.36 (KHTML, like Gecko) Chrome/138.0.0.0 Safari/537.36"
179.215.121.183 - - [14/Jul/2025:13:12:32 -0300] "POST /cpsess4528094560/3rdparty/roundcube/?_task=mail&_action=refresh HTTP/1.1" 200 135 "https://webmail.vacivitta.com.br/cpsess4528094560/3rdparty/roundcube/?_task=mail&_mbox=INBOX" "Mozilla/5.0 (Windows NT 10.0; Win64; x64) AppleWebKit/537.36 (KHTML, like Gecko) Chrome/138.0.0.0 Safari/537.36"
179.215.121.183 - - [14/Jul/2025:13:13:32 -0300] "POST /cpsess4528094560/3rdparty/roundcube/?_task=mail&_action=refresh HTTP/1.1" 200 135 "https://webmail.vacivitta.com.br/cpsess4528094560/3rdparty/roundcube/?_task=mail&_mbox=INBOX" "Mozilla/5.0 (Windows NT 10.0; Win64; x64) AppleWebKit/537.36 (KHTML, like Gecko) Chrome/138.0.0.0 Safari/537.36"
179.215.121.183 - - [14/Jul/2025:13:14:32 -0300] "POST /cpsess4528094560/3rdparty/roundcube/?_task=mail&_action=refresh HTTP/1.1" 200 135 "https://webmail.vacivitta.com.br/cpsess4528094560/3rdparty/roundcube/?_task=mail&_mbox=INBOX" "Mozilla/5.0 (Windows NT 10.0; Win64; x64) AppleWebKit/537.36 (KHTML, like Gecko) Chrome/138.0.0.0 Safari/537.36"
66.249.70.140 - - [14/Jul/2025:13:14:56 -0300] "GET /wp-content/uploads/sites/7/2023/10/gettyimages-1253920275_resized-1.jpg HTTP/1.1" 404 - "-" "Googlebot-Image/1.0"
66.249.70.141 - - [14/Jul/2025:13:15:32 -0300] "GET /items/ododr49/14673?key=ideological HTTP/1.1" 404 - "-" "Mozilla/5.0 (Linux; Android 6.0.1; Nexus 5X Build/MMB29P) AppleWebKit/537.36 (KHTML, like Gecko) Chrome/137.0.7151.103 Mobile Safari/537.36 (compatible; Googlebot/2.1; +http://www.google.com/bot.html)"
179.215.121.183 - - [14/Jul/2025:13:15:32 -0300] "POST /cpsess4528094560/3rdparty/roundcube/?_task=mail&_action=refresh HTTP/1.1" 200 135 "https://webmail.vacivitta.com.br/cpsess4528094560/3rdparty/roundcube/?_task=mail&_mbox=INBOX" "Mozilla/5.0 (Windows NT 10.0; Win64; x64) AppleWebKit/537.36 (KHTML, like Gecko) Chrome/138.0.0.0 Safari/537.36"
66.249.70.142 - - [14/Jul/2025:13:15:32 -0300] "GET /items/wfqvi89/30635?key=quote HTTP/1.1" 404 - "-" "Mozilla/5.0 (Linux; Android 6.0.1; Nexus 5X Build/MMB29P) AppleWebKit/537.36 (KHTML, like Gecko) Chrome/137.0.7151.103 Mobile Safari/537.36 (compatible; Googlebot/2.1; +http://www.google.com/bot.html)"
49.13.24.81 - - [14/Jul/2025:13:15:38 -0300] "HEAD / HTTP/1.1" 200 - "https://vacivitta.com.br/" "Mozilla/5.0+(compatible; UptimeRobot/2.0; http://www.uptimerobot.com/)"
179.215.121.183 - - [14/Jul/2025:13:16:32 -0300] "POST /cpsess4528094560/3rdparty/roundcube/?_task=mail&_action=refresh HTTP/1.1" 200 135 "https://webmail.vacivitta.com.br/cpsess4528094560/3rdparty/roundcube/?_task=mail&_mbox=INBOX" "Mozilla/5.0 (Windows NT 10.0; Win64; x64) AppleWebKit/537.36 (KHTML, like Gecko) Chrome/138.0.0.0 Safari/537.36"
69.197.135.226 - - [14/Jul/2025:13:17:00 -0300] "GET /wp-content/edit.php HTTP/1.1" 404 - "https://vacivitta.com.br/wp-content/edit.php" "Mozilla/5.0 (Windows NT 10.0; Win64; x64) AppleWebKit/537.36 (KHTML, like Gecko) Chrome/58.0.3029.110 Safari/537.3"
