179.215.121.183 - - [14/Jul/2025:13:17:32 -0300] "POST /cpsess4528094560/3rdparty/roundcube/?_task=mail&_action=refresh HTTP/1.1" 200 135 "https://webmail.vacivitta.com.br/cpsess4528094560/3rdparty/roundcube/?_task=mail&_mbox=INBOX" "Mozilla/5.0 (Windows NT 10.0; Win64; x64) AppleWebKit/537.36 (KHTML, like Gecko) Chrome/138.0.0.0 Safari/537.36"
179.215.121.183 - - [14/Jul/2025:13:18:32 -0300] "POST /cpsess4528094560/3rdparty/roundcube/?_task=mail&_action=refresh HTTP/1.1" 200 135 "https://webmail.vacivitta.com.br/cpsess4528094560/3rdparty/roundcube/?_task=mail&_mbox=INBOX" "Mozilla/5.0 (Windows NT 10.0; Win64; x64) AppleWebKit/537.36 (KHTML, like Gecko) Chrome/138.0.0.0 Safari/537.36"
66.249.70.140 - - [14/Jul/2025:13:18:33 -0300] "GET /pcmypage?callback=product%2Fdetail%2Firodoriyasyouten-bwefff55797e HTTP/1.1" 404 - "-" "Mozilla/5.0 (Linux; Android 6.0.1; Nexus 5X Build/MMB29P) AppleWebKit/537.36 (KHTML, like Gecko) Chrome/137.0.7151.103 Mobile Safari/537.36 (compatible; Googlebot/2.1; +http://www.google.com/bot.html)"
34.232.23.139 - - [14/Jul/2025:13:18:50 -0300] "GET / HTTP/1.1" 200 488 "-" "Mozilla/5.0 (compatible; SurdotlyBot/1.0; +http://sur.ly/bot.html)"
34.232.23.139 - - [14/Jul/2025:13:18:50 -0300] "GET / HTTP/1.1" 200 488 "-" "Mozilla/5.0 (compatible; SurdotlyBot/1.0; +http://sur.ly/bot.html)"
34.232.23.139 - - [14/Jul/2025:13:18:50 -0300] "GET /robots.txt HTTP/1.1" 404 - "-" "Mozilla/5.0 (compatible; SurdotlyBot/1.0; +http://sur.ly/bot.html)"
179.215.121.183 - - [14/Jul/2025:13:19:32 -0300] "POST /cpsess4528094560/3rdparty/roundcube/?_task=mail&_action=refresh HTTP/1.1" 200 135 "https://webmail.vacivitta.com.br/cpsess4528094560/3rdparty/roundcube/?_task=mail&_mbox=INBOX" "Mozilla/5.0 (Windows NT 10.0; Win64; x64) AppleWebKit/537.36 (KHTML, like Gecko) Chrome/138.0.0.0 Safari/537.36"
57.141.2.9 - - [14/Jul/2025:13:20:14 -0300] "GET /2017/10/24/o-que-e-preciso-saber-sobre-vacinas-para-diabeticos/ HTTP/1.1" 404 - "-" "meta-externalagent/1.1 (+https://developers.facebook.com/docs/sharing/webmasters/crawler)"
179.215.121.183 - - [14/Jul/2025:13:20:32 -0300] "POST /cpsess4528094560/3rdparty/roundcube/?_task=mail&_action=refresh HTTP/1.1" 200 135 "https://webmail.vacivitta.com.br/cpsess4528094560/3rdparty/roundcube/?_task=mail&_mbox=INBOX" "Mozilla/5.0 (Windows NT 10.0; Win64; x64) AppleWebKit/537.36 (KHTML, like Gecko) Chrome/138.0.0.0 Safari/537.36"
159.69.158.189 - - [14/Jul/2025:13:20:42 -0300] "HEAD / HTTP/1.1" 200 - "https://vacivitta.com.br/" "Mozilla/5.0+(compatible; UptimeRobot/2.0; http://www.uptimerobot.com/)"
69.197.135.226 - - [14/Jul/2025:13:20:50 -0300] "GET /wp-content/edit.php HTTP/1.1" 404 - "https://vacivitta.com.br/wp-content/edit.php" "Mozilla/5.0 (Windows NT 10.0; Win64; x64) AppleWebKit/537.36 (KHTML, like Gecko) Chrome/58.0.3029.110 Safari/537.3"
179.215.121.183 - - [14/Jul/2025:13:21:32 -0300] "POST /cpsess4528094560/3rdparty/roundcube/?_task=mail&_action=refresh HTTP/1.1" 200 135 "https://webmail.vacivitta.com.br/cpsess4528094560/3rdparty/roundcube/?_task=mail&_mbox=INBOX" "Mozilla/5.0 (Windows NT 10.0; Win64; x64) AppleWebKit/537.36 (KHTML, like Gecko) Chrome/138.0.0.0 Safari/537.36"
179.215.121.183 - - [14/Jul/2025:13:22:32 -0300] "POST /cpsess4528094560/3rdparty/roundcube/?_task=mail&_action=refresh HTTP/1.1" 200 135 "https://webmail.vacivitta.com.br/cpsess4528094560/3rdparty/roundcube/?_task=mail&_mbox=INBOX" "Mozilla/5.0 (Windows NT 10.0; Win64; x64) AppleWebKit/537.36 (KHTML, like Gecko) Chrome/138.0.0.0 Safari/537.36"
179.215.121.183 - - [14/Jul/2025:13:23:32 -0300] "POST /cpsess4528094560/3rdparty/roundcube/?_task=mail&_action=refresh HTTP/1.1" 200 135 "https://webmail.vacivitta.com.br/cpsess4528094560/3rdparty/roundcube/?_task=mail&_mbox=INBOX" "Mozilla/5.0 (Windows NT 10.0; Win64; x64) AppleWebKit/537.36 (KHTML, like Gecko) Chrome/138.0.0.0 Safari/537.36"
66.249.70.142 - - [14/Jul/2025:13:23:34 -0300] "GET /items/gppkg92/122?key=membership HTTP/1.1" 404 - "-" "Mozilla/5.0 (Linux; Android 6.0.1; Nexus 5X Build/MMB29P) AppleWebKit/537.36 (KHTML, like Gecko) Chrome/137.0.7151.103 Mobile Safari/537.36 (compatible; Googlebot/2.1; +http://www.google.com/bot.html)"
179.215.121.183 - - [14/Jul/2025:13:24:32 -0300] "POST /cpsess4528094560/3rdparty/roundcube/?_task=mail&_action=refresh HTTP/1.1" 200 135 "https://webmail.vacivitta.com.br/cpsess4528094560/3rdparty/roundcube/?_task=mail&_mbox=INBOX" "Mozilla/5.0 (Windows NT 10.0; Win64; x64) AppleWebKit/537.36 (KHTML, like Gecko) Chrome/138.0.0.0 Safari/537.36"
179.215.121.183 - - [14/Jul/2025:13:25:32 -0300] "POST /cpsess4528094560/3rdparty/roundcube/?_task=mail&_action=refresh HTTP/1.1" 200 135 "https://webmail.vacivitta.com.br/cpsess4528094560/3rdparty/roundcube/?_task=mail&_mbox=INBOX" "Mozilla/5.0 (Windows NT 10.0; Win64; x64) AppleWebKit/537.36 (KHTML, like Gecko) Chrome/138.0.0.0 Safari/537.36"
128.140.41.193 - - [14/Jul/2025:13:25:46 -0300] "HEAD / HTTP/1.1" 200 - "https://vacivitta.com.br/" "Mozilla/5.0+(compatible; UptimeRobot/2.0; http://www.uptimerobot.com/)"
179.215.121.183 - - [14/Jul/2025:13:26:32 -0300] "POST /cpsess4528094560/3rdparty/roundcube/?_task=mail&_action=refresh HTTP/1.1" 200 135 "https://webmail.vacivitta.com.br/cpsess4528094560/3rdparty/roundcube/?_task=mail&_mbox=INBOX" "Mozilla/5.0 (Windows NT 10.0; Win64; x64) AppleWebKit/537.36 (KHTML, like Gecko) Chrome/138.0.0.0 Safari/537.36"
179.215.121.183 - - [14/Jul/2025:13:27:32 -0300] "POST /cpsess4528094560/3rdparty/roundcube/?_task=mail&_action=refresh HTTP/1.1" 200 135 "https://webmail.vacivitta.com.br/cpsess4528094560/3rdparty/roundcube/?_task=mail&_mbox=INBOX" "Mozilla/5.0 (Windows NT 10.0; Win64; x64) AppleWebKit/537.36 (KHTML, like Gecko) Chrome/138.0.0.0 Safari/537.36"
66.249.70.140 - - [14/Jul/2025:13:27:34 -0300] "GET /pcmypage?callback=/product%2Fdetail%21more-ft0959-d-20e-54 HTTP/1.1" 404 - "-" "Mozilla/5.0 (Linux; Android 6.0.1; Nexus 5X Build/MMB29P) AppleWebKit/537.36 (KHTML, like Gecko) Chrome/137.0.7151.103 Mobile Safari/537.36 (compatible; Googlebot/2.1; +http://www.google.com/bot.html)"
179.215.121.183 - - [14/Jul/2025:13:28:32 -0300] "POST /cpsess4528094560/3rdparty/roundcube/?_task=mail&_action=refresh HTTP/1.1" 200 135 "https://webmail.vacivitta.com.br/cpsess4528094560/3rdparty/roundcube/?_task=mail&_mbox=INBOX" "Mozilla/5.0 (Windows NT 10.0; Win64; x64) AppleWebKit/537.36 (KHTML, like Gecko) Chrome/138.0.0.0 Safari/537.36"
87.250.224.80 - - [14/Jul/2025:13:29:13 -0300] "GET /robots.txt HTTP/1.1" 404 - "-" "Mozilla/5.0 (compatible; YandexBot/3.0; +http://yandex.com/bots)"
213.180.203.7 - - [14/Jul/2025:13:29:14 -0300] "GET /2023/12/01/amamentacao-e-o-desenvolvimento-da-face-dentes-e-fala/ HTTP/1.1" 404 - "-" "Mozilla/5.0 (compatible; YandexBot/3.0; +http://yandex.com/bots)"
179.215.121.183 - - [14/Jul/2025:13:29:32 -0300] "POST /cpsess4528094560/3rdparty/roundcube/?_task=mail&_action=refresh HTTP/1.1" 200 135 "https://webmail.vacivitta.com.br/cpsess4528094560/3rdparty/roundcube/?_task=mail&_mbox=INBOX" "Mozilla/5.0 (Windows NT 10.0; Win64; x64) AppleWebKit/537.36 (KHTML, like Gecko) Chrome/138.0.0.0 Safari/537.36"
208.110.64.178 - - [14/Jul/2025:13:30:25 -0300] "GET /wp-content/edit.php HTTP/1.1" 404 - "https://vacivitta.com.br/wp-content/edit.php" "Mozilla/5.0 (Windows NT 10.0; Win64; x64) AppleWebKit/537.36 (KHTML, like Gecko) Chrome/58.0.3029.110 Safari/537.3"
179.215.121.183 - - [14/Jul/2025:13:30:32 -0300] "POST /cpsess4528094560/3rdparty/roundcube/?_task=mail&_action=refresh HTTP/1.1" 200 135 "https://webmail.vacivitta.com.br/cpsess4528094560/3rdparty/roundcube/?_task=mail&_mbox=INBOX" "Mozilla/5.0 (Windows NT 10.0; Win64; x64) AppleWebKit/537.36 (KHTML, like Gecko) Chrome/138.0.0.0 Safari/537.36"
88.99.80.227 - - [14/Jul/2025:13:30:51 -0300] "HEAD / HTTP/1.1" 200 - "https://vacivitta.com.br/" "Mozilla/5.0+(compatible; UptimeRobot/2.0; http://www.uptimerobot.com/)"
47.82.60.21 - - [14/Jul/2025:13:31:24 -0300] "GET /category/1474_2327/1/listing HTTP/1.1" 404 - "https://vacivitta.com.br/category/1474_2327/1/listing" "Mozilla/5.0 (Windows NT 10.0; Win64; x64) AppleWebKit/537.36 (KHTML, like Gecko) Chrome/114.0.0.0 Safari/537.36 Edg/114.0.1823.43"
179.215.121.183 - - [14/Jul/2025:13:31:32 -0300] "POST /cpsess4528094560/3rdparty/roundcube/?_task=mail&_action=refresh HTTP/1.1" 200 135 "https://webmail.vacivitta.com.br/cpsess4528094560/3rdparty/roundcube/?_task=mail&_mbox=INBOX" "Mozilla/5.0 (Windows NT 10.0; Win64; x64) AppleWebKit/537.36 (KHTML, like Gecko) Chrome/138.0.0.0 Safari/537.36"
179.215.121.183 - - [14/Jul/2025:13:32:32 -0300] "POST /cpsess4528094560/3rdparty/roundcube/?_task=mail&_action=refresh HTTP/1.1" 200 135 "https://webmail.vacivitta.com.br/cpsess4528094560/3rdparty/roundcube/?_task=mail&_mbox=INBOX" "Mozilla/5.0 (Windows NT 10.0; Win64; x64) AppleWebKit/537.36 (KHTML, like Gecko) Chrome/138.0.0.0 Safari/537.36"
192.178.10.76 - - [14/Jul/2025:13:32:33 -0300] "GET /.well-known/traffic-advice HTTP/1.1" 404 - "-" "Chrome Privacy Preserving Prefetch Proxy"
162.120.186.82 - - [14/Jul/2025:13:32:34 -0300] "GET / HTTP/1.1" 200 488 "https://www.google.com/" "Mozilla/5.0 (Linux; Android 10; K) AppleWebKit/537.36 (KHTML, like Gecko) Chrome/138.0.0.0 Mobile Safari/537.36"
179.215.121.183 - - [14/Jul/2025:13:33:32 -0300] "POST /cpsess4528094560/3rdparty/roundcube/?_task=mail&_action=refresh HTTP/1.1" 200 135 "https://webmail.vacivitta.com.br/cpsess4528094560/3rdparty/roundcube/?_task=mail&_mbox=INBOX" "Mozilla/5.0 (Windows NT 10.0; Win64; x64) AppleWebKit/537.36 (KHTML, like Gecko) Chrome/138.0.0.0 Safari/537.36"
51.68.111.213 - - [14/Jul/2025:13:34:19 -0300] "GET /robots.txt HTTP/1.1" 404 - "-" "Mozilla/5.0 (compatible; MJ12bot/v2.0.2; http://mj12bot.com/)"
51.68.111.213 - - [14/Jul/2025:13:34:19 -0300] "GET / HTTP/1.1" 200 488 "-" "Mozilla/5.0 (compatible; MJ12bot/v2.0.2; http://mj12bot.com/)"
179.215.121.183 - - [14/Jul/2025:13:34:32 -0300] "POST /cpsess4528094560/3rdparty/roundcube/?_task=mail&_action=refresh HTTP/1.1" 200 135 "https://webmail.vacivitta.com.br/cpsess4528094560/3rdparty/roundcube/?_task=mail&_mbox=INBOX" "Mozilla/5.0 (Windows NT 10.0; Win64; x64) AppleWebKit/537.36 (KHTML, like Gecko) Chrome/138.0.0.0 Safari/537.36"
179.215.121.183 - - [14/Jul/2025:13:35:32 -0300] "POST /cpsess4528094560/3rdparty/roundcube/?_task=mail&_action=refresh HTTP/1.1" 200 135 "https://webmail.vacivitta.com.br/cpsess4528094560/3rdparty/roundcube/?_task=mail&_mbox=INBOX" "Mozilla/5.0 (Windows NT 10.0; Win64; x64) AppleWebKit/537.36 (KHTML, like Gecko) Chrome/138.0.0.0 Safari/537.36"
78.46.190.63 - - [14/Jul/2025:13:35:56 -0300] "HEAD / HTTP/1.1" 200 - "https://vacivitta.com.br/" "Mozilla/5.0+(compatible; UptimeRobot/2.0; http://www.uptimerobot.com/)"
179.215.121.183 - - [14/Jul/2025:13:36:32 -0300] "POST /cpsess4528094560/3rdparty/roundcube/?_task=mail&_action=refresh HTTP/1.1" 200 135 "https://webmail.vacivitta.com.br/cpsess4528094560/3rdparty/roundcube/?_task=mail&_mbox=INBOX" "Mozilla/5.0 (Windows NT 10.0; Win64; x64) AppleWebKit/537.36 (KHTML, like Gecko) Chrome/138.0.0.0 Safari/537.36"
66.249.73.170 - - [14/Jul/2025:13:36:38 -0300] "GET /pcmypage?callback=product%2Fdetail%2Foishiimikana-20231018112233-02158 HTTP/1.1" 404 - "-" "Mozilla/5.0 (Linux; Android 6.0.1; Nexus 5X Build/MMB29P) AppleWebKit/537.36 (KHTML, like Gecko) Chrome/137.0.7151.103 Mobile Safari/537.36 (compatible; Googlebot/2.1; +http://www.google.com/bot.html)"
66.249.73.168 - - [14/Jul/2025:13:36:38 -0300] "GET /items/rlvgs99/23409?key=past HTTP/1.1" 404 - "-" "Mozilla/5.0 (Linux; Android 6.0.1; Nexus 5X Build/MMB29P) AppleWebKit/537.36 (KHTML, like Gecko) Chrome/137.0.7151.103 Mobile Safari/537.36 (compatible; Googlebot/2.1; +http://www.google.com/bot.html)"
179.215.121.183 - - [14/Jul/2025:13:37:32 -0300] "POST /cpsess4528094560/3rdparty/roundcube/?_task=mail&_action=refresh HTTP/1.1" 200 135 "https://webmail.vacivitta.com.br/cpsess4528094560/3rdparty/roundcube/?_task=mail&_mbox=INBOX" "Mozilla/5.0 (Windows NT 10.0; Win64; x64) AppleWebKit/537.36 (KHTML, like Gecko) Chrome/138.0.0.0 Safari/537.36"
208.110.64.178 - - [14/Jul/2025:13:37:59 -0300] "GET /wp-content/edit.php HTTP/1.1" 404 - "https://vacivitta.com.br/wp-content/edit.php" "Mozilla/5.0 (Windows NT 10.0; Win64; x64) AppleWebKit/537.36 (KHTML, like Gecko) Chrome/58.0.3029.110 Safari/537.3"
187.108.193.206 - - [14/Jul/2025:13:38:06 -0300] "GET / HTTP/1.1" 200 37069 "-" "Mozilla/5.0 (Windows NT 10.0; WOW64; rv:47.0) Gecko/20100101 Firefox/47.0"
179.215.121.183 - - [14/Jul/2025:13:38:32 -0300] "POST /cpsess4528094560/3rdparty/roundcube/?_task=mail&_action=refresh HTTP/1.1" 200 135 "https://webmail.vacivitta.com.br/cpsess4528094560/3rdparty/roundcube/?_task=mail&_mbox=INBOX" "Mozilla/5.0 (Windows NT 10.0; Win64; x64) AppleWebKit/537.36 (KHTML, like Gecko) Chrome/138.0.0.0 Safari/537.36"
66.249.73.168 - - [14/Jul/2025:13:39:05 -0300] "GET /?_ga=2.193929543.1954859000.1729550949-963870751.1699386649&_bdsid=47u8bn.n~DOXON.1743916948286.1788022705&_bd_prev_page=https://vacivitta.com.br/collect.asp?products/33wj4730 HTTP/1.1" 200 488 "-" "Mozilla/5.0 (Linux; Android 6.0.1; Nexus 5X Build/MMB29P) AppleWebKit/537.36 (KHTML, like Gecko) Chrome/137.0.7151.103 Mobile Safari/537.36 (compatible; Googlebot/2.1; +http://www.google.com/bot.html)"
179.215.121.183 - - [14/Jul/2025:13:39:32 -0300] "POST /cpsess4528094560/3rdparty/roundcube/?_task=mail&_action=refresh HTTP/1.1" 200 135 "https://webmail.vacivitta.com.br/cpsess4528094560/3rdparty/roundcube/?_task=mail&_mbox=INBOX" "Mozilla/5.0 (Windows NT 10.0; Win64; x64) AppleWebKit/537.36 (KHTML, like Gecko) Chrome/138.0.0.0 Safari/537.36"
66.249.73.169 - - [14/Jul/2025:13:40:05 -0300] "GET /items/yzrde87/741?key=listen HTTP/1.1" 404 - "-" "Mozilla/5.0 (Linux; Android 6.0.1; Nexus 5X Build/MMB29P) AppleWebKit/537.36 (KHTML, like Gecko) Chrome/137.0.7151.103 Mobile Safari/537.36 (compatible; Googlebot/2.1; +http://www.google.com/bot.html)"
179.215.121.183 - - [14/Jul/2025:13:40:32 -0300] "POST /cpsess4528094560/3rdparty/roundcube/?_task=mail&_action=refresh HTTP/1.1" 200 135 "https://webmail.vacivitta.com.br/cpsess4528094560/3rdparty/roundcube/?_task=mail&_mbox=INBOX" "Mozilla/5.0 (Windows NT 10.0; Win64; x64) AppleWebKit/537.36 (KHTML, like Gecko) Chrome/138.0.0.0 Safari/537.36"
157.90.156.63 - - [14/Jul/2025:13:41:00 -0300] "HEAD / HTTP/1.1" 200 - "https://vacivitta.com.br/" "Mozilla/5.0+(compatible; UptimeRobot/2.0; http://www.uptimerobot.com/)"
179.215.121.183 - - [14/Jul/2025:13:41:32 -0300] "POST /cpsess4528094560/3rdparty/roundcube/?_task=mail&_action=refresh HTTP/1.1" 200 135 "https://webmail.vacivitta.com.br/cpsess4528094560/3rdparty/roundcube/?_task=mail&_mbox=INBOX" "Mozilla/5.0 (Windows NT 10.0; Win64; x64) AppleWebKit/537.36 (KHTML, like Gecko) Chrome/138.0.0.0 Safari/537.36"
179.215.121.183 - - [14/Jul/2025:13:42:32 -0300] "POST /cpsess4528094560/3rdparty/roundcube/?_task=mail&_action=refresh HTTP/1.1" 200 135 "https://webmail.vacivitta.com.br/cpsess4528094560/3rdparty/roundcube/?_task=mail&_mbox=INBOX" "Mozilla/5.0 (Windows NT 10.0; Win64; x64) AppleWebKit/537.36 (KHTML, like Gecko) Chrome/138.0.0.0 Safari/537.36"
179.215.121.183 - - [14/Jul/2025:13:43:32 -0300] "POST /cpsess4528094560/3rdparty/roundcube/?_task=mail&_action=refresh HTTP/1.1" 200 135 "https://webmail.vacivitta.com.br/cpsess4528094560/3rdparty/roundcube/?_task=mail&_mbox=INBOX" "Mozilla/5.0 (Windows NT 10.0; Win64; x64) AppleWebKit/537.36 (KHTML, like Gecko) Chrome/138.0.0.0 Safari/537.36"
66.249.73.169 - - [14/Jul/2025:13:44:06 -0300] "GET /items/xesjq290/48928?key=about HTTP/1.1" 404 - "-" "Mozilla/5.0 (Linux; Android 6.0.1; Nexus 5X Build/MMB29P) AppleWebKit/537.36 (KHTML, like Gecko) Chrome/137.0.7151.103 Mobile Safari/537.36 (compatible; Googlebot/2.1; +http://www.google.com/bot.html)"
20.171.158.79 - - [14/Jul/2025:13:44:14 -0300] "GET / HTTP/1.1" 200 488 "-" "Python/3.9 aiohttp/3.10.6"
179.215.121.183 - - [14/Jul/2025:13:44:32 -0300] "POST /cpsess4528094560/3rdparty/roundcube/?_task=mail&_action=refresh HTTP/1.1" 200 135 "https://webmail.vacivitta.com.br/cpsess4528094560/3rdparty/roundcube/?_task=mail&_mbox=INBOX" "Mozilla/5.0 (Windows NT 10.0; Win64; x64) AppleWebKit/537.36 (KHTML, like Gecko) Chrome/138.0.0.0 Safari/537.36"
179.215.121.183 - - [14/Jul/2025:13:45:32 -0300] "POST /cpsess4528094560/3rdparty/roundcube/?_task=mail&_action=refresh HTTP/1.1" 200 135 "https://webmail.vacivitta.com.br/cpsess4528094560/3rdparty/roundcube/?_task=mail&_mbox=INBOX" "Mozilla/5.0 (Windows NT 10.0; Win64; x64) AppleWebKit/537.36 (KHTML, like Gecko) Chrome/138.0.0.0 Safari/537.36"
49.13.130.29 - - [14/Jul/2025:13:46:03 -0300] "HEAD / HTTP/1.1" 200 - "https://vacivitta.com.br/" "Mozilla/5.0+(compatible; UptimeRobot/2.0; http://www.uptimerobot.com/)"
179.215.121.183 - - [14/Jul/2025:13:46:32 -0300] "POST /cpsess4528094560/3rdparty/roundcube/?_task=mail&_action=refresh HTTP/1.1" 200 135 "https://webmail.vacivitta.com.br/cpsess4528094560/3rdparty/roundcube/?_task=mail&_mbox=INBOX" "Mozilla/5.0 (Windows NT 10.0; Win64; x64) AppleWebKit/537.36 (KHTML, like Gecko) Chrome/138.0.0.0 Safari/537.36"
179.215.121.183 - - [14/Jul/2025:13:47:32 -0300] "POST /cpsess4528094560/3rdparty/roundcube/?_task=mail&_action=refresh HTTP/1.1" 200 135 "https://webmail.vacivitta.com.br/cpsess4528094560/3rdparty/roundcube/?_task=mail&_mbox=INBOX" "Mozilla/5.0 (Windows NT 10.0; Win64; x64) AppleWebKit/537.36 (KHTML, like Gecko) Chrome/138.0.0.0 Safari/537.36"
66.249.73.169 - - [14/Jul/2025:13:48:07 -0300] "GET /items/ujjpa97/48019?key=diagnosis HTTP/1.1" 404 - "-" "Mozilla/5.0 (Linux; Android 6.0.1; Nexus 5X Build/MMB29P) AppleWebKit/537.36 (KHTML, like Gecko) Chrome/137.0.7151.103 Mobile Safari/537.36 (compatible; Googlebot/2.1; +http://www.google.com/bot.html)"
179.215.121.183 - - [14/Jul/2025:13:48:32 -0300] "POST /cpsess4528094560/3rdparty/roundcube/?_task=mail&_action=refresh HTTP/1.1" 200 135 "https://webmail.vacivitta.com.br/cpsess4528094560/3rdparty/roundcube/?_task=mail&_mbox=INBOX" "Mozilla/5.0 (Windows NT 10.0; Win64; x64) AppleWebKit/537.36 (KHTML, like Gecko) Chrome/138.0.0.0 Safari/537.36"
57.141.2.11 - - [14/Jul/2025:13:48:35 -0300] "GET /2023/10/09/dicas-amamentacao/ HTTP/1.1" 404 - "-" "meta-externalagent/1.1 (+https://developers.facebook.com/docs/sharing/webmasters/crawler)"
72.14.201.202 - - [14/Jul/2025:13:48:36 -0300] "GET / HTTP/1.1" 200 488 "https://www.google.com/" "Mozilla/5.0 (Linux; Android 10; K) AppleWebKit/537.36 (KHTML, like Gecko) Chrome/138.0.0.0 Mobile Safari/537.36"
179.215.121.183 - - [14/Jul/2025:13:49:32 -0300] "POST /cpsess4528094560/3rdparty/roundcube/?_task=mail&_action=refresh HTTP/1.1" 200 135 "https://webmail.vacivitta.com.br/cpsess4528094560/3rdparty/roundcube/?_task=mail&_mbox=INBOX" "Mozilla/5.0 (Windows NT 10.0; Win64; x64) AppleWebKit/537.36 (KHTML, like Gecko) Chrome/138.0.0.0 Safari/537.36"
179.215.121.183 - - [14/Jul/2025:13:50:32 -0300] "POST /cpsess4528094560/3rdparty/roundcube/?_task=mail&_action=refresh HTTP/1.1" 200 135 "https://webmail.vacivitta.com.br/cpsess4528094560/3rdparty/roundcube/?_task=mail&_mbox=INBOX" "Mozilla/5.0 (Windows NT 10.0; Win64; x64) AppleWebKit/537.36 (KHTML, like Gecko) Chrome/138.0.0.0 Safari/537.36"
88.99.80.227 - - [14/Jul/2025:13:51:07 -0300] "HEAD / HTTP/1.1" 200 - "https://vacivitta.com.br/" "Mozilla/5.0+(compatible; UptimeRobot/2.0; http://www.uptimerobot.com/)"
179.215.121.183 - - [14/Jul/2025:13:51:32 -0300] "POST /cpsess4528094560/3rdparty/roundcube/?_task=mail&_action=refresh HTTP/1.1" 200 135 "https://webmail.vacivitta.com.br/cpsess4528094560/3rdparty/roundcube/?_task=mail&_mbox=INBOX" "Mozilla/5.0 (Windows NT 10.0; Win64; x64) AppleWebKit/537.36 (KHTML, like Gecko) Chrome/138.0.0.0 Safari/537.36"
179.215.121.183 - - [14/Jul/2025:13:52:32 -0300] "POST /cpsess4528094560/3rdparty/roundcube/?_task=mail&_action=refresh HTTP/1.1" 200 135 "https://webmail.vacivitta.com.br/cpsess4528094560/3rdparty/roundcube/?_task=mail&_mbox=INBOX" "Mozilla/5.0 (Windows NT 10.0; Win64; x64) AppleWebKit/537.36 (KHTML, like Gecko) Chrome/138.0.0.0 Safari/537.36"
69.197.182.50 - - [14/Jul/2025:13:53:24 -0300] "GET /wp-content/edit.php HTTP/1.1" 404 - "https://vacivitta.com.br/wp-content/edit.php" "Mozilla/5.0 (Windows NT 10.0; Win64; x64) AppleWebKit/537.36 (KHTML, like Gecko) Chrome/58.0.3029.110 Safari/537.3"
179.215.121.183 - - [14/Jul/2025:13:53:32 -0300] "POST /cpsess4528094560/3rdparty/roundcube/?_task=mail&_action=refresh HTTP/1.1" 200 135 "https://webmail.vacivitta.com.br/cpsess4528094560/3rdparty/roundcube/?_task=mail&_mbox=INBOX" "Mozilla/5.0 (Windows NT 10.0; Win64; x64) AppleWebKit/537.36 (KHTML, like Gecko) Chrome/138.0.0.0 Safari/537.36"
179.215.121.183 - - [14/Jul/2025:13:54:32 -0300] "POST /cpsess4528094560/3rdparty/roundcube/?_task=mail&_action=refresh HTTP/1.1" 200 135 "https://webmail.vacivitta.com.br/cpsess4528094560/3rdparty/roundcube/?_task=mail&_mbox=INBOX" "Mozilla/5.0 (Windows NT 10.0; Win64; x64) AppleWebKit/537.36 (KHTML, like Gecko) Chrome/138.0.0.0 Safari/537.36"
57.141.2.5 - - [14/Jul/2025:13:54:48 -0300] "GET /2023/10/09/amamentar-tecnica/ HTTP/1.1" 404 - "-" "meta-externalagent/1.1 (+https://developers.facebook.com/docs/sharing/webmasters/crawler)"
66.249.73.169 - - [14/Jul/2025:13:55:08 -0300] "GET /pcmypage?callback=product/review/procure-a-424-9305 HTTP/1.1" 404 - "-" "Mozilla/5.0 (Linux; Android 6.0.1; Nexus 5X Build/MMB29P) AppleWebKit/537.36 (KHTML, like Gecko) Chrome/137.0.7151.103 Mobile Safari/537.36 (compatible; Googlebot/2.1; +http://www.google.com/bot.html)"
179.215.121.183 - - [14/Jul/2025:13:55:32 -0300] "POST /cpsess4528094560/3rdparty/roundcube/?_task=mail&_action=refresh HTTP/1.1" 200 135 "https://webmail.vacivitta.com.br/cpsess4528094560/3rdparty/roundcube/?_task=mail&_mbox=INBOX" "Mozilla/5.0 (Windows NT 10.0; Win64; x64) AppleWebKit/537.36 (KHTML, like Gecko) Chrome/138.0.0.0 Safari/537.36"
49.13.130.29 - - [14/Jul/2025:13:56:10 -0300] "HEAD / HTTP/1.1" 200 - "https://vacivitta.com.br/" "Mozilla/5.0+(compatible; UptimeRobot/2.0; http://www.uptimerobot.com/)"
179.215.121.183 - - [14/Jul/2025:13:56:32 -0300] "POST /cpsess4528094560/3rdparty/roundcube/?_task=mail&_action=refresh HTTP/1.1" 200 135 "https://webmail.vacivitta.com.br/cpsess4528094560/3rdparty/roundcube/?_task=mail&_mbox=INBOX" "Mozilla/5.0 (Windows NT 10.0; Win64; x64) AppleWebKit/537.36 (KHTML, like Gecko) Chrome/138.0.0.0 Safari/537.36"
57.141.2.10 - - [14/Jul/2025:13:56:55 -0300] "GET /2021/10/27/cobertura-vacinal-volta-aos-anos-1980/ HTTP/1.1" 404 - "-" "meta-externalagent/1.1 (+https://developers.facebook.com/docs/sharing/webmasters/crawler)"
179.215.121.183 - - [14/Jul/2025:13:57:32 -0300] "POST /cpsess4528094560/3rdparty/roundcube/?_task=mail&_action=refresh HTTP/1.1" 200 135 "https://webmail.vacivitta.com.br/cpsess4528094560/3rdparty/roundcube/?_task=mail&_mbox=INBOX" "Mozilla/5.0 (Windows NT 10.0; Win64; x64) AppleWebKit/537.36 (KHTML, like Gecko) Chrome/138.0.0.0 Safari/537.36"
40.88.21.235 - - [14/Jul/2025:13:57:46 -0300] "GET / HTTP/1.1" 200 488 "https://vacivitta.com.br/" "DuckDuckBot/1.1; (+http://duckduckgo.com/duckduckbot.html)"
40.88.21.235 - - [14/Jul/2025:13:57:46 -0300] "GET /favicon.ico HTTP/1.1" 404 - "https://vacivitta.com.br/favicon.ico" "DuckDuckBot/1.1; (+http://duckduckgo.com/duckduckbot.html)"
40.88.21.235 - - [14/Jul/2025:13:57:46 -0300] "GET /favicon.ico HTTP/1.1" 404 - "https://vacivitta.com.br/favicon.ico" "DuckDuckBot/1.1; (+http://duckduckgo.com/duckduckbot.html)"
57.141.2.6 - - [14/Jul/2025:13:58:06 -0300] "GET /2017/03/03/ministerio-da-saude-amplia-publico-alvo-de-6-vacinas-veja-lista-das-mudancas/ HTTP/1.1" 404 - "-" "meta-externalagent/1.1 (+https://developers.facebook.com/docs/sharing/webmasters/crawler)"
179.215.121.183 - - [14/Jul/2025:13:58:32 -0300] "POST /cpsess4528094560/3rdparty/roundcube/?_task=mail&_action=refresh HTTP/1.1" 200 135 "https://webmail.vacivitta.com.br/cpsess4528094560/3rdparty/roundcube/?_task=mail&_mbox=INBOX" "Mozilla/5.0 (Windows NT 10.0; Win64; x64) AppleWebKit/537.36 (KHTML, like Gecko) Chrome/138.0.0.0 Safari/537.36"
57.141.2.2 - - [14/Jul/2025:13:58:52 -0300] "GET /2021/12/07/pneumonia-atipica/ HTTP/1.1" 404 - "-" "meta-externalagent/1.1 (+https://developers.facebook.com/docs/sharing/webmasters/crawler)"
57.141.2.9 - - [14/Jul/2025:13:59:02 -0300] "GET /2023/12/15/o-que-contem-no-leite-materno-maduro/ HTTP/1.1" 404 - "-" "meta-externalagent/1.1 (+https://developers.facebook.com/docs/sharing/webmasters/crawler)"
179.215.121.183 - - [14/Jul/2025:13:59:32 -0300] "POST /cpsess4528094560/3rdparty/roundcube/?_task=mail&_action=refresh HTTP/1.1" 200 135 "https://webmail.vacivitta.com.br/cpsess4528094560/3rdparty/roundcube/?_task=mail&_mbox=INBOX" "Mozilla/5.0 (Windows NT 10.0; Win64; x64) AppleWebKit/537.36 (KHTML, like Gecko) Chrome/138.0.0.0 Safari/537.36"
179.215.121.183 - - [14/Jul/2025:14:00:32 -0300] "POST /cpsess4528094560/3rdparty/roundcube/?_task=mail&_action=refresh HTTP/1.1" 200 135 "https://webmail.vacivitta.com.br/cpsess4528094560/3rdparty/roundcube/?_task=mail&_mbox=INBOX" "Mozilla/5.0 (Windows NT 10.0; Win64; x64) AppleWebKit/537.36 (KHTML, like Gecko) Chrome/138.0.0.0 Safari/537.36"
128.140.106.114 - - [14/Jul/2025:14:01:15 -0300] "HEAD / HTTP/1.1" 200 - "https://vacivitta.com.br/" "Mozilla/5.0+(compatible; UptimeRobot/2.0; http://www.uptimerobot.com/)"
179.215.121.183 - - [14/Jul/2025:14:01:32 -0300] "POST /cpsess4528094560/3rdparty/roundcube/?_task=mail&_action=refresh HTTP/1.1" 200 135 "https://webmail.vacivitta.com.br/cpsess4528094560/3rdparty/roundcube/?_task=mail&_mbox=INBOX" "Mozilla/5.0 (Windows NT 10.0; Win64; x64) AppleWebKit/537.36 (KHTML, like Gecko) Chrome/138.0.0.0 Safari/537.36"
185.220.100.240 - - [14/Jul/2025:14:02:22 -0300] "POST /xmlrpc.php HTTP/1.1" 404 - "https://www.google.com/" "Mozilla/5.0 (Windows NT 10.0; Win64; x64) AppleWebKit/537.36 (KHTML, like Gecko) Chrome/90.0.4430.212 Safari/537.36"
185.241.208.115 - - [14/Jul/2025:14:02:24 -0300] "POST /xmlrpc.php HTTP/1.1" 404 - "https://www.google.com/" "Mozilla/5.0 (X11; Linux x86_64) AppleWebKit/537.36 (KHTML, like Gecko) Chrome/76.0.3809.132 Safari/537.36"
179.215.121.183 - - [14/Jul/2025:14:02:32 -0300] "POST /cpsess4528094560/3rdparty/roundcube/?_task=mail&_action=refresh HTTP/1.1" 200 135 "https://webmail.vacivitta.com.br/cpsess4528094560/3rdparty/roundcube/?_task=mail&_mbox=INBOX" "Mozilla/5.0 (Windows NT 10.0; Win64; x64) AppleWebKit/537.36 (KHTML, like Gecko) Chrome/138.0.0.0 Safari/537.36"
66.249.73.168 - - [14/Jul/2025:14:03:08 -0300] "GET /items/oxrqu94/34650?key=cell HTTP/1.1" 404 - "-" "Mozilla/5.0 (Linux; Android 6.0.1; Nexus 5X Build/MMB29P) AppleWebKit/537.36 (KHTML, like Gecko) Chrome/137.0.7151.103 Mobile Safari/537.36 (compatible; Googlebot/2.1; +http://www.google.com/bot.html)"
57.141.2.30 - - [14/Jul/2025:14:03:32 -0300] "GET /vacinas/ HTTP/1.1" 404 - "-" "meta-externalagent/1.1 (+https://developers.facebook.com/docs/sharing/webmasters/crawler)"
179.215.121.183 - - [14/Jul/2025:14:03:32 -0300] "POST /cpsess4528094560/3rdparty/roundcube/?_task=mail&_action=refresh HTTP/1.1" 200 135 "https://webmail.vacivitta.com.br/cpsess4528094560/3rdparty/roundcube/?_task=mail&_mbox=INBOX" "Mozilla/5.0 (Windows NT 10.0; Win64; x64) AppleWebKit/537.36 (KHTML, like Gecko) Chrome/138.0.0.0 Safari/537.36"
57.141.2.16 - - [14/Jul/2025:14:03:38 -0300] "GET /2022/03/14/gripe-x-pneumonia/ HTTP/1.1" 404 - "-" "meta-externalagent/1.1 (+https://developers.facebook.com/docs/sharing/webmasters/crawler)"
69.197.135.226 - - [14/Jul/2025:14:03:41 -0300] "GET /wp-content/edit.php HTTP/1.1" 404 - "https://vacivitta.com.br/wp-content/edit.php" "Mozilla/5.0 (Windows NT 10.0; Win64; x64) AppleWebKit/537.36 (KHTML, like Gecko) Chrome/58.0.3029.110 Safari/537.3"
179.215.121.183 - - [14/Jul/2025:14:04:32 -0300] "POST /cpsess4528094560/3rdparty/roundcube/?_task=mail&_action=refresh HTTP/1.1" 200 135 "https://webmail.vacivitta.com.br/cpsess4528094560/3rdparty/roundcube/?_task=mail&_mbox=INBOX" "Mozilla/5.0 (Windows NT 10.0; Win64; x64) AppleWebKit/537.36 (KHTML, like Gecko) Chrome/138.0.0.0 Safari/537.36"
179.215.121.183 - - [14/Jul/2025:14:05:32 -0300] "POST /cpsess4528094560/3rdparty/roundcube/?_task=mail&_action=refresh HTTP/1.1" 200 135 "https://webmail.vacivitta.com.br/cpsess4528094560/3rdparty/roundcube/?_task=mail&_mbox=INBOX" "Mozilla/5.0 (Windows NT 10.0; Win64; x64) AppleWebKit/537.36 (KHTML, like Gecko) Chrome/138.0.0.0 Safari/537.36"
78.47.98.55 - - [14/Jul/2025:14:06:19 -0300] "HEAD / HTTP/1.1" 200 - "https://vacivitta.com.br/" "Mozilla/5.0+(compatible; UptimeRobot/2.0; http://www.uptimerobot.com/)"
179.215.121.183 - - [14/Jul/2025:14:06:32 -0300] "POST /cpsess4528094560/3rdparty/roundcube/?_task=mail&_action=refresh HTTP/1.1" 200 135 "https://webmail.vacivitta.com.br/cpsess4528094560/3rdparty/roundcube/?_task=mail&_mbox=INBOX" "Mozilla/5.0 (Windows NT 10.0; Win64; x64) AppleWebKit/537.36 (KHTML, like Gecko) Chrome/138.0.0.0 Safari/537.36"
188.68.33.61 - - [14/Jul/2025:14:06:33 -0300] "GET /sao-paulo/ HTTP/1.1" 404 - "-" "Mozilla/5.0 (Windows NT 10.0; Win64; x64) AppleWebKit/537.36 (KHTML, like Gecko) Chrome/100.0.9827.357 Safari/537.36"
152.53.108.22 - - [14/Jul/2025:14:06:41 -0300] "GET /blog/ HTTP/1.1" 404 - "-" "Mozilla/5.0 (Windows NT 10.0; Win64; x64) AppleWebKit/537.36 (KHTML, like Gecko) Chrome/100.0.9379.561 Safari/537.36"
66.249.73.170 - - [14/Jul/2025:14:07:10 -0300] "GET /items/cicjb19/12593?key=practically HTTP/1.1" 404 - "-" "Mozilla/5.0 (Linux; Android 6.0.1; Nexus 5X Build/MMB29P) AppleWebKit/537.36 (KHTML, like Gecko) Chrome/137.0.7151.103 Mobile Safari/537.36 (compatible; Googlebot/2.1; +http://www.google.com/bot.html)"
179.215.121.183 - - [14/Jul/2025:14:07:32 -0300] "POST /cpsess4528094560/3rdparty/roundcube/?_task=mail&_action=refresh HTTP/1.1" 200 135 "https://webmail.vacivitta.com.br/cpsess4528094560/3rdparty/roundcube/?_task=mail&_mbox=INBOX" "Mozilla/5.0 (Windows NT 10.0; Win64; x64) AppleWebKit/537.36 (KHTML, like Gecko) Chrome/138.0.0.0 Safari/537.36"
57.141.2.21 - - [14/Jul/2025:14:08:14 -0300] "GET /2023/10/18/amamentacao-prolongada/ HTTP/1.1" 404 - "-" "meta-externalagent/1.1 (+https://developers.facebook.com/docs/sharing/webmasters/crawler)"
179.215.121.183 - - [14/Jul/2025:14:08:32 -0300] "POST /cpsess4528094560/3rdparty/roundcube/?_task=mail&_action=refresh HTTP/1.1" 200 135 "https://webmail.vacivitta.com.br/cpsess4528094560/3rdparty/roundcube/?_task=mail&_mbox=INBOX" "Mozilla/5.0 (Windows NT 10.0; Win64; x64) AppleWebKit/537.36 (KHTML, like Gecko) Chrome/138.0.0.0 Safari/537.36"
208.110.64.178 - - [14/Jul/2025:14:08:50 -0300] "GET /wp-content/edit.php HTTP/1.1" 404 - "https://vacivitta.com.br/wp-content/edit.php" "Mozilla/5.0 (Windows NT 10.0; Win64; x64) AppleWebKit/537.36 (KHTML, like Gecko) Chrome/58.0.3029.110 Safari/537.3"
179.215.121.183 - - [14/Jul/2025:14:09:32 -0300] "POST /cpsess4528094560/3rdparty/roundcube/?_task=mail&_action=refresh HTTP/1.1" 200 135 "https://webmail.vacivitta.com.br/cpsess4528094560/3rdparty/roundcube/?_task=mail&_mbox=INBOX" "Mozilla/5.0 (Windows NT 10.0; Win64; x64) AppleWebKit/537.36 (KHTML, like Gecko) Chrome/138.0.0.0 Safari/537.36"
66.249.73.170 - - [14/Jul/2025:14:09:56 -0300] "GET /pcmypage?callback=product/review/mauto-gtc02-hs-1775-1145-21560-cl1s HTTP/1.1" 404 - "-" "Mozilla/5.0 (Linux; Android 6.0.1; Nexus 5X Build/MMB29P) AppleWebKit/537.36 (KHTML, like Gecko) Chrome/137.0.7151.103 Mobile Safari/537.36 (compatible; Googlebot/2.1; +http://www.google.com/bot.html)"
66.249.73.170 - - [14/Jul/2025:14:09:57 -0300] "GET /product/edit/rinkobe-ds-1556059 HTTP/1.1" 404 - "-" "Mozilla/5.0 (Linux; Android 6.0.1; Nexus 5X Build/MMB29P) AppleWebKit/537.36 (KHTML, like Gecko) Chrome/137.0.7151.103 Mobile Safari/537.36 (compatible; Googlebot/2.1; +http://www.google.com/bot.html)"
66.249.73.168 - - [14/Jul/2025:14:09:58 -0300] "GET /pcmypage?callback=product/review/aiueo563348-st021-8 HTTP/1.1" 404 - "-" "Mozilla/5.0 (Linux; Android 6.0.1; Nexus 5X Build/MMB29P) AppleWebKit/537.36 (KHTML, like Gecko) Chrome/137.0.7151.103 Mobile Safari/537.36 (compatible; Googlebot/2.1; +http://www.google.com/bot.html)"
179.215.121.183 - - [14/Jul/2025:14:10:32 -0300] "POST /cpsess4528094560/3rdparty/roundcube/?_task=mail&_action=refresh HTTP/1.1" 200 135 "https://webmail.vacivitta.com.br/cpsess4528094560/3rdparty/roundcube/?_task=mail&_mbox=INBOX" "Mozilla/5.0 (Windows NT 10.0; Win64; x64) AppleWebKit/537.36 (KHTML, like Gecko) Chrome/138.0.0.0 Safari/537.36"
74.7.35.51 - - [14/Jul/2025:14:11:00 -0300] "GET / HTTP/1.1" 200 488 "-" "Mozilla/5.0 AppleWebKit/537.36 (KHTML, like Gecko); compatible; ChatGPT-User/1.0; +https://openai.com/bot"
157.90.156.63 - - [14/Jul/2025:14:11:22 -0300] "HEAD / HTTP/1.1" 200 - "https://vacivitta.com.br/" "Mozilla/5.0+(compatible; UptimeRobot/2.0; http://www.uptimerobot.com/)"
179.215.121.183 - - [14/Jul/2025:14:11:32 -0300] "POST /cpsess4528094560/3rdparty/roundcube/?_task=mail&_action=refresh HTTP/1.1" 200 135 "https://webmail.vacivitta.com.br/cpsess4528094560/3rdparty/roundcube/?_task=mail&_mbox=INBOX" "Mozilla/5.0 (Windows NT 10.0; Win64; x64) AppleWebKit/537.36 (KHTML, like Gecko) Chrome/138.0.0.0 Safari/537.36"
57.141.2.27 - - [14/Jul/2025:14:11:44 -0300] "GET /2023/11/01/hipogalactia-desvendando-a-baixa-producao-de-leite-materno/ HTTP/1.1" 404 - "-" "meta-externalagent/1.1 (+https://developers.facebook.com/docs/sharing/webmasters/crawler)"
57.141.2.29 - - [14/Jul/2025:14:11:58 -0300] "GET /salto/ HTTP/1.1" 404 - "-" "meta-externalagent/1.1 (+https://developers.facebook.com/docs/sharing/webmasters/crawler)"
179.215.121.183 - - [14/Jul/2025:14:12:32 -0300] "POST /cpsess4528094560/3rdparty/roundcube/?_task=mail&_action=refresh HTTP/1.1" 200 135 "https://webmail.vacivitta.com.br/cpsess4528094560/3rdparty/roundcube/?_task=mail&_mbox=INBOX" "Mozilla/5.0 (Windows NT 10.0; Win64; x64) AppleWebKit/537.36 (KHTML, like Gecko) Chrome/138.0.0.0 Safari/537.36"
179.215.121.183 - - [14/Jul/2025:14:13:32 -0300] "POST /cpsess4528094560/3rdparty/roundcube/?_task=mail&_action=refresh HTTP/1.1" 200 135 "https://webmail.vacivitta.com.br/cpsess4528094560/3rdparty/roundcube/?_task=mail&_mbox=INBOX" "Mozilla/5.0 (Windows NT 10.0; Win64; x64) AppleWebKit/537.36 (KHTML, like Gecko) Chrome/138.0.0.0 Safari/537.36"
179.215.121.183 - - [14/Jul/2025:14:14:32 -0300] "POST /cpsess4528094560/3rdparty/roundcube/?_task=mail&_action=refresh HTTP/1.1" 200 135 "https://webmail.vacivitta.com.br/cpsess4528094560/3rdparty/roundcube/?_task=mail&_mbox=INBOX" "Mozilla/5.0 (Windows NT 10.0; Win64; x64) AppleWebKit/537.36 (KHTML, like Gecko) Chrome/138.0.0.0 Safari/537.36"
179.215.121.183 - - [14/Jul/2025:14:15:32 -0300] "POST /cpsess4528094560/3rdparty/roundcube/?_task=mail&_action=refresh HTTP/1.1" 200 135 "https://webmail.vacivitta.com.br/cpsess4528094560/3rdparty/roundcube/?_task=mail&_mbox=INBOX" "Mozilla/5.0 (Windows NT 10.0; Win64; x64) AppleWebKit/537.36 (KHTML, like Gecko) Chrome/138.0.0.0 Safari/537.36"
88.99.80.227 - - [14/Jul/2025:14:16:26 -0300] "HEAD / HTTP/1.1" 200 - "https://vacivitta.com.br/" "Mozilla/5.0+(compatible; UptimeRobot/2.0; http://www.uptimerobot.com/)"
179.215.121.183 - - [14/Jul/2025:14:16:32 -0300] "POST /cpsess4528094560/3rdparty/roundcube/?_task=mail&_action=refresh HTTP/1.1" 200 135 "https://webmail.vacivitta.com.br/cpsess4528094560/3rdparty/roundcube/?_task=mail&_mbox=INBOX" "Mozilla/5.0 (Windows NT 10.0; Win64; x64) AppleWebKit/537.36 (KHTML, like Gecko) Chrome/138.0.0.0 Safari/537.36"
179.215.121.183 - - [14/Jul/2025:14:17:32 -0300] "POST /cpsess4528094560/3rdparty/roundcube/?_task=mail&_action=refresh HTTP/1.1" 200 135 "https://webmail.vacivitta.com.br/cpsess4528094560/3rdparty/roundcube/?_task=mail&_mbox=INBOX" "Mozilla/5.0 (Windows NT 10.0; Win64; x64) AppleWebKit/537.36 (KHTML, like Gecko) Chrome/138.0.0.0 Safari/537.36"
179.215.121.183 - - [14/Jul/2025:14:18:32 -0300] "POST /cpsess4528094560/3rdparty/roundcube/?_task=mail&_action=refresh HTTP/1.1" 200 135 "https://webmail.vacivitta.com.br/cpsess4528094560/3rdparty/roundcube/?_task=mail&_mbox=INBOX" "Mozilla/5.0 (Windows NT 10.0; Win64; x64) AppleWebKit/537.36 (KHTML, like Gecko) Chrome/138.0.0.0 Safari/537.36"
179.215.121.183 - - [14/Jul/2025:14:19:32 -0300] "POST /cpsess4528094560/3rdparty/roundcube/?_task=mail&_action=refresh HTTP/1.1" 200 135 "https://webmail.vacivitta.com.br/cpsess4528094560/3rdparty/roundcube/?_task=mail&_mbox=INBOX" "Mozilla/5.0 (Windows NT 10.0; Win64; x64) AppleWebKit/537.36 (KHTML, like Gecko) Chrome/138.0.0.0 Safari/537.36"
179.215.121.183 - - [14/Jul/2025:14:20:32 -0300] "POST /cpsess4528094560/3rdparty/roundcube/?_task=mail&_action=refresh HTTP/1.1" 200 135 "https://webmail.vacivitta.com.br/cpsess4528094560/3rdparty/roundcube/?_task=mail&_mbox=INBOX" "Mozilla/5.0 (Windows NT 10.0; Win64; x64) AppleWebKit/537.36 (KHTML, like Gecko) Chrome/138.0.0.0 Safari/537.36"
159.69.158.189 - - [14/Jul/2025:14:21:29 -0300] "HEAD / HTTP/1.1" 200 - "https://vacivitta.com.br/" "Mozilla/5.0+(compatible; UptimeRobot/2.0; http://www.uptimerobot.com/)"
179.215.121.183 - - [14/Jul/2025:14:21:32 -0300] "POST /cpsess4528094560/3rdparty/roundcube/?_task=mail&_action=refresh HTTP/1.1" 200 135 "https://webmail.vacivitta.com.br/cpsess4528094560/3rdparty/roundcube/?_task=mail&_mbox=INBOX" "Mozilla/5.0 (Windows NT 10.0; Win64; x64) AppleWebKit/537.36 (KHTML, like Gecko) Chrome/138.0.0.0 Safari/537.36"
57.141.2.20 - - [14/Jul/2025:14:21:43 -0300] "GET /2023/10/20/cancer-de-mama/ HTTP/1.1" 404 - "-" "meta-externalagent/1.1 (+https://developers.facebook.com/docs/sharing/webmasters/crawler)"
179.215.121.183 - - [14/Jul/2025:14:22:32 -0300] "POST /cpsess4528094560/3rdparty/roundcube/?_task=mail&_action=refresh HTTP/1.1" 200 135 "https://webmail.vacivitta.com.br/cpsess4528094560/3rdparty/roundcube/?_task=mail&_mbox=INBOX" "Mozilla/5.0 (Windows NT 10.0; Win64; x64) AppleWebKit/537.36 (KHTML, like Gecko) Chrome/138.0.0.0 Safari/537.36"
69.197.135.226 - - [14/Jul/2025:14:23:11 -0300] "GET /wp-content/edit.php HTTP/1.1" 404 - "https://vacivitta.com.br/wp-content/edit.php" "Mozilla/5.0 (Windows NT 10.0; Win64; x64) AppleWebKit/537.36 (KHTML, like Gecko) Chrome/58.0.3029.110 Safari/537.3"
179.215.121.183 - - [14/Jul/2025:14:23:32 -0300] "POST /cpsess4528094560/3rdparty/roundcube/?_task=mail&_action=refresh HTTP/1.1" 200 135 "https://webmail.vacivitta.com.br/cpsess4528094560/3rdparty/roundcube/?_task=mail&_mbox=INBOX" "Mozilla/5.0 (Windows NT 10.0; Win64; x64) AppleWebKit/537.36 (KHTML, like Gecko) Chrome/138.0.0.0 Safari/537.36"
37.221.199.180 - - [14/Jul/2025:14:23:48 -0300] "GET /clientes/ HTTP/1.1" 404 - "-" "Mozilla/5.0 (Windows NT 10.0; Win64; x64) AppleWebKit/537.36 (KHTML, like Gecko) Chrome/100.0.1253.322 Safari/537.36"
189.34.144.29 - - [14/Jul/2025:14:23:50 -0300] "GET / HTTP/1.1" 200 488 "https://www.bing.com/" "Mozilla/5.0 (Windows NT 10.0; Win64; x64) AppleWebKit/537.36 (KHTML, like Gecko) Chrome/138.0.0.0 Safari/537.36 Edg/138.0.0.0"
189.34.144.29 - - [14/Jul/2025:14:23:51 -0300] "GET /assets/index-g8aW3Zx-.css HTTP/1.1" 200 2311 "https://vacivitta.com.br/" "Mozilla/5.0 (Windows NT 10.0; Win64; x64) AppleWebKit/537.36 (KHTML, like Gecko) Chrome/138.0.0.0 Safari/537.36 Edg/138.0.0.0"
189.34.144.29 - - [14/Jul/2025:14:23:51 -0300] "GET /assets/index-BZLUkikW.js HTTP/1.1" 200 923512 "https://vacivitta.com.br/" "Mozilla/5.0 (Windows NT 10.0; Win64; x64) AppleWebKit/537.36 (KHTML, like Gecko) Chrome/138.0.0.0 Safari/537.36 Edg/138.0.0.0"
189.34.144.29 - - [14/Jul/2025:14:23:52 -0300] "GET /logo.png HTTP/1.1" 200 25613 "https://vacivitta.com.br/" "Mozilla/5.0 (Windows NT 10.0; Win64; x64) AppleWebKit/537.36 (KHTML, like Gecko) Chrome/138.0.0.0 Safari/537.36 Edg/138.0.0.0"
189.34.144.29 - - [14/Jul/2025:14:23:52 -0300] "GET /vaci.jpg HTTP/1.1" 200 155283 "https://vacivitta.com.br/" "Mozilla/5.0 (Windows NT 10.0; Win64; x64) AppleWebKit/537.36 (KHTML, like Gecko) Chrome/138.0.0.0 Safari/537.36 Edg/138.0.0.0"
189.34.144.29 - - [14/Jul/2025:14:23:53 -0300] "GET /homePage.png HTTP/1.1" 200 1495045 "https://vacivitta.com.br/" "Mozilla/5.0 (Windows NT 10.0; Win64; x64) AppleWebKit/537.36 (KHTML, like Gecko) Chrome/138.0.0.0 Safari/537.36 Edg/138.0.0.0"
189.34.144.29 - - [14/Jul/2025:14:23:53 -0300] "GET /ico.ico HTTP/1.1" 200 100526 "https://vacivitta.com.br/" "Mozilla/5.0 (Windows NT 10.0; Win64; x64) AppleWebKit/537.36 (KHTML, like Gecko) Chrome/138.0.0.0 Safari/537.36 Edg/138.0.0.0"
189.34.144.29 - - [14/Jul/2025:14:23:53 -0300] "GET /4.png HTTP/1.1" 200 1067791 "https://vacivitta.com.br/" "Mozilla/5.0 (Windows NT 10.0; Win64; x64) AppleWebKit/537.36 (KHTML, like Gecko) Chrome/138.0.0.0 Safari/537.36 Edg/138.0.0.0"
189.34.144.29 - - [14/Jul/2025:14:23:53 -0300] "GET /fts1.png HTTP/1.1" 200 2704287 "https://vacivitta.com.br/" "Mozilla/5.0 (Windows NT 10.0; Win64; x64) AppleWebKit/537.36 (KHTML, like Gecko) Chrome/138.0.0.0 Safari/537.36 Edg/138.0.0.0"
189.34.144.29 - - [14/Jul/2025:14:23:52 -0300] "GET /mapa.png HTTP/1.1" 200 1787231 "https://vacivitta.com.br/" "Mozilla/5.0 (Windows NT 10.0; Win64; x64) AppleWebKit/537.36 (KHTML, like Gecko) Chrome/138.0.0.0 Safari/537.36 Edg/138.0.0.0"
189.34.144.29 - - [14/Jul/2025:14:23:53 -0300] "GET /1.png HTTP/1.1" 200 1041468 "https://vacivitta.com.br/" "Mozilla/5.0 (Windows NT 10.0; Win64; x64) AppleWebKit/537.36 (KHTML, like Gecko) Chrome/138.0.0.0 Safari/537.36 Edg/138.0.0.0"
189.34.144.29 - - [14/Jul/2025:14:23:53 -0300] "GET /2.png HTTP/1.1" 200 1052379 "https://vacivitta.com.br/" "Mozilla/5.0 (Windows NT 10.0; Win64; x64) AppleWebKit/537.36 (KHTML, like Gecko) Chrome/138.0.0.0 Safari/537.36 Edg/138.0.0.0"
189.34.144.29 - - [14/Jul/2025:14:23:53 -0300] "GET /3.png HTTP/1.1" 200 1055246 "https://vacivitta.com.br/" "Mozilla/5.0 (Windows NT 10.0; Win64; x64) AppleWebKit/537.36 (KHTML, like Gecko) Chrome/138.0.0.0 Safari/537.36 Edg/138.0.0.0"
189.34.144.29 - - [14/Jul/2025:14:23:54 -0300] "GET /fts3.png HTTP/1.1" 200 798280 "https://vacivitta.com.br/" "Mozilla/5.0 (Windows NT 10.0; Win64; x64) AppleWebKit/537.36 (KHTML, like Gecko) Chrome/138.0.0.0 Safari/537.36 Edg/138.0.0.0"
189.34.144.29 - - [14/Jul/2025:14:23:54 -0300] "GET /walp.png HTTP/1.1" 200 26312 "https://vacivitta.com.br/" "Mozilla/5.0 (Windows NT 10.0; Win64; x64) AppleWebKit/537.36 (KHTML, like Gecko) Chrome/138.0.0.0 Safari/537.36 Edg/138.0.0.0"
189.34.144.29 - - [14/Jul/2025:14:23:54 -0300] "GET /homePage2.png HTTP/1.1" 200 227246 "https://vacivitta.com.br/" "Mozilla/5.0 (Windows NT 10.0; Win64; x64) AppleWebKit/537.36 (KHTML, like Gecko) Chrome/138.0.0.0 Safari/537.36 Edg/138.0.0.0"
189.34.144.29 - - [14/Jul/2025:14:23:53 -0300] "GET /fts2.png HTTP/1.1" 200 2539592 "https://vacivitta.com.br/" "Mozilla/5.0 (Windows NT 10.0; Win64; x64) AppleWebKit/537.36 (KHTML, like Gecko) Chrome/138.0.0.0 Safari/537.36 Edg/138.0.0.0"
189.34.144.29 - - [14/Jul/2025:14:23:54 -0300] "GET /video.mp4 HTTP/1.1" 206 636967327 "https://vacivitta.com.br/" "Mozilla/5.0 (Windows NT 10.0; Win64; x64) AppleWebKit/537.36 (KHTML, like Gecko) Chrome/138.0.0.0 Safari/537.36 Edg/138.0.0.0"
189.34.144.29 - - [14/Jul/2025:14:23:54 -0300] "GET /video.mp4 HTTP/1.1" 206 154015 "https://vacivitta.com.br/" "Mozilla/5.0 (Windows NT 10.0; Win64; x64) AppleWebKit/537.36 (KHTML, like Gecko) Chrome/138.0.0.0 Safari/537.36 Edg/138.0.0.0"
189.34.144.29 - - [14/Jul/2025:14:23:54 -0300] "GET /video.mp4 HTTP/1.1" 206 636678448 "https://vacivitta.com.br/" "Mozilla/5.0 (Windows NT 10.0; Win64; x64) AppleWebKit/537.36 (KHTML, like Gecko) Chrome/138.0.0.0 Safari/537.36 Edg/138.0.0.0"
189.34.144.29 - - [14/Jul/2025:14:24:04 -0300] "GET /video.mp4 HTTP/1.1" 206 635999205 "https://vacivitta.com.br/" "Mozilla/5.0 (Windows NT 10.0; Win64; x64) AppleWebKit/537.36 (KHTML, like Gecko) Chrome/138.0.0.0 Safari/537.36 Edg/138.0.0.0"
189.34.144.29 - - [14/Jul/2025:14:24:05 -0300] "GET /video.mp4 HTTP/1.1" 206 632903323 "https://vacivitta.com.br/" "Mozilla/5.0 (Windows NT 10.0; Win64; x64) AppleWebKit/537.36 (KHTML, like Gecko) Chrome/138.0.0.0 Safari/537.36 Edg/138.0.0.0"
179.215.121.183 - - [14/Jul/2025:14:24:32 -0300] "POST /cpsess4528094560/3rdparty/roundcube/?_task=mail&_action=refresh HTTP/1.1" 200 135 "https://webmail.vacivitta.com.br/cpsess4528094560/3rdparty/roundcube/?_task=mail&_mbox=INBOX" "Mozilla/5.0 (Windows NT 10.0; Win64; x64) AppleWebKit/537.36 (KHTML, like Gecko) Chrome/138.0.0.0 Safari/537.36"
189.34.144.29 - - [14/Jul/2025:14:24:39 -0300] "GET /aplicacao-medicacao.jpg HTTP/1.1" 404 - "https://vacivitta.com.br/" "Mozilla/5.0 (Windows NT 10.0; Win64; x64) AppleWebKit/537.36 (KHTML, like Gecko) Chrome/138.0.0.0 Safari/537.36 Edg/138.0.0.0"
189.34.144.29 - - [14/Jul/2025:14:25:02 -0300] "GET /moca.png HTTP/1.1" 200 973772 "https://vacivitta.com.br/" "Mozilla/5.0 (Windows NT 10.0; Win64; x64) AppleWebKit/537.36 (KHTML, like Gecko) Chrome/138.0.0.0 Safari/537.36 Edg/138.0.0.0"
189.34.144.29 - - [14/Jul/2025:14:25:02 -0300] "GET /foto%2002.png HTTP/1.1" 200 989614 "https://vacivitta.com.br/" "Mozilla/5.0 (Windows NT 10.0; Win64; x64) AppleWebKit/537.36 (KHTML, like Gecko) Chrome/138.0.0.0 Safari/537.36 Edg/138.0.0.0"
179.215.121.183 - - [14/Jul/2025:14:25:32 -0300] "POST /cpsess4528094560/3rdparty/roundcube/?_task=mail&_action=refresh HTTP/1.1" 200 135 "https://webmail.vacivitta.com.br/cpsess4528094560/3rdparty/roundcube/?_task=mail&_mbox=INBOX" "Mozilla/5.0 (Windows NT 10.0; Win64; x64) AppleWebKit/537.36 (KHTML, like Gecko) Chrome/138.0.0.0 Safari/537.36"
179.215.121.183 - - [14/Jul/2025:14:26:32 -0300] "POST /cpsess4528094560/3rdparty/roundcube/?_task=mail&_action=refresh HTTP/1.1" 200 135 "https://webmail.vacivitta.com.br/cpsess4528094560/3rdparty/roundcube/?_task=mail&_mbox=INBOX" "Mozilla/5.0 (Windows NT 10.0; Win64; x64) AppleWebKit/537.36 (KHTML, like Gecko) Chrome/138.0.0.0 Safari/537.36"
49.13.167.123 - - [14/Jul/2025:14:26:34 -0300] "HEAD / HTTP/1.1" 200 - "https://vacivitta.com.br/" "Mozilla/5.0+(compatible; UptimeRobot/2.0; http://www.uptimerobot.com/)"
179.215.121.183 - - [14/Jul/2025:14:27:32 -0300] "POST /cpsess4528094560/3rdparty/roundcube/?_task=mail&_action=refresh HTTP/1.1" 200 135 "https://webmail.vacivitta.com.br/cpsess4528094560/3rdparty/roundcube/?_task=mail&_mbox=INBOX" "Mozilla/5.0 (Windows NT 10.0; Win64; x64) AppleWebKit/537.36 (KHTML, like Gecko) Chrome/138.0.0.0 Safari/537.36"
103.205.211.78 - - [14/Jul/2025:14:28:17 -0300] "GET /xmlrpc.php HTTP/1.1" 404 - "http://vacivitta.com.br/xmlrpc.php" "Mozilla/5.0 (X11; Ubuntu; Linux x86_64; rv:85.0) Gecko/20100101 Firefox/91.0"
179.215.121.183 - - [14/Jul/2025:14:28:32 -0300] "POST /cpsess4528094560/3rdparty/roundcube/?_task=mail&_action=refresh HTTP/1.1" 200 135 "https://webmail.vacivitta.com.br/cpsess4528094560/3rdparty/roundcube/?_task=mail&_mbox=INBOX" "Mozilla/5.0 (Windows NT 10.0; Win64; x64) AppleWebKit/537.36 (KHTML, like Gecko) Chrome/138.0.0.0 Safari/537.36"
179.215.121.183 - - [14/Jul/2025:14:29:32 -0300] "POST /cpsess4528094560/3rdparty/roundcube/?_task=mail&_action=refresh HTTP/1.1" 200 135 "https://webmail.vacivitta.com.br/cpsess4528094560/3rdparty/roundcube/?_task=mail&_mbox=INBOX" "Mozilla/5.0 (Windows NT 10.0; Win64; x64) AppleWebKit/537.36 (KHTML, like Gecko) Chrome/138.0.0.0 Safari/537.36"
66.249.73.170 - - [14/Jul/2025:14:30:02 -0300] "GET /items/zsyny93/49?key=nut HTTP/1.1" 404 - "-" "Mozilla/5.0 (Linux; Android 6.0.1; Nexus 5X Build/MMB29P) AppleWebKit/537.36 (KHTML, like Gecko) Chrome/137.0.7151.103 Mobile Safari/537.36 (compatible; Googlebot/2.1; +http://www.google.com/bot.html)"
179.215.121.183 - - [14/Jul/2025:14:30:32 -0300] "POST /cpsess4528094560/3rdparty/roundcube/?_task=mail&_action=refresh HTTP/1.1" 200 135 "https://webmail.vacivitta.com.br/cpsess4528094560/3rdparty/roundcube/?_task=mail&_mbox=INBOX" "Mozilla/5.0 (Windows NT 10.0; Win64; x64) AppleWebKit/537.36 (KHTML, like Gecko) Chrome/138.0.0.0 Safari/537.36"
141.95.53.61 - - [14/Jul/2025:14:31:08 -0300] "POST /xmlrpc.php HTTP/1.1" 404 - "-" "Mozilla/5.0 (X11; Ubuntu; Linux x86_64; rv:85.0) Gecko/20100101 Firefox/91.0"
179.215.121.183 - - [14/Jul/2025:14:31:32 -0300] "POST /cpsess4528094560/3rdparty/roundcube/?_task=mail&_action=refresh HTTP/1.1" 200 135 "https://webmail.vacivitta.com.br/cpsess4528094560/3rdparty/roundcube/?_task=mail&_mbox=INBOX" "Mozilla/5.0 (Windows NT 10.0; Win64; x64) AppleWebKit/537.36 (KHTML, like Gecko) Chrome/138.0.0.0 Safari/537.36"
128.140.106.114 - - [14/Jul/2025:14:31:38 -0300] "HEAD / HTTP/1.1" 200 - "https://vacivitta.com.br/" "Mozilla/5.0+(compatible; UptimeRobot/2.0; http://www.uptimerobot.com/)"
69.197.135.226 - - [14/Jul/2025:14:32:03 -0300] "GET /wp-content/edit.php HTTP/1.1" 404 - "https://vacivitta.com.br/wp-content/edit.php" "Mozilla/5.0 (Windows NT 10.0; Win64; x64) AppleWebKit/537.36 (KHTML, like Gecko) Chrome/58.0.3029.110 Safari/537.3"
179.215.121.183 - - [14/Jul/2025:14:32:32 -0300] "POST /cpsess4528094560/3rdparty/roundcube/?_task=mail&_action=refresh HTTP/1.1" 200 135 "https://webmail.vacivitta.com.br/cpsess4528094560/3rdparty/roundcube/?_task=mail&_mbox=INBOX" "Mozilla/5.0 (Windows NT 10.0; Win64; x64) AppleWebKit/537.36 (KHTML, like Gecko) Chrome/138.0.0.0 Safari/537.36"
66.249.73.168 - - [14/Jul/2025:14:33:04 -0300] "GET /safe_search/config?return_url=%2Fproduct%2Fdetail%2Fgardenstage-saiseki-bl-50-200-200 HTTP/1.1" 404 - "-" "Mozilla/5.0 (Linux; Android 6.0.1; Nexus 5X Build/MMB29P) AppleWebKit/537.36 (KHTML, like Gecko) Chrome/137.0.7151.103 Mobile Safari/537.36 (compatible; Googlebot/2.1; +http://www.google.com/bot.html)"
57.141.2.8 - - [14/Jul/2025:14:33:25 -0300] "GET /2017/03/24/mais-paises-exigem-vacina-de-brasileiros-contra-a-febre-amarela/ HTTP/1.1" 404 - "-" "meta-externalagent/1.1 (+https://developers.facebook.com/docs/sharing/webmasters/crawler)"
