66.249.70.3 - - [14/Jul/2025:12:01:09 -0300] "GET /assets/baec620/directorylist/page_white_code.png HTTP/1.1" 200 603 "-" "Googlebot-Image/1.0"
66.249.70.105 - - [14/Jul/2025:12:04:28 -0300] "GET /static/assets/a59d3f98/themes/start/images/ui-icons_fcd113_256x240.png HTTP/1.1" 200 4676 "-" "Googlebot-Image/1.0"
66.249.70.2 - - [14/Jul/2025:12:05:38 -0300] "GET /assets/4f07b091/themes/ui-lightness/images/ui-bg_glass_100_f6f6f6_1x400.png HTTP/1.1" 200 324 "-" "Googlebot-Image/1.0"
66.249.70.2 - - [14/Jul/2025:12:07:59 -0300] "GET /assets/4f07b091/themes/mint-choc/images/ui-icons_ffffff_256x240.png HTTP/1.1" 200 6487 "-" "Googlebot-Image/1.0"
66.249.70.1 - - [14/Jul/2025:12:11:49 -0300] "GET /assets/97977d77/ico/apple-icon.png HTTP/1.1" 200 7080 "-" "Googlebot-Image/1.0"
66.249.70.3 - - [14/Jul/2025:12:14:09 -0300] "GET /static/assets/a59d3f98/themes/mint-choc/images/ui-icons_add978_256x240.png HTTP/1.1" 200 4676 "-" "Googlebot-Image/1.0"
52.167.144.20 - - [14/Jul/2025:12:15:23 -0300] "GET /assets/76b273f5/src/display/operations.js HTTP/1.1" 200 8096 "-" "Mozilla/5.0 AppleWebKit/537.36 (KHTML, like Gecko; compatible; bingbot/2.0; +http://www.bing.com/bingbot.htm) Chrome/116.0.1938.76 Safari/537.36"
66.249.70.1 - - [14/Jul/2025:12:16:29 -0300] "GET /assets/4f07b091/themes/ui-darkness/images/ui-icons_ffffff_256x240.png HTTP/1.1" 200 6487 "-" "Googlebot-Image/1.0"
66.249.70.2 - - [14/Jul/2025:12:18:49 -0300] "GET /assets/2ec6b270/themes/smoothness/images/ui-bg_glass_75_e6e6e6_1x400.png HTTP/1.1" 200 324 "-" "Googlebot-Image/1.0"
66.249.70.2 - - [14/Jul/2025:12:26:10 -0300] "GET /assets/4f07b091/themes/black-tie/images/ui-bg_glass_40_111111_1x400.png HTTP/1.1" 200 323 "-" "Googlebot-Image/1.0"
66.249.70.2 - - [14/Jul/2025:12:28:30 -0300] "GET /assets/9d74ea14/module_image.png HTTP/1.1" 200 10391 "-" "Googlebot-Image/1.0"
66.249.70.1 - - [14/Jul/2025:12:29:40 -0300] "GET /assets/4f07b091/themes/humanity/images/ui-bg_highlight-hard_65_fee4bd_1x100.png HTTP/1.1" 200 372 "-" "Googlebot-Image/1.0"
66.249.70.3 - - [14/Jul/2025:12:31:50 -0300] "GET /assets/f8e848ce/module_image.png HTTP/1.1" 200 8466 "-" "Googlebot-Image/1.0"
66.249.70.107 - - [14/Jul/2025:12:33:01 -0300] "GET /assets/baec620/directorylist/directory_join.png HTTP/1.1" 200 154 "-" "Googlebot-Image/1.0"
66.249.70.3 - - [14/Jul/2025:12:35:13 -0300] "GET /assets/2ec6b270/themes/mint-choc/images/ui-icons_ffffff_256x240.png HTTP/1.1" 200 6487 "-" "Googlebot-Image/1.0"
66.249.70.3 - - [14/Jul/2025:12:37:31 -0300] "GET /assets/97977d77/ico/favicon-96x96.png HTTP/1.1" 200 2685 "-" "Googlebot-Image/1.0"
40.77.167.108 - - [14/Jul/2025:12:37:47 -0300] "GET /robots.txt HTTP/1.1" 404 - "-" "Mozilla/5.0 AppleWebKit/537.36 (KHTML, like Gecko; compatible; bingbot/2.0; +http://www.bing.com/bingbot.htm) Chrome/116.0.1938.76 Safari/537.36"
52.167.144.177 - - [14/Jul/2025:12:37:52 -0300] "GET /assets/76b273f5/mode/vhdl/vhdl.js HTTP/1.1" 200 6707 "-" "Mozilla/5.0 AppleWebKit/537.36 (KHTML, like Gecko; compatible; bingbot/2.0; +http://www.bing.com/bingbot.htm) Chrome/116.0.1938.76 Safari/537.36"
66.249.70.3 - - [14/Jul/2025:12:39:52 -0300] "GET /assets/4f07b091/themes/eggplant/images/ui-bg_highlight-soft_25_30273a_1x100.png HTTP/1.1" 200 420 "-" "Googlebot-Image/1.0"
66.249.70.1 - - [14/Jul/2025:12:42:12 -0300] "GET /assets/85c413d2/screen1.jpg HTTP/1.1" 200 174876 "-" "Googlebot-Image/1.0"
52.167.144.219 - - [14/Jul/2025:12:43:11 -0300] "GET /assets/76b273f5/mode/nginx/?C=D;O=A HTTP/1.1" 200 839 "-" "Mozilla/5.0 AppleWebKit/537.36 (KHTML, like Gecko; compatible; bingbot/2.0; +http://www.bing.com/bingbot.htm) Chrome/116.0.1938.76 Safari/537.36"
52.167.144.219 - - [14/Jul/2025:12:43:30 -0300] "GET /atom.xml HTTP/1.1" 404 - "-" "Mozilla/5.0 AppleWebKit/537.36 (KHTML, like Gecko; compatible; bingbot/2.0; +http://www.bing.com/bingbot.htm) Chrome/116.0.1938.76 Safari/537.36"
40.77.167.156 - - [14/Jul/2025:12:43:38 -0300] "GET /sitemap_index.xml HTTP/1.1" 404 - "-" "Mozilla/5.0 AppleWebKit/537.36 (KHTML, like Gecko; compatible; bingbot/2.0; +http://www.bing.com/bingbot.htm) Chrome/116.0.1938.76 Safari/537.36"
66.249.70.1 - - [14/Jul/2025:12:44:32 -0300] "GET /static/img/twemoji/72x72/1f45d.png HTTP/1.1" 200 740 "-" "Googlebot-Image/1.0"
66.249.70.3 - - [14/Jul/2025:12:46:53 -0300] "GET /static/img/twemoji/72x72/1f1fa-1f1fe.png HTTP/1.1" 200 616 "-" "Googlebot-Image/1.0"
66.249.70.105 - - [14/Jul/2025:12:49:13 -0300] "GET /assets/4f07b091/themes/trontastic/images/ui-bg_gloss-wave_95_f6ecd5_500x100.png HTTP/1.1" 200 5856 "-" "Googlebot-Image/1.0"
66.249.70.3 - - [14/Jul/2025:12:51:33 -0300] "GET /assets/97977d77/img/mime/excel.png HTTP/1.1" 200 1079 "-" "Googlebot-Image/1.0"
66.249.70.106 - - [14/Jul/2025:12:53:53 -0300] "GET /assets/siteicons/180x180.png HTTP/1.1" 200 25590 "-" "Googlebot-Image/1.0"
66.249.70.1 - - [14/Jul/2025:12:59:13 -0300] "GET /assets/fa2a3b9b/screen1.PNG HTTP/1.1" 200 33928 "-" "Googlebot-Image/1.0"
52.167.144.187 - - [14/Jul/2025:12:59:42 -0300] "GET /assets/76b273f5/src/display/update_display.js HTTP/1.1" 200 10605 "-" "Mozilla/5.0 AppleWebKit/537.36 (KHTML, like Gecko; compatible; bingbot/2.0; +http://www.bing.com/bingbot.htm) Chrome/116.0.1938.76 Safari/537.36"
66.249.70.106 - - [14/Jul/2025:13:00:24 -0300] "GET /assets/4f07b091/themes/black-tie/images/ui-icons_ffcf29_256x240.png HTTP/1.1" 200 4676 "-" "Googlebot-Image/1.0"
66.249.70.2 - - [14/Jul/2025:13:02:34 -0300] "GET /assets/4f07b091/themes/swanky-purse/images/ui-bg_diamond_25_675423_10x8.png HTTP/1.1" 200 370 "-" "Googlebot-Image/1.0"
65.108.43.148 - - [14/Jul/2025:13:03:45 -0300] "GET /robots.txt HTTP/1.1" 404 - "-" "Mozilla/5.0 (compatible; MJ12bot/v1.4.8; http://mj12bot.com/)"
65.108.43.148 - - [14/Jul/2025:13:03:47 -0300] "GET /assets/59ce91f0/directorylist/?C=D;O=D HTTP/1.1" 200 3894 "-" "Mozilla/5.0 (compatible; MJ12bot/v1.4.8; http://mj12bot.com/)"
65.108.43.148 - - [14/Jul/2025:13:03:49 -0300] "GET /assets/76b273f5/addon/fold/indent-fold.js HTTP/1.1" 200 1676 "-" "Mozilla/5.0 (compatible; MJ12bot/v1.4.8; http://mj12bot.com/)"
65.108.43.148 - - [14/Jul/2025:13:03:51 -0300] "GET /assets/76b273f5/addon/fold/markdown-fold.js HTTP/1.1" 200 1608 "-" "Mozilla/5.0 (compatible; MJ12bot/v1.4.8; http://mj12bot.com/)"
65.108.43.148 - - [14/Jul/2025:13:03:54 -0300] "GET /assets/76b273f5/addon/fold/xml-fold.js HTTP/1.1" 200 6702 "-" "Mozilla/5.0 (compatible; MJ12bot/v1.4.8; http://mj12bot.com/)"
65.108.43.148 - - [14/Jul/2025:13:03:56 -0300] "GET /assets/76b273f5/addon/lint/?C=D;O=A HTTP/1.1" 200 2108 "-" "Mozilla/5.0 (compatible; MJ12bot/v1.4.8; http://mj12bot.com/)"
65.108.43.148 - - [14/Jul/2025:13:03:58 -0300] "GET /assets/76b273f5/addon/lint/?C=M;O=A HTTP/1.1" 200 2108 "-" "Mozilla/5.0 (compatible; MJ12bot/v1.4.8; http://mj12bot.com/)"
65.108.43.148 - - [14/Jul/2025:13:04:00 -0300] "GET /assets/76b273f5/addon/lint/?C=N;O=D HTTP/1.1" 200 2108 "-" "Mozilla/5.0 (compatible; MJ12bot/v1.4.8; http://mj12bot.com/)"
65.108.43.148 - - [14/Jul/2025:13:04:02 -0300] "GET /assets/76b273f5/addon/lint/?C=S;O=A HTTP/1.1" 200 2108 "-" "Mozilla/5.0 (compatible; MJ12bot/v1.4.8; http://mj12bot.com/)"
65.108.43.148 - - [14/Jul/2025:13:04:04 -0300] "GET /assets/76b273f5/addon/lint/coffeescript-lint.js HTTP/1.1" 200 1468 "-" "Mozilla/5.0 (compatible; MJ12bot/v1.4.8; http://mj12bot.com/)"
65.108.43.148 - - [14/Jul/2025:13:04:07 -0300] "GET /assets/76b273f5/addon/lint/html-lint.js HTTP/1.1" 200 1991 "-" "Mozilla/5.0 (compatible; MJ12bot/v1.4.8; http://mj12bot.com/)"
65.108.43.148 - - [14/Jul/2025:13:04:09 -0300] "GET /assets/76b273f5/addon/lint/javascript-lint.js HTTP/1.1" 200 2161 "-" "Mozilla/5.0 (compatible; MJ12bot/v1.4.8; http://mj12bot.com/)"
65.108.43.148 - - [14/Jul/2025:13:04:11 -0300] "GET /assets/76b273f5/addon/lint/lint.css HTTP/1.1" 200 3035 "-" "Mozilla/5.0 (compatible; MJ12bot/v1.4.8; http://mj12bot.com/)"
65.108.43.148 - - [14/Jul/2025:13:04:13 -0300] "GET /assets/76b273f5/addon/lint/yaml-lint.js HTTP/1.1" 200 1257 "-" "Mozilla/5.0 (compatible; MJ12bot/v1.4.8; http://mj12bot.com/)"
65.108.43.148 - - [14/Jul/2025:13:04:17 -0300] "GET /assets/76b273f5/mode/apl/?C=D;O=A HTTP/1.1" 200 833 "-" "Mozilla/5.0 (compatible; MJ12bot/v1.4.8; http://mj12bot.com/)"
65.108.43.148 - - [14/Jul/2025:13:04:19 -0300] "GET /assets/76b273f5/mode/apl/?C=M;O=A HTTP/1.1" 200 833 "-" "Mozilla/5.0 (compatible; MJ12bot/v1.4.8; http://mj12bot.com/)"
65.108.43.148 - - [14/Jul/2025:13:04:22 -0300] "GET /assets/76b273f5/mode/apl/?C=S;O=A HTTP/1.1" 200 833 "-" "Mozilla/5.0 (compatible; MJ12bot/v1.4.8; http://mj12bot.com/)"
65.108.43.148 - - [14/Jul/2025:13:04:24 -0300] "GET /assets/76b273f5/mode/rpm/changes/ HTTP/1.1" 200 2168 "-" "Mozilla/5.0 (compatible; MJ12bot/v1.4.8; http://mj12bot.com/)"
65.108.43.148 - - [14/Jul/2025:13:04:26 -0300] "GET /assets/c1cbb33e/source/attention_seekers/rubberBand.css HTTP/1.1" 200 424 "-" "Mozilla/5.0 (compatible; MJ12bot/v1.4.8; http://mj12bot.com/)"
65.108.43.148 - - [14/Jul/2025:13:04:28 -0300] "GET /assets/c1cbb33e/source/attention_seekers/swing.css HTTP/1.1" 200 357 "-" "Mozilla/5.0 (compatible; MJ12bot/v1.4.8; http://mj12bot.com/)"
65.108.43.148 - - [14/Jul/2025:13:04:30 -0300] "GET /assets/c1cbb33e/source/attention_seekers/tada.css HTTP/1.1" 200 418 "-" "Mozilla/5.0 (compatible; MJ12bot/v1.4.8; http://mj12bot.com/)"
65.108.43.148 - - [14/Jul/2025:13:04:32 -0300] "GET /assets/c1cbb33e/source/fading_entrances/?C=D;O=A HTTP/1.1" 200 3083 "-" "Mozilla/5.0 (compatible; MJ12bot/v1.4.8; http://mj12bot.com/)"
65.108.43.148 - - [14/Jul/2025:13:04:34 -0300] "GET /assets/c1cbb33e/source/fading_entrances/?C=M;O=A HTTP/1.1" 200 3083 "-" "Mozilla/5.0 (compatible; MJ12bot/v1.4.8; http://mj12bot.com/)"
65.108.43.148 - - [14/Jul/2025:13:04:37 -0300] "GET /assets/c1cbb33e/source/fading_entrances/?C=N;O=D HTTP/1.1" 200 3083 "-" "Mozilla/5.0 (compatible; MJ12bot/v1.4.8; http://mj12bot.com/)"
65.108.43.148 - - [14/Jul/2025:13:04:39 -0300] "GET /assets/c1cbb33e/source/fading_entrances/?C=S;O=A HTTP/1.1" 200 3083 "-" "Mozilla/5.0 (compatible; MJ12bot/v1.4.8; http://mj12bot.com/)"
65.108.43.148 - - [14/Jul/2025:13:04:41 -0300] "GET /assets/c1cbb33e/source/fading_entrances/fadeIn.css HTTP/1.1" 200 118 "-" "Mozilla/5.0 (compatible; MJ12bot/v1.4.8; http://mj12bot.com/)"
65.108.43.148 - - [14/Jul/2025:13:04:43 -0300] "GET /assets/c1cbb33e/source/fading_entrances/fadeInBottomLeft.css HTTP/1.1" 200 228 "-" "Mozilla/5.0 (compatible; MJ12bot/v1.4.8; http://mj12bot.com/)"
65.108.43.148 - - [14/Jul/2025:13:04:45 -0300] "GET /assets/c1cbb33e/source/fading_entrances/fadeInRight.css HTTP/1.1" 200 210 "-" "Mozilla/5.0 (compatible; MJ12bot/v1.4.8; http://mj12bot.com/)"
65.108.43.148 - - [14/Jul/2025:13:04:50 -0300] "GET /themes/HumHub/views/layouts/ HTTP/1.1" 200 840 "-" "Mozilla/5.0 (compatible; MJ12bot/v1.4.8; http://mj12bot.com/)"
66.249.70.1 - - [14/Jul/2025:13:05:34 -0300] "GET /assets/2ec6b270/themes/eggplant/images/ui-icons_454545_256x240.png HTTP/1.1" 200 7090 "-" "Googlebot-Image/1.0"
66.249.70.3 - - [14/Jul/2025:13:10:15 -0300] "GET /assets/4f07b091/themes/eggplant/images/ui-bg_highlight-soft_100_eae6ea_1x100.png HTTP/1.1" 200 431 "-" "Googlebot-Image/1.0"
66.249.70.106 - - [14/Jul/2025:13:17:16 -0300] "GET /assets/fa2a3b9b/module_image.png HTTP/1.1" 200 6602 "-" "Googlebot-Image/1.0"
66.249.70.2 - - [14/Jul/2025:13:19:36 -0300] "GET /assets/f7a28d59/module_image.png HTTP/1.1" 200 2606 "-" "Googlebot-Image/1.0"
66.249.70.1 - - [14/Jul/2025:13:21:56 -0300] "GET /assets/4f07b091/themes/le-frog/images/ui-bg_glass_55_fbf5d0_1x400.png HTTP/1.1" 200 394 "-" "Googlebot-Image/1.0"
52.167.144.236 - - [14/Jul/2025:13:28:15 -0300] "GET /static/img/twemoji/ HTTP/1.1" 200 995 "-" "Mozilla/5.0 AppleWebKit/537.36 (KHTML, like Gecko; compatible; bingbot/2.0; +http://www.bing.com/bingbot.htm) Chrome/116.0.1938.76 Safari/537.36"
66.249.70.2 - - [14/Jul/2025:13:29:27 -0300] "GET /assets/baec620/directorylist/directory_exand.png HTTP/1.1" 200 276 "-" "Googlebot-Image/1.0"
66.249.65.192 - - [14/Jul/2025:13:31:47 -0300] "GET /assets/4f07b091/themes/vader/images/ui-bg_glass_95_fef1ec_1x400.png HTTP/1.1" 200 390 "-" "Googlebot-Image/1.0"
66.249.65.192 - - [14/Jul/2025:13:39:04 -0300] "GET /assets/4a242e8d/screen1.jpg HTTP/1.1" 200 53786 "-" "Googlebot-Image/1.0"
66.249.73.6 - - [14/Jul/2025:13:42:14 -0300] "GET /assets/2ec6b270/themes/trontastic/images/ui-bg_glass_40_0a0a0a_1x400.png HTTP/1.1" 200 322 "-" "Googlebot-Image/1.0"
66.249.73.6 - - [14/Jul/2025:13:43:25 -0300] "GET /assets/4f07b091/themes/blitzer/images/ui-bg_dots-small_65_a6a6a6_2x2.png HTTP/1.1" 200 266 "-" "Googlebot-Image/1.0"
66.249.73.7 - - [14/Jul/2025:13:44:35 -0300] "GET /assets/2ec6b270/themes/humanity/images/ui-bg_inset-soft_100_f4f0ec_1x100.png HTTP/1.1" 200 461 "-" "Googlebot-Image/1.0"
66.249.65.193 - - [14/Jul/2025:13:45:45 -0300] "GET /assets/90f774c0/screen1.jpg HTTP/1.1" 200 200185 "-" "Googlebot-Image/1.0"
66.249.73.6 - - [14/Jul/2025:13:47:39 -0300] "GET /assets/2ec6b270/themes/dark-hive/images/ui-icons_4b8e0b_256x240.png HTTP/1.1" 200 4676 "-" "Googlebot-Image/1.0"
66.249.73.6 - - [14/Jul/2025:13:49:59 -0300] "GET /assets/97977d77/img/mime/file.png HTTP/1.1" 200 1084 "-" "Googlebot-Image/1.0"
66.249.73.6 - - [14/Jul/2025:13:53:20 -0300] "GET /static/img/default_user.jpg HTTP/1.1" 200 3236 "-" "Googlebot-Image/1.0"
66.249.73.7 - - [14/Jul/2025:13:55:40 -0300] "GET /assets/bbca6024/ico/apple-icon-152x152.png HTTP/1.1" 200 6128 "-" "Googlebot-Image/1.0"
66.249.73.7 - - [14/Jul/2025:13:57:00 -0300] "GET /static/assets/a59d3f98/themes/mint-choc/images/ui-icons_e3ddc9_256x240.png HTTP/1.1" 200 4676 "-" "Googlebot-Image/1.0"
66.249.65.193 - - [14/Jul/2025:13:59:20 -0300] "GET /assets/19076be7/file-picture-o.svg HTTP/1.1" 200 470 "-" "Googlebot-Image/1.0"
66.249.73.7 - - [14/Jul/2025:14:01:41 -0300] "GET /assets/2ec6b270/themes/humanity/images/ui-icons_f08000_256x240.png HTTP/1.1" 200 4676 "-" "Googlebot-Image/1.0"
66.249.73.6 - - [14/Jul/2025:14:04:01 -0300] "GET /assets/baec620/directorylist/page_white_compressed.png HTTP/1.1" 200 724 "-" "Googlebot-Image/1.0"
66.249.73.8 - - [14/Jul/2025:14:07:21 -0300] "GET /assets/4f07b091/themes/ui-darkness/images/ui-icons_a83300_256x240.png HTTP/1.1" 200 4676 "-" "Googlebot-Image/1.0"
66.249.73.6 - - [14/Jul/2025:14:08:41 -0300] "GET /assets/4f07b091/themes/trontastic/images/ui-bg_gloss-wave_95_f6ecd5_500x100.png HTTP/1.1" 200 5856 "-" "Googlebot-Image/1.0"
66.249.73.8 - - [14/Jul/2025:14:12:02 -0300] "GET /assets/2ec6b270/themes/sunny/images/ui-bg_gloss-wave_45_817865_500x100.png HTTP/1.1" 200 5939 "-" "Googlebot-Image/1.0"
66.249.65.192 - - [14/Jul/2025:14:13:22 -0300] "GET /assets/bbca6024/img/mime/powerpoint.png HTTP/1.1" 200 1134 "-" "Googlebot-Image/1.0"
66.249.65.192 - - [14/Jul/2025:14:16:42 -0300] "GET /assets/4f07b091/themes/excite-bike/images/ui-icons_0b54d5_256x240.png HTTP/1.1" 200 4676 "-" "Googlebot-Image/1.0"
66.249.73.7 - - [14/Jul/2025:14:19:02 -0300] "GET / HTTP/1.1" 200 1696 "-" "Mozilla/5.0 (compatible; Googlebot/2.1; +http://www.google.com/bot.html)"
66.249.73.7 - - [14/Jul/2025:14:19:02 -0300] "GET / HTTP/1.1" 200 1696 "-" "Mozilla/5.0 (Linux; Android 6.0.1; Nexus 5X Build/MMB29P) AppleWebKit/537.36 (KHTML, like Gecko) Chrome/99.0.4844.84 Mobile Safari/537.36 (compatible; Googlebot/2.1; +http://www.google.com/bot.html)"
66.249.73.6 - - [14/Jul/2025:14:19:14 -0300] "GET /favicon.ico HTTP/1.1" 404 - "-" "Googlebot-Image/1.0"
66.249.73.6 - - [14/Jul/2025:14:22:43 -0300] "GET /assets/19076be7/screen1.PNG HTTP/1.1" 200 43239 "-" "Googlebot-Image/1.0"
94.154.239.69 - - [14/Jul/2025:14:28:01 -0300] "GET /robots.txt HTTP/1.1" 404 - "-" "Mozilla/5.0 (compatible; MJ12bot/v1.4.8; http://mj12bot.com/)"
94.154.239.69 - - [14/Jul/2025:14:28:02 -0300] "GET /themes/HumHub/?C=S;O=D HTTP/1.1" 200 1486 "-" "Mozilla/5.0 (compatible; MJ12bot/v1.4.8; http://mj12bot.com/)"
94.154.239.69 - - [14/Jul/2025:14:28:04 -0300] "GET /themes/HumHub/ico/?C=D;O=A HTTP/1.1" 200 5902 "-" "Mozilla/5.0 (compatible; MJ12bot/v1.4.8; http://mj12bot.com/)"
94.154.239.69 - - [14/Jul/2025:14:28:05 -0300] "GET /themes/HumHub/img/?C=D;O=A HTTP/1.1" 200 1749 "-" "Mozilla/5.0 (compatible; MJ12bot/v1.4.8; http://mj12bot.com/)"
94.154.239.69 - - [14/Jul/2025:14:28:07 -0300] "GET /themes/HumHub/img/?C=M;O=A HTTP/1.1" 200 1749 "-" "Mozilla/5.0 (compatible; MJ12bot/v1.4.8; http://mj12bot.com/)"
94.154.239.69 - - [14/Jul/2025:14:28:09 -0300] "GET /themes/HumHub/img/?C=N;O=D HTTP/1.1" 200 1749 "-" "Mozilla/5.0 (compatible; MJ12bot/v1.4.8; http://mj12bot.com/)"
94.154.239.69 - - [14/Jul/2025:14:28:10 -0300] "GET /themes/HumHub/less/?C=D;O=A HTTP/1.1" 200 1357 "-" "Mozilla/5.0 (compatible; MJ12bot/v1.4.8; http://mj12bot.com/)"
94.154.239.69 - - [14/Jul/2025:14:28:12 -0300] "GET /themes/HumHub/less/?C=M;O=A HTTP/1.1" 200 1357 "-" "Mozilla/5.0 (compatible; MJ12bot/v1.4.8; http://mj12bot.com/)"
94.154.239.69 - - [14/Jul/2025:14:28:14 -0300] "GET /themes/HumHub/less/?C=N;O=D HTTP/1.1" 200 1357 "-" "Mozilla/5.0 (compatible; MJ12bot/v1.4.8; http://mj12bot.com/)"
94.154.239.69 - - [14/Jul/2025:14:28:15 -0300] "GET /themes/HumHub/less/?C=S;O=A HTTP/1.1" 200 1357 "-" "Mozilla/5.0 (compatible; MJ12bot/v1.4.8; http://mj12bot.com/)"
94.154.239.69 - - [14/Jul/2025:14:28:17 -0300] "GET /themes/HumHub/less/build.less HTTP/1.1" 200 576 "-" "Mozilla/5.0 (compatible; MJ12bot/v1.4.8; http://mj12bot.com/)"
94.154.239.69 - - [14/Jul/2025:14:28:18 -0300] "GET /themes/HumHub/less/mixins.less HTTP/1.1" 200 47 "-" "Mozilla/5.0 (compatible; MJ12bot/v1.4.8; http://mj12bot.com/)"
94.154.239.69 - - [14/Jul/2025:14:28:20 -0300] "GET /themes/HumHub/less/theme.less HTTP/1.1" 200 69 "-" "Mozilla/5.0 (compatible; MJ12bot/v1.4.8; http://mj12bot.com/)"
94.154.239.69 - - [14/Jul/2025:14:28:22 -0300] "GET /themes/HumHub/less/variables.less HTTP/1.1" 200 485 "-" "Mozilla/5.0 (compatible; MJ12bot/v1.4.8; http://mj12bot.com/)"
52.167.144.139 - - [14/Jul/2025:14:28:37 -0300] "GET /assets/4f07b091/themes/cupertino/images/?C=S;O=A HTTP/1.1" 200 3356 "-" "Mozilla/5.0 AppleWebKit/537.36 (KHTML, like Gecko; compatible; bingbot/2.0; +http://www.bing.com/bingbot.htm) Chrome/116.0.1938.76 Safari/537.36"
104.152.52.209 - - [14/Jul/2025:14:29:10 -0300] "GET / HTTP/1.1" 200 1696 "-" "curl/7.61.1"
104.152.52.209 - - [14/Jul/2025:14:29:10 -0300] "GET /favicon.ico HTTP/1.1" 404 - "-" "curl/7.61.1"
66.249.73.8 - - [14/Jul/2025:14:33:24 -0300] "GET /assets/90f774c0/screen9.jpg HTTP/1.1" 200 318314 "-" "Googlebot-Image/1.0"
66.249.73.6 - - [14/Jul/2025:14:39:05 -0300] "GET /assets/2ec6b270/themes/flick/images/ui-icons_ffffff_256x240.png HTTP/1.1" 200 6487 "-" "Googlebot-Image/1.0"
66.249.73.7 - - [14/Jul/2025:14:42:45 -0300] "GET /static/img/emoji/Sun.svg HTTP/1.1" 200 2259 "-" "Googlebot-Image/1.0"
66.249.73.6 - - [14/Jul/2025:14:47:26 -0300] "GET /assets/2ec6b270/themes/excite-bike/images/ui-bg_inset-hard_100_eeeeee_1x100.png HTTP/1.1" 200 314 "-" "Googlebot-Image/1.0"
52.167.144.197 - - [14/Jul/2025:14:55:34 -0300] "GET /assets/4f07b091/themes/base/?C=M;O=A HTTP/1.1" 200 5161 "-" "Mozilla/5.0 AppleWebKit/537.36 (KHTML, like Gecko; compatible; bingbot/2.0; +http://www.bing.com/bingbot.htm) Chrome/116.0.1938.76 Safari/537.36"
66.249.73.6 - - [14/Jul/2025:14:55:52 -0300] "GET /assets/4f07b091/themes/redmond/images/ui-bg_glass_95_fef1ec_1x400.png HTTP/1.1" 200 390 "-" "Googlebot-Image/1.0"
66.249.73.7 - - [14/Jul/2025:14:59:58 -0300] "GET /assets/4f07b091/themes/sunny/images/ui-icons_d19405_256x240.png HTTP/1.1" 200 4676 "-" "Googlebot-Image/1.0"
66.249.73.8 - - [14/Jul/2025:15:02:16 -0300] "GET /static/assets/a59d3f98/themes/humanity/images/ui-icons_cb672b_256x240.png HTTP/1.1" 200 4676 "-" "Googlebot-Image/1.0"
66.249.73.6 - - [14/Jul/2025:15:03:01 -0300] "GET /assets/2ec6b270/themes/overcast/images/ui-bg_glass_35_dddddd_1x400.png HTTP/1.1" 200 323 "-" "Googlebot-Image/1.0"
52.167.144.16 - - [14/Jul/2025:15:04:55 -0300] "GET /assets/369fbae5/js/release/catch_filter.js HTTP/1.1" 200 1426 "-" "Mozilla/5.0 AppleWebKit/537.36 (KHTML, like Gecko; compatible; bingbot/2.0; +http://www.bing.com/bingbot.htm) Chrome/116.0.1938.76 Safari/537.36"
66.249.65.194 - - [14/Jul/2025:15:06:04 -0300] "GET /assets/90f774c0/screen12.jpg HTTP/1.1" 200 123789 "-" "Googlebot-Image/1.0"
66.249.65.192 - - [14/Jul/2025:15:07:22 -0300] "GET /assets/4f07b091/themes/vader/images/ui-bg_gloss-wave_16_121212_500x100.png HTTP/1.1" 200 4031 "-" "Googlebot-Image/1.0"
66.249.73.8 - - [14/Jul/2025:15:08:53 -0300] "GET /assets/c1925d3c/css/Jcrop.gif HTTP/1.1" 200 329 "-" "Googlebot-Image/1.0"
66.249.65.193 - - [14/Jul/2025:15:13:28 -0300] "GET /assets/4f07b091/themes/trontastic/images/ui-bg_gloss-wave_85_9fda58_500x100.png HTTP/1.1" 200 5998 "-" "Googlebot-Image/1.0"
66.249.73.7 - - [14/Jul/2025:15:14:59 -0300] "GET /assets/2ec6b270/themes/black-tie/images/ui-icons_4ca300_256x240.png HTTP/1.1" 200 4676 "-" "Googlebot-Image/1.0"
52.167.144.183 - - [14/Jul/2025:15:18:24 -0300] "GET /assets/76fb6d41/i18n/mk.js HTTP/1.1" 200 1038 "-" "Mozilla/5.0 AppleWebKit/537.36 (KHTML, like Gecko; compatible; bingbot/2.0; +http://www.bing.com/bingbot.htm) Chrome/116.0.1938.76 Safari/537.36"
66.249.65.194 - - [14/Jul/2025:15:19:34 -0300] "GET /static/fonts/open-sans/open-sans-v17-latin-600italic.svg HTTP/1.1" 200 59031 "-" "Googlebot-Image/1.0"
66.249.65.192 - - [14/Jul/2025:15:21:05 -0300] "GET /assets/4f07b091/themes/excite-bike/images/ui-bg_diagonals-thick_22_1484e6_40x40.png HTTP/1.1" 200 467 "-" "Googlebot-Image/1.0"
66.249.73.7 - - [14/Jul/2025:15:22:39 -0300] "GET /assets/2ec6b270/themes/mint-choc/images/ui-icons_e3ddc9_256x240.png HTTP/1.1" 200 4676 "-" "Googlebot-Image/1.0"
66.249.73.7 - - [14/Jul/2025:15:24:08 -0300] "GET /assets/4f07b091/themes/south-street/images/ui-bg_highlight-hard_95_cccccc_1x100.png HTTP/1.1" 200 317 "-" "Googlebot-Image/1.0"
66.249.73.6 - - [14/Jul/2025:15:27:12 -0300] "GET /assets/2ec6b270/themes/humanity/images/ui-bg_highlight-hard_100_f4f0ec_1x100.png HTTP/1.1" 200 385 "-" "Googlebot-Image/1.0"
66.249.65.192 - - [14/Jul/2025:15:30:15 -0300] "GET /static/assets/a59d3f98/themes/ui-darkness/images/ui-bg_glass_20_555555_1x400.png HTTP/1.1" 200 318 "-" "Googlebot-Image/1.0"
66.249.73.6 - - [14/Jul/2025:15:31:46 -0300] "GET /assets/4f07b091/themes/black-tie/images/ui-bg_highlight-hard_40_aaaaaa_1x100.png HTTP/1.1" 200 316 "-" "Googlebot-Image/1.0"
66.249.73.6 - - [14/Jul/2025:15:33:18 -0300] "GET /assets/207c3e79/screen1.png HTTP/1.1" 200 139774 "-" "Googlebot-Image/1.0"
104.210.140.131 - - [14/Jul/2025:15:38:22 -0300] "GET /robots.txt HTTP/1.1" 404 - "-" "Mozilla/5.0 (Macintosh; Intel Mac OS X 10_15_7) AppleWebKit/537.36 (KHTML, like Gecko) Chrome/131.0.0.0 Safari/537.36; compatible; OAI-SearchBot/1.0; +https://openai.com/searchbot"
66.249.73.7 - - [14/Jul/2025:15:39:24 -0300] "GET /assets/4f07b091/themes/dark-hive/images/ui-icons_222222_256x240.png HTTP/1.1" 200 7025 "-" "Googlebot-Image/1.0"
51.222.253.13 - - [14/Jul/2025:15:46:43 -0300] "GET /assets/eb38db58/?C=M;O=A HTTP/1.1" 200 798 "-" "Mozilla/5.0 (compatible; AhrefsBot/7.0; +http://ahrefs.com/robot/)"
66.249.73.8 - - [14/Jul/2025:15:47:01 -0300] "GET /assets/4f07b091/themes/excite-bike/images/ui-icons_fcdd4a_256x240.png HTTP/1.1" 200 4676 "-" "Googlebot-Image/1.0"
66.249.73.6 - - [14/Jul/2025:15:48:33 -0300] "GET /static/assets/a59d3f98/themes/mint-choc/images/ui-icons_f1fd86_256x240.png HTTP/1.1" 200 4676 "-" "Googlebot-Image/1.0"
52.167.144.174 - - [14/Jul/2025:15:49:03 -0300] "GET /assets/76fb6d41/i18n/id.js HTTP/1.1" 200 768 "-" "Mozilla/5.0 AppleWebKit/537.36 (KHTML, like Gecko; compatible; bingbot/2.0; +http://www.bing.com/bingbot.htm) Chrome/116.0.1938.76 Safari/537.36"
185.191.171.3 - - [14/Jul/2025:15:49:40 -0300] "GET /robots.txt HTTP/1.1" 404 - "-" "Mozilla/5.0 (compatible; SemrushBot/7~bl; +http://www.semrush.com/bot.html)"
185.191.171.16 - - [14/Jul/2025:15:49:42 -0300] "GET /assets/3f434aa4/ HTTP/1.1" 200 10740 "-" "Mozilla/5.0 (compatible; SemrushBot/7~bl; +http://www.semrush.com/bot.html)"
66.249.73.6 - - [14/Jul/2025:15:50:04 -0300] "GET /static/assets/a59d3f98/themes/smoothness/images/ui-bg_glass_65_ffffff_1x400.png HTTP/1.1" 200 265 "-" "Googlebot-Image/1.0"
66.249.73.7 - - [14/Jul/2025:15:51:36 -0300] "GET /assets/f7a28d59/screen2.PNG HTTP/1.1" 200 145162 "-" "Googlebot-Image/1.0"
66.249.73.7 - - [14/Jul/2025:15:53:07 -0300] "GET /assets/4f07b091/themes/swanky-purse/images/ui-bg_diamond_25_d5ac5d_10x8.png HTTP/1.1" 200 371 "-" "Googlebot-Image/1.0"
66.249.73.6 - - [14/Jul/2025:15:54:39 -0300] "GET /assets/4f07b091/themes/base/images/ui-icons_444444_256x240.png HTTP/1.1" 200 7090 "-" "Googlebot-Image/1.0"
52.167.144.219 - - [14/Jul/2025:15:55:59 -0300] "GET /static/js/colorpicker/img/bootstrap-colorpicker/?C=S;O=A HTTP/1.1" 200 1618 "-" "Mozilla/5.0 AppleWebKit/537.36 (KHTML, like Gecko; compatible; bingbot/2.0; +http://www.bing.com/bingbot.htm) Chrome/116.0.1938.76 Safari/537.36"
66.249.73.8 - - [14/Jul/2025:16:00:45 -0300] "GET /assets/2ec6b270/themes/trontastic/images/ui-icons_000000_256x240.png HTTP/1.1" 200 5582 "-" "Googlebot-Image/1.0"
66.249.73.6 - - [14/Jul/2025:16:09:54 -0300] "GET /assets/2ec6b270/themes/start/images/ui-icons_fcd113_256x240.png HTTP/1.1" 200 4676 "-" "Googlebot-Image/1.0"
66.249.73.6 - - [14/Jul/2025:16:11:26 -0300] "GET /assets/2ec6b270/themes/start/images/ui-bg_gloss-wave_75_2191c0_500x100.png HTTP/1.1" 200 6035 "-" "Googlebot-Image/1.0"
66.249.65.192 - - [14/Jul/2025:16:13:57 -0300] "GET /assets/e3647b5b/leaflet/images/layers-2x.png HTTP/1.1" 200 1259 "-" "Googlebot-Image/1.0"
66.249.65.194 - - [14/Jul/2025:16:14:43 -0300] "GET /assets/9d74ea14/screen3.PNG HTTP/1.1" 200 16551 "-" "Googlebot-Image/1.0"
66.249.65.192 - - [14/Jul/2025:16:16:00 -0300] "GET /assets/bbca6024/img/mime/word.png HTTP/1.1" 200 1074 "-" "Googlebot-Image/1.0"
66.249.65.193 - - [14/Jul/2025:16:17:32 -0300] "GET /assets/4f07b091/themes/trontastic/images/ui-bg_glass_60_000000_1x400.png HTTP/1.1" 200 323 "-" "Googlebot-Image/1.0"
66.249.73.6 - - [14/Jul/2025:16:19:03 -0300] "GET /assets/4f07b091/themes/ui-darkness/images/ui-bg_glass_40_0078a3_1x400.png HTTP/1.1" 200 400 "-" "Googlebot-Image/1.0"
66.249.65.194 - - [14/Jul/2025:16:20:35 -0300] "GET /assets/97977d77/img/mime/pdf.png HTTP/1.1" 200 1263 "-" "Googlebot-Image/1.0"
66.249.73.7 - - [14/Jul/2025:16:23:38 -0300] "GET /assets/97977d77/img/mime/audio.png HTTP/1.1" 200 1131 "-" "Googlebot-Image/1.0"
66.249.73.6 - - [14/Jul/2025:16:26:09 -0300] "GET /assets/2ec6b270/themes/dot-luv/images/ui-bg_gloss-wave_20_111111_500x100.png HTTP/1.1" 200 3990 "-" "Googlebot-Image/1.0"
66.249.73.7 - - [14/Jul/2025:16:26:55 -0300] "GET /assets/2ec6b270/themes/base/images/ui-icons_777620_256x240.png HTTP/1.1" 200 4676 "-" "Googlebot-Image/1.0"
66.249.73.6 - - [14/Jul/2025:16:28:12 -0300] "GET /static/assets/a59d3f98/themes/smoothness/images/ui-bg_highlight-soft_75_cccccc_1x100.png HTTP/1.1" 200 325 "-" "Googlebot-Image/1.0"
94.23.203.107 - - [14/Jul/2025:16:28:14 -0300] "GET /robots.txt HTTP/1.1" 404 - "-" "Mozilla/5.0 (compatible; MJ12bot/v1.4.8; http://mj12bot.com/)"
94.23.203.107 - - [14/Jul/2025:16:28:17 -0300] "GET /assets/76b273f5/mode/?C=D;O=D HTTP/1.1" 200 21950 "-" "Mozilla/5.0 (compatible; MJ12bot/v1.4.8; http://mj12bot.com/)"
66.249.65.194 - - [14/Jul/2025:16:31:16 -0300] "GET /assets/baec620/directorylist/page_white_text.png HTTP/1.1" 200 342 "-" "Googlebot-Image/1.0"
66.249.73.8 - - [14/Jul/2025:16:32:47 -0300] "GET /assets/90f774c0/screen7.jpg HTTP/1.1" 200 299629 "-" "Googlebot-Image/1.0"
52.167.144.171 - - [14/Jul/2025:16:33:32 -0300] "GET /static/assets/a59d3f98/ui/minified/version.js HTTP/1.1" 200 266 "-" "Mozilla/5.0 AppleWebKit/537.36 (KHTML, like Gecko; compatible; bingbot/2.0; +http://www.bing.com/bingbot.htm) Chrome/116.0.1938.76 Safari/537.36"
66.249.73.6 - - [14/Jul/2025:16:35:50 -0300] "GET /assets/bbca6024/ico/android-icon-96x96.png HTTP/1.1" 200 2685 "-" "Googlebot-Image/1.0"
52.167.144.25 - - [14/Jul/2025:16:41:54 -0300] "GET /assets/76fb6d41/i18n/ko.js HTTP/1.1" 200 855 "-" "Mozilla/5.0 AppleWebKit/537.36 (KHTML, like Gecko; compatible; bingbot/2.0; +http://www.bing.com/bingbot.htm) Chrome/116.0.1938.76 Safari/537.36"
66.249.73.6 - - [14/Jul/2025:16:43:28 -0300] "GET /assets/2ec6b270/themes/mint-choc/images/ui-bg_highlight-soft_20_201913_1x100.png HTTP/1.1" 200 433 "-" "Googlebot-Image/1.0"
66.249.73.6 - - [14/Jul/2025:16:48:02 -0300] "GET /assets/2ec6b270/themes/south-street/images/ui-bg_highlight-soft_25_67b021_1x100.png HTTP/1.1" 200 411 "-" "Googlebot-Image/1.0"
66.249.73.6 - - [14/Jul/2025:16:51:05 -0300] "GET /assets/19076be7/file-picture-o.svg HTTP/1.1" 200 470 "-" "Googlebot-Image/1.0"
66.249.73.7 - - [14/Jul/2025:16:52:38 -0300] "GET /assets/2ec6b270/themes/black-tie/images/ui-bg_inset-hard_55_ffeb80_1x100.png HTTP/1.1" 200 367 "-" "Googlebot-Image/1.0"
66.249.73.8 - - [14/Jul/2025:16:54:40 -0300] "GET /assets/bbca6024/ico/apple-icon-114x114.png HTTP/1.1" 200 4592 "-" "Googlebot-Image/1.0"
66.249.73.8 - - [14/Jul/2025:16:58:45 -0300] "GET /assets/59ce91f0/screen1.PNG HTTP/1.1" 200 23205 "-" "Googlebot-Image/1.0"
66.249.73.6 - - [14/Jul/2025:17:05:51 -0300] "GET /assets/fa2a3b9b/module_image.png HTTP/1.1" 200 6602 "-" "Googlebot-Image/1.0"
66.249.65.193 - - [14/Jul/2025:17:06:56 -0300] "GET /static/assets/a59d3f98/themes/ui-lightness/images/ui-icons_222222_256x240.png HTTP/1.1" 200 7025 "-" "Googlebot-Image/1.0"
66.249.73.6 - - [14/Jul/2025:17:09:07 -0300] "GET /assets/4f07b091/themes/cupertino/images/ui-bg_diagonals-thick_90_eeeeee_40x40.png HTTP/1.1" 200 380 "-" "Googlebot-Image/1.0"
66.249.65.193 - - [14/Jul/2025:17:11:01 -0300] "GET /assets/97977d77/img/wmd-buttons.png HTTP/1.1" 200 7465 "-" "Googlebot-Image/1.0"